145.223.7.12 - - [06/Jan/2026:17:33:40 +0800] "GET //site/wp-includes/wlwmanifest.xml HTTP/1.1" 404 548 "-" "Mozilla/5.0 (Windows NT 10.0; Win64; x64) AppleWebKit/537.36 (KHTML, like Gecko) Chrome/95.0.4638.69 Safari/537.36"
145.223.7.12 - - [06/Jan/2026:17:33:45 +0800] "GET //cms/wp-includes/wlwmanifest.xml HTTP/1.1" 404 548 "-" "Mozilla/5.0 (Windows NT 10.0; Win64; x64) AppleWebKit/537.36 (KHTML, like Gecko) Chrome/95.0.4638.69 Safari/537.36"
23.27.145.181 - - [06/Jan/2026:17:35:29 +0800] "GET / HTTP/1.1" 301 162 "-" "Mozilla/5.0 (X11; Linux i686; rv:109.0) Gecko/20100101 Firefox/120.0"
23.27.145.181 - - [06/Jan/2026:17:35:30 +0800] "GET / HTTP/1.1" 200 3639 "-" "Mozilla/5.0 (X11; Linux i686; rv:109.0) Gecko/20100101 Firefox/120.0"
111.224.193.46 - - [06/Jan/2026:17:46:03 +0800] "GET / HTTP/1.1" 301 162 "-" "Mozilla/5.0 (Windows NT 10.0; Win64; x64) AppleWebKit/537.36 (KHTML, like Gecko) Chrome/79.0.3945.130 Safari/537.36"
111.224.193.46 - - [06/Jan/2026:17:46:03 +0800] "GET / HTTP/1.1" 200 3639 "-" "Mozilla/5.0 (Windows NT 10.0; Win64; x64) AppleWebKit/537.36 (KHTML, like Gecko) Chrome/79.0.3945.130 Safari/537.36"
111.224.193.46 - - [06/Jan/2026:17:46:03 +0800] "GET /hk HTTP/1.1" 301 162 "-" "Mozilla/5.0 (Windows NT 10.0; Win64; x64) AppleWebKit/537.36 (KHTML, like Gecko) Chrome/79.0.3945.130 Safari/537.36"
111.224.193.46 - - [06/Jan/2026:17:46:03 +0800] "GET /hk HTTP/1.1" 404 548 "-" "Mozilla/5.0 (Windows NT 10.0; Win64; x64) AppleWebKit/537.36 (KHTML, like Gecko) Chrome/79.0.3945.130 Safari/537.36"
111.224.193.46 - - [06/Jan/2026:17:46:03 +0800] "GET / HTTP/1.1" 301 162 "-" "Mozilla/5.0 (Windows NT 10.0; Win64; x64) AppleWebKit/537.36 (KHTML, like Gecko) Chrome/79.0.3945.130 Safari/537.36"
111.224.193.46 - - [06/Jan/2026:17:46:03 +0800] "GET / HTTP/1.1" 200 3639 "-" "Mozilla/5.0 (Windows NT 10.0; Win64; x64) AppleWebKit/537.36 (KHTML, like Gecko) Chrome/79.0.3945.130 Safari/537.36"
111.224.193.46 - - [06/Jan/2026:17:46:03 +0800] "GET /hk HTTP/1.1" 301 162 "-" "Mozilla/5.0 (Windows NT 10.0; Win64; x64) AppleWebKit/537.36 (KHTML, like Gecko) Chrome/79.0.3945.130 Safari/537.36"
111.224.193.46 - - [06/Jan/2026:17:46:04 +0800] "GET /hk HTTP/1.1" 404 548 "-" "Mozilla/5.0 (Windows NT 10.0; Win64; x64) AppleWebKit/537.36 (KHTML, like Gecko) Chrome/79.0.3945.130 Safari/537.36"
223.233.71.96 - - [06/Jan/2026:17:46:53 +0800] "GET / HTTP/1.1" 301 162 "-" "Mozilla/5.0 (Macintosh; Intel Mac OS X 12.5; rv:114.0) Gecko/20100101 Firefox/114.0"
223.233.71.96 - - [06/Jan/2026:17:46:54 +0800] "GET / HTTP/1.1" 200 3639 "http://xtimchat.com" "Mozilla/5.0 (Macintosh; Intel Mac OS X 12.5; rv:114.0) Gecko/20100101 Firefox/114.0"
223.233.71.96 - - [06/Jan/2026:17:46:55 +0800] "GET / HTTP/1.1" 200 3639 "http://www.xtimchat.com/" "Mozilla/5.0 (Macintosh; Intel Mac OS X 12.5; rv:114.0) Gecko/20100101 Firefox/114.0"
223.233.71.96 - - [06/Jan/2026:17:46:57 +0800] "GET /?name=Sonam+Prajapati&email=sonam.websolution12%40gmail.com&message=Hello+http://xtimchat.com%2C+%0D%0A%0D%0AIf+you%E2%80%99re+looking+to+boost+your+website%E2%80%99s+visibility%2C+I+can+help+you+achieve+top+Google+rankings.+%0D%0A%0D%0AI%E2%80%99ll+prepare+a+complete+SEO+plan+with+actionable+steps+and+potential+growth+insights+for+your+products+or+services.+%0D%0A%0D%0AOnce+you+share+your+target+keywords+and+target+market%2C+I%E2%80%99ll+send+a+full+proposal.+%0D%0A%0D%0ABest+Regards%2C+%0D%0ASonam HTTP/1.1" 200 3639 "http://www.xtimchat.com/" "Mozilla/5.0 (Macintosh; Intel Mac OS X 12.5; rv:114.0) Gecko/20100101 Firefox/114.0"
104.23.221.52 - - [06/Jan/2026:17:47:15 +0800] "GET /wp-admin/setup-config.php HTTP/1.1" 301 162 "-" "http://xtimchat.com/wp-admin/setup-config.php"
104.23.221.72 - - [06/Jan/2026:17:47:15 +0800] "GET /wp-admin/setup-config.php HTTP/1.1" 404 146 "-" "http://xtimchat.com/wp-admin/setup-config.php"
193.37.32.31 - - [06/Jan/2026:17:49:08 +0800] "GET / HTTP/1.1" 301 162 "-" "Mozilla/5.0 (Windows NT 10.0; Win64; x64) AppleWebKit/537.36 (KHTML, like Gecko) Chrome/88.0.4240.193 Safari/537.36"
193.37.32.20 - - [06/Jan/2026:17:49:08 +0800] "GET / HTTP/1.1" 200 17381 "-" "Mozilla/5.0 (Windows NT 10.0; Win64; x64) AppleWebKit/537.36 (KHTML, like Gecko) Chrome/88.0.4240.193 Safari/537.36"
193.37.32.20 - - [06/Jan/2026:17:49:09 +0800] "GET //wp-includes/wlwmanifest.xml HTTP/1.1" 404 548 "-" "Mozilla/5.0 (Windows NT 10.0; Win64; x64) AppleWebKit/537.36 (KHTML, like Gecko) Chrome/88.0.4240.193 Safari/537.36"
193.37.32.20 - - [06/Jan/2026:17:49:09 +0800] "GET //xmlrpc.php?rsd HTTP/1.1" 404 548 "-" "Mozilla/5.0 (Windows NT 10.0; Win64; x64) AppleWebKit/537.36 (KHTML, like Gecko) Chrome/88.0.4240.193 Safari/537.36"
193.37.32.20 - - [06/Jan/2026:17:49:10 +0800] "GET / HTTP/1.1" 200 17381 "-" "Mozilla/5.0 (Windows NT 10.0; Win64; x64) AppleWebKit/537.36 (KHTML, like Gecko) Chrome/88.0.4240.193 Safari/537.36"
193.37.32.20 - - [06/Jan/2026:17:49:10 +0800] "GET //blog/wp-includes/wlwmanifest.xml HTTP/1.1" 404 548 "-" "Mozilla/5.0 (Windows NT 10.0; Win64; x64) AppleWebKit/537.36 (KHTML, like Gecko) Chrome/88.0.4240.193 Safari/537.36"
193.37.32.20 - - [06/Jan/2026:17:49:11 +0800] "GET //web/wp-includes/wlwmanifest.xml HTTP/1.1" 404 548 "-" "Mozilla/5.0 (Windows NT 10.0; Win64; x64) AppleWebKit/537.36 (KHTML, like Gecko) Chrome/88.0.4240.193 Safari/537.36"
193.37.32.20 - - [06/Jan/2026:17:49:11 +0800] "GET //wordpress/wp-includes/wlwmanifest.xml HTTP/1.1" 404 548 "-" "Mozilla/5.0 (Windows NT 10.0; Win64; x64) AppleWebKit/537.36 (KHTML, like Gecko) Chrome/88.0.4240.193 Safari/537.36"
193.37.32.20 - - [06/Jan/2026:17:49:11 +0800] "GET //website/wp-includes/wlwmanifest.xml HTTP/1.1" 404 548 "-" "Mozilla/5.0 (Windows NT 10.0; Win64; x64) AppleWebKit/537.36 (KHTML, like Gecko) Chrome/88.0.4240.193 Safari/537.36"
193.37.32.20 - - [06/Jan/2026:17:49:12 +0800] "GET //wp/wp-includes/wlwmanifest.xml HTTP/1.1" 404 548 "-" "Mozilla/5.0 (Windows NT 10.0; Win64; x64) AppleWebKit/537.36 (KHTML, like Gecko) Chrome/88.0.4240.193 Safari/537.36"
193.37.32.20 - - [06/Jan/2026:17:49:12 +0800] "GET //news/wp-includes/wlwmanifest.xml HTTP/1.1" 404 548 "-" "Mozilla/5.0 (Windows NT 10.0; Win64; x64) AppleWebKit/537.36 (KHTML, like Gecko) Chrome/88.0.4240.193 Safari/537.36"
193.37.32.20 - - [06/Jan/2026:17:49:13 +0800] "GET //2020/wp-includes/wlwmanifest.xml HTTP/1.1" 404 548 "-" "Mozilla/5.0 (Windows NT 10.0; Win64; x64) AppleWebKit/537.36 (KHTML, like Gecko) Chrome/88.0.4240.193 Safari/537.36"
193.37.32.20 - - [06/Jan/2026:17:49:13 +0800] "GET //2019/wp-includes/wlwmanifest.xml HTTP/1.1" 404 548 "-" "Mozilla/5.0 (Windows NT 10.0; Win64; x64) AppleWebKit/537.36 (KHTML, like Gecko) Chrome/88.0.4240.193 Safari/537.36"
193.37.32.20 - - [06/Jan/2026:17:49:14 +0800] "GET //shop/wp-includes/wlwmanifest.xml HTTP/1.1" 404 548 "-" "Mozilla/5.0 (Windows NT 10.0; Win64; x64) AppleWebKit/537.36 (KHTML, like Gecko) Chrome/88.0.4240.193 Safari/537.36"
193.37.32.20 - - [06/Jan/2026:17:49:14 +0800] "GET //wp1/wp-includes/wlwmanifest.xml HTTP/1.1" 404 548 "-" "Mozilla/5.0 (Windows NT 10.0; Win64; x64) AppleWebKit/537.36 (KHTML, like Gecko) Chrome/88.0.4240.193 Safari/537.36"
193.37.32.20 - - [06/Jan/2026:17:49:14 +0800] "GET //test/wp-includes/wlwmanifest.xml HTTP/1.1" 404 548 "-" "Mozilla/5.0 (Windows NT 10.0; Win64; x64) AppleWebKit/537.36 (KHTML, like Gecko) Chrome/88.0.4240.193 Safari/537.36"
193.37.32.20 - - [06/Jan/2026:17:49:15 +0800] "GET //wp2/wp-includes/wlwmanifest.xml HTTP/1.1" 404 548 "-" "Mozilla/5.0 (Windows NT 10.0; Win64; x64) AppleWebKit/537.36 (KHTML, like Gecko) Chrome/88.0.4240.193 Safari/537.36"
193.37.32.20 - - [06/Jan/2026:17:49:15 +0800] "GET //site/wp-includes/wlwmanifest.xml HTTP/1.1" 404 548 "-" "Mozilla/5.0 (Windows NT 10.0; Win64; x64) AppleWebKit/537.36 (KHTML, like Gecko) Chrome/88.0.4240.193 Safari/537.36"
193.37.32.20 - - [06/Jan/2026:17:49:16 +0800] "GET //cms/wp-includes/wlwmanifest.xml HTTP/1.1" 404 548 "-" "Mozilla/5.0 (Windows NT 10.0; Win64; x64) AppleWebKit/537.36 (KHTML, like Gecko) Chrome/88.0.4240.193 Safari/537.36"
193.37.32.20 - - [06/Jan/2026:17:49:16 +0800] "GET //sito/wp-includes/wlwmanifest.xml HTTP/1.1" 404 548 "-" "Mozilla/5.0 (Windows NT 10.0; Win64; x64) AppleWebKit/537.36 (KHTML, like Gecko) Chrome/88.0.4240.193 Safari/537.36"
104.23.223.49 - - [06/Jan/2026:17:49:50 +0800] "GET /wordpress/wp-admin/setup-config.php HTTP/1.1" 301 162 "-" "Mozilla/5.0 (Windows NT 10.0; Win64; x64) AppleWebKit/537.36 (KHTML, like Gecko) Chrome/143.0.0.0 Safari/537.36"
104.23.223.118 - - [06/Jan/2026:17:49:50 +0800] "GET /wordpress/wp-admin/setup-config.php HTTP/1.1" 404 548 "-" "Mozilla/5.0 (Windows NT 10.0; Win64; x64) AppleWebKit/537.36 (KHTML, like Gecko) Chrome/143.0.0.0 Safari/537.36"
104.23.223.49 - - [06/Jan/2026:17:50:42 +0800] "GET /wordpress/wp-admin/setup-config.php HTTP/2.0" 301 162 "-" "https://xtimchat.com/wordpress/wp-admin/setup-config.php"
104.23.223.119 - - [06/Jan/2026:17:50:42 +0800] "GET /wordpress/wp-admin/setup-config.php HTTP/1.1" 404 146 "-" "https://xtimchat.com/wordpress/wp-admin/setup-config.php"
104.23.223.48 - - [06/Jan/2026:17:50:57 +0800] "GET /wp-admin/setup-config.php HTTP/2.0" 301 162 "-" "Mozilla/5.0 (Windows NT 10.0; Win64; x64) AppleWebKit/537.36 (KHTML, like Gecko) Chrome/143.0.0.0 Safari/537.36"
104.23.223.118 - - [06/Jan/2026:17:50:57 +0800] "GET /wp-admin/setup-config.php HTTP/1.1" 404 548 "-" "Mozilla/5.0 (Windows NT 10.0; Win64; x64) AppleWebKit/537.36 (KHTML, like Gecko) Chrome/143.0.0.0 Safari/537.36"
104.23.221.53 - - [06/Jan/2026:18:04:24 +0800] "GET /wordpress/wp-admin/setup-config.php HTTP/2.0" 301 162 "-" "https://xtimchat.com/wordpress/wp-admin/setup-config.php"
104.23.221.72 - - [06/Jan/2026:18:04:24 +0800] "GET /wordpress/wp-admin/setup-config.php HTTP/1.1" 404 146 "-" "https://xtimchat.com/wordpress/wp-admin/setup-config.php"
104.23.223.48 - - [06/Jan/2026:18:07:43 +0800] "GET /wp-admin/setup-config.php HTTP/1.1" 301 162 "-" "Mozilla/5.0 (Windows NT 10.0; Win64; x64) AppleWebKit/537.36 (KHTML, like Gecko) Chrome/143.0.0.0 Safari/537.36"
104.23.223.118 - - [06/Jan/2026:18:07:44 +0800] "GET /wp-admin/setup-config.php HTTP/1.1" 404 548 "-" "Mozilla/5.0 (Windows NT 10.0; Win64; x64) AppleWebKit/537.36 (KHTML, like Gecko) Chrome/143.0.0.0 Safari/537.36"
104.23.223.48 - - [06/Jan/2026:18:07:57 +0800] "GET /wp-admin/setup-config.php HTTP/2.0" 301 162 "-" "Mozilla/5.0 (Windows NT 10.0; Win64; x64) AppleWebKit/537.36 (KHTML, like Gecko) Chrome/143.0.0.0 Safari/537.36"
104.23.223.118 - - [06/Jan/2026:18:07:57 +0800] "GET /wp-admin/setup-config.php HTTP/1.1" 404 548 "-" "Mozilla/5.0 (Windows NT 10.0; Win64; x64) AppleWebKit/537.36 (KHTML, like Gecko) Chrome/143.0.0.0 Safari/537.36"
104.23.221.53 - - [06/Jan/2026:18:08:15 +0800] "GET /wordpress/wp-admin/setup-config.php HTTP/1.1" 301 162 "-" "Mozilla/5.0 (Windows NT 10.0; Win64; x64) AppleWebKit/537.36 (KHTML, like Gecko) Chrome/143.0.0.0 Safari/537.36"
104.23.221.73 - - [06/Jan/2026:18:08:16 +0800] "GET /wordpress/wp-admin/setup-config.php HTTP/1.1" 404 548 "-" "Mozilla/5.0 (Windows NT 10.0; Win64; x64) AppleWebKit/537.36 (KHTML, like Gecko) Chrome/143.0.0.0 Safari/537.36"
43.135.130.202 - - [06/Jan/2026:18:14:12 +0800] "GET / HTTP/1.1" 200 3639 "-" "Mozilla/5.0 (iPhone; CPU iPhone OS 13_2_3 like Mac OS X) AppleWebKit/605.1.15 (KHTML, like Gecko) Version/13.0.3 Mobile/15E148 Safari/604.1"
162.158.183.91 - - [06/Jan/2026:18:20:44 +0800] "GET /wp-admin/setup-config.php HTTP/1.1" 301 162 "-" "http://xtimchat.com/wp-admin/setup-config.php"
162.158.183.64 - - [06/Jan/2026:18:20:45 +0800] "GET /wp-admin/setup-config.php HTTP/1.1" 404 146 "-" "http://xtimchat.com/wp-admin/setup-config.php"
104.23.221.53 - - [06/Jan/2026:18:20:49 +0800] "GET /wordpress/wp-admin/setup-config.php HTTP/2.0" 301 162 "-" "https://xtimchat.com/wordpress/wp-admin/setup-config.php"
104.23.221.73 - - [06/Jan/2026:18:20:50 +0800] "GET /wordpress/wp-admin/setup-config.php HTTP/1.1" 404 146 "-" "https://xtimchat.com/wordpress/wp-admin/setup-config.php"
162.158.183.91 - - [06/Jan/2026:18:21:09 +0800] "GET /wp-admin/setup-config.php HTTP/2.0" 301 162 "-" "https://xtimchat.com/wp-admin/setup-config.php"
162.158.183.63 - - [06/Jan/2026:18:21:10 +0800] "GET /wp-admin/setup-config.php HTTP/1.1" 404 146 "-" "https://xtimchat.com/wp-admin/setup-config.php"
162.158.183.91 - - [06/Jan/2026:18:23:51 +0800] "GET /wordpress/wp-admin/setup-config.php HTTP/1.1" 301 162 "-" "Mozilla/5.0 (Windows NT 10.0; Win64; x64) AppleWebKit/537.36 (KHTML, like Gecko) Chrome/143.0.0.0 Safari/537.36"
162.158.183.64 - - [06/Jan/2026:18:23:51 +0800] "GET /wordpress/wp-admin/setup-config.php HTTP/1.1" 404 548 "-" "Mozilla/5.0 (Windows NT 10.0; Win64; x64) AppleWebKit/537.36 (KHTML, like Gecko) Chrome/143.0.0.0 Safari/537.36"
104.23.221.52 - - [06/Jan/2026:18:38:50 +0800] "GET /wp-admin/setup-config.php HTTP/1.1" 301 162 "-" "http://xtimchat.com/wp-admin/setup-config.php"
104.23.221.72 - - [06/Jan/2026:18:38:51 +0800] "GET /wp-admin/setup-config.php HTTP/1.1" 404 146 "-" "http://xtimchat.com/wp-admin/setup-config.php"
104.23.223.48 - - [06/Jan/2026:18:40:43 +0800] "GET /wp-admin/setup-config.php HTTP/2.0" 301 162 "-" "https://xtimchat.com/wp-admin/setup-config.php"
104.23.223.118 - - [06/Jan/2026:18:40:43 +0800] "GET /wp-admin/setup-config.php HTTP/1.1" 404 146 "-" "https://xtimchat.com/wp-admin/setup-config.php"
104.23.221.53 - - [06/Jan/2026:18:40:47 +0800] "GET /wordpress/wp-admin/setup-config.php HTTP/1.1" 301 162 "-" "Mozilla/5.0 (Windows NT 10.0; Win64; x64) AppleWebKit/537.36 (KHTML, like Gecko) Chrome/143.0.0.0 Safari/537.36"
104.23.221.73 - - [06/Jan/2026:18:40:48 +0800] "GET /wordpress/wp-admin/setup-config.php HTTP/1.1" 404 548 "-" "Mozilla/5.0 (Windows NT 10.0; Win64; x64) AppleWebKit/537.36 (KHTML, like Gecko) Chrome/143.0.0.0 Safari/537.36"
104.23.223.48 - - [06/Jan/2026:18:42:14 +0800] "GET /wordpress/wp-admin/setup-config.php HTTP/2.0" 301 162 "-" "https://xtimchat.com/wordpress/wp-admin/setup-config.php"
104.23.223.119 - - [06/Jan/2026:18:42:14 +0800] "GET /wordpress/wp-admin/setup-config.php HTTP/1.1" 404 146 "-" "https://xtimchat.com/wordpress/wp-admin/setup-config.php"
35.77.102.47 - - [06/Jan/2026:18:46:02 +0800] "GET / HTTP/1.1" 301 162 "-" "Mozilla/5.0 (Windows NT 10.0; Win64; x64) AppleWebKit/537.36 (KHTML, like Gecko) Chrome/78.0.3904.108 Safari/537.36"
35.77.102.47 - - [06/Jan/2026:18:46:03 +0800] "GET / HTTP/1.1" 200 17381 "-" "Mozilla/5.0 (Windows NT 10.0; Win64; x64) AppleWebKit/537.36 (KHTML, like Gecko) Chrome/78.0.3904.108 Safari/537.36"
35.77.102.47 - - [06/Jan/2026:18:46:04 +0800] "GET //wp-includes/wlwmanifest.xml HTTP/1.1" 404 548 "-" "Mozilla/5.0 (Windows NT 10.0; Win64; x64) AppleWebKit/537.36 (KHTML, like Gecko) Chrome/78.0.3904.108 Safari/537.36"
35.77.102.47 - - [06/Jan/2026:18:46:04 +0800] "GET //xmlrpc.php?rsd HTTP/1.1" 404 548 "-" "Mozilla/5.0 (Windows NT 10.0; Win64; x64) AppleWebKit/537.36 (KHTML, like Gecko) Chrome/78.0.3904.108 Safari/537.36"
35.77.102.47 - - [06/Jan/2026:18:46:05 +0800] "GET / HTTP/1.1" 200 17381 "-" "Mozilla/5.0 (Windows NT 10.0; Win64; x64) AppleWebKit/537.36 (KHTML, like Gecko) Chrome/78.0.3904.108 Safari/537.36"
35.77.102.47 - - [06/Jan/2026:18:46:05 +0800] "GET //blog/wp-includes/wlwmanifest.xml HTTP/1.1" 404 548 "-" "Mozilla/5.0 (Windows NT 10.0; Win64; x64) AppleWebKit/537.36 (KHTML, like Gecko) Chrome/78.0.3904.108 Safari/537.36"
35.77.102.47 - - [06/Jan/2026:18:46:06 +0800] "GET //web/wp-includes/wlwmanifest.xml HTTP/1.1" 404 548 "-" "Mozilla/5.0 (Windows NT 10.0; Win64; x64) AppleWebKit/537.36 (KHTML, like Gecko) Chrome/78.0.3904.108 Safari/537.36"
35.77.102.47 - - [06/Jan/2026:18:46:06 +0800] "GET //wordpress/wp-includes/wlwmanifest.xml HTTP/1.1" 404 548 "-" "Mozilla/5.0 (Windows NT 10.0; Win64; x64) AppleWebKit/537.36 (KHTML, like Gecko) Chrome/78.0.3904.108 Safari/537.36"
35.77.102.47 - - [06/Jan/2026:18:46:07 +0800] "GET //website/wp-includes/wlwmanifest.xml HTTP/1.1" 404 548 "-" "Mozilla/5.0 (Windows NT 10.0; Win64; x64) AppleWebKit/537.36 (KHTML, like Gecko) Chrome/78.0.3904.108 Safari/537.36"
35.77.102.47 - - [06/Jan/2026:18:46:07 +0800] "GET //wp/wp-includes/wlwmanifest.xml HTTP/1.1" 404 548 "-" "Mozilla/5.0 (Windows NT 10.0; Win64; x64) AppleWebKit/537.36 (KHTML, like Gecko) Chrome/78.0.3904.108 Safari/537.36"
35.77.102.47 - - [06/Jan/2026:18:46:08 +0800] "GET //news/wp-includes/wlwmanifest.xml HTTP/1.1" 404 548 "-" "Mozilla/5.0 (Windows NT 10.0; Win64; x64) AppleWebKit/537.36 (KHTML, like Gecko) Chrome/78.0.3904.108 Safari/537.36"
35.77.102.47 - - [06/Jan/2026:18:46:08 +0800] "GET //2018/wp-includes/wlwmanifest.xml HTTP/1.1" 404 548 "-" "Mozilla/5.0 (Windows NT 10.0; Win64; x64) AppleWebKit/537.36 (KHTML, like Gecko) Chrome/78.0.3904.108 Safari/537.36"
35.77.102.47 - - [06/Jan/2026:18:46:09 +0800] "GET //2019/wp-includes/wlwmanifest.xml HTTP/1.1" 404 548 "-" "Mozilla/5.0 (Windows NT 10.0; Win64; x64) AppleWebKit/537.36 (KHTML, like Gecko) Chrome/78.0.3904.108 Safari/537.36"
35.77.102.47 - - [06/Jan/2026:18:46:09 +0800] "GET //shop/wp-includes/wlwmanifest.xml HTTP/1.1" 404 548 "-" "Mozilla/5.0 (Windows NT 10.0; Win64; x64) AppleWebKit/537.36 (KHTML, like Gecko) Chrome/78.0.3904.108 Safari/537.36"
35.77.102.47 - - [06/Jan/2026:18:46:09 +0800] "GET //wp1/wp-includes/wlwmanifest.xml HTTP/1.1" 404 548 "-" "Mozilla/5.0 (Windows NT 10.0; Win64; x64) AppleWebKit/537.36 (KHTML, like Gecko) Chrome/78.0.3904.108 Safari/537.36"
35.77.102.47 - - [06/Jan/2026:18:46:10 +0800] "GET //test/wp-includes/wlwmanifest.xml HTTP/1.1" 404 548 "-" "Mozilla/5.0 (Windows NT 10.0; Win64; x64) AppleWebKit/537.36 (KHTML, like Gecko) Chrome/78.0.3904.108 Safari/537.36"
35.77.102.47 - - [06/Jan/2026:18:46:10 +0800] "GET //media/wp-includes/wlwmanifest.xml HTTP/1.1" 404 548 "-" "Mozilla/5.0 (Windows NT 10.0; Win64; x64) AppleWebKit/537.36 (KHTML, like Gecko) Chrome/78.0.3904.108 Safari/537.36"
35.77.102.47 - - [06/Jan/2026:18:46:11 +0800] "GET //wp2/wp-includes/wlwmanifest.xml HTTP/1.1" 404 548 "-" "Mozilla/5.0 (Windows NT 10.0; Win64; x64) AppleWebKit/537.36 (KHTML, like Gecko) Chrome/78.0.3904.108 Safari/537.36"
35.77.102.47 - - [06/Jan/2026:18:46:11 +0800] "GET //site/wp-includes/wlwmanifest.xml HTTP/1.1" 404 548 "-" "Mozilla/5.0 (Windows NT 10.0; Win64; x64) AppleWebKit/537.36 (KHTML, like Gecko) Chrome/78.0.3904.108 Safari/537.36"
35.77.102.47 - - [06/Jan/2026:18:46:12 +0800] "GET //cms/wp-includes/wlwmanifest.xml HTTP/1.1" 404 548 "-" "Mozilla/5.0 (Windows NT 10.0; Win64; x64) AppleWebKit/537.36 (KHTML, like Gecko) Chrome/78.0.3904.108 Safari/537.36"
35.77.102.47 - - [06/Jan/2026:18:46:12 +0800] "GET //sito/wp-includes/wlwmanifest.xml HTTP/1.1" 404 548 "-" "Mozilla/5.0 (Windows NT 10.0; Win64; x64) AppleWebKit/537.36 (KHTML, like Gecko) Chrome/78.0.3904.108 Safari/537.36"
162.158.183.92 - - [06/Jan/2026:18:51:42 +0800] "GET /wordpress/wp-admin/setup-config.php HTTP/1.1" 301 162 "-" "http://xtimchat.com/wordpress/wp-admin/setup-config.php"
162.158.183.64 - - [06/Jan/2026:18:51:43 +0800] "GET /wordpress/wp-admin/setup-config.php HTTP/1.1" 404 146 "-" "http://xtimchat.com/wordpress/wp-admin/setup-config.php"
162.158.183.92 - - [06/Jan/2026:18:51:47 +0800] "GET /wordpress/wp-admin/setup-config.php HTTP/2.0" 301 162 "-" "Mozilla/5.0 (Windows NT 10.0; Win64; x64) AppleWebKit/537.36 (KHTML, like Gecko) Chrome/143.0.0.0 Safari/537.36"
162.158.183.64 - - [06/Jan/2026:18:51:48 +0800] "GET /wordpress/wp-admin/setup-config.php HTTP/1.1" 404 548 "-" "Mozilla/5.0 (Windows NT 10.0; Win64; x64) AppleWebKit/537.36 (KHTML, like Gecko) Chrome/143.0.0.0 Safari/537.36"
104.23.221.53 - - [06/Jan/2026:18:53:43 +0800] "GET /wp-admin/setup-config.php HTTP/2.0" 301 162 "-" "https://xtimchat.com/wp-admin/setup-config.php"
104.23.221.72 - - [06/Jan/2026:18:53:43 +0800] "GET /wp-admin/setup-config.php HTTP/1.1" 404 146 "-" "https://xtimchat.com/wp-admin/setup-config.php"
104.23.221.53 - - [06/Jan/2026:18:54:52 +0800] "GET /wp-admin/setup-config.php HTTP/1.1" 301 162 "-" "http://xtimchat.com/wp-admin/setup-config.php"
104.23.221.72 - - [06/Jan/2026:18:54:52 +0800] "GET /wp-admin/setup-config.php HTTP/1.1" 404 146 "-" "http://xtimchat.com/wp-admin/setup-config.php"
162.158.183.73 - - [06/Jan/2026:19:08:15 +0800] "GET /wp-admin/setup-config.php HTTP/1.1" 301 162 "-" "http://xtimchat.com/wp-admin/setup-config.php"
162.158.182.40 - - [06/Jan/2026:19:08:16 +0800] "GET /wp-admin/setup-config.php HTTP/1.1" 404 146 "-" "http://xtimchat.com/wp-admin/setup-config.php"
162.158.183.91 - - [06/Jan/2026:19:09:06 +0800] "GET /wp-admin/setup-config.php HTTP/2.0" 301 162 "-" "Mozilla/5.0 (Windows NT 10.0; Win64; x64) AppleWebKit/537.36 (KHTML, like Gecko) Chrome/143.0.0.0 Safari/537.36"
162.158.183.64 - - [06/Jan/2026:19:09:06 +0800] "GET /wp-admin/setup-config.php HTTP/1.1" 404 548 "-" "Mozilla/5.0 (Windows NT 10.0; Win64; x64) AppleWebKit/537.36 (KHTML, like Gecko) Chrome/143.0.0.0 Safari/537.36"
104.23.221.53 - - [06/Jan/2026:19:09:40 +0800] "GET /wordpress/wp-admin/setup-config.php HTTP/1.1" 301 162 "-" "http://xtimchat.com/wordpress/wp-admin/setup-config.php"
104.23.221.72 - - [06/Jan/2026:19:09:41 +0800] "GET /wordpress/wp-admin/setup-config.php HTTP/1.1" 404 146 "-" "http://xtimchat.com/wordpress/wp-admin/setup-config.php"
162.158.183.91 - - [06/Jan/2026:19:12:21 +0800] "GET /wordpress/wp-admin/setup-config.php HTTP/2.0" 301 162 "-" "https://xtimchat.com/wordpress/wp-admin/setup-config.php"
162.158.183.63 - - [06/Jan/2026:19:12:22 +0800] "GET /wordpress/wp-admin/setup-config.php HTTP/1.1" 404 146 "-" "https://xtimchat.com/wordpress/wp-admin/setup-config.php"
34.57.138.150 - - [06/Jan/2026:19:20:29 +0800] "GET / HTTP/1.1" 301 162 "-" "Mozilla/5.0 (Windows NT 10.0; Win64; x64) AppleWebKit/537.36 (KHTML, like Gecko) Chrome/95.0.4638.69 Safari/537.36"
34.57.138.150 - - [06/Jan/2026:19:20:30 +0800] "GET //wp-includes/ID3/license.txt HTTP/1.1" 404 548 "-" "Mozilla/5.0 (Windows NT 10.0; Win64; x64) AppleWebKit/537.36 (KHTML, like Gecko) Chrome/95.0.4638.69 Safari/537.36"
34.57.138.150 - - [06/Jan/2026:19:20:30 +0800] "GET //feed/ HTTP/1.1" 404 548 "-" "Mozilla/5.0 (Windows NT 10.0; Win64; x64) AppleWebKit/537.36 (KHTML, like Gecko) Chrome/95.0.4638.69 Safari/537.36"
34.57.138.150 - - [06/Jan/2026:19:20:30 +0800] "GET //xmlrpc.php?rsd HTTP/1.1" 404 548 "-" "Mozilla/5.0 (Windows NT 10.0; Win64; x64) AppleWebKit/537.36 (KHTML, like Gecko) Chrome/95.0.4638.69 Safari/537.36"
34.57.138.150 - - [06/Jan/2026:19:20:31 +0800] "GET //blog/wp-includes/wlwmanifest.xml HTTP/1.1" 404 548 "-" "Mozilla/5.0 (Windows NT 10.0; Win64; x64) AppleWebKit/537.36 (KHTML, like Gecko) Chrome/95.0.4638.69 Safari/537.36"
34.57.138.150 - - [06/Jan/2026:19:20:31 +0800] "GET //web/wp-includes/wlwmanifest.xml HTTP/1.1" 404 548 "-" "Mozilla/5.0 (Windows NT 10.0; Win64; x64) AppleWebKit/537.36 (KHTML, like Gecko) Chrome/95.0.4638.69 Safari/537.36"
34.57.138.150 - - [06/Jan/2026:19:20:31 +0800] "GET //wordpress/wp-includes/wlwmanifest.xml HTTP/1.1" 404 548 "-" "Mozilla/5.0 (Windows NT 10.0; Win64; x64) AppleWebKit/537.36 (KHTML, like Gecko) Chrome/95.0.4638.69 Safari/537.36"
34.57.138.150 - - [06/Jan/2026:19:20:31 +0800] "GET //wp/wp-includes/wlwmanifest.xml HTTP/1.1" 404 548 "-" "Mozilla/5.0 (Windows NT 10.0; Win64; x64) AppleWebKit/537.36 (KHTML, like Gecko) Chrome/95.0.4638.69 Safari/537.36"
34.57.138.150 - - [06/Jan/2026:19:20:31 +0800] "GET //2020/wp-includes/wlwmanifest.xml HTTP/1.1" 404 548 "-" "Mozilla/5.0 (Windows NT 10.0; Win64; x64) AppleWebKit/537.36 (KHTML, like Gecko) Chrome/95.0.4638.69 Safari/537.36"
34.57.138.150 - - [06/Jan/2026:19:20:32 +0800] "GET //2019/wp-includes/wlwmanifest.xml HTTP/1.1" 404 548 "-" "Mozilla/5.0 (Windows NT 10.0; Win64; x64) AppleWebKit/537.36 (KHTML, like Gecko) Chrome/95.0.4638.69 Safari/537.36"
34.57.138.150 - - [06/Jan/2026:19:20:32 +0800] "GET //2021/wp-includes/wlwmanifest.xml HTTP/1.1" 404 548 "-" "Mozilla/5.0 (Windows NT 10.0; Win64; x64) AppleWebKit/537.36 (KHTML, like Gecko) Chrome/95.0.4638.69 Safari/537.36"
34.57.138.150 - - [06/Jan/2026:19:20:32 +0800] "GET //shop/wp-includes/wlwmanifest.xml HTTP/1.1" 404 548 "-" "Mozilla/5.0 (Windows NT 10.0; Win64; x64) AppleWebKit/537.36 (KHTML, like Gecko) Chrome/95.0.4638.69 Safari/537.36"
34.57.138.150 - - [06/Jan/2026:19:20:32 +0800] "GET //wp1/wp-includes/wlwmanifest.xml HTTP/1.1" 404 548 "-" "Mozilla/5.0 (Windows NT 10.0; Win64; x64) AppleWebKit/537.36 (KHTML, like Gecko) Chrome/95.0.4638.69 Safari/537.36"
34.57.138.150 - - [06/Jan/2026:19:20:32 +0800] "GET //test/wp-includes/wlwmanifest.xml HTTP/1.1" 404 548 "-" "Mozilla/5.0 (Windows NT 10.0; Win64; x64) AppleWebKit/537.36 (KHTML, like Gecko) Chrome/95.0.4638.69 Safari/537.36"
34.57.138.150 - - [06/Jan/2026:19:20:33 +0800] "GET //site/wp-includes/wlwmanifest.xml HTTP/1.1" 404 548 "-" "Mozilla/5.0 (Windows NT 10.0; Win64; x64) AppleWebKit/537.36 (KHTML, like Gecko) Chrome/95.0.4638.69 Safari/537.36"
34.57.138.150 - - [06/Jan/2026:19:20:33 +0800] "GET //cms/wp-includes/wlwmanifest.xml HTTP/1.1" 404 548 "-" "Mozilla/5.0 (Windows NT 10.0; Win64; x64) AppleWebKit/537.36 (KHTML, like Gecko) Chrome/95.0.4638.69 Safari/537.36"
104.23.223.48 - - [06/Jan/2026:19:27:21 +0800] "GET /wordpress/wp-admin/setup-config.php HTTP/1.1" 301 162 "-" "Mozilla/5.0 (Windows NT 10.0; Win64; x64) AppleWebKit/537.36 (KHTML, like Gecko) Chrome/143.0.0.0 Safari/537.36"
104.23.223.119 - - [06/Jan/2026:19:27:22 +0800] "GET /wordpress/wp-admin/setup-config.php HTTP/1.1" 404 548 "-" "Mozilla/5.0 (Windows NT 10.0; Win64; x64) AppleWebKit/537.36 (KHTML, like Gecko) Chrome/143.0.0.0 Safari/537.36"
104.23.221.52 - - [06/Jan/2026:19:28:37 +0800] "GET /wp-admin/setup-config.php HTTP/1.1" 301 162 "-" "Mozilla/5.0 (Windows NT 10.0; Win64; x64) AppleWebKit/537.36 (KHTML, like Gecko) Chrome/143.0.0.0 Safari/537.36"
104.23.221.73 - - [06/Jan/2026:19:28:38 +0800] "GET /wp-admin/setup-config.php HTTP/1.1" 404 548 "-" "Mozilla/5.0 (Windows NT 10.0; Win64; x64) AppleWebKit/537.36 (KHTML, like Gecko) Chrome/143.0.0.0 Safari/537.36"
104.23.221.52 - - [06/Jan/2026:19:29:10 +0800] "GET /wp-admin/setup-config.php HTTP/2.0" 301 162 "-" "Mozilla/5.0 (Windows NT 10.0; Win64; x64) AppleWebKit/537.36 (KHTML, like Gecko) Chrome/143.0.0.0 Safari/537.36"
104.23.223.48 - - [06/Jan/2026:19:29:10 +0800] "GET /wordpress/wp-admin/setup-config.php HTTP/2.0" 301 162 "-" "https://xtimchat.com/wordpress/wp-admin/setup-config.php"
104.23.221.73 - - [06/Jan/2026:19:29:10 +0800] "GET /wp-admin/setup-config.php HTTP/1.1" 404 548 "-" "Mozilla/5.0 (Windows NT 10.0; Win64; x64) AppleWebKit/537.36 (KHTML, like Gecko) Chrome/143.0.0.0 Safari/537.36"
104.23.223.119 - - [06/Jan/2026:19:29:10 +0800] "GET /wordpress/wp-admin/setup-config.php HTTP/1.1" 404 146 "-" "https://xtimchat.com/wordpress/wp-admin/setup-config.php"
104.23.221.53 - - [06/Jan/2026:19:43:12 +0800] "GET /wp-admin/setup-config.php HTTP/1.1" 301 162 "-" "http://xtimchat.com/wp-admin/setup-config.php"
104.23.221.73 - - [06/Jan/2026:19:43:13 +0800] "GET /wp-admin/setup-config.php HTTP/1.1" 404 146 "-" "http://xtimchat.com/wp-admin/setup-config.php"
104.23.223.49 - - [06/Jan/2026:19:43:53 +0800] "GET /wordpress/wp-admin/setup-config.php HTTP/1.1" 301 162 "-" "Mozilla/5.0 (Windows NT 10.0; Win64; x64) AppleWebKit/537.36 (KHTML, like Gecko) Chrome/143.0.0.0 Safari/537.36"
104.23.223.118 - - [06/Jan/2026:19:43:53 +0800] "GET /wordpress/wp-admin/setup-config.php HTTP/1.1" 404 548 "-" "Mozilla/5.0 (Windows NT 10.0; Win64; x64) AppleWebKit/537.36 (KHTML, like Gecko) Chrome/143.0.0.0 Safari/537.36"
172.70.248.96 - - [06/Jan/2026:19:44:03 +0800] "GET /wp-admin/setup-config.php HTTP/2.0" 301 162 "-" "https://xtimchat.com/wp-admin/setup-config.php"
172.70.248.19 - - [06/Jan/2026:19:44:03 +0800] "GET /wp-admin/setup-config.php HTTP/1.1" 404 146 "-" "https://xtimchat.com/wp-admin/setup-config.php"
104.23.221.52 - - [06/Jan/2026:19:46:42 +0800] "GET /wordpress/wp-admin/setup-config.php HTTP/2.0" 301 162 "-" "https://xtimchat.com/wordpress/wp-admin/setup-config.php"
104.23.221.72 - - [06/Jan/2026:19:46:43 +0800] "GET /wordpress/wp-admin/setup-config.php HTTP/1.1" 404 146 "-" "https://xtimchat.com/wordpress/wp-admin/setup-config.php"
104.23.221.53 - - [06/Jan/2026:20:00:58 +0800] "GET /wp-admin/setup-config.php HTTP/2.0" 301 162 "-" "https://xtimchat.com/wp-admin/setup-config.php"
104.23.221.35 - - [06/Jan/2026:20:00:58 +0800] "GET /wp-admin/setup-config.php HTTP/1.1" 404 146 "-" "https://xtimchat.com/wp-admin/setup-config.php"
104.23.221.52 - - [06/Jan/2026:20:01:08 +0800] "GET /wp-admin/setup-config.php HTTP/1.1" 301 162 "-" "Mozilla/5.0 (Windows NT 10.0; Win64; x64) AppleWebKit/537.36 (KHTML, like Gecko) Chrome/143.0.0.0 Safari/537.36"
104.23.221.73 - - [06/Jan/2026:20:01:08 +0800] "GET /wp-admin/setup-config.php HTTP/1.1" 404 548 "-" "Mozilla/5.0 (Windows NT 10.0; Win64; x64) AppleWebKit/537.36 (KHTML, like Gecko) Chrome/143.0.0.0 Safari/537.36"
104.23.217.33 - - [06/Jan/2026:20:02:13 +0800] "GET /wordpress/wp-admin/setup-config.php HTTP/1.1" 301 162 "-" "http://xtimchat.com/wordpress/wp-admin/setup-config.php"
104.23.217.36 - - [06/Jan/2026:20:02:14 +0800] "GET /wordpress/wp-admin/setup-config.php HTTP/1.1" 404 146 "-" "http://xtimchat.com/wordpress/wp-admin/setup-config.php"
104.23.223.48 - - [06/Jan/2026:20:02:35 +0800] "GET /wordpress/wp-admin/setup-config.php HTTP/2.0" 301 162 "-" "https://xtimchat.com/wordpress/wp-admin/setup-config.php"
104.23.223.118 - - [06/Jan/2026:20:02:35 +0800] "GET /wordpress/wp-admin/setup-config.php HTTP/1.1" 404 146 "-" "https://xtimchat.com/wordpress/wp-admin/setup-config.php"
43.165.189.110 - - [06/Jan/2026:20:04:33 +0800] "GET / HTTP/1.1" 200 3639 "-" "Mozilla/5.0 (iPhone; CPU iPhone OS 13_2_3 like Mac OS X) AppleWebKit/605.1.15 (KHTML, like Gecko) Version/13.0.3 Mobile/15E148 Safari/604.1"
182.44.8.254 - - [06/Jan/2026:20:11:13 +0800] "GET / HTTP/1.1" 200 3639 "-" "Mozilla/5.0 (iPhone; CPU iPhone OS 13_2_3 like Mac OS X) AppleWebKit/605.1.15 (KHTML, like Gecko) Version/13.0.3 Mobile/15E148 Safari/604.1"
104.23.221.53 - - [06/Jan/2026:20:18:31 +0800] "GET /wp-admin/setup-config.php HTTP/2.0" 301 162 "-" "https://xtimchat.com/wp-admin/setup-config.php"
104.23.221.72 - - [06/Jan/2026:20:18:31 +0800] "GET /wp-admin/setup-config.php HTTP/1.1" 404 146 "-" "https://xtimchat.com/wp-admin/setup-config.php"
104.23.221.52 - - [06/Jan/2026:20:19:00 +0800] "GET /wordpress/wp-admin/setup-config.php HTTP/1.1" 301 162 "-" "Mozilla/5.0 (Windows NT 10.0; Win64; x64) AppleWebKit/537.36 (KHTML, like Gecko) Chrome/143.0.0.0 Safari/537.36"
104.23.221.73 - - [06/Jan/2026:20:19:00 +0800] "GET /wordpress/wp-admin/setup-config.php HTTP/1.1" 404 548 "-" "Mozilla/5.0 (Windows NT 10.0; Win64; x64) AppleWebKit/537.36 (KHTML, like Gecko) Chrome/143.0.0.0 Safari/537.36"
104.23.221.53 - - [06/Jan/2026:20:21:12 +0800] "GET /wp-admin/setup-config.php HTTP/1.1" 301 162 "-" "Mozilla/5.0 (Windows NT 10.0; Win64; x64) AppleWebKit/537.36 (KHTML, like Gecko) Chrome/143.0.0.0 Safari/537.36"
104.23.221.73 - - [06/Jan/2026:20:21:13 +0800] "GET /wp-admin/setup-config.php HTTP/1.1" 404 548 "-" "Mozilla/5.0 (Windows NT 10.0; Win64; x64) AppleWebKit/537.36 (KHTML, like Gecko) Chrome/143.0.0.0 Safari/537.36"
162.158.183.91 - - [06/Jan/2026:20:21:37 +0800] "GET /wordpress/wp-admin/setup-config.php HTTP/2.0" 301 162 "-" "https://xtimchat.com/wordpress/wp-admin/setup-config.php"
162.158.183.64 - - [06/Jan/2026:20:21:38 +0800] "GET /wordpress/wp-admin/setup-config.php HTTP/1.1" 404 146 "-" "https://xtimchat.com/wordpress/wp-admin/setup-config.php"
104.23.223.48 - - [06/Jan/2026:20:34:06 +0800] "GET /wp-admin/setup-config.php HTTP/1.1" 301 162 "-" "http://xtimchat.com/wp-admin/setup-config.php"
104.23.223.119 - - [06/Jan/2026:20:34:07 +0800] "GET /wp-admin/setup-config.php HTTP/1.1" 404 146 "-" "http://xtimchat.com/wp-admin/setup-config.php"
162.158.183.91 - - [06/Jan/2026:20:36:03 +0800] "GET /wp-admin/setup-config.php HTTP/2.0" 301 162 "-" "https://xtimchat.com/wp-admin/setup-config.php"
162.158.183.63 - - [06/Jan/2026:20:36:04 +0800] "GET /wp-admin/setup-config.php HTTP/1.1" 404 146 "-" "https://xtimchat.com/wp-admin/setup-config.php"
162.158.183.92 - - [06/Jan/2026:20:36:58 +0800] "GET /wordpress/wp-admin/setup-config.php HTTP/2.0" 301 162 "-" "https://xtimchat.com/wordpress/wp-admin/setup-config.php"
162.158.183.64 - - [06/Jan/2026:20:36:58 +0800] "GET /wordpress/wp-admin/setup-config.php HTTP/1.1" 404 146 "-" "https://xtimchat.com/wordpress/wp-admin/setup-config.php"
162.158.183.92 - - [06/Jan/2026:20:37:02 +0800] "GET /wordpress/wp-admin/setup-config.php HTTP/1.1" 301 162 "-" "http://xtimchat.com/wordpress/wp-admin/setup-config.php"
162.158.183.63 - - [06/Jan/2026:20:37:03 +0800] "GET /wordpress/wp-admin/setup-config.php HTTP/1.1" 404 146 "-" "http://xtimchat.com/wordpress/wp-admin/setup-config.php"
104.23.221.53 - - [06/Jan/2026:20:51:02 +0800] "GET /wordpress/wp-admin/setup-config.php HTTP/2.0" 301 162 "-" "https://xtimchat.com/wordpress/wp-admin/setup-config.php"
104.23.221.73 - - [06/Jan/2026:20:51:03 +0800] "GET /wordpress/wp-admin/setup-config.php HTTP/1.1" 404 146 "-" "https://xtimchat.com/wordpress/wp-admin/setup-config.php"
172.68.194.174 - - [06/Jan/2026:20:52:05 +0800] "GET /wp-admin/setup-config.php HTTP/1.1" 301 162 "-" "http://xtimchat.com/wp-admin/setup-config.php"
172.68.194.143 - - [06/Jan/2026:20:52:05 +0800] "GET /wp-admin/setup-config.php HTTP/1.1" 404 146 "-" "http://xtimchat.com/wp-admin/setup-config.php"
104.23.221.52 - - [06/Jan/2026:20:52:10 +0800] "GET /wordpress/wp-admin/setup-config.php HTTP/1.1" 301 162 "-" "Mozilla/5.0 (Windows NT 10.0; Win64; x64) AppleWebKit/537.36 (KHTML, like Gecko) Chrome/143.0.0.0 Safari/537.36"
104.23.221.73 - - [06/Jan/2026:20:52:10 +0800] "GET /wordpress/wp-admin/setup-config.php HTTP/1.1" 404 548 "-" "Mozilla/5.0 (Windows NT 10.0; Win64; x64) AppleWebKit/537.36 (KHTML, like Gecko) Chrome/143.0.0.0 Safari/537.36"
104.23.221.52 - - [06/Jan/2026:20:52:15 +0800] "GET /wp-admin/setup-config.php HTTP/2.0" 301 162 "-" "https://xtimchat.com/wp-admin/setup-config.php"
104.23.221.73 - - [06/Jan/2026:20:52:15 +0800] "GET /wp-admin/setup-config.php HTTP/1.1" 404 146 "-" "https://xtimchat.com/wp-admin/setup-config.php"
104.23.223.48 - - [06/Jan/2026:21:08:33 +0800] "GET /wp-admin/setup-config.php HTTP/1.1" 301 162 "-" "Mozilla/5.0 (Windows NT 10.0; Win64; x64) AppleWebKit/537.36 (KHTML, like Gecko) Chrome/143.0.0.0 Safari/537.36"
104.23.223.119 - - [06/Jan/2026:21:08:33 +0800] "GET /wp-admin/setup-config.php HTTP/1.1" 404 548 "-" "Mozilla/5.0 (Windows NT 10.0; Win64; x64) AppleWebKit/537.36 (KHTML, like Gecko) Chrome/143.0.0.0 Safari/537.36"
104.23.223.49 - - [06/Jan/2026:21:08:48 +0800] "GET /wordpress/wp-admin/setup-config.php HTTP/2.0" 301 162 "-" "https://xtimchat.com/wordpress/wp-admin/setup-config.php"
104.23.223.119 - - [06/Jan/2026:21:08:48 +0800] "GET /wordpress/wp-admin/setup-config.php HTTP/1.1" 404 146 "-" "https://xtimchat.com/wordpress/wp-admin/setup-config.php"
172.68.10.183 - - [06/Jan/2026:21:09:08 +0800] "GET /wordpress/wp-admin/setup-config.php HTTP/1.1" 301 162 "-" "http://xtimchat.com/wordpress/wp-admin/setup-config.php"
172.68.10.214 - - [06/Jan/2026:21:09:09 +0800] "GET /wordpress/wp-admin/setup-config.php HTTP/1.1" 404 146 "-" "http://xtimchat.com/wordpress/wp-admin/setup-config.php"
104.23.221.53 - - [06/Jan/2026:21:09:46 +0800] "GET /wp-admin/setup-config.php HTTP/2.0" 301 162 "-" "https://xtimchat.com/wp-admin/setup-config.php"
104.23.221.73 - - [06/Jan/2026:21:09:47 +0800] "GET /wp-admin/setup-config.php HTTP/1.1" 404 146 "-" "https://xtimchat.com/wp-admin/setup-config.php"
66.249.65.67 - - [06/Jan/2026:21:10:06 +0800] "GET /robots.txt HTTP/1.1" 301 162 "-" "Mozilla/5.0 (compatible; Googlebot/2.1; +http://www.google.com/bot.html)"
66.249.74.35 - - [06/Jan/2026:21:10:07 +0800] "GET /robots.txt HTTP/1.1" 404 146 "-" "Mozilla/5.0 (compatible; Googlebot/2.1; +http://www.google.com/bot.html)"
172.68.10.182 - - [06/Jan/2026:21:22:34 +0800] "GET /wordpress/wp-admin/setup-config.php HTTP/2.0" 301 162 "-" "https://xtimchat.com/wordpress/wp-admin/setup-config.php"
172.68.10.214 - - [06/Jan/2026:21:22:35 +0800] "GET /wordpress/wp-admin/setup-config.php HTTP/1.1" 404 146 "-" "https://xtimchat.com/wordpress/wp-admin/setup-config.php"
172.71.247.78 - - [06/Jan/2026:21:23:56 +0800] "GET /wp-admin/setup-config.php HTTP/2.0" 301 162 "-" "https://xtimchat.com/wp-admin/setup-config.php"
172.71.247.33 - - [06/Jan/2026:21:23:56 +0800] "GET /wp-admin/setup-config.php HTTP/1.1" 404 146 "-" "https://xtimchat.com/wp-admin/setup-config.php"
104.23.221.53 - - [06/Jan/2026:21:25:56 +0800] "GET /wp-admin/setup-config.php HTTP/1.1" 301 162 "-" "http://xtimchat.com/wp-admin/setup-config.php"
104.23.221.73 - - [06/Jan/2026:21:25:58 +0800] "GET /wp-admin/setup-config.php HTTP/1.1" 404 146 "-" "http://xtimchat.com/wp-admin/setup-config.php"
104.23.221.52 - - [06/Jan/2026:21:26:01 +0800] "GET /wordpress/wp-admin/setup-config.php HTTP/1.1" 301 162 "-" "Mozilla/5.0 (Windows NT 10.0; Win64; x64) AppleWebKit/537.36 (KHTML, like Gecko) Chrome/143.0.0.0 Safari/537.36"
104.23.221.73 - - [06/Jan/2026:21:26:01 +0800] "GET /wordpress/wp-admin/setup-config.php HTTP/1.1" 404 548 "-" "Mozilla/5.0 (Windows NT 10.0; Win64; x64) AppleWebKit/537.36 (KHTML, like Gecko) Chrome/143.0.0.0 Safari/537.36"
172.71.184.249 - - [06/Jan/2026:21:38:03 +0800] "GET /wordpress/wp-admin/setup-config.php HTTP/1.1" 301 162 "-" "Mozilla/5.0 (Windows NT 10.0; Win64; x64) AppleWebKit/537.36 (KHTML, like Gecko) Chrome/143.0.0.0 Safari/537.36"
172.71.184.147 - - [06/Jan/2026:21:38:04 +0800] "GET /wordpress/wp-admin/setup-config.php HTTP/1.1" 404 548 "-" "Mozilla/5.0 (Windows NT 10.0; Win64; x64) AppleWebKit/537.36 (KHTML, like Gecko) Chrome/143.0.0.0 Safari/537.36"
104.23.221.52 - - [06/Jan/2026:21:39:01 +0800] "GET /wordpress/wp-admin/setup-config.php HTTP/2.0" 301 162 "-" "Mozilla/5.0 (Windows NT 10.0; Win64; x64) AppleWebKit/537.36 (KHTML, like Gecko) Chrome/143.0.0.0 Safari/537.36"
104.23.221.72 - - [06/Jan/2026:21:39:01 +0800] "GET /wordpress/wp-admin/setup-config.php HTTP/1.1" 404 548 "-" "Mozilla/5.0 (Windows NT 10.0; Win64; x64) AppleWebKit/537.36 (KHTML, like Gecko) Chrome/143.0.0.0 Safari/537.36"
104.23.221.52 - - [06/Jan/2026:21:39:15 +0800] "GET /wp-admin/setup-config.php HTTP/2.0" 301 162 "-" "https://xtimchat.com/wp-admin/setup-config.php"
104.23.221.73 - - [06/Jan/2026:21:39:15 +0800] "GET /wp-admin/setup-config.php HTTP/1.1" 404 146 "-" "https://xtimchat.com/wp-admin/setup-config.php"
104.23.221.53 - - [06/Jan/2026:21:39:39 +0800] "GET /wp-admin/setup-config.php HTTP/1.1" 301 162 "-" "Mozilla/5.0 (Windows NT 10.0; Win64; x64) AppleWebKit/537.36 (KHTML, like Gecko) Chrome/143.0.0.0 Safari/537.36"
104.23.221.72 - - [06/Jan/2026:21:39:40 +0800] "GET /wp-admin/setup-config.php HTTP/1.1" 404 548 "-" "Mozilla/5.0 (Windows NT 10.0; Win64; x64) AppleWebKit/537.36 (KHTML, like Gecko) Chrome/143.0.0.0 Safari/537.36"
172.71.184.249 - - [06/Jan/2026:21:56:31 +0800] "GET /wp-admin/setup-config.php HTTP/2.0" 301 162 "-" "https://xtimchat.com/wp-admin/setup-config.php"
172.71.184.147 - - [06/Jan/2026:21:56:32 +0800] "GET /wp-admin/setup-config.php HTTP/1.1" 404 146 "-" "https://xtimchat.com/wp-admin/setup-config.php"
104.23.221.53 - - [06/Jan/2026:21:56:50 +0800] "GET /wordpress/wp-admin/setup-config.php HTTP/2.0" 301 162 "-" "https://xtimchat.com/wordpress/wp-admin/setup-config.php"
104.23.221.73 - - [06/Jan/2026:21:56:51 +0800] "GET /wordpress/wp-admin/setup-config.php HTTP/1.1" 404 146 "-" "https://xtimchat.com/wordpress/wp-admin/setup-config.php"
104.23.221.52 - - [06/Jan/2026:21:59:19 +0800] "GET /wp-admin/setup-config.php HTTP/1.1" 301 162 "-" "http://xtimchat.com/wp-admin/setup-config.php"
104.23.221.72 - - [06/Jan/2026:21:59:19 +0800] "GET /wp-admin/setup-config.php HTTP/1.1" 404 146 "-" "http://xtimchat.com/wp-admin/setup-config.php"
172.71.144.124 - - [06/Jan/2026:22:00:04 +0800] "GET /wordpress/wp-admin/setup-config.php HTTP/1.1" 301 162 "-" "http://xtimchat.com/wordpress/wp-admin/setup-config.php"
172.71.144.165 - - [06/Jan/2026:22:00:04 +0800] "GET /wordpress/wp-admin/setup-config.php HTTP/1.1" 404 146 "-" "http://xtimchat.com/wordpress/wp-admin/setup-config.php"
104.23.223.48 - - [06/Jan/2026:22:14:28 +0800] "GET /wordpress/wp-admin/setup-config.php HTTP/1.1" 301 162 "-" "Mozilla/5.0 (Windows NT 10.0; Win64; x64) AppleWebKit/537.36 (KHTML, like Gecko) Chrome/143.0.0.0 Safari/537.36"
104.23.223.119 - - [06/Jan/2026:22:14:28 +0800] "GET /wordpress/wp-admin/setup-config.php HTTP/1.1" 404 548 "-" "Mozilla/5.0 (Windows NT 10.0; Win64; x64) AppleWebKit/537.36 (KHTML, like Gecko) Chrome/143.0.0.0 Safari/537.36"
172.71.184.248 - - [06/Jan/2026:22:15:01 +0800] "GET /wordpress/wp-admin/setup-config.php HTTP/2.0" 301 162 "-" "Mozilla/5.0 (Windows NT 10.0; Win64; x64) AppleWebKit/537.36 (KHTML, like Gecko) Chrome/143.0.0.0 Safari/537.36"
172.71.184.147 - - [06/Jan/2026:22:15:02 +0800] "GET /wordpress/wp-admin/setup-config.php HTTP/1.1" 404 548 "-" "Mozilla/5.0 (Windows NT 10.0; Win64; x64) AppleWebKit/537.36 (KHTML, like Gecko) Chrome/143.0.0.0 Safari/537.36"
172.68.10.183 - - [06/Jan/2026:22:16:31 +0800] "GET /wp-admin/setup-config.php HTTP/2.0" 301 162 "-" "https://xtimchat.com/wp-admin/setup-config.php"
172.68.10.214 - - [06/Jan/2026:22:16:31 +0800] "GET /wp-admin/setup-config.php HTTP/1.1" 404 146 "-" "https://xtimchat.com/wp-admin/setup-config.php"
104.23.221.53 - - [06/Jan/2026:22:16:34 +0800] "GET /wp-admin/setup-config.php HTTP/1.1" 301 162 "-" "http://xtimchat.com/wp-admin/setup-config.php"
104.23.221.73 - - [06/Jan/2026:22:16:35 +0800] "GET /wp-admin/setup-config.php HTTP/1.1" 404 146 "-" "http://xtimchat.com/wp-admin/setup-config.php"
172.71.184.248 - - [06/Jan/2026:22:28:01 +0800] "GET /wordpress/wp-admin/setup-config.php HTTP/2.0" 301 162 "-" "https://xtimchat.com/wordpress/wp-admin/setup-config.php"
172.71.184.146 - - [06/Jan/2026:22:28:02 +0800] "GET /wordpress/wp-admin/setup-config.php HTTP/1.1" 404 146 "-" "https://xtimchat.com/wordpress/wp-admin/setup-config.php"
172.68.10.183 - - [06/Jan/2026:22:29:55 +0800] "GET /wp-admin/setup-config.php HTTP/1.1" 301 162 "-" "Mozilla/5.0 (Windows NT 10.0; Win64; x64) AppleWebKit/537.36 (KHTML, like Gecko) Chrome/143.0.0.0 Safari/537.36"
172.68.10.215 - - [06/Jan/2026:22:29:56 +0800] "GET /wp-admin/setup-config.php HTTP/1.1" 404 548 "-" "Mozilla/5.0 (Windows NT 10.0; Win64; x64) AppleWebKit/537.36 (KHTML, like Gecko) Chrome/143.0.0.0 Safari/537.36"
104.23.221.53 - - [06/Jan/2026:22:30:24 +0800] "GET /wp-admin/setup-config.php HTTP/2.0" 301 162 "-" "https://xtimchat.com/wp-admin/setup-config.php"
104.23.221.72 - - [06/Jan/2026:22:30:25 +0800] "GET /wp-admin/setup-config.php HTTP/1.1" 404 146 "-" "https://xtimchat.com/wp-admin/setup-config.php"
104.23.221.52 - - [06/Jan/2026:22:31:12 +0800] "GET /wordpress/wp-admin/setup-config.php HTTP/1.1" 301 162 "-" "http://xtimchat.com/wordpress/wp-admin/setup-config.php"
104.23.221.73 - - [06/Jan/2026:22:31:12 +0800] "GET /wordpress/wp-admin/setup-config.php HTTP/1.1" 404 146 "-" "http://xtimchat.com/wordpress/wp-admin/setup-config.php"
104.23.221.52 - - [06/Jan/2026:22:42:51 +0800] "GET /wordpress/wp-admin/setup-config.php HTTP/1.1" 301 162 "-" "http://xtimchat.com/wordpress/wp-admin/setup-config.php"
104.23.221.72 - - [06/Jan/2026:22:42:52 +0800] "GET /wordpress/wp-admin/setup-config.php HTTP/1.1" 404 146 "-" "http://xtimchat.com/wordpress/wp-admin/setup-config.php"
172.71.184.249 - - [06/Jan/2026:22:43:36 +0800] "GET /wordpress/wp-admin/setup-config.php HTTP/2.0" 301 162 "-" "Mozilla/5.0 (Windows NT 10.0; Win64; x64) AppleWebKit/537.36 (KHTML, like Gecko) Chrome/143.0.0.0 Safari/537.36"
172.71.184.147 - - [06/Jan/2026:22:43:37 +0800] "GET /wordpress/wp-admin/setup-config.php HTTP/1.1" 404 548 "-" "Mozilla/5.0 (Windows NT 10.0; Win64; x64) AppleWebKit/537.36 (KHTML, like Gecko) Chrome/143.0.0.0 Safari/537.36"
172.71.164.215 - - [06/Jan/2026:22:44:32 +0800] "GET /wp-admin/setup-config.php HTTP/2.0" 301 162 "-" "https://xtimchat.com/wp-admin/setup-config.php"
172.71.164.211 - - [06/Jan/2026:22:44:33 +0800] "GET /wp-admin/setup-config.php HTTP/1.1" 404 146 "-" "https://xtimchat.com/wp-admin/setup-config.php"
104.23.221.52 - - [06/Jan/2026:22:45:01 +0800] "GET /wp-admin/setup-config.php HTTP/1.1" 301 162 "-" "http://xtimchat.com/wp-admin/setup-config.php"
104.23.221.73 - - [06/Jan/2026:22:45:01 +0800] "GET /wp-admin/setup-config.php HTTP/1.1" 404 146 "-" "http://xtimchat.com/wp-admin/setup-config.php"
34.106.69.137 - - [06/Jan/2026:22:50:58 +0800] "GET / HTTP/1.1" 301 162 "-" "Mozilla/5.0 (Windows NT 10.0; WOW64; Trident/7.0; rv:11.0) like Gecko"
34.106.69.137 - - [06/Jan/2026:22:50:59 +0800] "GET / HTTP/1.1" 200 3639 "-" "Mozilla/5.0 (Windows NT 10.0; WOW64; Trident/7.0; rv:11.0) like Gecko"
104.23.221.52 - - [06/Jan/2026:23:00:27 +0800] "GET /wp-admin/setup-config.php HTTP/2.0" 301 162 "-" "https://xtimchat.com/wp-admin/setup-config.php"
104.23.221.72 - - [06/Jan/2026:23:00:28 +0800] "GET /wp-admin/setup-config.php HTTP/1.1" 404 146 "-" "https://xtimchat.com/wp-admin/setup-config.php"
172.71.144.124 - - [06/Jan/2026:23:02:25 +0800] "GET /wordpress/wp-admin/setup-config.php HTTP/1.1" 301 162 "-" "http://xtimchat.com/wordpress/wp-admin/setup-config.php"
172.71.144.164 - - [06/Jan/2026:23:02:25 +0800] "GET /wordpress/wp-admin/setup-config.php HTTP/1.1" 404 146 "-" "http://xtimchat.com/wordpress/wp-admin/setup-config.php"
104.23.239.125 - - [06/Jan/2026:23:03:09 +0800] "GET /wp-admin/setup-config.php HTTP/1.1" 301 162 "-" "http://xtimchat.com/wp-admin/setup-config.php"
104.23.239.145 - - [06/Jan/2026:23:03:10 +0800] "GET /wp-admin/setup-config.php HTTP/1.1" 404 146 "-" "http://xtimchat.com/wp-admin/setup-config.php"
43.130.154.56 - - [06/Jan/2026:23:03:27 +0800] "GET / HTTP/1.1" 200 3639 "-" "Mozilla/5.0 (iPhone; CPU iPhone OS 13_2_3 like Mac OS X) AppleWebKit/605.1.15 (KHTML, like Gecko) Version/13.0.3 Mobile/15E148 Safari/604.1"
104.23.239.124 - - [06/Jan/2026:23:03:39 +0800] "GET /wordpress/wp-admin/setup-config.php HTTP/2.0" 301 162 "-" "https://xtimchat.com/wordpress/wp-admin/setup-config.php"
104.23.239.144 - - [06/Jan/2026:23:03:40 +0800] "GET /wordpress/wp-admin/setup-config.php HTTP/1.1" 404 146 "-" "https://xtimchat.com/wordpress/wp-admin/setup-config.php"
43.157.191.20 - - [06/Jan/2026:23:16:43 +0800] "GET / HTTP/1.1" 301 162 "-" "Mozilla/5.0 (iPhone; CPU iPhone OS 13_2_3 like Mac OS X) AppleWebKit/605.1.15 (KHTML, like Gecko) Version/13.0.3 Mobile/15E148 Safari/604.1"
43.157.191.20 - - [06/Jan/2026:23:16:46 +0800] "GET / HTTP/1.1" 200 3639 "http://xtimchat.com" "Mozilla/5.0 (iPhone; CPU iPhone OS 13_2_3 like Mac OS X) AppleWebKit/605.1.15 (KHTML, like Gecko) Version/13.0.3 Mobile/15E148 Safari/604.1"
134.199.164.116 - - [06/Jan/2026:23:20:31 +0800] "GET / HTTP/1.1" 301 162 "-" "Mozilla/5.0 (Windows NT 10.0; Win64; x64) AppleWebKit/537.36 (KHTML, like Gecko) Chrome/95.0.4638.69 Safari/537.36"
134.199.164.116 - - [06/Jan/2026:23:20:32 +0800] "GET //wp-includes/ID3/license.txt HTTP/1.1" 404 548 "-" "Mozilla/5.0 (Windows NT 10.0; Win64; x64) AppleWebKit/537.36 (KHTML, like Gecko) Chrome/95.0.4638.69 Safari/537.36"
134.199.164.116 - - [06/Jan/2026:23:20:33 +0800] "GET //feed/ HTTP/1.1" 404 548 "-" "Mozilla/5.0 (Windows NT 10.0; Win64; x64) AppleWebKit/537.36 (KHTML, like Gecko) Chrome/95.0.4638.69 Safari/537.36"
134.199.164.116 - - [06/Jan/2026:23:20:33 +0800] "GET //xmlrpc.php?rsd HTTP/1.1" 404 548 "-" "Mozilla/5.0 (Windows NT 10.0; Win64; x64) AppleWebKit/537.36 (KHTML, like Gecko) Chrome/95.0.4638.69 Safari/537.36"
134.199.164.116 - - [06/Jan/2026:23:20:34 +0800] "GET //blog/wp-includes/wlwmanifest.xml HTTP/1.1" 404 548 "-" "Mozilla/5.0 (Windows NT 10.0; Win64; x64) AppleWebKit/537.36 (KHTML, like Gecko) Chrome/95.0.4638.69 Safari/537.36"
134.199.164.116 - - [06/Jan/2026:23:20:34 +0800] "GET //web/wp-includes/wlwmanifest.xml HTTP/1.1" 404 548 "-" "Mozilla/5.0 (Windows NT 10.0; Win64; x64) AppleWebKit/537.36 (KHTML, like Gecko) Chrome/95.0.4638.69 Safari/537.36"
134.199.164.116 - - [06/Jan/2026:23:20:35 +0800] "GET //wordpress/wp-includes/wlwmanifest.xml HTTP/1.1" 404 548 "-" "Mozilla/5.0 (Windows NT 10.0; Win64; x64) AppleWebKit/537.36 (KHTML, like Gecko) Chrome/95.0.4638.69 Safari/537.36"
134.199.164.116 - - [06/Jan/2026:23:20:35 +0800] "GET //wp/wp-includes/wlwmanifest.xml HTTP/1.1" 404 548 "-" "Mozilla/5.0 (Windows NT 10.0; Win64; x64) AppleWebKit/537.36 (KHTML, like Gecko) Chrome/95.0.4638.69 Safari/537.36"
134.199.164.116 - - [06/Jan/2026:23:20:36 +0800] "GET //2020/wp-includes/wlwmanifest.xml HTTP/1.1" 404 548 "-" "Mozilla/5.0 (Windows NT 10.0; Win64; x64) AppleWebKit/537.36 (KHTML, like Gecko) Chrome/95.0.4638.69 Safari/537.36"
134.199.164.116 - - [06/Jan/2026:23:20:36 +0800] "GET //2019/wp-includes/wlwmanifest.xml HTTP/1.1" 404 548 "-" "Mozilla/5.0 (Windows NT 10.0; Win64; x64) AppleWebKit/537.36 (KHTML, like Gecko) Chrome/95.0.4638.69 Safari/537.36"
134.199.164.116 - - [06/Jan/2026:23:20:37 +0800] "GET //2021/wp-includes/wlwmanifest.xml HTTP/1.1" 404 548 "-" "Mozilla/5.0 (Windows NT 10.0; Win64; x64) AppleWebKit/537.36 (KHTML, like Gecko) Chrome/95.0.4638.69 Safari/537.36"
134.199.164.116 - - [06/Jan/2026:23:20:37 +0800] "GET //shop/wp-includes/wlwmanifest.xml HTTP/1.1" 404 548 "-" "Mozilla/5.0 (Windows NT 10.0; Win64; x64) AppleWebKit/537.36 (KHTML, like Gecko) Chrome/95.0.4638.69 Safari/537.36"
134.199.164.116 - - [06/Jan/2026:23:20:38 +0800] "GET //wp1/wp-includes/wlwmanifest.xml HTTP/1.1" 404 548 "-" "Mozilla/5.0 (Windows NT 10.0; Win64; x64) AppleWebKit/537.36 (KHTML, like Gecko) Chrome/95.0.4638.69 Safari/537.36"
134.199.164.116 - - [06/Jan/2026:23:20:38 +0800] "GET //test/wp-includes/wlwmanifest.xml HTTP/1.1" 404 548 "-" "Mozilla/5.0 (Windows NT 10.0; Win64; x64) AppleWebKit/537.36 (KHTML, like Gecko) Chrome/95.0.4638.69 Safari/537.36"
