34.186.127.245 - - [05/Jan/2026:17:34:31 +0800] "GET //test/wp-includes/wlwmanifest.xml HTTP/1.1" 404 548 "-" "Mozilla/5.0 (Windows NT 10.0; Win64; x64) AppleWebKit/537.36 (KHTML, like Gecko) Chrome/78.0.3904.108 Safari/537.36"
34.186.127.245 - - [05/Jan/2026:17:34:31 +0800] "GET //media/wp-includes/wlwmanifest.xml HTTP/1.1" 404 548 "-" "Mozilla/5.0 (Windows NT 10.0; Win64; x64) AppleWebKit/537.36 (KHTML, like Gecko) Chrome/78.0.3904.108 Safari/537.36"
34.186.127.245 - - [05/Jan/2026:17:34:32 +0800] "GET //wp2/wp-includes/wlwmanifest.xml HTTP/1.1" 404 548 "-" "Mozilla/5.0 (Windows NT 10.0; Win64; x64) AppleWebKit/537.36 (KHTML, like Gecko) Chrome/78.0.3904.108 Safari/537.36"
34.186.127.245 - - [05/Jan/2026:17:34:32 +0800] "GET //site/wp-includes/wlwmanifest.xml HTTP/1.1" 404 548 "-" "Mozilla/5.0 (Windows NT 10.0; Win64; x64) AppleWebKit/537.36 (KHTML, like Gecko) Chrome/78.0.3904.108 Safari/537.36"
34.186.127.245 - - [05/Jan/2026:17:34:33 +0800] "GET //cms/wp-includes/wlwmanifest.xml HTTP/1.1" 404 548 "-" "Mozilla/5.0 (Windows NT 10.0; Win64; x64) AppleWebKit/537.36 (KHTML, like Gecko) Chrome/78.0.3904.108 Safari/537.36"
34.186.127.245 - - [05/Jan/2026:17:34:34 +0800] "GET //sito/wp-includes/wlwmanifest.xml HTTP/1.1" 404 548 "-" "Mozilla/5.0 (Windows NT 10.0; Win64; x64) AppleWebKit/537.36 (KHTML, like Gecko) Chrome/78.0.3904.108 Safari/537.36"
162.158.183.92 - - [05/Jan/2026:17:47:50 +0800] "GET /wp-admin/setup-config.php HTTP/2.0" 301 162 "-" "Mozilla/5.0 (Windows NT 10.0; Win64; x64) AppleWebKit/537.36 (KHTML, like Gecko) Chrome/143.0.0.0 Safari/537.36"
162.158.182.40 - - [05/Jan/2026:17:47:51 +0800] "GET /wp-admin/setup-config.php HTTP/1.1" 404 548 "-" "Mozilla/5.0 (Windows NT 10.0; Win64; x64) AppleWebKit/537.36 (KHTML, like Gecko) Chrome/143.0.0.0 Safari/537.36"
104.23.217.33 - - [05/Jan/2026:17:49:24 +0800] "GET /wp-admin/setup-config.php HTTP/1.1" 301 162 "-" "http://xtimchat.com/wp-admin/setup-config.php"
104.23.217.36 - - [05/Jan/2026:17:49:25 +0800] "GET /wp-admin/setup-config.php HTTP/1.1" 404 146 "-" "http://xtimchat.com/wp-admin/setup-config.php"
104.23.217.33 - - [05/Jan/2026:17:49:49 +0800] "GET /wordpress/wp-admin/setup-config.php HTTP/1.1" 301 162 "-" "http://xtimchat.com/wordpress/wp-admin/setup-config.php"
104.23.217.36 - - [05/Jan/2026:17:49:49 +0800] "GET /wordpress/wp-admin/setup-config.php HTTP/1.1" 404 146 "-" "http://xtimchat.com/wordpress/wp-admin/setup-config.php"
104.23.217.32 - - [05/Jan/2026:17:50:29 +0800] "GET /wordpress/wp-admin/setup-config.php HTTP/2.0" 301 162 "-" "https://xtimchat.com/wordpress/wp-admin/setup-config.php"
104.23.217.37 - - [05/Jan/2026:17:50:30 +0800] "GET /wordpress/wp-admin/setup-config.php HTTP/1.1" 404 146 "-" "https://xtimchat.com/wordpress/wp-admin/setup-config.php"
101.251.219.4 - - [05/Jan/2026:17:50:33 +0800] "GET / HTTP/1.1" 301 162 "-" "Mozilla/5.0 (Windows NT 10.0; Win64; x64) AppleWebKit/537.36 (KHTML, like Gecko) Chrome/114.0.0.0 Safari/537.36"
101.251.219.4 - - [05/Jan/2026:17:50:36 +0800] "GET / HTTP/1.1" 301 162 "-" "-"
101.251.219.4 - - [05/Jan/2026:17:51:51 +0800] "GET / HTTP/1.1" 200 17381 "-" "Mozilla/5.0 (Windows NT 10.0; Win64; x64) AppleWebKit/537.36 (KHTML, like Gecko) Chrome/114.0.0.0 Safari/537.36"
101.251.219.4 - - [05/Jan/2026:17:53:11 +0800] "GET /favicon.ico HTTP/1.1" 301 162 "-" "Mozilla/5.0 (Windows NT 10.0; Win64; x64) AppleWebKit/537.36 (KHTML, like Gecko) Chrome/114.0.0.0 Safari/537.36"
101.251.219.4 - - [05/Jan/2026:17:54:59 +0800] "GET /favicon.ico HTTP/1.1" 404 548 "http://xtimchat.com/favicon.ico" "Mozilla/5.0 (Windows NT 10.0; Win64; x64) AppleWebKit/537.36 (KHTML, like Gecko) Chrome/114.0.0.0 Safari/537.36"
101.251.219.4 - - [05/Jan/2026:17:55:02 +0800] "GET /favicon.ico HTTP/1.1" 404 548 "http://xtimchat.com/favicon.ico" "Mozilla/5.0 (Windows NT 10.0; Win64; x64) AppleWebKit/537.36 (KHTML, like Gecko) Chrome/114.0.0.0 Safari/537.36"
104.23.217.33 - - [05/Jan/2026:18:03:41 +0800] "GET /wordpress/wp-admin/setup-config.php HTTP/2.0" 301 162 "-" "https://xtimchat.com/wordpress/wp-admin/setup-config.php"
104.23.217.36 - - [05/Jan/2026:18:03:41 +0800] "GET /wordpress/wp-admin/setup-config.php HTTP/1.1" 404 146 "-" "https://xtimchat.com/wordpress/wp-admin/setup-config.php"
104.23.223.49 - - [05/Jan/2026:18:04:00 +0800] "GET /wp-admin/setup-config.php HTTP/1.1" 301 162 "-" "http://xtimchat.com/wp-admin/setup-config.php"
104.23.223.118 - - [05/Jan/2026:18:04:01 +0800] "GET /wp-admin/setup-config.php HTTP/1.1" 404 146 "-" "http://xtimchat.com/wp-admin/setup-config.php"
162.158.183.92 - - [05/Jan/2026:18:04:09 +0800] "GET /wordpress/wp-admin/setup-config.php HTTP/1.1" 301 162 "-" "Mozilla/5.0 (Windows NT 10.0; Win64; x64) AppleWebKit/537.36 (KHTML, like Gecko) Chrome/143.0.0.0 Safari/537.36"
162.158.183.64 - - [05/Jan/2026:18:04:10 +0800] "GET /wordpress/wp-admin/setup-config.php HTTP/1.1" 404 548 "-" "Mozilla/5.0 (Windows NT 10.0; Win64; x64) AppleWebKit/537.36 (KHTML, like Gecko) Chrome/143.0.0.0 Safari/537.36"
104.23.217.33 - - [05/Jan/2026:18:06:05 +0800] "GET /wp-admin/setup-config.php HTTP/2.0" 301 162 "-" "https://xtimchat.com/wp-admin/setup-config.php"
104.23.217.36 - - [05/Jan/2026:18:06:06 +0800] "GET /wp-admin/setup-config.php HTTP/1.1" 404 146 "-" "https://xtimchat.com/wp-admin/setup-config.php"
104.23.223.49 - - [05/Jan/2026:18:18:33 +0800] "GET /wp-admin/setup-config.php HTTP/2.0" 301 162 "-" "https://xtimchat.com/wp-admin/setup-config.php"
104.23.223.118 - - [05/Jan/2026:18:18:33 +0800] "GET /wp-admin/setup-config.php HTTP/1.1" 404 146 "-" "https://xtimchat.com/wp-admin/setup-config.php"
104.23.221.52 - - [05/Jan/2026:18:21:05 +0800] "GET /wordpress/wp-admin/setup-config.php HTTP/1.1" 301 162 "-" "http://xtimchat.com/wordpress/wp-admin/setup-config.php"
104.23.221.72 - - [05/Jan/2026:18:21:06 +0800] "GET /wordpress/wp-admin/setup-config.php HTTP/1.1" 404 146 "-" "http://xtimchat.com/wordpress/wp-admin/setup-config.php"
104.23.223.48 - - [05/Jan/2026:18:21:38 +0800] "GET /wp-admin/setup-config.php HTTP/1.1" 301 162 "-" "http://xtimchat.com/wp-admin/setup-config.php"
104.23.223.119 - - [05/Jan/2026:18:21:38 +0800] "GET /wp-admin/setup-config.php HTTP/1.1" 404 146 "-" "http://xtimchat.com/wp-admin/setup-config.php"
104.23.223.49 - - [05/Jan/2026:18:22:09 +0800] "GET /wordpress/wp-admin/setup-config.php HTTP/2.0" 301 162 "-" "https://xtimchat.com/wordpress/wp-admin/setup-config.php"
104.23.223.118 - - [05/Jan/2026:18:22:10 +0800] "GET /wordpress/wp-admin/setup-config.php HTTP/1.1" 404 146 "-" "https://xtimchat.com/wordpress/wp-admin/setup-config.php"
122.161.66.211 - - [05/Jan/2026:18:28:51 +0800] "GET / HTTP/1.1" 301 162 "-" "Mozilla/5.0 (Linux x86_64; rv:114.0) Gecko/20100101 Firefox/114.0"
122.161.66.211 - - [05/Jan/2026:18:28:52 +0800] "GET / HTTP/1.1" 200 3639 "http://xtimchat.com" "Mozilla/5.0 (Linux x86_64; rv:114.0) Gecko/20100101 Firefox/114.0"
122.161.66.211 - - [05/Jan/2026:18:28:52 +0800] "GET / HTTP/1.1" 200 3639 "http://www.xtimchat.com/" "Mozilla/5.0 (Linux x86_64; rv:114.0) Gecko/20100101 Firefox/114.0"
122.161.66.211 - - [05/Jan/2026:18:28:54 +0800] "GET /?name=+Joshi&email=niketa.rocketdigitaltech%40gmail.com&message=Hello+http://xtimchat.com%2C%0D%0A%0D%0AI+checked+your+website.+You+have+an+impressive+site+but+ranking+is+not+good+on+Google%2C+Yahoo+and+Bing.%0D%0A%0D%0AWould+you+like+to+optimize+your+site%3F%0D%0A%0D%0AIf+you+are+interested%2C+please+share+your+WhatsApp+number+so+I+can+send+you+our+past+work+and+pricing%C2%A0details+and+strategies.%0D%0A%0D%0ACan+I+send%3F%0D%0A%0D%0AWarm+regards%2C%0D%0ANiketa HTTP/1.1" 200 3639 "http://www.xtimchat.com/" "Mozilla/5.0 (Linux x86_64; rv:114.0) Gecko/20100101 Firefox/114.0"
104.23.223.48 - - [05/Jan/2026:18:33:28 +0800] "GET /wp-admin/setup-config.php HTTP/2.0" 301 162 "-" "Mozilla/5.0 (Windows NT 10.0; Win64; x64) AppleWebKit/537.36 (KHTML, like Gecko) Chrome/143.0.0.0 Safari/537.36"
104.23.223.118 - - [05/Jan/2026:18:33:29 +0800] "GET /wp-admin/setup-config.php HTTP/1.1" 404 548 "-" "Mozilla/5.0 (Windows NT 10.0; Win64; x64) AppleWebKit/537.36 (KHTML, like Gecko) Chrome/143.0.0.0 Safari/537.36"
104.28.208.87 - - [05/Jan/2026:18:33:51 +0800] "GET /wp-login.php HTTP/1.1" 301 162 "-" "Mozilla/5.0"
104.28.208.87 - - [05/Jan/2026:18:33:51 +0800] "GET /wp-admin/ HTTP/1.1" 301 162 "-" "Mozilla/5.0"
104.23.223.48 - - [05/Jan/2026:18:33:52 +0800] "GET /wp-admin/setup-config.php HTTP/1.1" 301 162 "-" "http://xtimchat.com/wp-admin/setup-config.php"
104.23.223.119 - - [05/Jan/2026:18:33:53 +0800] "GET /wp-admin/setup-config.php HTTP/1.1" 404 146 "-" "http://xtimchat.com/wp-admin/setup-config.php"
104.23.223.49 - - [05/Jan/2026:18:33:57 +0800] "GET /wordpress/wp-admin/setup-config.php HTTP/1.1" 301 162 "-" "Mozilla/5.0 (Windows NT 10.0; Win64; x64) AppleWebKit/537.36 (KHTML, like Gecko) Chrome/143.0.0.0 Safari/537.36"
104.23.223.118 - - [05/Jan/2026:18:33:57 +0800] "GET /wordpress/wp-admin/setup-config.php HTTP/1.1" 404 548 "-" "Mozilla/5.0 (Windows NT 10.0; Win64; x64) AppleWebKit/537.36 (KHTML, like Gecko) Chrome/143.0.0.0 Safari/537.36"
172.71.246.224 - - [05/Jan/2026:18:34:26 +0800] "GET /wordpress/wp-admin/setup-config.php HTTP/2.0" 301 162 "-" "Mozilla/5.0 (Windows NT 10.0; Win64; x64) AppleWebKit/537.36 (KHTML, like Gecko) Chrome/143.0.0.0 Safari/537.36"
172.71.246.180 - - [05/Jan/2026:18:34:27 +0800] "GET /wordpress/wp-admin/setup-config.php HTTP/1.1" 404 548 "-" "Mozilla/5.0 (Windows NT 10.0; Win64; x64) AppleWebKit/537.36 (KHTML, like Gecko) Chrome/143.0.0.0 Safari/537.36"
203.176.137.222 - - [05/Jan/2026:18:41:14 +0800] "GET / HTTP/1.1" 301 162 "-" "Mozilla/5.0 (compatible; CMS-Checker/1.0; +https://example.com)"
203.176.137.222 - - [05/Jan/2026:18:41:15 +0800] "GET / HTTP/1.1" 200 3639 "http://xtimchat.com" "Mozilla/5.0 (compatible; CMS-Checker/1.0; +https://example.com)"
104.23.223.49 - - [05/Jan/2026:18:51:43 +0800] "GET /wp-admin/setup-config.php HTTP/1.1" 301 162 "-" "http://xtimchat.com/wp-admin/setup-config.php"
104.23.223.119 - - [05/Jan/2026:18:51:44 +0800] "GET /wp-admin/setup-config.php HTTP/1.1" 404 146 "-" "http://xtimchat.com/wp-admin/setup-config.php"
104.23.223.48 - - [05/Jan/2026:18:52:38 +0800] "GET /wp-admin/setup-config.php HTTP/2.0" 301 162 "-" "Mozilla/5.0 (Windows NT 10.0; Win64; x64) AppleWebKit/537.36 (KHTML, like Gecko) Chrome/143.0.0.0 Safari/537.36"
104.23.223.118 - - [05/Jan/2026:18:52:39 +0800] "GET /wp-admin/setup-config.php HTTP/1.1" 404 548 "-" "Mozilla/5.0 (Windows NT 10.0; Win64; x64) AppleWebKit/537.36 (KHTML, like Gecko) Chrome/143.0.0.0 Safari/537.36"
172.70.248.118 - - [05/Jan/2026:18:53:22 +0800] "GET /wordpress/wp-admin/setup-config.php HTTP/1.1" 301 162 "-" "http://xtimchat.com/wordpress/wp-admin/setup-config.php"
172.70.248.40 - - [05/Jan/2026:18:53:23 +0800] "GET /wordpress/wp-admin/setup-config.php HTTP/1.1" 404 146 "-" "http://xtimchat.com/wordpress/wp-admin/setup-config.php"
104.23.221.52 - - [05/Jan/2026:18:53:56 +0800] "GET /wordpress/wp-admin/setup-config.php HTTP/2.0" 301 162 "-" "Mozilla/5.0 (Windows NT 10.0; Win64; x64) AppleWebKit/537.36 (KHTML, like Gecko) Chrome/143.0.0.0 Safari/537.36"
104.23.221.73 - - [05/Jan/2026:18:53:57 +0800] "GET /wordpress/wp-admin/setup-config.php HTTP/1.1" 404 548 "-" "Mozilla/5.0 (Windows NT 10.0; Win64; x64) AppleWebKit/537.36 (KHTML, like Gecko) Chrome/143.0.0.0 Safari/537.36"
106.227.49.113 - - [05/Jan/2026:18:54:12 +0800] "GET / HTTP/1.1" 200 3639 "-" "Mozilla/5.0 (iPhone; CPU iPhone OS 13_2_3 like Mac OS X) AppleWebKit/605.1.15 (KHTML, like Gecko) Version/13.0.3 Mobile/15E148 Safari/604.1"
104.23.217.33 - - [05/Jan/2026:19:06:18 +0800] "GET /wp-admin/setup-config.php HTTP/1.1" 301 162 "-" "http://xtimchat.com/wp-admin/setup-config.php"
104.23.217.37 - - [05/Jan/2026:19:06:19 +0800] "GET /wp-admin/setup-config.php HTTP/1.1" 404 146 "-" "http://xtimchat.com/wp-admin/setup-config.php"
104.23.221.52 - - [05/Jan/2026:19:06:47 +0800] "GET /wordpress/wp-admin/setup-config.php HTTP/1.1" 301 162 "-" "http://xtimchat.com/wordpress/wp-admin/setup-config.php"
104.23.221.72 - - [05/Jan/2026:19:06:47 +0800] "GET /wordpress/wp-admin/setup-config.php HTTP/1.1" 404 146 "-" "http://xtimchat.com/wordpress/wp-admin/setup-config.php"
162.158.183.91 - - [05/Jan/2026:19:08:08 +0800] "GET /wp-admin/setup-config.php HTTP/2.0" 301 162 "-" "Mozilla/5.0 (Windows NT 10.0; Win64; x64) AppleWebKit/537.36 (KHTML, like Gecko) Chrome/143.0.0.0 Safari/537.36"
162.158.183.64 - - [05/Jan/2026:19:08:09 +0800] "GET /wp-admin/setup-config.php HTTP/1.1" 404 548 "-" "Mozilla/5.0 (Windows NT 10.0; Win64; x64) AppleWebKit/537.36 (KHTML, like Gecko) Chrome/143.0.0.0 Safari/537.36"
104.23.221.52 - - [05/Jan/2026:19:08:55 +0800] "GET /wordpress/wp-admin/setup-config.php HTTP/2.0" 301 162 "-" "Mozilla/5.0 (Windows NT 10.0; Win64; x64) AppleWebKit/537.36 (KHTML, like Gecko) Chrome/143.0.0.0 Safari/537.36"
104.23.221.72 - - [05/Jan/2026:19:08:55 +0800] "GET /wordpress/wp-admin/setup-config.php HTTP/1.1" 404 548 "-" "Mozilla/5.0 (Windows NT 10.0; Win64; x64) AppleWebKit/537.36 (KHTML, like Gecko) Chrome/143.0.0.0 Safari/537.36"
66.249.74.35 - - [05/Jan/2026:19:17:50 +0800] "GET /robots.txt HTTP/1.1" 404 146 "-" "Mozilla/5.0 (compatible; Googlebot/2.1; +http://www.google.com/bot.html)"
66.249.74.36 - - [05/Jan/2026:19:17:50 +0800] "GET / HTTP/1.1" 200 3639 "-" "Mozilla/5.0 (Linux; Android 6.0.1; Nexus 5X Build/MMB29P) AppleWebKit/537.36 (KHTML, like Gecko) Chrome/141.0.7390.122 Mobile Safari/537.36 (compatible; Googlebot/2.1; +http://www.google.com/bot.html)"
18.220.172.207 - - [05/Jan/2026:19:23:47 +0800] "GET / HTTP/1.1" 301 162 "-" "curl/8.3.0"
18.220.172.207 - - [05/Jan/2026:19:23:49 +0800] "GET / HTTP/1.1" 200 3639 "-" "curl/8.3.0"
172.68.194.174 - - [05/Jan/2026:19:24:28 +0800] "GET /wordpress/wp-admin/setup-config.php HTTP/1.1" 301 162 "-" "http://xtimchat.com/wordpress/wp-admin/setup-config.php"
172.68.194.143 - - [05/Jan/2026:19:24:29 +0800] "GET /wordpress/wp-admin/setup-config.php HTTP/1.1" 404 146 "-" "http://xtimchat.com/wordpress/wp-admin/setup-config.php"
104.23.223.48 - - [05/Jan/2026:19:25:31 +0800] "GET /wp-admin/setup-config.php HTTP/2.0" 301 162 "-" "https://xtimchat.com/wp-admin/setup-config.php"
104.23.223.119 - - [05/Jan/2026:19:25:31 +0800] "GET /wp-admin/setup-config.php HTTP/1.1" 404 146 "-" "https://xtimchat.com/wp-admin/setup-config.php"
104.28.240.85 - - [05/Jan/2026:19:26:08 +0800] "GET /wp-login.php HTTP/1.1" 301 162 "-" "Mozilla/5.0"
104.28.240.85 - - [05/Jan/2026:19:26:08 +0800] "GET /wp-login.php HTTP/1.1" 301 162 "-" "Mozilla/5.0"
34.106.52.7 - - [05/Jan/2026:19:26:12 +0800] "GET / HTTP/1.1" 301 162 "-" "Mozilla/5.0 (Windows NT 10.0; Win64; x64) AppleWebKit/537.36 (KHTML, like Gecko) Chrome/95.0.4638.69 Safari/537.36"
34.106.52.7 - - [05/Jan/2026:19:26:14 +0800] "GET //wp-includes/ID3/license.txt HTTP/1.1" 404 548 "-" "Mozilla/5.0 (Windows NT 10.0; Win64; x64) AppleWebKit/537.36 (KHTML, like Gecko) Chrome/95.0.4638.69 Safari/537.36"
34.106.52.7 - - [05/Jan/2026:19:26:14 +0800] "GET //feed/ HTTP/1.1" 404 548 "-" "Mozilla/5.0 (Windows NT 10.0; Win64; x64) AppleWebKit/537.36 (KHTML, like Gecko) Chrome/95.0.4638.69 Safari/537.36"
34.106.52.7 - - [05/Jan/2026:19:26:14 +0800] "GET //xmlrpc.php?rsd HTTP/1.1" 404 548 "-" "Mozilla/5.0 (Windows NT 10.0; Win64; x64) AppleWebKit/537.36 (KHTML, like Gecko) Chrome/95.0.4638.69 Safari/537.36"
34.106.52.7 - - [05/Jan/2026:19:26:14 +0800] "GET //blog/wp-includes/wlwmanifest.xml HTTP/1.1" 404 548 "-" "Mozilla/5.0 (Windows NT 10.0; Win64; x64) AppleWebKit/537.36 (KHTML, like Gecko) Chrome/95.0.4638.69 Safari/537.36"
34.106.52.7 - - [05/Jan/2026:19:26:14 +0800] "GET //web/wp-includes/wlwmanifest.xml HTTP/1.1" 404 548 "-" "Mozilla/5.0 (Windows NT 10.0; Win64; x64) AppleWebKit/537.36 (KHTML, like Gecko) Chrome/95.0.4638.69 Safari/537.36"
34.106.52.7 - - [05/Jan/2026:19:26:14 +0800] "GET //wordpress/wp-includes/wlwmanifest.xml HTTP/1.1" 404 548 "-" "Mozilla/5.0 (Windows NT 10.0; Win64; x64) AppleWebKit/537.36 (KHTML, like Gecko) Chrome/95.0.4638.69 Safari/537.36"
34.106.52.7 - - [05/Jan/2026:19:26:15 +0800] "GET //wp/wp-includes/wlwmanifest.xml HTTP/1.1" 404 548 "-" "Mozilla/5.0 (Windows NT 10.0; Win64; x64) AppleWebKit/537.36 (KHTML, like Gecko) Chrome/95.0.4638.69 Safari/537.36"
34.106.52.7 - - [05/Jan/2026:19:26:15 +0800] "GET //2020/wp-includes/wlwmanifest.xml HTTP/1.1" 404 548 "-" "Mozilla/5.0 (Windows NT 10.0; Win64; x64) AppleWebKit/537.36 (KHTML, like Gecko) Chrome/95.0.4638.69 Safari/537.36"
34.106.52.7 - - [05/Jan/2026:19:26:15 +0800] "GET //2019/wp-includes/wlwmanifest.xml HTTP/1.1" 404 548 "-" "Mozilla/5.0 (Windows NT 10.0; Win64; x64) AppleWebKit/537.36 (KHTML, like Gecko) Chrome/95.0.4638.69 Safari/537.36"
34.106.52.7 - - [05/Jan/2026:19:26:15 +0800] "GET //2021/wp-includes/wlwmanifest.xml HTTP/1.1" 404 548 "-" "Mozilla/5.0 (Windows NT 10.0; Win64; x64) AppleWebKit/537.36 (KHTML, like Gecko) Chrome/95.0.4638.69 Safari/537.36"
34.106.52.7 - - [05/Jan/2026:19:26:15 +0800] "GET //shop/wp-includes/wlwmanifest.xml HTTP/1.1" 404 548 "-" "Mozilla/5.0 (Windows NT 10.0; Win64; x64) AppleWebKit/537.36 (KHTML, like Gecko) Chrome/95.0.4638.69 Safari/537.36"
34.106.52.7 - - [05/Jan/2026:19:26:16 +0800] "GET //wp1/wp-includes/wlwmanifest.xml HTTP/1.1" 404 548 "-" "Mozilla/5.0 (Windows NT 10.0; Win64; x64) AppleWebKit/537.36 (KHTML, like Gecko) Chrome/95.0.4638.69 Safari/537.36"
34.106.52.7 - - [05/Jan/2026:19:26:16 +0800] "GET //test/wp-includes/wlwmanifest.xml HTTP/1.1" 404 548 "-" "Mozilla/5.0 (Windows NT 10.0; Win64; x64) AppleWebKit/537.36 (KHTML, like Gecko) Chrome/95.0.4638.69 Safari/537.36"
34.106.52.7 - - [05/Jan/2026:19:26:16 +0800] "GET //site/wp-includes/wlwmanifest.xml HTTP/1.1" 404 548 "-" "Mozilla/5.0 (Windows NT 10.0; Win64; x64) AppleWebKit/537.36 (KHTML, like Gecko) Chrome/95.0.4638.69 Safari/537.36"
34.106.52.7 - - [05/Jan/2026:19:26:16 +0800] "GET //cms/wp-includes/wlwmanifest.xml HTTP/1.1" 404 548 "-" "Mozilla/5.0 (Windows NT 10.0; Win64; x64) AppleWebKit/537.36 (KHTML, like Gecko) Chrome/95.0.4638.69 Safari/537.36"
104.23.223.48 - - [05/Jan/2026:19:26:18 +0800] "GET /wp-admin/setup-config.php HTTP/1.1" 301 162 "-" "Mozilla/5.0 (Windows NT 10.0; Win64; x64) AppleWebKit/537.36 (KHTML, like Gecko) Chrome/143.0.0.0 Safari/537.36"
104.23.223.118 - - [05/Jan/2026:19:26:18 +0800] "GET /wp-admin/setup-config.php HTTP/1.1" 404 548 "-" "Mozilla/5.0 (Windows NT 10.0; Win64; x64) AppleWebKit/537.36 (KHTML, like Gecko) Chrome/143.0.0.0 Safari/537.36"
172.70.248.119 - - [05/Jan/2026:19:27:13 +0800] "GET /wordpress/wp-admin/setup-config.php HTTP/2.0" 301 162 "-" "https://xtimchat.com/wordpress/wp-admin/setup-config.php"
172.70.248.41 - - [05/Jan/2026:19:27:13 +0800] "GET /wordpress/wp-admin/setup-config.php HTTP/1.1" 404 146 "-" "https://xtimchat.com/wordpress/wp-admin/setup-config.php"
104.23.223.48 - - [05/Jan/2026:19:34:33 +0800] "GET /wp-admin/setup-config.php HTTP/1.1" 301 162 "-" "http://xtimchat.com/wp-admin/setup-config.php"
104.23.223.119 - - [05/Jan/2026:19:34:33 +0800] "GET /wp-admin/setup-config.php HTTP/1.1" 404 146 "-" "http://xtimchat.com/wp-admin/setup-config.php"
104.23.217.33 - - [05/Jan/2026:19:34:57 +0800] "GET /wordpress/wp-admin/setup-config.php HTTP/2.0" 301 162 "-" "https://xtimchat.com/wordpress/wp-admin/setup-config.php"
104.23.217.37 - - [05/Jan/2026:19:34:58 +0800] "GET /wordpress/wp-admin/setup-config.php HTTP/1.1" 404 146 "-" "https://xtimchat.com/wordpress/wp-admin/setup-config.php"
162.158.183.91 - - [05/Jan/2026:19:35:21 +0800] "GET /wp-admin/setup-config.php HTTP/2.0" 301 162 "-" "https://xtimchat.com/wp-admin/setup-config.php"
162.158.183.63 - - [05/Jan/2026:19:35:22 +0800] "GET /wp-admin/setup-config.php HTTP/1.1" 404 146 "-" "https://xtimchat.com/wp-admin/setup-config.php"
104.23.221.53 - - [05/Jan/2026:19:37:32 +0800] "GET /wordpress/wp-admin/setup-config.php HTTP/1.1" 301 162 "-" "http://xtimchat.com/wordpress/wp-admin/setup-config.php"
104.23.221.73 - - [05/Jan/2026:19:37:33 +0800] "GET /wordpress/wp-admin/setup-config.php HTTP/1.1" 404 146 "-" "http://xtimchat.com/wordpress/wp-admin/setup-config.php"
51.68.111.204 - - [05/Jan/2026:19:46:10 +0800] "GET /robots.txt HTTP/1.1" 301 162 "-" "Mozilla/5.0 (compatible; MJ12bot/v2.0.4; http://mj12bot.com/)"
51.68.111.204 - - [05/Jan/2026:19:46:12 +0800] "GET /robots.txt HTTP/1.1" 404 146 "-" "Mozilla/5.0 (compatible; MJ12bot/v2.0.4; http://mj12bot.com/)"
51.68.111.204 - - [05/Jan/2026:19:46:13 +0800] "GET / HTTP/1.1" 301 162 "-" "Mozilla/5.0 (compatible; MJ12bot/v2.0.4; http://mj12bot.com/)"
51.68.111.204 - - [05/Jan/2026:19:46:13 +0800] "GET / HTTP/1.1" 200 3639 "-" "Mozilla/5.0 (compatible; MJ12bot/v2.0.4; http://mj12bot.com/)"
104.23.221.52 - - [05/Jan/2026:19:52:47 +0800] "GET /wp-admin/setup-config.php HTTP/2.0" 301 162 "-" "Mozilla/5.0 (Windows NT 10.0; Win64; x64) AppleWebKit/537.36 (KHTML, like Gecko) Chrome/143.0.0.0 Safari/537.36"
104.23.221.73 - - [05/Jan/2026:19:52:48 +0800] "GET /wp-admin/setup-config.php HTTP/1.1" 404 548 "-" "Mozilla/5.0 (Windows NT 10.0; Win64; x64) AppleWebKit/537.36 (KHTML, like Gecko) Chrome/143.0.0.0 Safari/537.36"
104.23.221.52 - - [05/Jan/2026:19:52:57 +0800] "GET /wordpress/wp-admin/setup-config.php HTTP/1.1" 301 162 "-" "http://xtimchat.com/wordpress/wp-admin/setup-config.php"
104.23.221.73 - - [05/Jan/2026:19:52:57 +0800] "GET /wordpress/wp-admin/setup-config.php HTTP/1.1" 404 146 "-" "http://xtimchat.com/wordpress/wp-admin/setup-config.php"
104.23.223.48 - - [05/Jan/2026:19:53:37 +0800] "GET /wp-admin/setup-config.php HTTP/1.1" 301 162 "-" "http://xtimchat.com/wp-admin/setup-config.php"
104.23.223.118 - - [05/Jan/2026:19:53:37 +0800] "GET /wp-admin/setup-config.php HTTP/1.1" 404 146 "-" "http://xtimchat.com/wp-admin/setup-config.php"
104.23.223.48 - - [05/Jan/2026:19:54:26 +0800] "GET /wordpress/wp-admin/setup-config.php HTTP/2.0" 301 162 "-" "Mozilla/5.0 (Windows NT 10.0; Win64; x64) AppleWebKit/537.36 (KHTML, like Gecko) Chrome/143.0.0.0 Safari/537.36"
104.23.223.119 - - [05/Jan/2026:19:54:26 +0800] "GET /wordpress/wp-admin/setup-config.php HTTP/1.1" 404 548 "-" "Mozilla/5.0 (Windows NT 10.0; Win64; x64) AppleWebKit/537.36 (KHTML, like Gecko) Chrome/143.0.0.0 Safari/537.36"
43.135.36.201 - - [05/Jan/2026:20:02:20 +0800] "GET / HTTP/1.1" 200 3639 "-" "Mozilla/5.0 (iPhone; CPU iPhone OS 13_2_3 like Mac OS X) AppleWebKit/605.1.15 (KHTML, like Gecko) Version/13.0.3 Mobile/15E148 Safari/604.1"
104.23.223.49 - - [05/Jan/2026:20:06:59 +0800] "GET /wordpress/wp-admin/setup-config.php HTTP/2.0" 301 162 "-" "https://xtimchat.com/wordpress/wp-admin/setup-config.php"
104.23.223.119 - - [05/Jan/2026:20:07:00 +0800] "GET /wordpress/wp-admin/setup-config.php HTTP/1.1" 404 146 "-" "https://xtimchat.com/wordpress/wp-admin/setup-config.php"
104.23.223.48 - - [05/Jan/2026:20:09:14 +0800] "GET /wordpress/wp-admin/setup-config.php HTTP/1.1" 301 162 "-" "http://xtimchat.com/wordpress/wp-admin/setup-config.php"
104.23.223.119 - - [05/Jan/2026:20:09:14 +0800] "GET /wordpress/wp-admin/setup-config.php HTTP/1.1" 404 146 "-" "http://xtimchat.com/wordpress/wp-admin/setup-config.php"
104.23.221.53 - - [05/Jan/2026:20:11:12 +0800] "GET /wp-admin/setup-config.php HTTP/2.0" 301 162 "-" "https://xtimchat.com/wp-admin/setup-config.php"
104.23.221.72 - - [05/Jan/2026:20:11:15 +0800] "GET /wp-admin/setup-config.php HTTP/1.1" 404 146 "-" "https://xtimchat.com/wp-admin/setup-config.php"
104.23.221.53 - - [05/Jan/2026:20:11:16 +0800] "GET /wp-admin/setup-config.php HTTP/1.1" 301 162 "-" "Mozilla/5.0 (Windows NT 10.0; Win64; x64) AppleWebKit/537.36 (KHTML, like Gecko) Chrome/143.0.0.0 Safari/537.36"
104.23.221.73 - - [05/Jan/2026:20:11:16 +0800] "GET /wp-admin/setup-config.php HTTP/1.1" 404 548 "-" "Mozilla/5.0 (Windows NT 10.0; Win64; x64) AppleWebKit/537.36 (KHTML, like Gecko) Chrome/143.0.0.0 Safari/537.36"
104.23.223.49 - - [05/Jan/2026:20:11:25 +0800] "GET /wordpress/wp-admin/setup-config.php HTTP/1.1" 301 162 "-" "http://xtimchat.com/wordpress/wp-admin/setup-config.php"
104.23.223.119 - - [05/Jan/2026:20:11:26 +0800] "GET /wordpress/wp-admin/setup-config.php HTTP/1.1" 404 146 "-" "http://xtimchat.com/wordpress/wp-admin/setup-config.php"
104.23.221.53 - - [05/Jan/2026:20:24:57 +0800] "GET /wordpress/wp-admin/setup-config.php HTTP/1.1" 301 162 "-" "http://xtimchat.com/wordpress/wp-admin/setup-config.php"
104.23.221.73 - - [05/Jan/2026:20:24:58 +0800] "GET /wordpress/wp-admin/setup-config.php HTTP/1.1" 404 146 "-" "http://xtimchat.com/wordpress/wp-admin/setup-config.php"
162.158.183.91 - - [05/Jan/2026:20:25:19 +0800] "GET /wp-admin/setup-config.php HTTP/1.1" 301 162 "-" "http://xtimchat.com/wp-admin/setup-config.php"
162.158.183.64 - - [05/Jan/2026:20:25:19 +0800] "GET /wp-admin/setup-config.php HTTP/1.1" 404 146 "-" "http://xtimchat.com/wp-admin/setup-config.php"
104.23.221.52 - - [05/Jan/2026:20:27:13 +0800] "GET /wordpress/wp-admin/setup-config.php HTTP/2.0" 301 162 "-" "https://xtimchat.com/wordpress/wp-admin/setup-config.php"
104.23.221.72 - - [05/Jan/2026:20:27:13 +0800] "GET /wordpress/wp-admin/setup-config.php HTTP/1.1" 404 146 "-" "https://xtimchat.com/wordpress/wp-admin/setup-config.php"
162.158.183.92 - - [05/Jan/2026:20:28:44 +0800] "GET /wp-admin/setup-config.php HTTP/2.0" 301 162 "-" "Mozilla/5.0 (Windows NT 10.0; Win64; x64) AppleWebKit/537.36 (KHTML, like Gecko) Chrome/143.0.0.0 Safari/537.36"
162.158.183.64 - - [05/Jan/2026:20:28:44 +0800] "GET /wp-admin/setup-config.php HTTP/1.1" 404 548 "-" "Mozilla/5.0 (Windows NT 10.0; Win64; x64) AppleWebKit/537.36 (KHTML, like Gecko) Chrome/143.0.0.0 Safari/537.36"
43.153.67.21 - - [05/Jan/2026:20:38:51 +0800] "GET / HTTP/1.1" 301 162 "-" "Mozilla/5.0 (iPhone; CPU iPhone OS 13_2_3 like Mac OS X) AppleWebKit/605.1.15 (KHTML, like Gecko) Version/13.0.3 Mobile/15E148 Safari/604.1"
43.153.67.21 - - [05/Jan/2026:20:38:53 +0800] "GET / HTTP/1.1" 200 3639 "http://xtimchat.com" "Mozilla/5.0 (iPhone; CPU iPhone OS 13_2_3 like Mac OS X) AppleWebKit/605.1.15 (KHTML, like Gecko) Version/13.0.3 Mobile/15E148 Safari/604.1"
18.216.116.206 - - [05/Jan/2026:20:41:23 +0800] "GET / HTTP/1.1" 301 162 "-" "curl/8.3.0"
18.216.116.206 - - [05/Jan/2026:20:41:24 +0800] "GET / HTTP/1.1" 200 3639 "-" "curl/8.3.0"
104.23.221.53 - - [05/Jan/2026:20:41:28 +0800] "GET /wp-admin/setup-config.php HTTP/1.1" 301 162 "-" "http://xtimchat.com/wp-admin/setup-config.php"
104.23.221.72 - - [05/Jan/2026:20:41:29 +0800] "GET /wp-admin/setup-config.php HTTP/1.1" 404 146 "-" "http://xtimchat.com/wp-admin/setup-config.php"
104.23.221.52 - - [05/Jan/2026:20:42:01 +0800] "GET /wordpress/wp-admin/setup-config.php HTTP/2.0" 301 162 "-" "Mozilla/5.0 (Windows NT 10.0; Win64; x64) AppleWebKit/537.36 (KHTML, like Gecko) Chrome/143.0.0.0 Safari/537.36"
104.23.221.73 - - [05/Jan/2026:20:42:02 +0800] "GET /wordpress/wp-admin/setup-config.php HTTP/1.1" 404 548 "-" "Mozilla/5.0 (Windows NT 10.0; Win64; x64) AppleWebKit/537.36 (KHTML, like Gecko) Chrome/143.0.0.0 Safari/537.36"
162.158.183.91 - - [05/Jan/2026:20:43:57 +0800] "GET /wordpress/wp-admin/setup-config.php HTTP/1.1" 301 162 "-" "http://xtimchat.com/wordpress/wp-admin/setup-config.php"
162.158.183.63 - - [05/Jan/2026:20:43:57 +0800] "GET /wordpress/wp-admin/setup-config.php HTTP/1.1" 404 146 "-" "http://xtimchat.com/wordpress/wp-admin/setup-config.php"
104.23.221.53 - - [05/Jan/2026:20:45:05 +0800] "GET /wp-admin/setup-config.php HTTP/2.0" 301 162 "-" "Mozilla/5.0 (Windows NT 10.0; Win64; x64) AppleWebKit/537.36 (KHTML, like Gecko) Chrome/143.0.0.0 Safari/537.36"
104.23.221.72 - - [05/Jan/2026:20:45:05 +0800] "GET /wp-admin/setup-config.php HTTP/1.1" 404 548 "-" "Mozilla/5.0 (Windows NT 10.0; Win64; x64) AppleWebKit/537.36 (KHTML, like Gecko) Chrome/143.0.0.0 Safari/537.36"
103.125.146.25 - - [05/Jan/2026:20:45:07 +0800] "GET / HTTP/1.1" 301 162 "-" "Mozilla/5.0 (Windows NT 10.0; Win64; x64) AppleWebKit/537.36 (KHTML, like Gecko) Chrome/88.0.4240.193 Safari/537.36"
103.125.146.26 - - [05/Jan/2026:20:45:08 +0800] "GET / HTTP/1.1" 200 17381 "-" "Mozilla/5.0 (Windows NT 10.0; Win64; x64) AppleWebKit/537.36 (KHTML, like Gecko) Chrome/88.0.4240.193 Safari/537.36"
103.125.146.26 - - [05/Jan/2026:20:45:09 +0800] "GET //wp-includes/wlwmanifest.xml HTTP/1.1" 404 548 "-" "Mozilla/5.0 (Windows NT 10.0; Win64; x64) AppleWebKit/537.36 (KHTML, like Gecko) Chrome/88.0.4240.193 Safari/537.36"
103.125.146.26 - - [05/Jan/2026:20:45:09 +0800] "GET //xmlrpc.php?rsd HTTP/1.1" 404 548 "-" "Mozilla/5.0 (Windows NT 10.0; Win64; x64) AppleWebKit/537.36 (KHTML, like Gecko) Chrome/88.0.4240.193 Safari/537.36"
103.125.146.26 - - [05/Jan/2026:20:45:10 +0800] "GET / HTTP/1.1" 200 17381 "-" "Mozilla/5.0 (Windows NT 10.0; Win64; x64) AppleWebKit/537.36 (KHTML, like Gecko) Chrome/88.0.4240.193 Safari/537.36"
103.125.146.26 - - [05/Jan/2026:20:45:11 +0800] "GET //blog/wp-includes/wlwmanifest.xml HTTP/1.1" 404 548 "-" "Mozilla/5.0 (Windows NT 10.0; Win64; x64) AppleWebKit/537.36 (KHTML, like Gecko) Chrome/88.0.4240.193 Safari/537.36"
103.125.146.26 - - [05/Jan/2026:20:45:11 +0800] "GET //web/wp-includes/wlwmanifest.xml HTTP/1.1" 404 548 "-" "Mozilla/5.0 (Windows NT 10.0; Win64; x64) AppleWebKit/537.36 (KHTML, like Gecko) Chrome/88.0.4240.193 Safari/537.36"
103.125.146.26 - - [05/Jan/2026:20:45:12 +0800] "GET //wordpress/wp-includes/wlwmanifest.xml HTTP/1.1" 404 548 "-" "Mozilla/5.0 (Windows NT 10.0; Win64; x64) AppleWebKit/537.36 (KHTML, like Gecko) Chrome/88.0.4240.193 Safari/537.36"
103.125.146.26 - - [05/Jan/2026:20:45:12 +0800] "GET //website/wp-includes/wlwmanifest.xml HTTP/1.1" 404 548 "-" "Mozilla/5.0 (Windows NT 10.0; Win64; x64) AppleWebKit/537.36 (KHTML, like Gecko) Chrome/88.0.4240.193 Safari/537.36"
103.125.146.26 - - [05/Jan/2026:20:45:13 +0800] "GET //wp/wp-includes/wlwmanifest.xml HTTP/1.1" 404 548 "-" "Mozilla/5.0 (Windows NT 10.0; Win64; x64) AppleWebKit/537.36 (KHTML, like Gecko) Chrome/88.0.4240.193 Safari/537.36"
103.125.146.26 - - [05/Jan/2026:20:45:14 +0800] "GET //news/wp-includes/wlwmanifest.xml HTTP/1.1" 404 548 "-" "Mozilla/5.0 (Windows NT 10.0; Win64; x64) AppleWebKit/537.36 (KHTML, like Gecko) Chrome/88.0.4240.193 Safari/537.36"
103.125.146.26 - - [05/Jan/2026:20:45:14 +0800] "GET //2020/wp-includes/wlwmanifest.xml HTTP/1.1" 404 548 "-" "Mozilla/5.0 (Windows NT 10.0; Win64; x64) AppleWebKit/537.36 (KHTML, like Gecko) Chrome/88.0.4240.193 Safari/537.36"
103.125.146.26 - - [05/Jan/2026:20:45:15 +0800] "GET //2019/wp-includes/wlwmanifest.xml HTTP/1.1" 404 548 "-" "Mozilla/5.0 (Windows NT 10.0; Win64; x64) AppleWebKit/537.36 (KHTML, like Gecko) Chrome/88.0.4240.193 Safari/537.36"
103.125.146.26 - - [05/Jan/2026:20:45:15 +0800] "GET //shop/wp-includes/wlwmanifest.xml HTTP/1.1" 404 548 "-" "Mozilla/5.0 (Windows NT 10.0; Win64; x64) AppleWebKit/537.36 (KHTML, like Gecko) Chrome/88.0.4240.193 Safari/537.36"
103.125.146.26 - - [05/Jan/2026:20:45:16 +0800] "GET //wp1/wp-includes/wlwmanifest.xml HTTP/1.1" 404 548 "-" "Mozilla/5.0 (Windows NT 10.0; Win64; x64) AppleWebKit/537.36 (KHTML, like Gecko) Chrome/88.0.4240.193 Safari/537.36"
103.125.146.26 - - [05/Jan/2026:20:45:16 +0800] "GET //test/wp-includes/wlwmanifest.xml HTTP/1.1" 404 548 "-" "Mozilla/5.0 (Windows NT 10.0; Win64; x64) AppleWebKit/537.36 (KHTML, like Gecko) Chrome/88.0.4240.193 Safari/537.36"
103.125.146.26 - - [05/Jan/2026:20:45:17 +0800] "GET //wp2/wp-includes/wlwmanifest.xml HTTP/1.1" 404 548 "-" "Mozilla/5.0 (Windows NT 10.0; Win64; x64) AppleWebKit/537.36 (KHTML, like Gecko) Chrome/88.0.4240.193 Safari/537.36"
103.125.146.26 - - [05/Jan/2026:20:45:17 +0800] "GET //site/wp-includes/wlwmanifest.xml HTTP/1.1" 404 548 "-" "Mozilla/5.0 (Windows NT 10.0; Win64; x64) AppleWebKit/537.36 (KHTML, like Gecko) Chrome/88.0.4240.193 Safari/537.36"
103.125.146.26 - - [05/Jan/2026:20:45:18 +0800] "GET //cms/wp-includes/wlwmanifest.xml HTTP/1.1" 404 548 "-" "Mozilla/5.0 (Windows NT 10.0; Win64; x64) AppleWebKit/537.36 (KHTML, like Gecko) Chrome/88.0.4240.193 Safari/537.36"
103.125.146.26 - - [05/Jan/2026:20:45:18 +0800] "GET //sito/wp-includes/wlwmanifest.xml HTTP/1.1" 404 548 "-" "Mozilla/5.0 (Windows NT 10.0; Win64; x64) AppleWebKit/537.36 (KHTML, like Gecko) Chrome/88.0.4240.193 Safari/537.36"
103.163.220.248 - - [05/Jan/2026:20:51:37 +0800] "GET / HTTP/1.1" 301 162 "-" "Mozilla/5.0 (Windows NT 10.0; Win64; x64) AppleWebKit/537.36 (KHTML, like Gecko) Chrome/88.0.4240.193 Safari/537.36"
103.125.146.4 - - [05/Jan/2026:20:51:38 +0800] "GET / HTTP/1.1" 200 17381 "-" "Mozilla/5.0 (Windows NT 10.0; Win64; x64) AppleWebKit/537.36 (KHTML, like Gecko) Chrome/88.0.4240.193 Safari/537.36"
103.125.146.4 - - [05/Jan/2026:20:51:39 +0800] "GET //wp-includes/wlwmanifest.xml HTTP/1.1" 404 548 "-" "Mozilla/5.0 (Windows NT 10.0; Win64; x64) AppleWebKit/537.36 (KHTML, like Gecko) Chrome/88.0.4240.193 Safari/537.36"
103.125.146.4 - - [05/Jan/2026:20:51:39 +0800] "GET //xmlrpc.php?rsd HTTP/1.1" 404 548 "-" "Mozilla/5.0 (Windows NT 10.0; Win64; x64) AppleWebKit/537.36 (KHTML, like Gecko) Chrome/88.0.4240.193 Safari/537.36"
103.125.146.4 - - [05/Jan/2026:20:51:40 +0800] "GET / HTTP/1.1" 200 17381 "-" "Mozilla/5.0 (Windows NT 10.0; Win64; x64) AppleWebKit/537.36 (KHTML, like Gecko) Chrome/88.0.4240.193 Safari/537.36"
103.125.146.4 - - [05/Jan/2026:20:51:40 +0800] "GET //blog/wp-includes/wlwmanifest.xml HTTP/1.1" 404 548 "-" "Mozilla/5.0 (Windows NT 10.0; Win64; x64) AppleWebKit/537.36 (KHTML, like Gecko) Chrome/88.0.4240.193 Safari/537.36"
103.125.146.4 - - [05/Jan/2026:20:51:41 +0800] "GET //web/wp-includes/wlwmanifest.xml HTTP/1.1" 404 548 "-" "Mozilla/5.0 (Windows NT 10.0; Win64; x64) AppleWebKit/537.36 (KHTML, like Gecko) Chrome/88.0.4240.193 Safari/537.36"
103.125.146.4 - - [05/Jan/2026:20:51:42 +0800] "GET //wordpress/wp-includes/wlwmanifest.xml HTTP/1.1" 404 548 "-" "Mozilla/5.0 (Windows NT 10.0; Win64; x64) AppleWebKit/537.36 (KHTML, like Gecko) Chrome/88.0.4240.193 Safari/537.36"
103.125.146.4 - - [05/Jan/2026:20:51:42 +0800] "GET //website/wp-includes/wlwmanifest.xml HTTP/1.1" 404 548 "-" "Mozilla/5.0 (Windows NT 10.0; Win64; x64) AppleWebKit/537.36 (KHTML, like Gecko) Chrome/88.0.4240.193 Safari/537.36"
103.125.146.4 - - [05/Jan/2026:20:51:43 +0800] "GET //wp/wp-includes/wlwmanifest.xml HTTP/1.1" 404 548 "-" "Mozilla/5.0 (Windows NT 10.0; Win64; x64) AppleWebKit/537.36 (KHTML, like Gecko) Chrome/88.0.4240.193 Safari/537.36"
103.125.146.4 - - [05/Jan/2026:20:51:43 +0800] "GET //news/wp-includes/wlwmanifest.xml HTTP/1.1" 404 548 "-" "Mozilla/5.0 (Windows NT 10.0; Win64; x64) AppleWebKit/537.36 (KHTML, like Gecko) Chrome/88.0.4240.193 Safari/537.36"
103.125.146.4 - - [05/Jan/2026:20:51:44 +0800] "GET //2020/wp-includes/wlwmanifest.xml HTTP/1.1" 404 548 "-" "Mozilla/5.0 (Windows NT 10.0; Win64; x64) AppleWebKit/537.36 (KHTML, like Gecko) Chrome/88.0.4240.193 Safari/537.36"
103.125.146.4 - - [05/Jan/2026:20:51:44 +0800] "GET //2019/wp-includes/wlwmanifest.xml HTTP/1.1" 404 548 "-" "Mozilla/5.0 (Windows NT 10.0; Win64; x64) AppleWebKit/537.36 (KHTML, like Gecko) Chrome/88.0.4240.193 Safari/537.36"
103.125.146.4 - - [05/Jan/2026:20:51:45 +0800] "GET //shop/wp-includes/wlwmanifest.xml HTTP/1.1" 404 548 "-" "Mozilla/5.0 (Windows NT 10.0; Win64; x64) AppleWebKit/537.36 (KHTML, like Gecko) Chrome/88.0.4240.193 Safari/537.36"
103.125.146.4 - - [05/Jan/2026:20:51:45 +0800] "GET //wp1/wp-includes/wlwmanifest.xml HTTP/1.1" 404 548 "-" "Mozilla/5.0 (Windows NT 10.0; Win64; x64) AppleWebKit/537.36 (KHTML, like Gecko) Chrome/88.0.4240.193 Safari/537.36"
103.125.146.4 - - [05/Jan/2026:20:51:46 +0800] "GET //test/wp-includes/wlwmanifest.xml HTTP/1.1" 404 548 "-" "Mozilla/5.0 (Windows NT 10.0; Win64; x64) AppleWebKit/537.36 (KHTML, like Gecko) Chrome/88.0.4240.193 Safari/537.36"
103.125.146.4 - - [05/Jan/2026:20:51:47 +0800] "GET //wp2/wp-includes/wlwmanifest.xml HTTP/1.1" 404 548 "-" "Mozilla/5.0 (Windows NT 10.0; Win64; x64) AppleWebKit/537.36 (KHTML, like Gecko) Chrome/88.0.4240.193 Safari/537.36"
103.125.146.4 - - [05/Jan/2026:20:51:47 +0800] "GET //site/wp-includes/wlwmanifest.xml HTTP/1.1" 404 548 "-" "Mozilla/5.0 (Windows NT 10.0; Win64; x64) AppleWebKit/537.36 (KHTML, like Gecko) Chrome/88.0.4240.193 Safari/537.36"
103.125.146.4 - - [05/Jan/2026:20:51:48 +0800] "GET //cms/wp-includes/wlwmanifest.xml HTTP/1.1" 404 548 "-" "Mozilla/5.0 (Windows NT 10.0; Win64; x64) AppleWebKit/537.36 (KHTML, like Gecko) Chrome/88.0.4240.193 Safari/537.36"
103.125.146.4 - - [05/Jan/2026:20:51:48 +0800] "GET //sito/wp-includes/wlwmanifest.xml HTTP/1.1" 404 548 "-" "Mozilla/5.0 (Windows NT 10.0; Win64; x64) AppleWebKit/537.36 (KHTML, like Gecko) Chrome/88.0.4240.193 Safari/537.36"
104.23.221.52 - - [05/Jan/2026:20:59:58 +0800] "GET /wordpress/wp-admin/setup-config.php HTTP/1.1" 301 162 "-" "http://xtimchat.com/wordpress/wp-admin/setup-config.php"
104.23.221.72 - - [05/Jan/2026:20:59:58 +0800] "GET /wordpress/wp-admin/setup-config.php HTTP/1.1" 404 146 "-" "http://xtimchat.com/wordpress/wp-admin/setup-config.php"
104.23.223.48 - - [05/Jan/2026:21:00:59 +0800] "GET /wordpress/wp-admin/setup-config.php HTTP/2.0" 301 162 "-" "Mozilla/5.0 (Windows NT 10.0; Win64; x64) AppleWebKit/537.36 (KHTML, like Gecko) Chrome/143.0.0.0 Safari/537.36"
104.23.223.118 - - [05/Jan/2026:21:00:59 +0800] "GET /wordpress/wp-admin/setup-config.php HTTP/1.1" 404 548 "-" "Mozilla/5.0 (Windows NT 10.0; Win64; x64) AppleWebKit/537.36 (KHTML, like Gecko) Chrome/143.0.0.0 Safari/537.36"
104.23.221.52 - - [05/Jan/2026:21:01:23 +0800] "GET /wp-admin/setup-config.php HTTP/2.0" 301 162 "-" "https://xtimchat.com/wp-admin/setup-config.php"
104.23.221.72 - - [05/Jan/2026:21:01:23 +0800] "GET /wp-admin/setup-config.php HTTP/1.1" 404 146 "-" "https://xtimchat.com/wp-admin/setup-config.php"
162.158.183.91 - - [05/Jan/2026:21:01:53 +0800] "GET /wp-admin/setup-config.php HTTP/1.1" 301 162 "-" "Mozilla/5.0 (Windows NT 10.0; Win64; x64) AppleWebKit/537.36 (KHTML, like Gecko) Chrome/143.0.0.0 Safari/537.36"
162.158.183.63 - - [05/Jan/2026:21:01:53 +0800] "GET /wp-admin/setup-config.php HTTP/1.1" 404 548 "-" "Mozilla/5.0 (Windows NT 10.0; Win64; x64) AppleWebKit/537.36 (KHTML, like Gecko) Chrome/143.0.0.0 Safari/537.36"
172.69.151.67 - - [05/Jan/2026:21:16:14 +0800] "GET /wp-admin/setup-config.php HTTP/2.0" 301 162 "-" "https://xtimchat.com/wp-admin/setup-config.php"
172.69.151.218 - - [05/Jan/2026:21:16:15 +0800] "GET /wp-admin/setup-config.php HTTP/1.1" 404 146 "-" "https://xtimchat.com/wp-admin/setup-config.php"
104.23.221.52 - - [05/Jan/2026:21:17:22 +0800] "GET /wp-admin/setup-config.php HTTP/1.1" 301 162 "-" "Mozilla/5.0 (Windows NT 10.0; Win64; x64) AppleWebKit/537.36 (KHTML, like Gecko) Chrome/143.0.0.0 Safari/537.36"
104.23.221.72 - - [05/Jan/2026:21:17:22 +0800] "GET /wp-admin/setup-config.php HTTP/1.1" 404 548 "-" "Mozilla/5.0 (Windows NT 10.0; Win64; x64) AppleWebKit/537.36 (KHTML, like Gecko) Chrome/143.0.0.0 Safari/537.36"
104.23.223.49 - - [05/Jan/2026:21:17:32 +0800] "GET /wordpress/wp-admin/setup-config.php HTTP/1.1" 301 162 "-" "http://xtimchat.com/wordpress/wp-admin/setup-config.php"
104.23.223.119 - - [05/Jan/2026:21:17:33 +0800] "GET /wordpress/wp-admin/setup-config.php HTTP/1.1" 404 146 "-" "http://xtimchat.com/wordpress/wp-admin/setup-config.php"
172.71.144.125 - - [05/Jan/2026:21:18:09 +0800] "GET /wordpress/wp-admin/setup-config.php HTTP/2.0" 301 162 "-" "https://xtimchat.com/wordpress/wp-admin/setup-config.php"
172.71.144.59 - - [05/Jan/2026:21:18:09 +0800] "GET /wordpress/wp-admin/setup-config.php HTTP/1.1" 404 146 "-" "https://xtimchat.com/wordpress/wp-admin/setup-config.php"
104.23.217.33 - - [05/Jan/2026:21:31:03 +0800] "GET /wordpress/wp-admin/setup-config.php HTTP/2.0" 301 162 "-" "https://xtimchat.com/wordpress/wp-admin/setup-config.php"
104.23.217.37 - - [05/Jan/2026:21:31:04 +0800] "GET /wordpress/wp-admin/setup-config.php HTTP/1.1" 404 146 "-" "https://xtimchat.com/wordpress/wp-admin/setup-config.php"
104.23.221.53 - - [05/Jan/2026:21:31:22 +0800] "GET /wordpress/wp-admin/setup-config.php HTTP/1.1" 301 162 "-" "Mozilla/5.0 (Windows NT 10.0; Win64; x64) AppleWebKit/537.36 (KHTML, like Gecko) Chrome/143.0.0.0 Safari/537.36"
104.23.221.73 - - [05/Jan/2026:21:31:22 +0800] "GET /wordpress/wp-admin/setup-config.php HTTP/1.1" 404 548 "-" "Mozilla/5.0 (Windows NT 10.0; Win64; x64) AppleWebKit/537.36 (KHTML, like Gecko) Chrome/143.0.0.0 Safari/537.36"
104.23.221.52 - - [05/Jan/2026:21:31:40 +0800] "GET /wp-admin/setup-config.php HTTP/2.0" 301 162 "-" "https://xtimchat.com/wp-admin/setup-config.php"
104.23.221.72 - - [05/Jan/2026:21:31:41 +0800] "GET /wp-admin/setup-config.php HTTP/1.1" 404 146 "-" "https://xtimchat.com/wp-admin/setup-config.php"
104.23.217.33 - - [05/Jan/2026:21:33:17 +0800] "GET /wp-admin/setup-config.php HTTP/1.1" 301 162 "-" "Mozilla/5.0 (Windows NT 10.0; Win64; x64) AppleWebKit/537.36 (KHTML, like Gecko) Chrome/143.0.0.0 Safari/537.36"
104.23.217.37 - - [05/Jan/2026:21:33:17 +0800] "GET /wp-admin/setup-config.php HTTP/1.1" 404 548 "-" "Mozilla/5.0 (Windows NT 10.0; Win64; x64) AppleWebKit/537.36 (KHTML, like Gecko) Chrome/143.0.0.0 Safari/537.36"
43.164.197.224 - - [05/Jan/2026:21:36:02 +0800] "GET / HTTP/1.1" 200 3639 "-" "Mozilla/5.0 (iPhone; CPU iPhone OS 13_2_3 like Mac OS X) AppleWebKit/605.1.15 (KHTML, like Gecko) Version/13.0.3 Mobile/15E148 Safari/604.1"
104.23.223.49 - - [05/Jan/2026:21:47:00 +0800] "GET /wp-admin/setup-config.php HTTP/1.1" 301 162 "-" "http://xtimchat.com/wp-admin/setup-config.php"
104.23.223.119 - - [05/Jan/2026:21:47:01 +0800] "GET /wp-admin/setup-config.php HTTP/1.1" 404 146 "-" "http://xtimchat.com/wp-admin/setup-config.php"
104.23.221.53 - - [05/Jan/2026:21:47:34 +0800] "GET /wp-admin/setup-config.php HTTP/2.0" 301 162 "-" "https://xtimchat.com/wp-admin/setup-config.php"
104.23.221.73 - - [05/Jan/2026:21:47:35 +0800] "GET /wp-admin/setup-config.php HTTP/1.1" 404 146 "-" "https://xtimchat.com/wp-admin/setup-config.php"
104.23.221.52 - - [05/Jan/2026:21:48:09 +0800] "GET /wordpress/wp-admin/setup-config.php HTTP/2.0" 301 162 "-" "https://xtimchat.com/wordpress/wp-admin/setup-config.php"
104.23.221.73 - - [05/Jan/2026:21:48:09 +0800] "GET /wordpress/wp-admin/setup-config.php HTTP/1.1" 404 146 "-" "https://xtimchat.com/wordpress/wp-admin/setup-config.php"
104.23.223.49 - - [05/Jan/2026:21:49:41 +0800] "GET /wordpress/wp-admin/setup-config.php HTTP/1.1" 301 162 "-" "Mozilla/5.0 (Windows NT 10.0; Win64; x64) AppleWebKit/537.36 (KHTML, like Gecko) Chrome/143.0.0.0 Safari/537.36"
104.23.223.118 - - [05/Jan/2026:21:49:42 +0800] "GET /wordpress/wp-admin/setup-config.php HTTP/1.1" 404 548 "-" "Mozilla/5.0 (Windows NT 10.0; Win64; x64) AppleWebKit/537.36 (KHTML, like Gecko) Chrome/143.0.0.0 Safari/537.36"
104.23.221.52 - - [05/Jan/2026:22:02:19 +0800] "GET /wordpress/wp-admin/setup-config.php HTTP/2.0" 301 162 "-" "Mozilla/5.0 (Windows NT 10.0; Win64; x64) AppleWebKit/537.36 (KHTML, like Gecko) Chrome/143.0.0.0 Safari/537.36"
104.23.221.72 - - [05/Jan/2026:22:02:20 +0800] "GET /wordpress/wp-admin/setup-config.php HTTP/1.1" 404 548 "-" "Mozilla/5.0 (Windows NT 10.0; Win64; x64) AppleWebKit/537.36 (KHTML, like Gecko) Chrome/143.0.0.0 Safari/537.36"
104.23.223.49 - - [05/Jan/2026:22:03:17 +0800] "GET /wp-admin/setup-config.php HTTP/1.1" 301 162 "-" "http://xtimchat.com/wp-admin/setup-config.php"
104.23.223.118 - - [05/Jan/2026:22:03:17 +0800] "GET /wp-admin/setup-config.php HTTP/1.1" 404 146 "-" "http://xtimchat.com/wp-admin/setup-config.php"
104.23.223.49 - - [05/Jan/2026:22:05:38 +0800] "GET /wordpress/wp-admin/setup-config.php HTTP/1.1" 301 162 "-" "Mozilla/5.0 (Windows NT 10.0; Win64; x64) AppleWebKit/537.36 (KHTML, like Gecko) Chrome/143.0.0.0 Safari/537.36"
104.23.223.118 - - [05/Jan/2026:22:05:38 +0800] "GET /wordpress/wp-admin/setup-config.php HTTP/1.1" 404 548 "-" "Mozilla/5.0 (Windows NT 10.0; Win64; x64) AppleWebKit/537.36 (KHTML, like Gecko) Chrome/143.0.0.0 Safari/537.36"
104.23.223.48 - - [05/Jan/2026:22:05:47 +0800] "GET /wp-admin/setup-config.php HTTP/2.0" 301 162 "-" "https://xtimchat.com/wp-admin/setup-config.php"
104.23.223.118 - - [05/Jan/2026:22:05:47 +0800] "GET /wp-admin/setup-config.php HTTP/1.1" 404 146 "-" "https://xtimchat.com/wp-admin/setup-config.php"
119.8.41.86 - - [05/Jan/2026:22:18:24 +0800] "HEAD / HTTP/1.1" 301 0 "-" "Java/1.8.0_322"
202.170.91.69 - - [05/Jan/2026:22:18:24 +0800] "GET / HTTP/1.1" 301 162 "-" "Mozilla/5.0 (Macintosh; Intel Mac OS X 10_14_5; iPhone) AppleWebKit/537.36 (KHTML, like Gecko) Chrome/95.0.4590.98 Safari/537.36 HuaweiCrawler"
119.8.41.86 - - [05/Jan/2026:22:18:24 +0800] "GET / HTTP/1.1" 200 3639 "-" "Mozilla/5.0 (Macintosh; Intel Mac OS X 10_14_5; iPhone) AppleWebKit/537.36 (KHTML, like Gecko) Chrome/95.0.4590.98 Safari/537.36 HuaweiCrawler"
104.23.223.48 - - [05/Jan/2026:22:19:40 +0800] "GET /wp-admin/setup-config.php HTTP/1.1" 301 162 "-" "Mozilla/5.0 (Windows NT 10.0; Win64; x64) AppleWebKit/537.36 (KHTML, like Gecko) Chrome/143.0.0.0 Safari/537.36"
104.23.223.119 - - [05/Jan/2026:22:19:40 +0800] "GET /wp-admin/setup-config.php HTTP/1.1" 404 548 "-" "Mozilla/5.0 (Windows NT 10.0; Win64; x64) AppleWebKit/537.36 (KHTML, like Gecko) Chrome/143.0.0.0 Safari/537.36"
104.23.221.53 - - [05/Jan/2026:22:20:38 +0800] "GET /wordpress/wp-admin/setup-config.php HTTP/2.0" 301 162 "-" "https://xtimchat.com/wordpress/wp-admin/setup-config.php"
104.23.221.73 - - [05/Jan/2026:22:20:39 +0800] "GET /wordpress/wp-admin/setup-config.php HTTP/1.1" 404 146 "-" "https://xtimchat.com/wordpress/wp-admin/setup-config.php"
104.23.223.48 - - [05/Jan/2026:22:21:32 +0800] "GET /wp-admin/setup-config.php HTTP/2.0" 301 162 "-" "Mozilla/5.0 (Windows NT 10.0; Win64; x64) AppleWebKit/537.36 (KHTML, like Gecko) Chrome/143.0.0.0 Safari/537.36"
104.23.223.119 - - [05/Jan/2026:22:21:32 +0800] "GET /wp-admin/setup-config.php HTTP/1.1" 404 548 "-" "Mozilla/5.0 (Windows NT 10.0; Win64; x64) AppleWebKit/537.36 (KHTML, like Gecko) Chrome/143.0.0.0 Safari/537.36"
104.23.221.53 - - [05/Jan/2026:22:22:19 +0800] "GET /wordpress/wp-admin/setup-config.php HTTP/1.1" 301 162 "-" "http://xtimchat.com/wordpress/wp-admin/setup-config.php"
104.23.221.72 - - [05/Jan/2026:22:22:20 +0800] "GET /wordpress/wp-admin/setup-config.php HTTP/1.1" 404 146 "-" "http://xtimchat.com/wordpress/wp-admin/setup-config.php"
145.223.7.22 - - [05/Jan/2026:22:32:46 +0800] "GET / HTTP/1.1" 301 162 "-" "Mozilla/5.0 (Windows NT 10.0; Win64; x64) AppleWebKit/537.36 (KHTML, like Gecko) Chrome/95.0.4638.69 Safari/537.36"
145.223.7.22 - - [05/Jan/2026:22:32:58 +0800] "GET //wp-includes/ID3/license.txt HTTP/1.1" 404 548 "-" "Mozilla/5.0 (Windows NT 10.0; Win64; x64) AppleWebKit/537.36 (KHTML, like Gecko) Chrome/95.0.4638.69 Safari/537.36"
145.223.7.22 - - [05/Jan/2026:22:33:02 +0800] "GET //feed/ HTTP/1.1" 404 548 "-" "Mozilla/5.0 (Windows NT 10.0; Win64; x64) AppleWebKit/537.36 (KHTML, like Gecko) Chrome/95.0.4638.69 Safari/537.36"
145.223.7.22 - - [05/Jan/2026:22:33:09 +0800] "GET //xmlrpc.php?rsd HTTP/1.1" 404 548 "-" "Mozilla/5.0 (Windows NT 10.0; Win64; x64) AppleWebKit/537.36 (KHTML, like Gecko) Chrome/95.0.4638.69 Safari/537.36"
145.223.7.22 - - [05/Jan/2026:22:33:13 +0800] "GET //blog/wp-includes/wlwmanifest.xml HTTP/1.1" 404 548 "-" "Mozilla/5.0 (Windows NT 10.0; Win64; x64) AppleWebKit/537.36 (KHTML, like Gecko) Chrome/95.0.4638.69 Safari/537.36"
145.223.7.22 - - [05/Jan/2026:22:33:17 +0800] "GET //web/wp-includes/wlwmanifest.xml HTTP/1.1" 404 548 "-" "Mozilla/5.0 (Windows NT 10.0; Win64; x64) AppleWebKit/537.36 (KHTML, like Gecko) Chrome/95.0.4638.69 Safari/537.36"
145.223.7.22 - - [05/Jan/2026:22:33:21 +0800] "GET //wordpress/wp-includes/wlwmanifest.xml HTTP/1.1" 404 548 "-" "Mozilla/5.0 (Windows NT 10.0; Win64; x64) AppleWebKit/537.36 (KHTML, like Gecko) Chrome/95.0.4638.69 Safari/537.36"
145.223.7.22 - - [05/Jan/2026:22:33:25 +0800] "GET //wp/wp-includes/wlwmanifest.xml HTTP/1.1" 404 548 "-" "Mozilla/5.0 (Windows NT 10.0; Win64; x64) AppleWebKit/537.36 (KHTML, like Gecko) Chrome/95.0.4638.69 Safari/537.36"
145.223.7.22 - - [05/Jan/2026:22:33:28 +0800] "GET //2020/wp-includes/wlwmanifest.xml HTTP/1.1" 404 548 "-" "Mozilla/5.0 (Windows NT 10.0; Win64; x64) AppleWebKit/537.36 (KHTML, like Gecko) Chrome/95.0.4638.69 Safari/537.36"
145.223.7.22 - - [05/Jan/2026:22:33:32 +0800] "GET //2019/wp-includes/wlwmanifest.xml HTTP/1.1" 404 548 "-" "Mozilla/5.0 (Windows NT 10.0; Win64; x64) AppleWebKit/537.36 (KHTML, like Gecko) Chrome/95.0.4638.69 Safari/537.36"
145.223.7.22 - - [05/Jan/2026:22:33:36 +0800] "GET //2021/wp-includes/wlwmanifest.xml HTTP/1.1" 404 548 "-" "Mozilla/5.0 (Windows NT 10.0; Win64; x64) AppleWebKit/537.36 (KHTML, like Gecko) Chrome/95.0.4638.69 Safari/537.36"
145.223.7.22 - - [05/Jan/2026:22:33:40 +0800] "GET //shop/wp-includes/wlwmanifest.xml HTTP/1.1" 404 548 "-" "Mozilla/5.0 (Windows NT 10.0; Win64; x64) AppleWebKit/537.36 (KHTML, like Gecko) Chrome/95.0.4638.69 Safari/537.36"
145.223.7.22 - - [05/Jan/2026:22:33:43 +0800] "GET //wp1/wp-includes/wlwmanifest.xml HTTP/1.1" 404 548 "-" "Mozilla/5.0 (Windows NT 10.0; Win64; x64) AppleWebKit/537.36 (KHTML, like Gecko) Chrome/95.0.4638.69 Safari/537.36"
145.223.7.22 - - [05/Jan/2026:22:33:46 +0800] "GET //test/wp-includes/wlwmanifest.xml HTTP/1.1" 404 548 "-" "Mozilla/5.0 (Windows NT 10.0; Win64; x64) AppleWebKit/537.36 (KHTML, like Gecko) Chrome/95.0.4638.69 Safari/537.36"
145.223.7.22 - - [05/Jan/2026:22:33:50 +0800] "GET //site/wp-includes/wlwmanifest.xml HTTP/1.1" 404 548 "-" "Mozilla/5.0 (Windows NT 10.0; Win64; x64) AppleWebKit/537.36 (KHTML, like Gecko) Chrome/95.0.4638.69 Safari/537.36"
145.223.7.22 - - [05/Jan/2026:22:33:54 +0800] "GET //cms/wp-includes/wlwmanifest.xml HTTP/1.1" 404 548 "-" "Mozilla/5.0 (Windows NT 10.0; Win64; x64) AppleWebKit/537.36 (KHTML, like Gecko) Chrome/95.0.4638.69 Safari/537.36"
104.23.223.48 - - [05/Jan/2026:22:39:05 +0800] "GET /wp-admin/setup-config.php HTTP/1.1" 301 162 "-" "http://xtimchat.com/wp-admin/setup-config.php"
