104.23.221.53 - - [08/Jan/2026:00:57:51 +0800] "GET /wordpress/wp-admin/setup-config.php HTTP/2.0" 301 162 "-" "https://xtimchat.com/wordpress/wp-admin/setup-config.php"
104.23.221.72 - - [08/Jan/2026:00:57:53 +0800] "GET /wordpress/wp-admin/setup-config.php HTTP/1.1" 404 146 "-" "https://xtimchat.com/wordpress/wp-admin/setup-config.php"
104.23.217.33 - - [08/Jan/2026:01:10:14 +0800] "GET /wp-admin/setup-config.php HTTP/1.1" 301 162 "-" "Mozilla/5.0 (Windows NT 10.0; Win64; x64) AppleWebKit/537.36 (KHTML, like Gecko) Chrome/143.0.0.0 Safari/537.36"
104.23.217.37 - - [08/Jan/2026:01:10:15 +0800] "GET /wp-admin/setup-config.php HTTP/1.1" 404 548 "-" "Mozilla/5.0 (Windows NT 10.0; Win64; x64) AppleWebKit/537.36 (KHTML, like Gecko) Chrome/143.0.0.0 Safari/537.36"
104.23.221.53 - - [08/Jan/2026:01:11:12 +0800] "GET /wordpress/wp-admin/setup-config.php HTTP/1.1" 301 162 "-" "http://xtimchat.com/wordpress/wp-admin/setup-config.php"
104.23.221.72 - - [08/Jan/2026:01:11:12 +0800] "GET /wordpress/wp-admin/setup-config.php HTTP/1.1" 404 146 "-" "http://xtimchat.com/wordpress/wp-admin/setup-config.php"
104.23.223.48 - - [08/Jan/2026:01:11:12 +0800] "GET /wp-admin/setup-config.php HTTP/2.0" 301 162 "-" "Mozilla/5.0 (Windows NT 10.0; Win64; x64) AppleWebKit/537.36 (KHTML, like Gecko) Chrome/143.0.0.0 Safari/537.36"
104.23.223.118 - - [08/Jan/2026:01:11:13 +0800] "GET /wp-admin/setup-config.php HTTP/1.1" 404 548 "-" "Mozilla/5.0 (Windows NT 10.0; Win64; x64) AppleWebKit/537.36 (KHTML, like Gecko) Chrome/143.0.0.0 Safari/537.36"
162.158.183.91 - - [08/Jan/2026:01:13:26 +0800] "GET /wordpress/wp-admin/setup-config.php HTTP/2.0" 301 162 "-" "https://xtimchat.com/wordpress/wp-admin/setup-config.php"
162.158.183.64 - - [08/Jan/2026:01:13:26 +0800] "GET /wordpress/wp-admin/setup-config.php HTTP/1.1" 404 146 "-" "https://xtimchat.com/wordpress/wp-admin/setup-config.php"
104.23.221.52 - - [08/Jan/2026:01:27:17 +0800] "GET /wp-admin/setup-config.php HTTP/2.0" 301 162 "-" "Mozilla/5.0 (Windows NT 10.0; Win64; x64) AppleWebKit/537.36 (KHTML, like Gecko) Chrome/143.0.0.0 Safari/537.36"
104.23.221.73 - - [08/Jan/2026:01:27:17 +0800] "GET /wp-admin/setup-config.php HTTP/1.1" 404 548 "-" "Mozilla/5.0 (Windows NT 10.0; Win64; x64) AppleWebKit/537.36 (KHTML, like Gecko) Chrome/143.0.0.0 Safari/537.36"
104.23.221.53 - - [08/Jan/2026:01:27:24 +0800] "GET /wordpress/wp-admin/setup-config.php HTTP/1.1" 301 162 "-" "http://xtimchat.com/wordpress/wp-admin/setup-config.php"
104.23.221.72 - - [08/Jan/2026:01:27:24 +0800] "GET /wordpress/wp-admin/setup-config.php HTTP/1.1" 404 146 "-" "http://xtimchat.com/wordpress/wp-admin/setup-config.php"
162.158.183.91 - - [08/Jan/2026:01:28:42 +0800] "GET /wordpress/wp-admin/setup-config.php HTTP/2.0" 301 162 "-" "https://xtimchat.com/wordpress/wp-admin/setup-config.php"
162.158.183.64 - - [08/Jan/2026:01:28:43 +0800] "GET /wordpress/wp-admin/setup-config.php HTTP/1.1" 404 146 "-" "https://xtimchat.com/wordpress/wp-admin/setup-config.php"
162.158.183.92 - - [08/Jan/2026:01:30:18 +0800] "GET /wp-admin/setup-config.php HTTP/1.1" 301 162 "-" "Mozilla/5.0 (Windows NT 10.0; Win64; x64) AppleWebKit/537.36 (KHTML, like Gecko) Chrome/143.0.0.0 Safari/537.36"
162.158.183.64 - - [08/Jan/2026:01:30:18 +0800] "GET /wp-admin/setup-config.php HTTP/1.1" 404 548 "-" "Mozilla/5.0 (Windows NT 10.0; Win64; x64) AppleWebKit/537.36 (KHTML, like Gecko) Chrome/143.0.0.0 Safari/537.36"
162.158.183.92 - - [08/Jan/2026:01:30:47 +0800] "GET /wordpress/wp-admin/setup-config.php HTTP/1.1" 301 162 "-" "http://xtimchat.com/wordpress/wp-admin/setup-config.php"
162.158.183.64 - - [08/Jan/2026:01:30:47 +0800] "GET /wordpress/wp-admin/setup-config.php HTTP/1.1" 404 146 "-" "http://xtimchat.com/wordpress/wp-admin/setup-config.php"
104.23.221.52 - - [08/Jan/2026:01:41:56 +0800] "GET /wordpress/wp-admin/setup-config.php HTTP/1.1" 301 162 "-" "http://xtimchat.com/wordpress/wp-admin/setup-config.php"
104.23.221.72 - - [08/Jan/2026:01:41:56 +0800] "GET /wordpress/wp-admin/setup-config.php HTTP/1.1" 404 146 "-" "http://xtimchat.com/wordpress/wp-admin/setup-config.php"
104.23.223.48 - - [08/Jan/2026:01:43:40 +0800] "GET /wp-admin/setup-config.php HTTP/2.0" 301 162 "-" "Mozilla/5.0 (Windows NT 10.0; Win64; x64) AppleWebKit/537.36 (KHTML, like Gecko) Chrome/143.0.0.0 Safari/537.36"
104.23.223.119 - - [08/Jan/2026:01:43:41 +0800] "GET /wp-admin/setup-config.php HTTP/1.1" 404 548 "-" "Mozilla/5.0 (Windows NT 10.0; Win64; x64) AppleWebKit/537.36 (KHTML, like Gecko) Chrome/143.0.0.0 Safari/537.36"
172.69.151.68 - - [08/Jan/2026:01:45:10 +0800] "GET /wp-admin/setup-config.php HTTP/1.1" 301 162 "-" "Mozilla/5.0 (Windows NT 10.0; Win64; x64) AppleWebKit/537.36 (KHTML, like Gecko) Chrome/143.0.0.0 Safari/537.36"
172.69.151.218 - - [08/Jan/2026:01:45:10 +0800] "GET /wp-admin/setup-config.php HTTP/1.1" 404 548 "-" "Mozilla/5.0 (Windows NT 10.0; Win64; x64) AppleWebKit/537.36 (KHTML, like Gecko) Chrome/143.0.0.0 Safari/537.36"
172.71.148.15 - - [08/Jan/2026:01:45:42 +0800] "GET /wordpress/wp-admin/setup-config.php HTTP/2.0" 301 162 "-" "https://xtimchat.com/wordpress/wp-admin/setup-config.php"
172.71.148.185 - - [08/Jan/2026:01:45:43 +0800] "GET /wordpress/wp-admin/setup-config.php HTTP/1.1" 404 146 "-" "https://xtimchat.com/wordpress/wp-admin/setup-config.php"
172.68.10.182 - - [08/Jan/2026:02:00:45 +0800] "GET /wordpress/wp-admin/setup-config.php HTTP/2.0" 301 162 "-" "https://xtimchat.com/wordpress/wp-admin/setup-config.php"
172.68.10.214 - - [08/Jan/2026:02:00:45 +0800] "GET /wordpress/wp-admin/setup-config.php HTTP/1.1" 404 146 "-" "https://xtimchat.com/wordpress/wp-admin/setup-config.php"
104.23.221.52 - - [08/Jan/2026:02:01:03 +0800] "GET /wp-admin/setup-config.php HTTP/2.0" 301 162 "-" "https://xtimchat.com/wp-admin/setup-config.php"
104.23.221.72 - - [08/Jan/2026:02:01:03 +0800] "GET /wp-admin/setup-config.php HTTP/1.1" 404 146 "-" "https://xtimchat.com/wp-admin/setup-config.php"
104.23.221.53 - - [08/Jan/2026:02:02:25 +0800] "GET /wordpress/wp-admin/setup-config.php HTTP/1.1" 301 162 "-" "http://xtimchat.com/wordpress/wp-admin/setup-config.php"
172.71.184.249 - - [08/Jan/2026:02:02:25 +0800] "GET /wp-admin/setup-config.php HTTP/1.1" 301 162 "-" "http://xtimchat.com/wp-admin/setup-config.php"
104.23.221.73 - - [08/Jan/2026:02:02:25 +0800] "GET /wordpress/wp-admin/setup-config.php HTTP/1.1" 404 146 "-" "http://xtimchat.com/wordpress/wp-admin/setup-config.php"
172.71.184.146 - - [08/Jan/2026:02:02:26 +0800] "GET /wp-admin/setup-config.php HTTP/1.1" 404 146 "-" "http://xtimchat.com/wp-admin/setup-config.php"
157.230.8.181 - - [08/Jan/2026:02:16:08 +0800] "GET / HTTP/1.1" 301 162 "-" "Mozilla/5.0 (X11; Linux x86_64) AppleWebKit/537.36 (KHTML, like Gecko) Chrome/142.0.0.0 Safari/537.36"
157.230.8.181 - - [08/Jan/2026:02:16:08 +0800] "GET /favicon.ico HTTP/1.1" 301 162 "http://xtimchat.com/" "Mozilla/5.0 (X11; Linux x86_64) AppleWebKit/537.36 (KHTML, like Gecko) Chrome/142.0.0.0 Safari/537.36"
157.230.8.181 - - [08/Jan/2026:02:16:09 +0800] "GET / HTTP/1.1" 301 162 "-" "Mozilla/5.0 (X11; Linux x86_64) AppleWebKit/537.36 (KHTML, like Gecko) Chrome/142.0.0.0 Safari/537.36"
157.230.8.181 - - [08/Jan/2026:02:16:16 +0800] "GET /favicon.ico HTTP/1.1" 301 162 "https://xtimchat.com/" "Mozilla/5.0 (X11; Linux x86_64) AppleWebKit/537.36 (KHTML, like Gecko) Chrome/142.0.0.0 Safari/537.36"
172.71.184.249 - - [08/Jan/2026:02:17:18 +0800] "GET /wp-admin/setup-config.php HTTP/2.0" 301 162 "-" "Mozilla/5.0 (Windows NT 10.0; Win64; x64) AppleWebKit/537.36 (KHTML, like Gecko) Chrome/143.0.0.0 Safari/537.36"
172.71.184.147 - - [08/Jan/2026:02:17:19 +0800] "GET /wp-admin/setup-config.php HTTP/1.1" 404 548 "-" "Mozilla/5.0 (Windows NT 10.0; Win64; x64) AppleWebKit/537.36 (KHTML, like Gecko) Chrome/143.0.0.0 Safari/537.36"
172.71.184.249 - - [08/Jan/2026:02:18:17 +0800] "GET /wp-admin/setup-config.php HTTP/1.1" 301 162 "-" "Mozilla/5.0 (Windows NT 10.0; Win64; x64) AppleWebKit/537.36 (KHTML, like Gecko) Chrome/143.0.0.0 Safari/537.36"
172.71.184.147 - - [08/Jan/2026:02:18:18 +0800] "GET /wp-admin/setup-config.php HTTP/1.1" 404 548 "-" "Mozilla/5.0 (Windows NT 10.0; Win64; x64) AppleWebKit/537.36 (KHTML, like Gecko) Chrome/143.0.0.0 Safari/537.36"
104.23.221.52 - - [08/Jan/2026:02:18:57 +0800] "GET /wordpress/wp-admin/setup-config.php HTTP/1.1" 301 162 "-" "http://xtimchat.com/wordpress/wp-admin/setup-config.php"
104.23.221.73 - - [08/Jan/2026:02:18:58 +0800] "GET /wordpress/wp-admin/setup-config.php HTTP/1.1" 404 146 "-" "http://xtimchat.com/wordpress/wp-admin/setup-config.php"
172.70.251.182 - - [08/Jan/2026:02:19:31 +0800] "GET /wordpress/wp-admin/setup-config.php HTTP/2.0" 301 162 "-" "https://xtimchat.com/wordpress/wp-admin/setup-config.php"
172.70.250.69 - - [08/Jan/2026:02:19:31 +0800] "GET /wordpress/wp-admin/setup-config.php HTTP/1.1" 404 146 "-" "https://xtimchat.com/wordpress/wp-admin/setup-config.php"
43.166.245.120 - - [08/Jan/2026:02:27:57 +0800] "GET / HTTP/1.1" 301 162 "-" "Mozilla/5.0 (iPhone; CPU iPhone OS 13_2_3 like Mac OS X) AppleWebKit/605.1.15 (KHTML, like Gecko) Version/13.0.3 Mobile/15E148 Safari/604.1"
43.166.245.120 - - [08/Jan/2026:02:27:57 +0800] "GET / HTTP/1.1" 200 3639 "http://xtimchat.com" "Mozilla/5.0 (iPhone; CPU iPhone OS 13_2_3 like Mac OS X) AppleWebKit/605.1.15 (KHTML, like Gecko) Version/13.0.3 Mobile/15E148 Safari/604.1"
34.19.75.63 - - [08/Jan/2026:02:34:56 +0800] "GET / HTTP/1.1" 301 162 "-" "Mozilla/5.0 (Macintosh; Intel Mac OS X 10_15_7) AppleWebKit/537.36 (KHTML, like Gecko) Chrome/124.0.0.0 Safari/537.36"
34.19.75.63 - - [08/Jan/2026:02:34:57 +0800] "GET / HTTP/1.1" 200 3639 "-" "Mozilla/5.0 (Macintosh; Intel Mac OS X 10_15_7) AppleWebKit/537.36 (KHTML, like Gecko) Chrome/124.0.0.0 Safari/537.36"
43.153.79.218 - - [08/Jan/2026:02:42:00 +0800] "GET / HTTP/1.1" 200 3639 "-" "Mozilla/5.0 (iPhone; CPU iPhone OS 13_2_3 like Mac OS X) AppleWebKit/605.1.15 (KHTML, like Gecko) Version/13.0.3 Mobile/15E148 Safari/604.1"
172.68.10.183 - - [08/Jan/2026:02:52:20 +0800] "GET /wordpress/wp-admin/setup-config.php HTTP/1.1" 301 162 "-" "http://xtimchat.com/wordpress/wp-admin/setup-config.php"
172.68.10.214 - - [08/Jan/2026:02:52:21 +0800] "GET /wordpress/wp-admin/setup-config.php HTTP/1.1" 404 146 "-" "http://xtimchat.com/wordpress/wp-admin/setup-config.php"
172.71.184.249 - - [08/Jan/2026:02:53:03 +0800] "GET /wp-admin/setup-config.php HTTP/1.1" 301 162 "-" "http://xtimchat.com/wp-admin/setup-config.php"
172.71.184.146 - - [08/Jan/2026:02:53:04 +0800] "GET /wp-admin/setup-config.php HTTP/1.1" 404 146 "-" "http://xtimchat.com/wp-admin/setup-config.php"
43.166.128.86 - - [08/Jan/2026:02:53:51 +0800] "GET / HTTP/1.1" 200 3639 "-" "Mozilla/5.0 (iPhone; CPU iPhone OS 13_2_3 like Mac OS X) AppleWebKit/605.1.15 (KHTML, like Gecko) Version/13.0.3 Mobile/15E148 Safari/604.1"
172.68.10.183 - - [08/Jan/2026:02:54:41 +0800] "GET /wp-admin/setup-config.php HTTP/2.0" 301 162 "-" "https://xtimchat.com/wp-admin/setup-config.php"
172.68.10.215 - - [08/Jan/2026:02:54:42 +0800] "GET /wp-admin/setup-config.php HTTP/1.1" 404 146 "-" "https://xtimchat.com/wp-admin/setup-config.php"
104.23.223.48 - - [08/Jan/2026:02:55:08 +0800] "GET /wordpress/wp-admin/setup-config.php HTTP/2.0" 301 162 "-" "Mozilla/5.0 (Windows NT 10.0; Win64; x64) AppleWebKit/537.36 (KHTML, like Gecko) Chrome/143.0.0.0 Safari/537.36"
104.23.223.119 - - [08/Jan/2026:02:55:09 +0800] "GET /wordpress/wp-admin/setup-config.php HTTP/1.1" 404 548 "-" "Mozilla/5.0 (Windows NT 10.0; Win64; x64) AppleWebKit/537.36 (KHTML, like Gecko) Chrome/143.0.0.0 Safari/537.36"
74.7.175.138 - - [08/Jan/2026:02:56:20 +0800] "GET /robots.txt HTTP/2.0" 301 162 "-" "Mozilla/5.0 (Macintosh; Intel Mac OS X 10_15_7) AppleWebKit/537.36 (KHTML, like Gecko) Chrome/131.0.0.0 Safari/537.36; compatible; OAI-SearchBot/1.3; robots.txt; +https://openai.com/searchbot"
74.7.175.138 - - [08/Jan/2026:02:56:21 +0800] "GET /robots.txt HTTP/1.1" 404 548 "-" "Mozilla/5.0 (Macintosh; Intel Mac OS X 10_15_7) AppleWebKit/537.36 (KHTML, like Gecko) Chrome/131.0.0.0 Safari/537.36; compatible; OAI-SearchBot/1.3; robots.txt; +https://openai.com/searchbot"
195.178.110.132 - - [08/Jan/2026:03:00:37 +0800] "GET / HTTP/1.1" 301 162 "-" "Mozilla/5.0 (X11; Linux x86_64) AppleWebKit/537.36 (KHTML, like Gecko) Chrome/131.0.0.0 Safari/537.36"
195.178.110.132 - - [08/Jan/2026:03:00:38 +0800] "GET / HTTP/1.1" 200 3639 "-" "Mozilla/5.0 (X11; Linux x86_64) AppleWebKit/537.36 (KHTML, like Gecko) Chrome/131.0.0.0 Safari/537.36"
195.178.110.132 - - [08/Jan/2026:03:00:38 +0800] "GET /.env HTTP/1.1" 301 162 "-" "Mozilla/5.0 (Macintosh; Intel Mac OS X 10_15_7) AppleWebKit/537.36 (KHTML, like Gecko) Chrome/131.0.0.0 Safari/537.36"
195.178.110.132 - - [08/Jan/2026:03:00:38 +0800] "GET /.env HTTP/1.1" 404 548 "-" "Mozilla/5.0 (Macintosh; Intel Mac OS X 10_15_7) AppleWebKit/537.36 (KHTML, like Gecko) Chrome/131.0.0.0 Safari/537.36"
195.178.110.132 - - [08/Jan/2026:03:00:38 +0800] "GET /script.js HTTP/1.1" 301 162 "-" "Mozilla/5.0 (Macintosh; Intel Mac OS X 10_15_7) AppleWebKit/537.36 (KHTML, like Gecko) Chrome/131.0.0.0 Safari/537.36"
195.178.110.132 - - [08/Jan/2026:03:00:38 +0800] "GET /%22script.js%22 HTTP/1.1" 301 162 "-" "Mozilla/5.0 (X11; Linux x86_64) AppleWebKit/537.36 (KHTML, like Gecko) Chrome/131.0.0.0 Safari/537.36"
195.178.110.132 - - [08/Jan/2026:03:00:39 +0800] "GET /.env HTTP/1.1" 301 162 "-" "Mozilla/5.0 (Windows NT 10.0; Win64; x64; rv:133.0) Gecko/20100101 Firefox/133.0"
195.178.110.132 - - [08/Jan/2026:03:00:39 +0800] "GET /%22script.js%22 HTTP/1.1" 404 548 "-" "Mozilla/5.0 (X11; Linux x86_64) AppleWebKit/537.36 (KHTML, like Gecko) Chrome/131.0.0.0 Safari/537.36"
195.178.110.132 - - [08/Jan/2026:03:00:39 +0800] "GET /.env HTTP/1.1" 404 146 "-" "Mozilla/5.0 (Windows NT 10.0; Win64; x64; rv:133.0) Gecko/20100101 Firefox/133.0"
195.178.110.132 - - [08/Jan/2026:03:00:39 +0800] "GET /.env.bak HTTP/1.1" 301 162 "-" "Mozilla/5.0 (X11; Linux x86_64) AppleWebKit/537.36 (KHTML, like Gecko) Chrome/131.0.0.0 Safari/537.36"
195.178.110.132 - - [08/Jan/2026:03:00:39 +0800] "GET /.env.bak HTTP/1.1" 404 548 "-" "Mozilla/5.0 (X11; Linux x86_64) AppleWebKit/537.36 (KHTML, like Gecko) Chrome/131.0.0.0 Safari/537.36"
195.178.110.132 - - [08/Jan/2026:03:00:39 +0800] "GET /.env.save HTTP/1.1" 301 162 "-" "Mozilla/5.0 (Windows NT 10.0; Win64; x64) AppleWebKit/537.36 (KHTML, like Gecko) Chrome/131.0.0.0 Safari/537.36"
195.178.110.132 - - [08/Jan/2026:03:00:40 +0800] "GET /.env.save HTTP/1.1" 404 548 "-" "Mozilla/5.0 (Windows NT 10.0; Win64; x64) AppleWebKit/537.36 (KHTML, like Gecko) Chrome/131.0.0.0 Safari/537.36"
195.178.110.132 - - [08/Jan/2026:03:00:40 +0800] "GET /backend/.env HTTP/1.1" 301 162 "-" "Mozilla/5.0 (Windows NT 10.0; Win64; x64; rv:133.0) Gecko/20100101 Firefox/133.0"
195.178.110.132 - - [08/Jan/2026:03:00:40 +0800] "GET /backend/.env HTTP/1.1" 404 146 "-" "Mozilla/5.0 (Windows NT 10.0; Win64; x64; rv:133.0) Gecko/20100101 Firefox/133.0"
195.178.110.132 - - [08/Jan/2026:03:00:40 +0800] "GET /admin/.env HTTP/1.1" 301 162 "-" "Mozilla/5.0 (X11; Linux x86_64) AppleWebKit/537.36 (KHTML, like Gecko) Chrome/131.0.0.0 Safari/537.36"
195.178.110.132 - - [08/Jan/2026:03:00:40 +0800] "GET /admin/.env HTTP/1.1" 404 548 "-" "Mozilla/5.0 (X11; Linux x86_64) AppleWebKit/537.36 (KHTML, like Gecko) Chrome/131.0.0.0 Safari/537.36"
195.178.110.132 - - [08/Jan/2026:03:00:41 +0800] "GET /.git/config HTTP/1.1" 301 162 "-" "Mozilla/5.0 (X11; Linux x86_64) AppleWebKit/537.36 (KHTML, like Gecko) Chrome/131.0.0.0 Safari/537.36"
195.178.110.132 - - [08/Jan/2026:03:00:41 +0800] "GET /.git/config HTTP/1.1" 404 548 "-" "Mozilla/5.0 (X11; Linux x86_64) AppleWebKit/537.36 (KHTML, like Gecko) Chrome/131.0.0.0 Safari/537.36"
195.178.110.132 - - [08/Jan/2026:03:00:41 +0800] "GET /wp-config.php HTTP/1.1" 301 162 "-" "Mozilla/5.0 (X11; Linux x86_64) AppleWebKit/537.36 (KHTML, like Gecko) Chrome/131.0.0.0 Safari/537.36"
195.178.110.132 - - [08/Jan/2026:03:00:41 +0800] "GET /wp-config.php HTTP/1.1" 404 548 "-" "Mozilla/5.0 (X11; Linux x86_64) AppleWebKit/537.36 (KHTML, like Gecko) Chrome/131.0.0.0 Safari/537.36"
195.178.110.132 - - [08/Jan/2026:03:00:41 +0800] "GET /wp-config.php.old HTTP/1.1" 301 162 "-" "Mozilla/5.0 (Windows NT 10.0; Win64; x64) AppleWebKit/537.36 (KHTML, like Gecko) Chrome/131.0.0.0 Safari/537.36"
195.178.110.132 - - [08/Jan/2026:03:00:42 +0800] "GET /wp-config.php.old HTTP/1.1" 404 548 "-" "Mozilla/5.0 (Windows NT 10.0; Win64; x64) AppleWebKit/537.36 (KHTML, like Gecko) Chrome/131.0.0.0 Safari/537.36"
195.178.110.132 - - [08/Jan/2026:03:00:42 +0800] "GET /config.php HTTP/1.1" 301 162 "-" "Mozilla/5.0 (Windows NT 10.0; Win64; x64) AppleWebKit/537.36 (KHTML, like Gecko) Chrome/131.0.0.0 Safari/537.36"
195.178.110.132 - - [08/Jan/2026:03:00:42 +0800] "GET /config.php HTTP/1.1" 404 548 "-" "Mozilla/5.0 (Windows NT 10.0; Win64; x64) AppleWebKit/537.36 (KHTML, like Gecko) Chrome/131.0.0.0 Safari/537.36"
195.178.110.132 - - [08/Jan/2026:03:00:42 +0800] "GET /config.php.bak HTTP/1.1" 301 162 "-" "Mozilla/5.0 (Windows NT 10.0; Win64; x64) AppleWebKit/537.36 (KHTML, like Gecko) Chrome/131.0.0.0 Safari/537.36"
195.178.110.132 - - [08/Jan/2026:03:00:42 +0800] "GET /config.php.bak HTTP/1.1" 404 548 "-" "Mozilla/5.0 (Windows NT 10.0; Win64; x64) AppleWebKit/537.36 (KHTML, like Gecko) Chrome/131.0.0.0 Safari/537.36"
195.178.110.132 - - [08/Jan/2026:03:00:42 +0800] "GET /config.js HTTP/1.1" 301 162 "-" "Mozilla/5.0 (Windows NT 10.0; Win64; x64; rv:133.0) Gecko/20100101 Firefox/133.0"
195.178.110.132 - - [08/Jan/2026:03:00:43 +0800] "GET /aws-config.js HTTP/1.1" 301 162 "-" "Mozilla/5.0 (Windows NT 10.0; Win64; x64) AppleWebKit/537.36 (KHTML, like Gecko) Chrome/131.0.0.0 Safari/537.36"
195.178.110.132 - - [08/Jan/2026:03:00:43 +0800] "GET /aws.config.js HTTP/1.1" 301 162 "-" "Mozilla/5.0 (X11; Linux x86_64) AppleWebKit/537.36 (KHTML, like Gecko) Chrome/131.0.0.0 Safari/537.36"
104.23.221.52 - - [08/Jan/2026:03:09:13 +0800] "GET /wp-admin/setup-config.php HTTP/2.0" 301 162 "-" "https://xtimchat.com/wp-admin/setup-config.php"
104.23.221.73 - - [08/Jan/2026:03:09:13 +0800] "GET /wp-admin/setup-config.php HTTP/1.1" 404 146 "-" "https://xtimchat.com/wp-admin/setup-config.php"
172.71.184.248 - - [08/Jan/2026:03:10:01 +0800] "GET /wordpress/wp-admin/setup-config.php HTTP/2.0" 301 162 "-" "https://xtimchat.com/wordpress/wp-admin/setup-config.php"
172.71.184.147 - - [08/Jan/2026:03:10:02 +0800] "GET /wordpress/wp-admin/setup-config.php HTTP/1.1" 404 146 "-" "https://xtimchat.com/wordpress/wp-admin/setup-config.php"
172.71.184.248 - - [08/Jan/2026:03:11:12 +0800] "GET /wp-admin/setup-config.php HTTP/1.1" 301 162 "-" "Mozilla/5.0 (Windows NT 10.0; Win64; x64) AppleWebKit/537.36 (KHTML, like Gecko) Chrome/143.0.0.0 Safari/537.36"
172.71.184.147 - - [08/Jan/2026:03:11:13 +0800] "GET /wp-admin/setup-config.php HTTP/1.1" 404 548 "-" "Mozilla/5.0 (Windows NT 10.0; Win64; x64) AppleWebKit/537.36 (KHTML, like Gecko) Chrome/143.0.0.0 Safari/537.36"
104.23.221.53 - - [08/Jan/2026:03:12:45 +0800] "GET /wordpress/wp-admin/setup-config.php HTTP/1.1" 301 162 "-" "Mozilla/5.0 (Windows NT 10.0; Win64; x64) AppleWebKit/537.36 (KHTML, like Gecko) Chrome/143.0.0.0 Safari/537.36"
104.23.221.72 - - [08/Jan/2026:03:12:45 +0800] "GET /wordpress/wp-admin/setup-config.php HTTP/1.1" 404 548 "-" "Mozilla/5.0 (Windows NT 10.0; Win64; x64) AppleWebKit/537.36 (KHTML, like Gecko) Chrome/143.0.0.0 Safari/537.36"
172.71.184.248 - - [08/Jan/2026:03:12:56 +0800] "GET /wordpress/wp-admin/setup-config.php HTTP/2.0" 301 162 "-" "https://xtimchat.com/wordpress/wp-admin/setup-config.php"
172.71.184.146 - - [08/Jan/2026:03:12:56 +0800] "GET /wordpress/wp-admin/setup-config.php HTTP/1.1" 404 146 "-" "https://xtimchat.com/wordpress/wp-admin/setup-config.php"
103.70.82.236 - - [08/Jan/2026:03:22:26 +0800] "GET / HTTP/1.1" 301 162 "-" "Mozilla/5.0 (Macintosh; Intel Mac OS X 12_5) AppleWebKit/537.36 (KHTML, like Gecko) Chrome/114.0.0.0 Safari/537.36 Edg/114.0.1264.71"
103.70.82.236 - - [08/Jan/2026:03:22:26 +0800] "GET / HTTP/1.1" 200 3639 "http://xtimchat.com" "Mozilla/5.0 (Macintosh; Intel Mac OS X 12_5) AppleWebKit/537.36 (KHTML, like Gecko) Chrome/114.0.0.0 Safari/537.36 Edg/114.0.1264.71"
103.70.82.236 - - [08/Jan/2026:03:22:43 +0800] "GET /?name=Nikita+Joshi&email=nikita.sale01%40gmail.com&message=Hi+http%3A%2F%2Fxtimchat.com%2C%0D%0A%0D%0AYour+website+is+not+ranking+well+on+Google.%0D%0A%0D%0AI+can+help+you+in+putting+your+website+on+the+Google%27s+top-3+Rank+and+getting+more+customers+Guaranteed.%0D%0A%0D%0AWould+you+like+to+me+seo+proposal+your+business+site%0D%0A%0D%0AI+can+send+over+a+detailed+proposal+with+affordable+packages.%0D%0A%0D%0AWarm+regards%2C%0D%0ANikita%0D%0A%0D%0A HTTP/1.1" 200 3639 "http://www.xtimchat.com/" "Mozilla/5.0 (Macintosh; Intel Mac OS X 12_5) AppleWebKit/537.36 (KHTML, like Gecko) Chrome/114.0.0.0 Safari/537.36 Edg/114.0.1264.71"
104.23.223.48 - - [08/Jan/2026:03:25:13 +0800] "GET /wp-admin/setup-config.php HTTP/2.0" 301 162 "-" "https://xtimchat.com/wp-admin/setup-config.php"
104.23.223.119 - - [08/Jan/2026:03:25:13 +0800] "GET /wp-admin/setup-config.php HTTP/1.1" 404 146 "-" "https://xtimchat.com/wp-admin/setup-config.php"
104.23.221.52 - - [08/Jan/2026:03:25:22 +0800] "GET /wordpress/wp-admin/setup-config.php HTTP/2.0" 301 162 "-" "https://xtimchat.com/wordpress/wp-admin/setup-config.php"
104.23.221.72 - - [08/Jan/2026:03:25:22 +0800] "GET /wordpress/wp-admin/setup-config.php HTTP/1.1" 404 146 "-" "https://xtimchat.com/wordpress/wp-admin/setup-config.php"
172.71.184.249 - - [08/Jan/2026:03:26:20 +0800] "GET /wp-admin/setup-config.php HTTP/1.1" 301 162 "-" "http://xtimchat.com/wp-admin/setup-config.php"
172.71.184.147 - - [08/Jan/2026:03:26:20 +0800] "GET /wp-admin/setup-config.php HTTP/1.1" 404 146 "-" "http://xtimchat.com/wp-admin/setup-config.php"
162.158.94.26 - - [08/Jan/2026:03:27:31 +0800] "GET /wordpress/wp-admin/setup-config.php HTTP/1.1" 301 162 "-" "http://xtimchat.com/wordpress/wp-admin/setup-config.php"
172.68.193.135 - - [08/Jan/2026:03:27:32 +0800] "GET /wordpress/wp-admin/setup-config.php HTTP/1.1" 404 146 "-" "http://xtimchat.com/wordpress/wp-admin/setup-config.php"
34.106.106.79 - - [08/Jan/2026:03:36:26 +0800] "HEAD /wp/ HTTP/1.1" 301 0 "-" "Mozilla/5.0 (Windows NT 10.0; Win64; x64) AppleWebKit/537.36 (KHTML, like Gecko) Chrome/126.0.6478.70 Safari/537.36 Vivaldi/6.7.3200.25"
34.106.106.79 - - [08/Jan/2026:03:36:26 +0800] "HEAD /wp/ HTTP/1.1" 404 0 "http://xtimchat.com/wp/" "Mozilla/5.0 (Windows NT 10.0; Win64; x64) AppleWebKit/537.36 (KHTML, like Gecko) Chrome/126.0.6478.70 Safari/537.36 Vivaldi/6.7.3200.25"
34.106.106.79 - - [08/Jan/2026:03:36:27 +0800] "HEAD / HTTP/1.1" 301 0 "-" "Mozilla/5.0 (Windows NT 11.0; Win64; x64) AppleWebKit/537.36 (KHTML, like Gecko) Chrome/128.0.6540.18 Safari/537.36"
34.106.106.79 - - [08/Jan/2026:03:36:27 +0800] "HEAD / HTTP/1.1" 200 0 "http://xtimchat.com/" "Mozilla/5.0 (Windows NT 11.0; Win64; x64) AppleWebKit/537.36 (KHTML, like Gecko) Chrome/128.0.6540.18 Safari/537.36"
34.106.106.79 - - [08/Jan/2026:03:36:27 +0800] "HEAD /blog/ HTTP/1.1" 301 0 "-" "Mozilla/5.0 (Linux; Android 10; vivo 1904) AppleWebKit/537.36 (KHTML, like Gecko) Chrome/117.0.5938.60 Mobile Safari/537.36"
34.106.106.79 - - [08/Jan/2026:03:36:27 +0800] "HEAD /blog/ HTTP/1.1" 404 0 "http://xtimchat.com/blog/" "Mozilla/5.0 (Linux; Android 10; vivo 1904) AppleWebKit/537.36 (KHTML, like Gecko) Chrome/117.0.5938.60 Mobile Safari/537.36"
34.106.106.79 - - [08/Jan/2026:03:36:27 +0800] "HEAD /old/ HTTP/1.1" 301 0 "-" "Mozilla/5.0 (iPhone; CPU iPhone OS 16_7 like Mac OS X) AppleWebKit/605.1.15 (KHTML, like Gecko) Version/16.7 Mobile/15E148 Safari/604.1"
34.106.106.79 - - [08/Jan/2026:03:36:28 +0800] "HEAD /old/ HTTP/1.1" 404 0 "http://xtimchat.com/old/" "Mozilla/5.0 (iPhone; CPU iPhone OS 16_7 like Mac OS X) AppleWebKit/605.1.15 (KHTML, like Gecko) Version/16.7 Mobile/15E148 Safari/604.1"
34.106.106.79 - - [08/Jan/2026:03:36:28 +0800] "HEAD /new/ HTTP/1.1" 301 0 "-" "Mozilla/5.0 (Linux; Android 14; RMX3842) AppleWebKit/537.36 (KHTML, like Gecko) Chrome/126.0.6478.44 Mobile Safari/537.36"
34.106.106.79 - - [08/Jan/2026:03:36:28 +0800] "HEAD /new/ HTTP/1.1" 404 0 "http://xtimchat.com/new/" "Mozilla/5.0 (Linux; Android 14; RMX3842) AppleWebKit/537.36 (KHTML, like Gecko) Chrome/126.0.6478.44 Mobile Safari/537.36"
34.106.106.79 - - [08/Jan/2026:03:36:28 +0800] "HEAD /backup/ HTTP/1.1" 301 0 "-" "Mozilla/5.0 (iPhone; CPU iPhone OS 16_7 like Mac OS X) AppleWebKit/605.1.15 (KHTML, like Gecko) Version/16.7 Mobile/15E148 Safari/604.1"
34.106.106.79 - - [08/Jan/2026:03:36:28 +0800] "HEAD /backup/ HTTP/1.1" 404 0 "http://xtimchat.com/backup/" "Mozilla/5.0 (iPhone; CPU iPhone OS 16_7 like Mac OS X) AppleWebKit/605.1.15 (KHTML, like Gecko) Version/16.7 Mobile/15E148 Safari/604.1"
34.106.106.79 - - [08/Jan/2026:03:36:28 +0800] "HEAD /wordpress/ HTTP/1.1" 301 0 "-" "Mozilla/5.0 (Linux; Android 12; Redmi Note 11) AppleWebKit/537.36 (KHTML, like Gecko) Chrome/123.0.6312.112 Mobile Safari/537.36"
34.106.106.79 - - [08/Jan/2026:03:36:29 +0800] "HEAD /wordpress/ HTTP/1.1" 404 0 "http://xtimchat.com/wordpress/" "Mozilla/5.0 (Linux; Android 12; Redmi Note 11) AppleWebKit/537.36 (KHTML, like Gecko) Chrome/123.0.6312.112 Mobile Safari/537.36"
162.158.183.91 - - [08/Jan/2026:03:41:41 +0800] "GET /wp-admin/setup-config.php HTTP/2.0" 301 162 "-" "https://xtimchat.com/wp-admin/setup-config.php"
162.158.182.40 - - [08/Jan/2026:03:41:41 +0800] "GET /wp-admin/setup-config.php HTTP/1.1" 404 146 "-" "https://xtimchat.com/wp-admin/setup-config.php"
162.158.183.91 - - [08/Jan/2026:03:42:47 +0800] "GET /wordpress/wp-admin/setup-config.php HTTP/1.1" 301 162 "-" "http://xtimchat.com/wordpress/wp-admin/setup-config.php"
162.158.183.64 - - [08/Jan/2026:03:42:47 +0800] "GET /wordpress/wp-admin/setup-config.php HTTP/1.1" 404 146 "-" "http://xtimchat.com/wordpress/wp-admin/setup-config.php"
104.23.221.52 - - [08/Jan/2026:03:42:57 +0800] "GET /wordpress/wp-admin/setup-config.php HTTP/2.0" 301 162 "-" "https://xtimchat.com/wordpress/wp-admin/setup-config.php"
104.23.221.73 - - [08/Jan/2026:03:42:57 +0800] "GET /wordpress/wp-admin/setup-config.php HTTP/1.1" 404 146 "-" "https://xtimchat.com/wordpress/wp-admin/setup-config.php"
162.158.183.92 - - [08/Jan/2026:03:44:01 +0800] "GET /wp-admin/setup-config.php HTTP/1.1" 301 162 "-" "http://xtimchat.com/wp-admin/setup-config.php"
162.158.183.63 - - [08/Jan/2026:03:44:01 +0800] "GET /wp-admin/setup-config.php HTTP/1.1" 404 146 "-" "http://xtimchat.com/wp-admin/setup-config.php"
104.23.223.48 - - [08/Jan/2026:03:58:52 +0800] "GET /wp-admin/setup-config.php HTTP/1.1" 301 162 "-" "Mozilla/5.0 (Windows NT 10.0; Win64; x64) AppleWebKit/537.36 (KHTML, like Gecko) Chrome/143.0.0.0 Safari/537.36"
104.23.223.119 - - [08/Jan/2026:03:58:53 +0800] "GET /wp-admin/setup-config.php HTTP/1.1" 404 548 "-" "Mozilla/5.0 (Windows NT 10.0; Win64; x64) AppleWebKit/537.36 (KHTML, like Gecko) Chrome/143.0.0.0 Safari/537.36"
172.68.10.182 - - [08/Jan/2026:03:59:59 +0800] "GET /wordpress/wp-admin/setup-config.php HTTP/2.0" 301 162 "-" "https://xtimchat.com/wordpress/wp-admin/setup-config.php"
172.68.10.215 - - [08/Jan/2026:04:00:00 +0800] "GET /wordpress/wp-admin/setup-config.php HTTP/1.1" 404 146 "-" "https://xtimchat.com/wordpress/wp-admin/setup-config.php"
172.70.247.105 - - [08/Jan/2026:04:01:15 +0800] "GET /wp-admin/setup-config.php HTTP/2.0" 301 162 "-" "https://xtimchat.com/wp-admin/setup-config.php"
172.70.246.61 - - [08/Jan/2026:04:01:15 +0800] "GET /wp-admin/setup-config.php HTTP/1.1" 404 146 "-" "https://xtimchat.com/wp-admin/setup-config.php"
172.68.10.183 - - [08/Jan/2026:04:01:29 +0800] "GET /wordpress/wp-admin/setup-config.php HTTP/1.1" 301 162 "-" "http://xtimchat.com/wordpress/wp-admin/setup-config.php"
172.68.10.215 - - [08/Jan/2026:04:01:29 +0800] "GET /wordpress/wp-admin/setup-config.php HTTP/1.1" 404 146 "-" "http://xtimchat.com/wordpress/wp-admin/setup-config.php"
172.68.10.182 - - [08/Jan/2026:04:15:41 +0800] "GET /wordpress/wp-admin/setup-config.php HTTP/1.1" 301 162 "-" "http://xtimchat.com/wordpress/wp-admin/setup-config.php"
172.68.10.215 - - [08/Jan/2026:04:15:42 +0800] "GET /wordpress/wp-admin/setup-config.php HTTP/1.1" 404 146 "-" "http://xtimchat.com/wordpress/wp-admin/setup-config.php"
104.23.221.52 - - [08/Jan/2026:04:16:05 +0800] "GET /wp-admin/setup-config.php HTTP/1.1" 301 162 "-" "Mozilla/5.0 (Windows NT 10.0; Win64; x64) AppleWebKit/537.36 (KHTML, like Gecko) Chrome/143.0.0.0 Safari/537.36"
104.23.221.72 - - [08/Jan/2026:04:16:06 +0800] "GET /wp-admin/setup-config.php HTTP/1.1" 404 548 "-" "Mozilla/5.0 (Windows NT 10.0; Win64; x64) AppleWebKit/537.36 (KHTML, like Gecko) Chrome/143.0.0.0 Safari/537.36"
43.157.38.131 - - [08/Jan/2026:04:16:52 +0800] "GET / HTTP/1.1" 200 3639 "-" "Mozilla/5.0 (iPhone; CPU iPhone OS 13_2_3 like Mac OS X) AppleWebKit/605.1.15 (KHTML, like Gecko) Version/13.0.3 Mobile/15E148 Safari/604.1"
172.68.10.182 - - [08/Jan/2026:04:16:59 +0800] "GET /wordpress/wp-admin/setup-config.php HTTP/2.0" 301 162 "-" "https://xtimchat.com/wordpress/wp-admin/setup-config.php"
172.68.10.214 - - [08/Jan/2026:04:17:00 +0800] "GET /wordpress/wp-admin/setup-config.php HTTP/1.1" 404 146 "-" "https://xtimchat.com/wordpress/wp-admin/setup-config.php"
104.23.223.48 - - [08/Jan/2026:04:17:58 +0800] "GET /wp-admin/setup-config.php HTTP/2.0" 301 162 "-" "Mozilla/5.0 (Windows NT 10.0; Win64; x64) AppleWebKit/537.36 (KHTML, like Gecko) Chrome/143.0.0.0 Safari/537.36"
104.23.223.118 - - [08/Jan/2026:04:17:58 +0800] "GET /wp-admin/setup-config.php HTTP/1.1" 404 548 "-" "Mozilla/5.0 (Windows NT 10.0; Win64; x64) AppleWebKit/537.36 (KHTML, like Gecko) Chrome/143.0.0.0 Safari/537.36"
182.42.104.32 - - [08/Jan/2026:04:20:39 +0800] "GET / HTTP/1.1" 301 162 "-" "Mozilla/5.0 (iPhone; CPU iPhone OS 13_2_3 like Mac OS X) AppleWebKit/605.1.15 (KHTML, like Gecko) Version/13.0.3 Mobile/15E148 Safari/604.1"
182.42.104.32 - - [08/Jan/2026:04:20:40 +0800] "GET / HTTP/1.1" 200 3639 "http://xtimchat.com" "Mozilla/5.0 (iPhone; CPU iPhone OS 13_2_3 like Mac OS X) AppleWebKit/605.1.15 (KHTML, like Gecko) Version/13.0.3 Mobile/15E148 Safari/604.1"
104.23.221.53 - - [08/Jan/2026:04:34:39 +0800] "GET /wp-admin/setup-config.php HTTP/2.0" 301 162 "-" "https://xtimchat.com/wp-admin/setup-config.php"
104.23.221.72 - - [08/Jan/2026:04:34:40 +0800] "GET /wp-admin/setup-config.php HTTP/1.1" 404 146 "-" "https://xtimchat.com/wp-admin/setup-config.php"
104.23.221.52 - - [08/Jan/2026:04:35:10 +0800] "GET /wordpress/wp-admin/setup-config.php HTTP/1.1" 301 162 "-" "http://xtimchat.com/wordpress/wp-admin/setup-config.php"
104.23.221.72 - - [08/Jan/2026:04:35:10 +0800] "GET /wordpress/wp-admin/setup-config.php HTTP/1.1" 404 146 "-" "http://xtimchat.com/wordpress/wp-admin/setup-config.php"
104.23.223.49 - - [08/Jan/2026:04:37:32 +0800] "GET /wordpress/wp-admin/setup-config.php HTTP/2.0" 301 162 "-" "https://xtimchat.com/wordpress/wp-admin/setup-config.php"
104.23.223.119 - - [08/Jan/2026:04:37:32 +0800] "GET /wordpress/wp-admin/setup-config.php HTTP/1.1" 404 146 "-" "https://xtimchat.com/wordpress/wp-admin/setup-config.php"
172.71.184.248 - - [08/Jan/2026:04:38:18 +0800] "GET /wp-admin/setup-config.php HTTP/1.1" 301 162 "-" "http://xtimchat.com/wp-admin/setup-config.php"
172.71.184.147 - - [08/Jan/2026:04:38:19 +0800] "GET /wp-admin/setup-config.php HTTP/1.1" 404 146 "-" "http://xtimchat.com/wp-admin/setup-config.php"
104.23.223.48 - - [08/Jan/2026:04:38:48 +0800] "GET /wp-admin/setup-config.php HTTP/2.0" 301 162 "-" "https://xtimchat.com/wp-admin/setup-config.php"
104.23.223.119 - - [08/Jan/2026:04:38:49 +0800] "GET /wp-admin/setup-config.php HTTP/1.1" 404 146 "-" "https://xtimchat.com/wp-admin/setup-config.php"
104.23.221.52 - - [08/Jan/2026:04:38:59 +0800] "GET /wordpress/wp-admin/setup-config.php HTTP/1.1" 301 162 "-" "http://xtimchat.com/wordpress/wp-admin/setup-config.php"
104.23.221.73 - - [08/Jan/2026:04:38:59 +0800] "GET /wordpress/wp-admin/setup-config.php HTTP/1.1" 404 146 "-" "http://xtimchat.com/wordpress/wp-admin/setup-config.php"
104.23.223.49 - - [08/Jan/2026:04:52:14 +0800] "GET /wordpress/wp-admin/setup-config.php HTTP/1.1" 301 162 "-" "Mozilla/5.0 (Windows NT 10.0; Win64; x64) AppleWebKit/537.36 (KHTML, like Gecko) Chrome/143.0.0.0 Safari/537.36"
104.23.223.119 - - [08/Jan/2026:04:52:14 +0800] "GET /wordpress/wp-admin/setup-config.php HTTP/1.1" 404 548 "-" "Mozilla/5.0 (Windows NT 10.0; Win64; x64) AppleWebKit/537.36 (KHTML, like Gecko) Chrome/143.0.0.0 Safari/537.36"
162.158.183.73 - - [08/Jan/2026:04:52:32 +0800] "GET /wp-admin/setup-config.php HTTP/1.1" 301 162 "-" "http://xtimchat.com/wp-admin/setup-config.php"
162.158.183.63 - - [08/Jan/2026:04:52:33 +0800] "GET /wp-admin/setup-config.php HTTP/1.1" 404 146 "-" "http://xtimchat.com/wp-admin/setup-config.php"
162.158.183.92 - - [08/Jan/2026:04:54:22 +0800] "GET /wordpress/wp-admin/setup-config.php HTTP/2.0" 301 162 "-" "https://xtimchat.com/wordpress/wp-admin/setup-config.php"
162.158.183.64 - - [08/Jan/2026:04:54:23 +0800] "GET /wordpress/wp-admin/setup-config.php HTTP/1.1" 404 146 "-" "https://xtimchat.com/wordpress/wp-admin/setup-config.php"
104.23.221.53 - - [08/Jan/2026:04:55:32 +0800] "GET /wp-admin/setup-config.php HTTP/2.0" 301 162 "-" "Mozilla/5.0 (Windows NT 10.0; Win64; x64) AppleWebKit/537.36 (KHTML, like Gecko) Chrome/143.0.0.0 Safari/537.36"
104.23.221.73 - - [08/Jan/2026:04:55:33 +0800] "GET /wp-admin/setup-config.php HTTP/1.1" 404 548 "-" "Mozilla/5.0 (Windows NT 10.0; Win64; x64) AppleWebKit/537.36 (KHTML, like Gecko) Chrome/143.0.0.0 Safari/537.36"
104.23.221.52 - - [08/Jan/2026:05:11:07 +0800] "GET /wp-admin/setup-config.php HTTP/2.0" 301 162 "-" "Mozilla/5.0 (Windows NT 10.0; Win64; x64) AppleWebKit/537.36 (KHTML, like Gecko) Chrome/143.0.0.0 Safari/537.36"
104.23.221.72 - - [08/Jan/2026:05:11:08 +0800] "GET /wp-admin/setup-config.php HTTP/1.1" 404 548 "-" "Mozilla/5.0 (Windows NT 10.0; Win64; x64) AppleWebKit/537.36 (KHTML, like Gecko) Chrome/143.0.0.0 Safari/537.36"
162.158.183.91 - - [08/Jan/2026:05:11:46 +0800] "GET /wp-admin/setup-config.php HTTP/1.1" 301 162 "-" "http://xtimchat.com/wp-admin/setup-config.php"
162.158.183.63 - - [08/Jan/2026:05:11:46 +0800] "GET /wp-admin/setup-config.php HTTP/1.1" 404 146 "-" "http://xtimchat.com/wp-admin/setup-config.php"
162.158.183.92 - - [08/Jan/2026:05:11:55 +0800] "GET /wordpress/wp-admin/setup-config.php HTTP/1.1" 301 162 "-" "Mozilla/5.0 (Windows NT 10.0; Win64; x64) AppleWebKit/537.36 (KHTML, like Gecko) Chrome/143.0.0.0 Safari/537.36"
162.158.183.63 - - [08/Jan/2026:05:11:55 +0800] "GET /wordpress/wp-admin/setup-config.php HTTP/1.1" 404 548 "-" "Mozilla/5.0 (Windows NT 10.0; Win64; x64) AppleWebKit/537.36 (KHTML, like Gecko) Chrome/143.0.0.0 Safari/537.36"
104.23.223.49 - - [08/Jan/2026:05:13:25 +0800] "GET /wordpress/wp-admin/setup-config.php HTTP/2.0" 301 162 "-" "https://xtimchat.com/wordpress/wp-admin/setup-config.php"
104.23.223.119 - - [08/Jan/2026:05:13:25 +0800] "GET /wordpress/wp-admin/setup-config.php HTTP/1.1" 404 146 "-" "https://xtimchat.com/wordpress/wp-admin/setup-config.php"
104.23.223.49 - - [08/Jan/2026:05:27:04 +0800] "GET /wordpress/wp-admin/setup-config.php HTTP/1.1" 301 162 "-" "http://xtimchat.com/wordpress/wp-admin/setup-config.php"
104.23.223.118 - - [08/Jan/2026:05:27:05 +0800] "GET /wordpress/wp-admin/setup-config.php HTTP/1.1" 404 146 "-" "http://xtimchat.com/wordpress/wp-admin/setup-config.php"
162.158.183.92 - - [08/Jan/2026:05:27:39 +0800] "GET /wp-admin/setup-config.php HTTP/2.0" 301 162 "-" "https://xtimchat.com/wp-admin/setup-config.php"
162.158.183.64 - - [08/Jan/2026:05:27:40 +0800] "GET /wp-admin/setup-config.php HTTP/1.1" 404 146 "-" "https://xtimchat.com/wp-admin/setup-config.php"
104.23.217.33 - - [08/Jan/2026:05:29:21 +0800] "GET /wp-admin/setup-config.php HTTP/1.1" 301 162 "-" "http://xtimchat.com/wp-admin/setup-config.php"
104.23.217.36 - - [08/Jan/2026:05:29:23 +0800] "GET /wp-admin/setup-config.php HTTP/1.1" 404 146 "-" "http://xtimchat.com/wp-admin/setup-config.php"
162.158.183.91 - - [08/Jan/2026:05:30:01 +0800] "GET /wordpress/wp-admin/setup-config.php HTTP/2.0" 301 162 "-" "https://xtimchat.com/wordpress/wp-admin/setup-config.php"
162.158.183.64 - - [08/Jan/2026:05:30:01 +0800] "GET /wordpress/wp-admin/setup-config.php HTTP/1.1" 404 146 "-" "https://xtimchat.com/wordpress/wp-admin/setup-config.php"
104.23.221.53 - - [08/Jan/2026:05:31:30 +0800] "GET /wordpress/wp-admin/setup-config.php HTTP/2.0" 301 162 "-" "Mozilla/5.0 (Windows NT 10.0; Win64; x64) AppleWebKit/537.36 (KHTML, like Gecko) Chrome/143.0.0.0 Safari/537.36"
104.23.221.72 - - [08/Jan/2026:05:31:31 +0800] "GET /wordpress/wp-admin/setup-config.php HTTP/1.1" 404 548 "-" "Mozilla/5.0 (Windows NT 10.0; Win64; x64) AppleWebKit/537.36 (KHTML, like Gecko) Chrome/143.0.0.0 Safari/537.36"
104.23.221.52 - - [08/Jan/2026:05:46:24 +0800] "GET /wp-admin/setup-config.php HTTP/1.1" 301 162 "-" "Mozilla/5.0 (Windows NT 10.0; Win64; x64) AppleWebKit/537.36 (KHTML, like Gecko) Chrome/143.0.0.0 Safari/537.36"
104.23.221.72 - - [08/Jan/2026:05:46:24 +0800] "GET /wp-admin/setup-config.php HTTP/1.1" 404 548 "-" "Mozilla/5.0 (Windows NT 10.0; Win64; x64) AppleWebKit/537.36 (KHTML, like Gecko) Chrome/143.0.0.0 Safari/537.36"
74.7.175.187 - - [08/Jan/2026:05:46:39 +0800] "GET /robots.txt HTTP/2.0" 404 548 "-" "Mozilla/5.0 (Macintosh; Intel Mac OS X 10_15_7) AppleWebKit/537.36 (KHTML, like Gecko) Chrome/131.0.0.0 Safari/537.36; compatible; OAI-SearchBot/1.3; robots.txt; +https://openai.com/searchbot"
172.71.184.248 - - [08/Jan/2026:05:47:41 +0800] "GET /wp-admin/setup-config.php HTTP/2.0" 301 162 "-" "https://xtimchat.com/wp-admin/setup-config.php"
172.71.184.147 - - [08/Jan/2026:05:47:42 +0800] "GET /wp-admin/setup-config.php HTTP/1.1" 404 146 "-" "https://xtimchat.com/wp-admin/setup-config.php"
172.71.184.249 - - [08/Jan/2026:05:48:00 +0800] "GET /wordpress/wp-admin/setup-config.php HTTP/2.0" 301 162 "-" "https://xtimchat.com/wordpress/wp-admin/setup-config.php"
172.71.184.147 - - [08/Jan/2026:05:48:01 +0800] "GET /wordpress/wp-admin/setup-config.php HTTP/1.1" 404 146 "-" "https://xtimchat.com/wordpress/wp-admin/setup-config.php"
172.68.10.183 - - [08/Jan/2026:05:48:24 +0800] "GET /wordpress/wp-admin/setup-config.php HTTP/1.1" 301 162 "-" "Mozilla/5.0 (Windows NT 10.0; Win64; x64) AppleWebKit/537.36 (KHTML, like Gecko) Chrome/143.0.0.0 Safari/537.36"
172.68.10.214 - - [08/Jan/2026:05:48:25 +0800] "GET /wordpress/wp-admin/setup-config.php HTTP/1.1" 404 548 "-" "Mozilla/5.0 (Windows NT 10.0; Win64; x64) AppleWebKit/537.36 (KHTML, like Gecko) Chrome/143.0.0.0 Safari/537.36"
172.68.10.16 - - [08/Jan/2026:06:00:02 +0800] "GET /wordpress/wp-admin/setup-config.php HTTP/2.0" 301 162 "-" "https://xtimchat.com/wordpress/wp-admin/setup-config.php"
104.23.221.52 - - [08/Jan/2026:06:00:13 +0800] "GET /wp-admin/setup-config.php HTTP/1.1" 301 162 "-" "http://xtimchat.com/wp-admin/setup-config.php"
104.23.221.73 - - [08/Jan/2026:06:00:13 +0800] "GET /wp-admin/setup-config.php HTTP/1.1" 404 146 "-" "http://xtimchat.com/wp-admin/setup-config.php"
172.71.184.248 - - [08/Jan/2026:06:02:00 +0800] "GET /wp-admin/setup-config.php HTTP/2.0" 301 162 "-" "https://xtimchat.com/wp-admin/setup-config.php"
172.71.184.146 - - [08/Jan/2026:06:02:01 +0800] "GET /wp-admin/setup-config.php HTTP/1.1" 404 146 "-" "https://xtimchat.com/wp-admin/setup-config.php"
172.68.10.183 - - [08/Jan/2026:06:03:17 +0800] "GET /wordpress/wp-admin/setup-config.php HTTP/1.1" 301 162 "-" "Mozilla/5.0 (Windows NT 10.0; Win64; x64) AppleWebKit/537.36 (KHTML, like Gecko) Chrome/143.0.0.0 Safari/537.36"
172.68.10.215 - - [08/Jan/2026:06:03:18 +0800] "GET /wordpress/wp-admin/setup-config.php HTTP/1.1" 404 548 "-" "Mozilla/5.0 (Windows NT 10.0; Win64; x64) AppleWebKit/537.36 (KHTML, like Gecko) Chrome/143.0.0.0 Safari/537.36"
172.68.10.182 - - [08/Jan/2026:06:04:18 +0800] "GET /wordpress/wp-admin/setup-config.php HTTP/2.0" 301 162 "-" "https://xtimchat.com/wordpress/wp-admin/setup-config.php"
172.68.10.214 - - [08/Jan/2026:06:04:18 +0800] "GET /wordpress/wp-admin/setup-config.php HTTP/1.1" 404 146 "-" "https://xtimchat.com/wordpress/wp-admin/setup-config.php"
104.23.223.48 - - [08/Jan/2026:06:19:24 +0800] "GET /wp-admin/setup-config.php HTTP/2.0" 301 162 "-" "https://xtimchat.com/wp-admin/setup-config.php"
104.23.223.119 - - [08/Jan/2026:06:19:25 +0800] "GET /wp-admin/setup-config.php HTTP/1.1" 404 146 "-" "https://xtimchat.com/wp-admin/setup-config.php"
104.23.217.32 - - [08/Jan/2026:06:19:38 +0800] "GET /wordpress/wp-admin/setup-config.php HTTP/1.1" 301 162 "-" "Mozilla/5.0 (Windows NT 10.0; Win64; x64) AppleWebKit/537.36 (KHTML, like Gecko) Chrome/143.0.0.0 Safari/537.36"
104.23.217.36 - - [08/Jan/2026:06:19:39 +0800] "GET /wordpress/wp-admin/setup-config.php HTTP/1.1" 404 548 "-" "Mozilla/5.0 (Windows NT 10.0; Win64; x64) AppleWebKit/537.36 (KHTML, like Gecko) Chrome/143.0.0.0 Safari/537.36"
104.23.221.53 - - [08/Jan/2026:06:20:01 +0800] "GET /wp-admin/setup-config.php HTTP/1.1" 301 162 "-" "http://xtimchat.com/wp-admin/setup-config.php"
104.23.221.73 - - [08/Jan/2026:06:20:02 +0800] "GET /wp-admin/setup-config.php HTTP/1.1" 404 146 "-" "http://xtimchat.com/wp-admin/setup-config.php"
104.23.221.53 - - [08/Jan/2026:06:20:58 +0800] "GET /wordpress/wp-admin/setup-config.php HTTP/2.0" 301 162 "-" "Mozilla/5.0 (Windows NT 10.0; Win64; x64) AppleWebKit/537.36 (KHTML, like Gecko) Chrome/143.0.0.0 Safari/537.36"
104.23.221.73 - - [08/Jan/2026:06:20:59 +0800] "GET /wordpress/wp-admin/setup-config.php HTTP/1.1" 404 548 "-" "Mozilla/5.0 (Windows NT 10.0; Win64; x64) AppleWebKit/537.36 (KHTML, like Gecko) Chrome/143.0.0.0 Safari/537.36"
113.31.186.146 - - [08/Jan/2026:06:25:18 +0800] "GET / HTTP/1.1" 301 162 "-" "Mozilla/5.0 (Macintosh; U; PPC Mac OS X; en-US; rv:1.1a) Gecko/20020610"
113.31.186.146 - - [08/Jan/2026:06:28:46 +0800] "GET / HTTP/1.1" 301 162 "-" "Mozilla/5.0 (X11; U; Linux x86_64; en-US; rv:1.8.1.6) Gecko/20061201 Firefox/2.0.0.6 (Ubuntu-feisty)"
113.31.186.146 - - [08/Jan/2026:06:29:13 +0800] "GET /favicon.ico HTTP/1.1" 301 162 "-" "Dalvik/2.1.0 (Linux; U; Android 9.0; ZTE BA520 Build/MRA58K)"
113.31.186.146 - - [08/Jan/2026:06:29:15 +0800] "GET /favicon.ico HTTP/1.1" 404 146 "-" "Dalvik/2.1.0 (Linux; U; Android 9.0; ZTE BA520 Build/MRA58K)"
113.31.186.146 - - [08/Jan/2026:06:29:31 +0800] "GET / HTTP/1.1" 301 162 "-" "Dalvik/2.1.0 (Linux; U; Android 9.0; ZTE BA520 Build/MRA58K)"
113.31.186.146 - - [08/Jan/2026:06:29:38 +0800] "GET / HTTP/1.1" 200 3639 "-" "Dalvik/2.1.0 (Linux; U; Android 9.0; ZTE BA520 Build/MRA58K)"
113.31.186.146 - - [08/Jan/2026:06:30:16 +0800] "GET /favicon.ico HTTP/1.1" 301 162 "-" "Dalvik/2.1.0 (Linux; U; Android 9.0; ZTE BA520 Build/MRA58K)"
113.31.186.146 - - [08/Jan/2026:06:30:17 +0800] "GET /favicon.ico HTTP/1.1" 404 146 "-" "Dalvik/2.1.0 (Linux; U; Android 9.0; ZTE BA520 Build/MRA58K)"
183.134.59.133 - - [08/Jan/2026:06:30:49 +0800] "GET / HTTP/1.1" 301 162 "-" "Mozilla/5.0 (Macintosh; Intel Mac OS X 10_11) AppleWebKit/601.1.27 (KHTML, like Gecko) Chrome/47.0.2526.106 Safari/601.1.27"
183.134.59.133 - - [08/Jan/2026:06:30:54 +0800] "GET / HTTP/1.1" 200 3639 "-" "Mozilla/5.0 (Macintosh; Intel Mac OS X 10_11) AppleWebKit/601.1.27 (KHTML, like Gecko) Chrome/47.0.2526.106 Safari/601.1.27"
183.134.59.133 - - [08/Jan/2026:06:31:59 +0800] "GET / HTTP/1.1" 301 162 "-" "Mozilla/5.0 (Macintosh; Intel Mac OS X 10_11) AppleWebKit/601.1.27 (KHTML, like Gecko) Chrome/47.0.2526.106 Safari/601.1.27"
183.134.59.133 - - [08/Jan/2026:06:32:02 +0800] "GET / HTTP/1.1" 200 3639 "-" "Mozilla/5.0 (Macintosh; Intel Mac OS X 10_11) AppleWebKit/601.1.27 (KHTML, like Gecko) Chrome/47.0.2526.106 Safari/601.1.27"
172.68.10.183 - - [08/Jan/2026:06:38:09 +0800] "GET /wordpress/wp-admin/setup-config.php HTTP/1.1" 301 162 "-" "http://xtimchat.com/wordpress/wp-admin/setup-config.php"
172.68.10.215 - - [08/Jan/2026:06:38:10 +0800] "GET /wordpress/wp-admin/setup-config.php HTTP/1.1" 404 146 "-" "http://xtimchat.com/wordpress/wp-admin/setup-config.php"
104.23.239.125 - - [08/Jan/2026:06:38:28 +0800] "GET /wordpress/wp-admin/setup-config.php HTTP/2.0" 301 162 "-" "https://xtimchat.com/wordpress/wp-admin/setup-config.php"
104.23.239.144 - - [08/Jan/2026:06:38:28 +0800] "GET /wordpress/wp-admin/setup-config.php HTTP/1.1" 404 146 "-" "https://xtimchat.com/wordpress/wp-admin/setup-config.php"
172.71.184.249 - - [08/Jan/2026:06:40:09 +0800] "GET /wp-admin/setup-config.php HTTP/1.1" 301 162 "-" "Mozilla/5.0 (Windows NT 10.0; Win64; x64) AppleWebKit/537.36 (KHTML, like Gecko) Chrome/143.0.0.0 Safari/537.36"
172.71.184.147 - - [08/Jan/2026:06:40:10 +0800] "GET /wp-admin/setup-config.php HTTP/1.1" 404 548 "-" "Mozilla/5.0 (Windows NT 10.0; Win64; x64) AppleWebKit/537.36 (KHTML, like Gecko) Chrome/143.0.0.0 Safari/537.36"
172.71.184.249 - - [08/Jan/2026:06:41:24 +0800] "GET /wp-admin/setup-config.php HTTP/2.0" 301 162 "-" "https://xtimchat.com/wp-admin/setup-config.php"
172.71.184.147 - - [08/Jan/2026:06:41:25 +0800] "GET /wp-admin/setup-config.php HTTP/1.1" 404 146 "-" "https://xtimchat.com/wp-admin/setup-config.php"
94.247.172.129 - - [08/Jan/2026:06:49:11 +0800] "GET / HTTP/1.1" 200 3639 "-" "Mozilla/5.0 (Macintosh; Intel Mac OS X 10_9_2)"
113.31.186.146 - - [08/Jan/2026:06:50:21 +0800] "GET / HTTP/1.1" 301 162 "-" "Dalvik/2.1.0 (Linux; U; Android 9.0; ZTE BA520 Build/MRA58K)"
113.31.186.146 - - [08/Jan/2026:06:50:22 +0800] "GET / HTTP/1.1" 200 3639 "-" "Dalvik/2.1.0 (Linux; U; Android 9.0; ZTE BA520 Build/MRA58K)"
34.79.19.90 - - [08/Jan/2026:06:56:17 +0800] "GET / HTTP/1.1" 301 162 "-" "Mozilla/5.0 (Windows NT 10.0; Win64; x64) AppleWebKit/537.36 (KHTML, like Gecko) Chrome/78.0.3904.108 Safari/537.36"
34.79.19.90 - - [08/Jan/2026:06:56:18 +0800] "GET / HTTP/1.1" 200 17381 "-" "Mozilla/5.0 (Windows NT 10.0; Win64; x64) AppleWebKit/537.36 (KHTML, like Gecko) Chrome/78.0.3904.108 Safari/537.36"
34.79.19.90 - - [08/Jan/2026:06:56:19 +0800] "GET //wp-includes/wlwmanifest.xml HTTP/1.1" 404 548 "-" "Mozilla/5.0 (Windows NT 10.0; Win64; x64) AppleWebKit/537.36 (KHTML, like Gecko) Chrome/78.0.3904.108 Safari/537.36"
34.79.19.90 - - [08/Jan/2026:06:56:20 +0800] "GET //xmlrpc.php?rsd HTTP/1.1" 404 548 "-" "Mozilla/5.0 (Windows NT 10.0; Win64; x64) AppleWebKit/537.36 (KHTML, like Gecko) Chrome/78.0.3904.108 Safari/537.36"
34.79.19.90 - - [08/Jan/2026:06:56:20 +0800] "GET / HTTP/1.1" 200 17381 "-" "Mozilla/5.0 (Windows NT 10.0; Win64; x64) AppleWebKit/537.36 (KHTML, like Gecko) Chrome/78.0.3904.108 Safari/537.36"
34.79.19.90 - - [08/Jan/2026:06:56:21 +0800] "GET //blog/wp-includes/wlwmanifest.xml HTTP/1.1" 404 548 "-" "Mozilla/5.0 (Windows NT 10.0; Win64; x64) AppleWebKit/537.36 (KHTML, like Gecko) Chrome/78.0.3904.108 Safari/537.36"
34.79.19.90 - - [08/Jan/2026:06:56:22 +0800] "GET //web/wp-includes/wlwmanifest.xml HTTP/1.1" 404 548 "-" "Mozilla/5.0 (Windows NT 10.0; Win64; x64) AppleWebKit/537.36 (KHTML, like Gecko) Chrome/78.0.3904.108 Safari/537.36"
34.79.19.90 - - [08/Jan/2026:06:56:23 +0800] "GET //wordpress/wp-includes/wlwmanifest.xml HTTP/1.1" 404 548 "-" "Mozilla/5.0 (Windows NT 10.0; Win64; x64) AppleWebKit/537.36 (KHTML, like Gecko) Chrome/78.0.3904.108 Safari/537.36"
34.79.19.90 - - [08/Jan/2026:06:56:23 +0800] "GET //website/wp-includes/wlwmanifest.xml HTTP/1.1" 404 548 "-" "Mozilla/5.0 (Windows NT 10.0; Win64; x64) AppleWebKit/537.36 (KHTML, like Gecko) Chrome/78.0.3904.108 Safari/537.36"
34.79.19.90 - - [08/Jan/2026:06:56:24 +0800] "GET //wp/wp-includes/wlwmanifest.xml HTTP/1.1" 404 548 "-" "Mozilla/5.0 (Windows NT 10.0; Win64; x64) AppleWebKit/537.36 (KHTML, like Gecko) Chrome/78.0.3904.108 Safari/537.36"
34.79.19.90 - - [08/Jan/2026:06:56:25 +0800] "GET //news/wp-includes/wlwmanifest.xml HTTP/1.1" 404 548 "-" "Mozilla/5.0 (Windows NT 10.0; Win64; x64) AppleWebKit/537.36 (KHTML, like Gecko) Chrome/78.0.3904.108 Safari/537.36"
34.79.19.90 - - [08/Jan/2026:06:56:25 +0800] "GET //2018/wp-includes/wlwmanifest.xml HTTP/1.1" 404 548 "-" "Mozilla/5.0 (Windows NT 10.0; Win64; x64) AppleWebKit/537.36 (KHTML, like Gecko) Chrome/78.0.3904.108 Safari/537.36"
34.79.19.90 - - [08/Jan/2026:06:56:26 +0800] "GET //2019/wp-includes/wlwmanifest.xml HTTP/1.1" 404 548 "-" "Mozilla/5.0 (Windows NT 10.0; Win64; x64) AppleWebKit/537.36 (KHTML, like Gecko) Chrome/78.0.3904.108 Safari/537.36"
34.79.19.90 - - [08/Jan/2026:06:56:26 +0800] "GET //shop/wp-includes/wlwmanifest.xml HTTP/1.1" 404 548 "-" "Mozilla/5.0 (Windows NT 10.0; Win64; x64) AppleWebKit/537.36 (KHTML, like Gecko) Chrome/78.0.3904.108 Safari/537.36"
34.79.19.90 - - [08/Jan/2026:06:56:27 +0800] "GET //wp1/wp-includes/wlwmanifest.xml HTTP/1.1" 404 548 "-" "Mozilla/5.0 (Windows NT 10.0; Win64; x64) AppleWebKit/537.36 (KHTML, like Gecko) Chrome/78.0.3904.108 Safari/537.36"
34.79.19.90 - - [08/Jan/2026:06:56:28 +0800] "GET //test/wp-includes/wlwmanifest.xml HTTP/1.1" 404 548 "-" "Mozilla/5.0 (Windows NT 10.0; Win64; x64) AppleWebKit/537.36 (KHTML, like Gecko) Chrome/78.0.3904.108 Safari/537.36"
34.79.19.90 - - [08/Jan/2026:06:56:28 +0800] "GET //media/wp-includes/wlwmanifest.xml HTTP/1.1" 404 548 "-" "Mozilla/5.0 (Windows NT 10.0; Win64; x64) AppleWebKit/537.36 (KHTML, like Gecko) Chrome/78.0.3904.108 Safari/537.36"
34.79.19.90 - - [08/Jan/2026:06:56:29 +0800] "GET //wp2/wp-includes/wlwmanifest.xml HTTP/1.1" 404 548 "-" "Mozilla/5.0 (Windows NT 10.0; Win64; x64) AppleWebKit/537.36 (KHTML, like Gecko) Chrome/78.0.3904.108 Safari/537.36"
34.79.19.90 - - [08/Jan/2026:06:56:29 +0800] "GET //site/wp-includes/wlwmanifest.xml HTTP/1.1" 404 548 "-" "Mozilla/5.0 (Windows NT 10.0; Win64; x64) AppleWebKit/537.36 (KHTML, like Gecko) Chrome/78.0.3904.108 Safari/537.36"
