104.23.223.118 - - [05/Jan/2026:22:39:06 +0800] "GET /wp-admin/setup-config.php HTTP/1.1" 404 146 "-" "http://xtimchat.com/wp-admin/setup-config.php"
104.23.223.48 - - [05/Jan/2026:22:39:51 +0800] "GET /wordpress/wp-admin/setup-config.php HTTP/2.0" 301 162 "-" "https://xtimchat.com/wordpress/wp-admin/setup-config.php"
104.23.223.49 - - [05/Jan/2026:22:39:51 +0800] "GET /wp-admin/setup-config.php HTTP/2.0" 301 162 "-" "https://xtimchat.com/wp-admin/setup-config.php"
104.23.223.119 - - [05/Jan/2026:22:39:52 +0800] "GET /wordpress/wp-admin/setup-config.php HTTP/1.1" 404 146 "-" "https://xtimchat.com/wordpress/wp-admin/setup-config.php"
104.23.223.119 - - [05/Jan/2026:22:39:52 +0800] "GET /wp-admin/setup-config.php HTTP/1.1" 404 146 "-" "https://xtimchat.com/wp-admin/setup-config.php"
104.23.223.49 - - [05/Jan/2026:22:40:02 +0800] "GET /wordpress/wp-admin/setup-config.php HTTP/1.1" 301 162 "-" "Mozilla/5.0 (Windows NT 10.0; Win64; x64) AppleWebKit/537.36 (KHTML, like Gecko) Chrome/143.0.0.0 Safari/537.36"
104.23.223.118 - - [05/Jan/2026:22:40:02 +0800] "GET /wordpress/wp-admin/setup-config.php HTTP/1.1" 404 548 "-" "Mozilla/5.0 (Windows NT 10.0; Win64; x64) AppleWebKit/537.36 (KHTML, like Gecko) Chrome/143.0.0.0 Safari/537.36"
66.249.65.66 - - [05/Jan/2026:22:41:00 +0800] "GET /robots.txt HTTP/1.1" 301 162 "-" "Mozilla/5.0 (compatible; Googlebot/2.1; +http://www.google.com/bot.html)"
66.249.74.37 - - [05/Jan/2026:22:41:00 +0800] "GET /robots.txt HTTP/1.1" 404 146 "-" "Mozilla/5.0 (compatible; Googlebot/2.1; +http://www.google.com/bot.html)"
104.23.223.48 - - [05/Jan/2026:22:42:16 +0800] "GET /wp-admin/setup-config.php HTTP/1.1" 301 162 "-" "http://xtimchat.com/wp-admin/setup-config.php"
104.23.223.118 - - [05/Jan/2026:22:42:16 +0800] "GET /wp-admin/setup-config.php HTTP/1.1" 404 146 "-" "http://xtimchat.com/wp-admin/setup-config.php"
104.23.223.48 - - [05/Jan/2026:22:53:55 +0800] "GET /wordpress/wp-admin/setup-config.php HTTP/2.0" 301 162 "-" "https://xtimchat.com/wordpress/wp-admin/setup-config.php"
104.23.223.118 - - [05/Jan/2026:22:53:56 +0800] "GET /wordpress/wp-admin/setup-config.php HTTP/1.1" 404 146 "-" "https://xtimchat.com/wordpress/wp-admin/setup-config.php"
172.71.246.225 - - [05/Jan/2026:22:56:52 +0800] "GET /wordpress/wp-admin/setup-config.php HTTP/1.1" 301 162 "-" "http://xtimchat.com/wordpress/wp-admin/setup-config.php"
172.71.246.181 - - [05/Jan/2026:22:56:53 +0800] "GET /wordpress/wp-admin/setup-config.php HTTP/1.1" 404 146 "-" "http://xtimchat.com/wordpress/wp-admin/setup-config.php"
172.68.192.187 - - [05/Jan/2026:22:57:16 +0800] "GET /wp-admin/setup-config.php HTTP/1.1" 301 162 "-" "http://xtimchat.com/wp-admin/setup-config.php"
172.70.242.219 - - [05/Jan/2026:22:57:16 +0800] "GET /wp-admin/setup-config.php HTTP/1.1" 404 146 "-" "http://xtimchat.com/wp-admin/setup-config.php"
172.71.172.37 - - [05/Jan/2026:22:57:20 +0800] "GET /wp-admin/setup-config.php HTTP/2.0" 301 162 "-" "https://xtimchat.com/wp-admin/setup-config.php"
172.71.172.164 - - [05/Jan/2026:22:57:21 +0800] "GET /wp-admin/setup-config.php HTTP/1.1" 404 146 "-" "https://xtimchat.com/wp-admin/setup-config.php"
43.157.50.58 - - [05/Jan/2026:23:03:11 +0800] "GET / HTTP/1.1" 200 3639 "-" "Mozilla/5.0 (iPhone; CPU iPhone OS 13_2_3 like Mac OS X) AppleWebKit/605.1.15 (KHTML, like Gecko) Version/13.0.3 Mobile/15E148 Safari/604.1"
172.70.248.118 - - [05/Jan/2026:23:12:14 +0800] "GET /wordpress/wp-admin/setup-config.php HTTP/2.0" 301 162 "-" "https://xtimchat.com/wordpress/wp-admin/setup-config.php"
172.70.248.41 - - [05/Jan/2026:23:12:15 +0800] "GET /wordpress/wp-admin/setup-config.php HTTP/1.1" 404 146 "-" "https://xtimchat.com/wordpress/wp-admin/setup-config.php"
172.71.172.37 - - [05/Jan/2026:23:13:17 +0800] "GET /wp-admin/setup-config.php HTTP/1.1" 301 162 "-" "http://xtimchat.com/wp-admin/setup-config.php"
172.71.172.164 - - [05/Jan/2026:23:13:18 +0800] "GET /wp-admin/setup-config.php HTTP/1.1" 404 146 "-" "http://xtimchat.com/wp-admin/setup-config.php"
172.71.184.249 - - [05/Jan/2026:23:28:56 +0800] "GET /wordpress/wp-admin/setup-config.php HTTP/2.0" 301 162 "-" "https://xtimchat.com/wordpress/wp-admin/setup-config.php"
172.71.184.146 - - [05/Jan/2026:23:28:57 +0800] "GET /wordpress/wp-admin/setup-config.php HTTP/1.1" 404 146 "-" "https://xtimchat.com/wordpress/wp-admin/setup-config.php"
104.23.221.53 - - [05/Jan/2026:23:29:10 +0800] "GET /wp-admin/setup-config.php HTTP/1.1" 301 162 "-" "http://xtimchat.com/wp-admin/setup-config.php"
104.23.221.72 - - [05/Jan/2026:23:29:10 +0800] "GET /wp-admin/setup-config.php HTTP/1.1" 404 146 "-" "http://xtimchat.com/wp-admin/setup-config.php"
104.23.221.53 - - [05/Jan/2026:23:29:53 +0800] "GET /wordpress/wp-admin/setup-config.php HTTP/1.1" 301 162 "-" "http://xtimchat.com/wordpress/wp-admin/setup-config.php"
104.23.221.73 - - [05/Jan/2026:23:29:53 +0800] "GET /wordpress/wp-admin/setup-config.php HTTP/1.1" 404 146 "-" "http://xtimchat.com/wordpress/wp-admin/setup-config.php"
104.23.223.48 - - [05/Jan/2026:23:29:58 +0800] "GET /wp-admin/setup-config.php HTTP/2.0" 301 162 "-" "https://xtimchat.com/wp-admin/setup-config.php"
104.23.223.118 - - [05/Jan/2026:23:29:59 +0800] "GET /wp-admin/setup-config.php HTTP/1.1" 404 146 "-" "https://xtimchat.com/wp-admin/setup-config.php"
89.248.168.222 - - [05/Jan/2026:23:36:36 +0800] "GET / HTTP/2.0" 301 162 "-" "curl/7.68.0"
104.23.223.48 - - [05/Jan/2026:23:47:11 +0800] "GET /wp-admin/setup-config.php HTTP/2.0" 301 162 "-" "https://xtimchat.com/wp-admin/setup-config.php"
104.23.223.118 - - [05/Jan/2026:23:47:12 +0800] "GET /wp-admin/setup-config.php HTTP/1.1" 404 146 "-" "https://xtimchat.com/wp-admin/setup-config.php"
162.158.183.92 - - [05/Jan/2026:23:48:31 +0800] "GET /wordpress/wp-admin/setup-config.php HTTP/1.1" 301 162 "-" "http://xtimchat.com/wordpress/wp-admin/setup-config.php"
162.158.183.64 - - [05/Jan/2026:23:48:32 +0800] "GET /wordpress/wp-admin/setup-config.php HTTP/1.1" 404 146 "-" "http://xtimchat.com/wordpress/wp-admin/setup-config.php"
162.158.183.92 - - [05/Jan/2026:23:50:23 +0800] "GET /wp-admin/setup-config.php HTTP/1.1" 301 162 "-" "http://xtimchat.com/wp-admin/setup-config.php"
162.158.183.63 - - [05/Jan/2026:23:50:24 +0800] "GET /wp-admin/setup-config.php HTTP/1.1" 404 146 "-" "http://xtimchat.com/wp-admin/setup-config.php"
104.23.217.33 - - [05/Jan/2026:23:50:33 +0800] "GET /wordpress/wp-admin/setup-config.php HTTP/2.0" 301 162 "-" "https://xtimchat.com/wordpress/wp-admin/setup-config.php"
104.23.217.37 - - [05/Jan/2026:23:50:34 +0800] "GET /wordpress/wp-admin/setup-config.php HTTP/1.1" 404 146 "-" "https://xtimchat.com/wordpress/wp-admin/setup-config.php"
172.71.148.16 - - [06/Jan/2026:00:00:21 +0800] "GET /wp-admin/setup-config.php HTTP/1.1" 301 162 "-" "http://xtimchat.com/wp-admin/setup-config.php"
172.71.148.185 - - [06/Jan/2026:00:00:21 +0800] "GET /wp-admin/setup-config.php HTTP/1.1" 404 146 "-" "http://xtimchat.com/wp-admin/setup-config.php"
104.23.223.49 - - [06/Jan/2026:00:02:33 +0800] "GET /wp-admin/setup-config.php HTTP/2.0" 301 162 "-" "Mozilla/5.0 (Windows NT 10.0; Win64; x64) AppleWebKit/537.36 (KHTML, like Gecko) Chrome/143.0.0.0 Safari/537.36"
104.23.223.119 - - [06/Jan/2026:00:02:34 +0800] "GET /wp-admin/setup-config.php HTTP/1.1" 404 548 "-" "Mozilla/5.0 (Windows NT 10.0; Win64; x64) AppleWebKit/537.36 (KHTML, like Gecko) Chrome/143.0.0.0 Safari/537.36"
172.71.164.215 - - [06/Jan/2026:00:03:10 +0800] "GET /wordpress/wp-admin/setup-config.php HTTP/2.0" 301 162 "-" "Mozilla/5.0 (Windows NT 10.0; Win64; x64) AppleWebKit/537.36 (KHTML, like Gecko) Chrome/143.0.0.0 Safari/537.36"
172.71.164.211 - - [06/Jan/2026:00:03:10 +0800] "GET /wordpress/wp-admin/setup-config.php HTTP/1.1" 404 548 "-" "Mozilla/5.0 (Windows NT 10.0; Win64; x64) AppleWebKit/537.36 (KHTML, like Gecko) Chrome/143.0.0.0 Safari/537.36"
172.70.248.118 - - [06/Jan/2026:00:04:01 +0800] "GET /wordpress/wp-admin/setup-config.php HTTP/1.1" 301 162 "-" "http://xtimchat.com/wordpress/wp-admin/setup-config.php"
172.70.248.41 - - [06/Jan/2026:00:04:01 +0800] "GET /wordpress/wp-admin/setup-config.php HTTP/1.1" 404 146 "-" "http://xtimchat.com/wordpress/wp-admin/setup-config.php"
89.248.168.222 - - [06/Jan/2026:00:07:20 +0800] "GET / HTTP/2.0" 301 162 "-" "curl/7.68.0"
89.248.168.222 - - [06/Jan/2026:00:07:21 +0800] "GET / HTTP/1.1" 301 162 "-" "Mozilla/5.0 (Windows NT 10.0; Win64; x64) AppleWebKit/537.36 (KHTML,like Gecko) Chrome/95.0.4638.69 Safari/537.36"
89.248.168.222 - - [06/Jan/2026:00:07:21 +0800] "GET / HTTP/1.1" 200 3639 "-" "Mozilla/5.0 (Windows NT 10.0; Win64; x64) AppleWebKit/537.36 (KHTML,like Gecko) Chrome/95.0.4638.69 Safari/537.36"
104.23.223.48 - - [06/Jan/2026:00:18:07 +0800] "GET /wp-admin/setup-config.php HTTP/2.0" 301 162 "-" "https://xtimchat.com/wp-admin/setup-config.php"
104.23.223.118 - - [06/Jan/2026:00:18:07 +0800] "GET /wp-admin/setup-config.php HTTP/1.1" 404 146 "-" "https://xtimchat.com/wp-admin/setup-config.php"
172.71.172.37 - - [06/Jan/2026:00:19:28 +0800] "GET /wp-admin/setup-config.php HTTP/1.1" 301 162 "-" "http://xtimchat.com/wp-admin/setup-config.php"
172.71.172.165 - - [06/Jan/2026:00:19:28 +0800] "GET /wp-admin/setup-config.php HTTP/1.1" 404 146 "-" "http://xtimchat.com/wp-admin/setup-config.php"
104.23.221.53 - - [06/Jan/2026:00:19:52 +0800] "GET /wordpress/wp-admin/setup-config.php HTTP/1.1" 301 162 "-" "http://xtimchat.com/wordpress/wp-admin/setup-config.php"
104.23.221.72 - - [06/Jan/2026:00:19:52 +0800] "GET /wordpress/wp-admin/setup-config.php HTTP/1.1" 404 146 "-" "http://xtimchat.com/wordpress/wp-admin/setup-config.php"
104.23.223.49 - - [06/Jan/2026:00:20:17 +0800] "GET /wordpress/wp-admin/setup-config.php HTTP/2.0" 301 162 "-" "https://xtimchat.com/wordpress/wp-admin/setup-config.php"
104.23.223.118 - - [06/Jan/2026:00:20:17 +0800] "GET /wordpress/wp-admin/setup-config.php HTTP/1.1" 404 146 "-" "https://xtimchat.com/wordpress/wp-admin/setup-config.php"
104.23.221.52 - - [06/Jan/2026:00:33:56 +0800] "GET /wp-admin/setup-config.php HTTP/2.0" 301 162 "-" "https://xtimchat.com/wp-admin/setup-config.php"
104.23.221.72 - - [06/Jan/2026:00:33:57 +0800] "GET /wp-admin/setup-config.php HTTP/1.1" 404 146 "-" "https://xtimchat.com/wp-admin/setup-config.php"
172.68.192.187 - - [06/Jan/2026:00:34:10 +0800] "GET /wordpress/wp-admin/setup-config.php HTTP/1.1" 301 162 "-" "http://xtimchat.com/wordpress/wp-admin/setup-config.php"
172.70.242.219 - - [06/Jan/2026:00:34:11 +0800] "GET /wordpress/wp-admin/setup-config.php HTTP/1.1" 404 146 "-" "http://xtimchat.com/wordpress/wp-admin/setup-config.php"
104.23.221.52 - - [06/Jan/2026:00:34:52 +0800] "GET /wp-admin/setup-config.php HTTP/1.1" 301 162 "-" "http://xtimchat.com/wp-admin/setup-config.php"
104.23.221.72 - - [06/Jan/2026:00:34:52 +0800] "GET /wp-admin/setup-config.php HTTP/1.1" 404 146 "-" "http://xtimchat.com/wp-admin/setup-config.php"
104.23.221.52 - - [06/Jan/2026:00:35:20 +0800] "GET /wordpress/wp-admin/setup-config.php HTTP/2.0" 301 162 "-" "Mozilla/5.0 (Windows NT 10.0; Win64; x64) AppleWebKit/537.36 (KHTML, like Gecko) Chrome/143.0.0.0 Safari/537.36"
104.23.221.73 - - [06/Jan/2026:00:35:20 +0800] "GET /wordpress/wp-admin/setup-config.php HTTP/1.1" 404 548 "-" "Mozilla/5.0 (Windows NT 10.0; Win64; x64) AppleWebKit/537.36 (KHTML, like Gecko) Chrome/143.0.0.0 Safari/537.36"
172.71.164.214 - - [06/Jan/2026:00:49:25 +0800] "GET /wp-admin/setup-config.php HTTP/1.1" 301 162 "-" "Mozilla/5.0 (Windows NT 10.0; Win64; x64) AppleWebKit/537.36 (KHTML, like Gecko) Chrome/143.0.0.0 Safari/537.36"
172.71.164.210 - - [06/Jan/2026:00:49:26 +0800] "GET /wp-admin/setup-config.php HTTP/1.1" 404 548 "-" "Mozilla/5.0 (Windows NT 10.0; Win64; x64) AppleWebKit/537.36 (KHTML, like Gecko) Chrome/143.0.0.0 Safari/537.36"
104.23.223.48 - - [06/Jan/2026:00:50:04 +0800] "GET /wp-admin/setup-config.php HTTP/2.0" 301 162 "-" "https://xtimchat.com/wp-admin/setup-config.php"
104.23.223.118 - - [06/Jan/2026:00:50:05 +0800] "GET /wp-admin/setup-config.php HTTP/1.1" 404 146 "-" "https://xtimchat.com/wp-admin/setup-config.php"
151.240.205.206 - - [06/Jan/2026:00:50:11 +0800] "GET / HTTP/2.0" 301 162 "-" "Mozilla/5.0 (X11; Linux x86_64) AppleWebKit/537.36 (KHTML, like Gecko) Chrome/142.0.0.0 Safari/537.36"
151.240.205.206 - - [06/Jan/2026:00:50:16 +0800] "GET / HTTP/2.0" 200 3627 "-" "Mozilla/5.0 (X11; Linux x86_64) AppleWebKit/537.36 (KHTML, like Gecko) Chrome/142.0.0.0 Safari/537.36"
146.59.4.209 - - [06/Jan/2026:00:50:29 +0800] "GET / HTTP/2.0" 301 162 "-" "Mozilla/5.0 (X11; Linux x86_64) AppleWebKit/537.36 (KHTML, like Gecko) Chrome/142.0.0.0 Safari/537.36"
51.77.103.16 - - [06/Jan/2026:00:50:31 +0800] "GET / HTTP/1.0" 200 17381 "-" "Mozilla/5.0 (X11; Linux x86_64) AppleWebKit/537.36 (KHTML, like Gecko) Chrome/142.0.0.0 Safari/537.36"
198.244.133.160 - - [06/Jan/2026:00:50:35 +0800] "GET /favicon.ico HTTP/1.0" 404 548 "http://www.xtimchat.com/" "Mozilla/5.0 (X11; Linux x86_64) AppleWebKit/537.36 (KHTML, like Gecko) Chrome/142.0.0.0 Safari/537.36"
104.23.223.48 - - [06/Jan/2026:00:51:01 +0800] "GET /wordpress/wp-admin/setup-config.php HTTP/1.1" 301 162 "-" "http://xtimchat.com/wordpress/wp-admin/setup-config.php"
104.23.223.119 - - [06/Jan/2026:00:51:01 +0800] "GET /wordpress/wp-admin/setup-config.php HTTP/1.1" 404 146 "-" "http://xtimchat.com/wordpress/wp-admin/setup-config.php"
172.71.172.36 - - [06/Jan/2026:00:52:03 +0800] "GET /wordpress/wp-admin/setup-config.php HTTP/2.0" 301 162 "-" "Mozilla/5.0 (Windows NT 10.0; Win64; x64) AppleWebKit/537.36 (KHTML, like Gecko) Chrome/143.0.0.0 Safari/537.36"
172.71.172.165 - - [06/Jan/2026:00:52:04 +0800] "GET /wordpress/wp-admin/setup-config.php HTTP/1.1" 404 548 "-" "Mozilla/5.0 (Windows NT 10.0; Win64; x64) AppleWebKit/537.36 (KHTML, like Gecko) Chrome/143.0.0.0 Safari/537.36"
35.215.120.52 - - [06/Jan/2026:01:05:47 +0800] "GET / HTTP/1.1" 301 162 "-" "Mozilla/5.0 (Windows NT 10.0; Win64; x64) AppleWebKit/537.36 (KHTML, like Gecko; compatible; BW/1.3; rb.gy/qyzae5) Chrome/124.0.0.0 Safari/537.36"
35.215.120.52 - - [06/Jan/2026:01:05:48 +0800] "GET / HTTP/1.1" 200 3639 "-" "Mozilla/5.0 (Windows NT 10.0; Win64; x64) AppleWebKit/537.36 (KHTML, like Gecko; compatible; BW/1.3; rb.gy/qyzae5) Chrome/124.0.0.0 Safari/537.36"
35.215.120.52 - - [06/Jan/2026:01:05:48 +0800] "GET /robots.txt HTTP/1.1" 404 548 "-" "Mozilla/5.0 (Windows NT 10.0; Win64; x64) AppleWebKit/537.36 (KHTML, like Gecko; compatible; BW/1.3; rb.gy/qyzae5) Chrome/124.0.0.0 Safari/537.36"
35.215.120.52 - - [06/Jan/2026:01:05:53 +0800] "GET /llms.txt HTTP/1.1" 301 162 "-" "Mozilla/5.0 (Windows NT 10.0; Win64; x64) AppleWebKit/537.36 (KHTML, like Gecko; compatible; BW/1.3; rb.gy/qyzae5) Chrome/124.0.0.0 Safari/537.36"
35.215.120.52 - - [06/Jan/2026:01:05:54 +0800] "GET /llms.txt HTTP/1.1" 404 548 "-" "Mozilla/5.0 (Windows NT 10.0; Win64; x64) AppleWebKit/537.36 (KHTML, like Gecko; compatible; BW/1.3; rb.gy/qyzae5) Chrome/124.0.0.0 Safari/537.36"
104.23.223.49 - - [06/Jan/2026:01:06:38 +0800] "GET /wordpress/wp-admin/setup-config.php HTTP/2.0" 301 162 "-" "https://xtimchat.com/wordpress/wp-admin/setup-config.php"
104.23.223.119 - - [06/Jan/2026:01:06:39 +0800] "GET /wordpress/wp-admin/setup-config.php HTTP/1.1" 404 146 "-" "https://xtimchat.com/wordpress/wp-admin/setup-config.php"
172.71.144.22 - - [06/Jan/2026:01:06:43 +0800] "GET /wp-admin/setup-config.php HTTP/2.0" 301 162 "-" "https://xtimchat.com/wp-admin/setup-config.php"
172.71.144.165 - - [06/Jan/2026:01:06:43 +0800] "GET /wp-admin/setup-config.php HTTP/1.1" 404 146 "-" "https://xtimchat.com/wp-admin/setup-config.php"
34.106.49.233 - - [06/Jan/2026:01:07:10 +0800] "HEAD /backup/ HTTP/1.1" 301 0 "-" "Mozilla/5.0 (iPad; CPU OS 17_4 like Mac OS X) AppleWebKit/605.1.15 (KHTML, like Gecko) Version/17.4 Mobile/15E148 Safari/604.1"
34.106.49.233 - - [06/Jan/2026:01:07:10 +0800] "HEAD /backup/ HTTP/1.1" 404 0 "http://xtimchat.com/backup/" "Mozilla/5.0 (iPad; CPU OS 17_4 like Mac OS X) AppleWebKit/605.1.15 (KHTML, like Gecko) Version/17.4 Mobile/15E148 Safari/604.1"
34.106.49.233 - - [06/Jan/2026:01:07:11 +0800] "HEAD /wordpress/ HTTP/1.1" 301 0 "-" "Mozilla/5.0 (Linux; Android 13; Nokia G42 5G) AppleWebKit/537.36 (KHTML, like Gecko) Chrome/126.0.6478.41 Mobile Safari/537.36"
34.106.49.233 - - [06/Jan/2026:01:07:11 +0800] "HEAD /wordpress/ HTTP/1.1" 404 0 "http://xtimchat.com/wordpress/" "Mozilla/5.0 (Linux; Android 13; Nokia G42 5G) AppleWebKit/537.36 (KHTML, like Gecko) Chrome/126.0.6478.41 Mobile Safari/537.36"
34.106.49.233 - - [06/Jan/2026:01:07:11 +0800] "HEAD /old/ HTTP/1.1" 301 0 "-" "Mozilla/5.0 (iPhone; CPU iPhone OS 16_7 like Mac OS X) AppleWebKit/605.1.15 (KHTML, like Gecko) Version/16.7 Mobile/15E148 Safari/604.1"
34.106.49.233 - - [06/Jan/2026:01:07:11 +0800] "HEAD /old/ HTTP/1.1" 404 0 "http://xtimchat.com/old/" "Mozilla/5.0 (iPhone; CPU iPhone OS 16_7 like Mac OS X) AppleWebKit/605.1.15 (KHTML, like Gecko) Version/16.7 Mobile/15E148 Safari/604.1"
34.106.49.233 - - [06/Jan/2026:01:07:11 +0800] "HEAD /wp/ HTTP/1.1" 301 0 "-" "Mozilla/5.0 (Linux; Android 14; OnePlus 12) AppleWebKit/537.36 (KHTML, like Gecko) Chrome/125.0.6422.102 Mobile Safari/537.36"
34.106.49.233 - - [06/Jan/2026:01:07:12 +0800] "HEAD /wp/ HTTP/1.1" 404 0 "http://xtimchat.com/wp/" "Mozilla/5.0 (Linux; Android 14; OnePlus 12) AppleWebKit/537.36 (KHTML, like Gecko) Chrome/125.0.6422.102 Mobile Safari/537.36"
34.106.49.233 - - [06/Jan/2026:01:07:12 +0800] "HEAD / HTTP/1.1" 301 0 "-" "Mozilla/5.0 (Windows NT 10.0; WOW64) AppleWebKit/537.36 (KHTML, like Gecko) Chrome/118.0.5993.90 Safari/537.36"
34.106.49.233 - - [06/Jan/2026:01:07:12 +0800] "HEAD / HTTP/1.1" 200 0 "http://xtimchat.com/" "Mozilla/5.0 (Windows NT 10.0; WOW64) AppleWebKit/537.36 (KHTML, like Gecko) Chrome/118.0.5993.90 Safari/537.36"
34.106.49.233 - - [06/Jan/2026:01:07:12 +0800] "HEAD /new/ HTTP/1.1" 301 0 "-" "Mozilla/5.0 (Linux; Android 14; RMX3842) AppleWebKit/537.36 (KHTML, like Gecko) Chrome/126.0.6478.44 Mobile Safari/537.36"
34.106.49.233 - - [06/Jan/2026:01:07:12 +0800] "HEAD /new/ HTTP/1.1" 404 0 "http://xtimchat.com/new/" "Mozilla/5.0 (Linux; Android 14; RMX3842) AppleWebKit/537.36 (KHTML, like Gecko) Chrome/126.0.6478.44 Mobile Safari/537.36"
34.106.49.233 - - [06/Jan/2026:01:07:12 +0800] "HEAD /blog/ HTTP/1.1" 301 0 "-" "Mozilla/5.0 (Linux; U; Android 10; en-US; CPH2015) AppleWebKit/537.36 (KHTML, like Gecko) UCBrowser/13.5.8.1311 Mobile Safari/537.36"
34.106.49.233 - - [06/Jan/2026:01:07:13 +0800] "HEAD /blog/ HTTP/1.1" 404 0 "http://xtimchat.com/blog/" "Mozilla/5.0 (Linux; U; Android 10; en-US; CPH2015) AppleWebKit/537.36 (KHTML, like Gecko) UCBrowser/13.5.8.1311 Mobile Safari/537.36"
104.23.223.48 - - [06/Jan/2026:01:09:49 +0800] "GET /wordpress/wp-admin/setup-config.php HTTP/1.1" 301 162 "-" "Mozilla/5.0 (Windows NT 10.0; Win64; x64) AppleWebKit/537.36 (KHTML, like Gecko) Chrome/143.0.0.0 Safari/537.36"
104.23.223.118 - - [06/Jan/2026:01:09:49 +0800] "GET /wordpress/wp-admin/setup-config.php HTTP/1.1" 404 548 "-" "Mozilla/5.0 (Windows NT 10.0; Win64; x64) AppleWebKit/537.36 (KHTML, like Gecko) Chrome/143.0.0.0 Safari/537.36"
104.23.223.48 - - [06/Jan/2026:01:10:27 +0800] "GET /wp-admin/setup-config.php HTTP/1.1" 301 162 "-" "http://xtimchat.com/wp-admin/setup-config.php"
104.23.223.118 - - [06/Jan/2026:01:10:28 +0800] "GET /wp-admin/setup-config.php HTTP/1.1" 404 146 "-" "http://xtimchat.com/wp-admin/setup-config.php"
101.91.148.219 - - [06/Jan/2026:01:19:34 +0800] "GET / HTTP/1.1" 301 162 "-" "Mozilla/5.0 (iPhone; CPU iPhone OS 13_2_3 like Mac OS X) AppleWebKit/605.1.15 (KHTML, like Gecko) Version/13.0.3 Mobile/15E148 Safari/604.1"
172.71.184.249 - - [06/Jan/2026:01:24:02 +0800] "GET /wordpress/wp-admin/setup-config.php HTTP/1.1" 301 162 "-" "http://xtimchat.com/wordpress/wp-admin/setup-config.php"
172.71.184.147 - - [06/Jan/2026:01:24:03 +0800] "GET /wordpress/wp-admin/setup-config.php HTTP/1.1" 404 146 "-" "http://xtimchat.com/wordpress/wp-admin/setup-config.php"
104.23.223.49 - - [06/Jan/2026:01:26:02 +0800] "GET /wp-admin/setup-config.php HTTP/1.1" 301 162 "-" "http://xtimchat.com/wp-admin/setup-config.php"
104.23.223.119 - - [06/Jan/2026:01:26:02 +0800] "GET /wp-admin/setup-config.php HTTP/1.1" 404 146 "-" "http://xtimchat.com/wp-admin/setup-config.php"
104.23.223.49 - - [06/Jan/2026:01:26:11 +0800] "GET /wp-admin/setup-config.php HTTP/2.0" 301 162 "-" "Mozilla/5.0 (Windows NT 10.0; Win64; x64) AppleWebKit/537.36 (KHTML, like Gecko) Chrome/143.0.0.0 Safari/537.36"
104.23.223.118 - - [06/Jan/2026:01:26:12 +0800] "GET /wp-admin/setup-config.php HTTP/1.1" 404 548 "-" "Mozilla/5.0 (Windows NT 10.0; Win64; x64) AppleWebKit/537.36 (KHTML, like Gecko) Chrome/143.0.0.0 Safari/537.36"
172.68.10.182 - - [06/Jan/2026:01:26:59 +0800] "GET /wordpress/wp-admin/setup-config.php HTTP/2.0" 301 162 "-" "https://xtimchat.com/wordpress/wp-admin/setup-config.php"
172.68.10.214 - - [06/Jan/2026:01:27:00 +0800] "GET /wordpress/wp-admin/setup-config.php HTTP/1.1" 404 146 "-" "https://xtimchat.com/wordpress/wp-admin/setup-config.php"
193.19.82.13 - - [06/Jan/2026:01:33:52 +0800] "HEAD / HTTP/1.1" 301 0 "-" "Mozilla/5.0 (Windows NT 10.0; Win64; x64) AppleWebKit/537.36 (KHTML, like Gecko) Chrome/108.0.0.0 Safari/537.36"
193.19.82.13 - - [06/Jan/2026:01:34:24 +0800] "GET / HTTP/1.1" 301 162 "-" "Mozilla/5.0 (Windows NT 10.0; Win64; x64) AppleWebKit/537.36 (KHTML, like Gecko) Chrome/108.0.0.0 Safari/537.36"
104.23.223.49 - - [06/Jan/2026:01:39:23 +0800] "GET /wp-admin/setup-config.php HTTP/1.1" 301 162 "-" "http://xtimchat.com/wp-admin/setup-config.php"
104.23.223.119 - - [06/Jan/2026:01:39:23 +0800] "GET /wp-admin/setup-config.php HTTP/1.1" 404 146 "-" "http://xtimchat.com/wp-admin/setup-config.php"
104.23.223.48 - - [06/Jan/2026:01:40:48 +0800] "GET /wp-admin/setup-config.php HTTP/2.0" 301 162 "-" "Mozilla/5.0 (Windows NT 10.0; Win64; x64) AppleWebKit/537.36 (KHTML, like Gecko) Chrome/143.0.0.0 Safari/537.36"
104.23.223.119 - - [06/Jan/2026:01:40:49 +0800] "GET /wp-admin/setup-config.php HTTP/1.1" 404 548 "-" "Mozilla/5.0 (Windows NT 10.0; Win64; x64) AppleWebKit/537.36 (KHTML, like Gecko) Chrome/143.0.0.0 Safari/537.36"
104.23.221.52 - - [06/Jan/2026:01:41:07 +0800] "GET /wordpress/wp-admin/setup-config.php HTTP/2.0" 301 162 "-" "Mozilla/5.0 (Windows NT 10.0; Win64; x64) AppleWebKit/537.36 (KHTML, like Gecko) Chrome/143.0.0.0 Safari/537.36"
104.23.221.72 - - [06/Jan/2026:01:41:08 +0800] "GET /wordpress/wp-admin/setup-config.php HTTP/1.1" 404 548 "-" "Mozilla/5.0 (Windows NT 10.0; Win64; x64) AppleWebKit/537.36 (KHTML, like Gecko) Chrome/143.0.0.0 Safari/537.36"
104.23.223.49 - - [06/Jan/2026:01:42:12 +0800] "GET /wordpress/wp-admin/setup-config.php HTTP/1.1" 301 162 "-" "Mozilla/5.0 (Windows NT 10.0; Win64; x64) AppleWebKit/537.36 (KHTML, like Gecko) Chrome/143.0.0.0 Safari/537.36"
104.23.223.119 - - [06/Jan/2026:01:42:12 +0800] "GET /wordpress/wp-admin/setup-config.php HTTP/1.1" 404 548 "-" "Mozilla/5.0 (Windows NT 10.0; Win64; x64) AppleWebKit/537.36 (KHTML, like Gecko) Chrome/143.0.0.0 Safari/537.36"
91.202.5.142 - - [06/Jan/2026:01:46:02 +0800] "GET /.git/config HTTP/2.0" 301 162 "-" "curl/7.81.0"
104.23.223.48 - - [06/Jan/2026:01:54:37 +0800] "GET /wordpress/wp-admin/setup-config.php HTTP/1.1" 301 162 "-" "http://xtimchat.com/wordpress/wp-admin/setup-config.php"
104.23.223.118 - - [06/Jan/2026:01:54:38 +0800] "GET /wordpress/wp-admin/setup-config.php HTTP/1.1" 404 146 "-" "http://xtimchat.com/wordpress/wp-admin/setup-config.php"
104.23.221.52 - - [06/Jan/2026:01:56:56 +0800] "GET /wordpress/wp-admin/setup-config.php HTTP/2.0" 301 162 "-" "https://xtimchat.com/wordpress/wp-admin/setup-config.php"
104.23.221.72 - - [06/Jan/2026:01:56:56 +0800] "GET /wordpress/wp-admin/setup-config.php HTTP/1.1" 404 146 "-" "https://xtimchat.com/wordpress/wp-admin/setup-config.php"
104.23.223.49 - - [06/Jan/2026:01:57:04 +0800] "GET /wp-admin/setup-config.php HTTP/1.1" 301 162 "-" "http://xtimchat.com/wp-admin/setup-config.php"
104.23.223.118 - - [06/Jan/2026:01:57:05 +0800] "GET /wp-admin/setup-config.php HTTP/1.1" 404 146 "-" "http://xtimchat.com/wp-admin/setup-config.php"
104.23.221.53 - - [06/Jan/2026:01:58:04 +0800] "GET /wp-admin/setup-config.php HTTP/2.0" 301 162 "-" "https://xtimchat.com/wp-admin/setup-config.php"
104.23.221.72 - - [06/Jan/2026:01:58:05 +0800] "GET /wp-admin/setup-config.php HTTP/1.1" 404 146 "-" "https://xtimchat.com/wp-admin/setup-config.php"
104.23.221.52 - - [06/Jan/2026:02:10:50 +0800] "GET /wordpress/wp-admin/setup-config.php HTTP/2.0" 301 162 "-" "https://xtimchat.com/wordpress/wp-admin/setup-config.php"
104.23.221.72 - - [06/Jan/2026:02:10:50 +0800] "GET /wordpress/wp-admin/setup-config.php HTTP/1.1" 404 146 "-" "https://xtimchat.com/wordpress/wp-admin/setup-config.php"
104.23.223.49 - - [06/Jan/2026:02:12:27 +0800] "GET /wp-admin/setup-config.php HTTP/2.0" 301 162 "-" "Mozilla/5.0 (Windows NT 10.0; Win64; x64) AppleWebKit/537.36 (KHTML, like Gecko) Chrome/143.0.0.0 Safari/537.36"
104.23.223.119 - - [06/Jan/2026:02:12:27 +0800] "GET /wp-admin/setup-config.php HTTP/1.1" 404 548 "-" "Mozilla/5.0 (Windows NT 10.0; Win64; x64) AppleWebKit/537.36 (KHTML, like Gecko) Chrome/143.0.0.0 Safari/537.36"
104.23.223.48 - - [06/Jan/2026:02:14:06 +0800] "GET /wp-admin/setup-config.php HTTP/1.1" 301 162 "-" "http://xtimchat.com/wp-admin/setup-config.php"
104.23.223.118 - - [06/Jan/2026:02:14:06 +0800] "GET /wp-admin/setup-config.php HTTP/1.1" 404 146 "-" "http://xtimchat.com/wp-admin/setup-config.php"
172.71.184.248 - - [06/Jan/2026:02:14:42 +0800] "GET /wordpress/wp-admin/setup-config.php HTTP/1.1" 301 162 "-" "http://xtimchat.com/wordpress/wp-admin/setup-config.php"
172.71.184.146 - - [06/Jan/2026:02:14:43 +0800] "GET /wordpress/wp-admin/setup-config.php HTTP/1.1" 404 146 "-" "http://xtimchat.com/wordpress/wp-admin/setup-config.php"
182.77.75.124 - - [06/Jan/2026:02:23:27 +0800] "GET / HTTP/1.1" 301 162 "-" "Mozilla/5.0 (Linux x86_64; rv:114.0) Gecko/20100101 Firefox/114.0"
182.77.75.124 - - [06/Jan/2026:02:23:28 +0800] "GET / HTTP/1.1" 200 3639 "http://xtimchat.com" "Mozilla/5.0 (Linux x86_64; rv:114.0) Gecko/20100101 Firefox/114.0"
182.77.75.124 - - [06/Jan/2026:02:23:28 +0800] "GET / HTTP/1.1" 200 3639 "http://www.xtimchat.com/" "Mozilla/5.0 (Linux x86_64; rv:114.0) Gecko/20100101 Firefox/114.0"
182.77.75.124 - - [06/Jan/2026:02:23:29 +0800] "GET /?name=Deepak+Parcha&email=parchad78%40gmail.com&message=Hello+http://xtimchat.com%2C%0D%0A%0D%0AI%E2%80%99d+like+to+discuss+website+design+and+development+for+your+business.%0D%0A%0D%0AWe+create+professional+websites+that+help+businesses+attract+more+customers+and+build+trust+online.%0D%0A%0D%0AIf+interested%2C+I+can+share+our+website+design+packages+and+pricing+details.%0D%0A%0D%0AThank+you%2C%0D%0A%0D%0ADeepak+Parcha HTTP/1.1" 200 3639 "http://www.xtimchat.com/" "Mozilla/5.0 (Linux x86_64; rv:114.0) Gecko/20100101 Firefox/114.0"
172.71.184.248 - - [06/Jan/2026:02:28:50 +0800] "GET /wp-admin/setup-config.php HTTP/1.1" 301 162 "-" "http://xtimchat.com/wp-admin/setup-config.php"
172.71.184.147 - - [06/Jan/2026:02:28:51 +0800] "GET /wp-admin/setup-config.php HTTP/1.1" 404 146 "-" "http://xtimchat.com/wp-admin/setup-config.php"
104.23.223.48 - - [06/Jan/2026:02:31:08 +0800] "GET /wordpress/wp-admin/setup-config.php HTTP/1.1" 301 162 "-" "http://xtimchat.com/wordpress/wp-admin/setup-config.php"
104.23.223.119 - - [06/Jan/2026:02:31:09 +0800] "GET /wordpress/wp-admin/setup-config.php HTTP/1.1" 404 146 "-" "http://xtimchat.com/wordpress/wp-admin/setup-config.php"
104.23.223.49 - - [06/Jan/2026:02:31:12 +0800] "GET /wp-admin/setup-config.php HTTP/2.0" 301 162 "-" "https://xtimchat.com/wp-admin/setup-config.php"
104.23.223.118 - - [06/Jan/2026:02:31:13 +0800] "GET /wp-admin/setup-config.php HTTP/1.1" 404 146 "-" "https://xtimchat.com/wp-admin/setup-config.php"
104.23.223.49 - - [06/Jan/2026:02:31:21 +0800] "GET /wordpress/wp-admin/setup-config.php HTTP/2.0" 301 162 "-" "https://xtimchat.com/wordpress/wp-admin/setup-config.php"
104.23.223.118 - - [06/Jan/2026:02:31:21 +0800] "GET /wordpress/wp-admin/setup-config.php HTTP/1.1" 404 146 "-" "https://xtimchat.com/wordpress/wp-admin/setup-config.php"
172.70.248.119 - - [06/Jan/2026:02:45:35 +0800] "GET /wp-admin/setup-config.php HTTP/1.1" 301 162 "-" "http://xtimchat.com/wp-admin/setup-config.php"
172.70.248.18 - - [06/Jan/2026:02:45:36 +0800] "GET /wp-admin/setup-config.php HTTP/1.1" 404 146 "-" "http://xtimchat.com/wp-admin/setup-config.php"
104.23.223.48 - - [06/Jan/2026:02:47:29 +0800] "GET /wp-admin/setup-config.php HTTP/2.0" 301 162 "-" "https://xtimchat.com/wp-admin/setup-config.php"
104.23.223.119 - - [06/Jan/2026:02:47:29 +0800] "GET /wp-admin/setup-config.php HTTP/1.1" 404 146 "-" "https://xtimchat.com/wp-admin/setup-config.php"
104.23.223.49 - - [06/Jan/2026:02:47:33 +0800] "GET /wordpress/wp-admin/setup-config.php HTTP/1.1" 301 162 "-" "http://xtimchat.com/wordpress/wp-admin/setup-config.php"
104.23.223.118 - - [06/Jan/2026:02:47:34 +0800] "GET /wordpress/wp-admin/setup-config.php HTTP/1.1" 404 146 "-" "http://xtimchat.com/wordpress/wp-admin/setup-config.php"
104.23.221.52 - - [06/Jan/2026:02:48:47 +0800] "GET /wordpress/wp-admin/setup-config.php HTTP/2.0" 301 162 "-" "https://xtimchat.com/wordpress/wp-admin/setup-config.php"
104.23.221.73 - - [06/Jan/2026:02:48:48 +0800] "GET /wordpress/wp-admin/setup-config.php HTTP/1.1" 404 146 "-" "https://xtimchat.com/wordpress/wp-admin/setup-config.php"
170.106.113.235 - - [06/Jan/2026:02:49:33 +0800] "GET / HTTP/1.1" 301 162 "-" "Mozilla/5.0 (iPhone; CPU iPhone OS 13_2_3 like Mac OS X) AppleWebKit/605.1.15 (KHTML, like Gecko) Version/13.0.3 Mobile/15E148 Safari/604.1"
170.106.113.235 - - [06/Jan/2026:02:49:34 +0800] "GET / HTTP/1.1" 200 3639 "http://xtimchat.com" "Mozilla/5.0 (iPhone; CPU iPhone OS 13_2_3 like Mac OS X) AppleWebKit/605.1.15 (KHTML, like Gecko) Version/13.0.3 Mobile/15E148 Safari/604.1"
135.181.116.37 - - [06/Jan/2026:02:56:18 +0800] "GET / HTTP/1.1" 200 17381 "-" "MetaInspector/5.16.0 (+https://github.com/jaimeiniesta/metainspector)"
104.23.223.49 - - [06/Jan/2026:03:01:07 +0800] "GET /wordpress/wp-admin/setup-config.php HTTP/2.0" 301 162 "-" "Mozilla/5.0 (Windows NT 10.0; Win64; x64) AppleWebKit/537.36 (KHTML, like Gecko) Chrome/143.0.0.0 Safari/537.36"
104.23.223.118 - - [06/Jan/2026:03:01:07 +0800] "GET /wordpress/wp-admin/setup-config.php HTTP/1.1" 404 548 "-" "Mozilla/5.0 (Windows NT 10.0; Win64; x64) AppleWebKit/537.36 (KHTML, like Gecko) Chrome/143.0.0.0 Safari/537.36"
104.23.223.49 - - [06/Jan/2026:03:02:33 +0800] "GET /wp-admin/setup-config.php HTTP/1.1" 301 162 "-" "http://xtimchat.com/wp-admin/setup-config.php"
104.23.223.119 - - [06/Jan/2026:03:02:33 +0800] "GET /wp-admin/setup-config.php HTTP/1.1" 404 146 "-" "http://xtimchat.com/wp-admin/setup-config.php"
104.23.223.49 - - [06/Jan/2026:03:03:55 +0800] "GET /wordpress/wp-admin/setup-config.php HTTP/1.1" 301 162 "-" "http://xtimchat.com/wordpress/wp-admin/setup-config.php"
104.23.223.119 - - [06/Jan/2026:03:03:55 +0800] "GET /wordpress/wp-admin/setup-config.php HTTP/1.1" 404 146 "-" "http://xtimchat.com/wordpress/wp-admin/setup-config.php"
104.23.223.49 - - [06/Jan/2026:03:04:38 +0800] "GET /wp-admin/setup-config.php HTTP/2.0" 301 162 "-" "https://xtimchat.com/wp-admin/setup-config.php"
104.23.223.119 - - [06/Jan/2026:03:04:38 +0800] "GET /wp-admin/setup-config.php HTTP/1.1" 404 146 "-" "https://xtimchat.com/wp-admin/setup-config.php"
111.224.193.46 - - [06/Jan/2026:03:14:11 +0800] "GET / HTTP/1.1" 301 162 "-" "Mozilla/5.0 (Windows NT 10.0; Win64; x64) AppleWebKit/537.36 (KHTML, like Gecko) Chrome/79.0.3945.130 Safari/537.36"
111.224.193.46 - - [06/Jan/2026:03:14:12 +0800] "GET / HTTP/1.1" 200 3639 "-" "Mozilla/5.0 (Windows NT 10.0; Win64; x64) AppleWebKit/537.36 (KHTML, like Gecko) Chrome/79.0.3945.130 Safari/537.36"
111.224.193.46 - - [06/Jan/2026:03:14:12 +0800] "GET /hk HTTP/1.1" 301 162 "-" "Mozilla/5.0 (Windows NT 10.0; Win64; x64) AppleWebKit/537.36 (KHTML, like Gecko) Chrome/79.0.3945.130 Safari/537.36"
111.224.193.46 - - [06/Jan/2026:03:14:12 +0800] "GET /hk HTTP/1.1" 404 548 "-" "Mozilla/5.0 (Windows NT 10.0; Win64; x64) AppleWebKit/537.36 (KHTML, like Gecko) Chrome/79.0.3945.130 Safari/537.36"
111.224.193.46 - - [06/Jan/2026:03:14:12 +0800] "GET / HTTP/1.1" 301 162 "-" "Mozilla/5.0 (Windows NT 10.0; Win64; x64) AppleWebKit/537.36 (KHTML, like Gecko) Chrome/79.0.3945.130 Safari/537.36"
111.224.193.46 - - [06/Jan/2026:03:14:12 +0800] "GET / HTTP/1.1" 200 3639 "-" "Mozilla/5.0 (Windows NT 10.0; Win64; x64) AppleWebKit/537.36 (KHTML, like Gecko) Chrome/79.0.3945.130 Safari/537.36"
111.224.193.46 - - [06/Jan/2026:03:14:12 +0800] "GET /hk HTTP/1.1" 301 162 "-" "Mozilla/5.0 (Windows NT 10.0; Win64; x64) AppleWebKit/537.36 (KHTML, like Gecko) Chrome/79.0.3945.130 Safari/537.36"
111.224.193.46 - - [06/Jan/2026:03:14:12 +0800] "GET /hk HTTP/1.1" 404 548 "-" "Mozilla/5.0 (Windows NT 10.0; Win64; x64) AppleWebKit/537.36 (KHTML, like Gecko) Chrome/79.0.3945.130 Safari/537.36"
104.23.221.52 - - [06/Jan/2026:03:17:38 +0800] "GET /wordpress/wp-admin/setup-config.php HTTP/1.1" 301 162 "-" "http://xtimchat.com/wordpress/wp-admin/setup-config.php"
104.23.221.72 - - [06/Jan/2026:03:17:39 +0800] "GET /wordpress/wp-admin/setup-config.php HTTP/1.1" 404 146 "-" "http://xtimchat.com/wordpress/wp-admin/setup-config.php"
172.68.10.182 - - [06/Jan/2026:03:18:02 +0800] "GET /wp-admin/setup-config.php HTTP/1.1" 301 162 "-" "http://xtimchat.com/wp-admin/setup-config.php"
172.68.10.215 - - [06/Jan/2026:03:18:03 +0800] "GET /wp-admin/setup-config.php HTTP/1.1" 404 146 "-" "http://xtimchat.com/wp-admin/setup-config.php"
162.158.94.26 - - [06/Jan/2026:03:18:40 +0800] "GET /wordpress/wp-admin/setup-config.php HTTP/2.0" 301 162 "-" "https://xtimchat.com/wordpress/wp-admin/setup-config.php"
172.68.193.134 - - [06/Jan/2026:03:18:40 +0800] "GET /wordpress/wp-admin/setup-config.php HTTP/1.1" 404 146 "-" "https://xtimchat.com/wordpress/wp-admin/setup-config.php"
104.23.223.49 - - [06/Jan/2026:03:19:54 +0800] "GET /wp-admin/setup-config.php HTTP/2.0" 301 162 "-" "Mozilla/5.0 (Windows NT 10.0; Win64; x64) AppleWebKit/537.36 (KHTML, like Gecko) Chrome/143.0.0.0 Safari/537.36"
104.23.223.119 - - [06/Jan/2026:03:19:55 +0800] "GET /wp-admin/setup-config.php HTTP/1.1" 404 548 "-" "Mozilla/5.0 (Windows NT 10.0; Win64; x64) AppleWebKit/537.36 (KHTML, like Gecko) Chrome/143.0.0.0 Safari/537.36"
68.182.252.10 - - [06/Jan/2026:03:20:36 +0800] "GET / HTTP/1.1" 200 3639 "-" "Mozilla/5.0 (Linux x86_64; rv:114.0) Gecko/20100101 Firefox/114.0"
68.182.252.10 - - [06/Jan/2026:03:20:37 +0800] "GET / HTTP/1.1" 200 3639 "http://www.xtimchat.com/" "Mozilla/5.0 (Linux x86_64; rv:114.0) Gecko/20100101 Firefox/114.0"
68.182.252.10 - - [06/Jan/2026:03:20:38 +0800] "GET /?name=Kandy+Garner&email=indexing%40searches-xtimchat.com&message=Submit+xtimchat.com+for+GoogleSearchIndex+to+have+it+displayed+in+web+search+results.%0D%0AAdd+xtimchat.com+now+at+https%3A%2F%2Fsearchregister.org HTTP/1.1" 200 3639 "http://www.xtimchat.com/" "Mozilla/5.0 (Linux x86_64; rv:114.0) Gecko/20100101 Firefox/114.0"
104.23.221.52 - - [06/Jan/2026:03:34:28 +0800] "GET /wp-admin/setup-config.php HTTP/1.1" 301 162 "-" "Mozilla/5.0 (Windows NT 10.0; Win64; x64) AppleWebKit/537.36 (KHTML, like Gecko) Chrome/143.0.0.0 Safari/537.36"
104.23.221.35 - - [06/Jan/2026:03:34:28 +0800] "GET /wp-admin/setup-config.php HTTP/1.1" 404 548 "-" "Mozilla/5.0 (Windows NT 10.0; Win64; x64) AppleWebKit/537.36 (KHTML, like Gecko) Chrome/143.0.0.0 Safari/537.36"
104.23.221.53 - - [06/Jan/2026:03:34:32 +0800] "GET /wordpress/wp-admin/setup-config.php HTTP/1.1" 301 162 "-" "Mozilla/5.0 (Windows NT 10.0; Win64; x64) AppleWebKit/537.36 (KHTML, like Gecko) Chrome/143.0.0.0 Safari/537.36"
104.23.221.73 - - [06/Jan/2026:03:34:33 +0800] "GET /wordpress/wp-admin/setup-config.php HTTP/1.1" 404 548 "-" "Mozilla/5.0 (Windows NT 10.0; Win64; x64) AppleWebKit/537.36 (KHTML, like Gecko) Chrome/143.0.0.0 Safari/537.36"
172.68.10.183 - - [06/Jan/2026:03:35:03 +0800] "GET /wp-admin/setup-config.php HTTP/2.0" 301 162 "-" "https://xtimchat.com/wp-admin/setup-config.php"
172.68.10.214 - - [06/Jan/2026:03:35:04 +0800] "GET /wp-admin/setup-config.php HTTP/1.1" 404 146 "-" "https://xtimchat.com/wp-admin/setup-config.php"
172.68.192.187 - - [06/Jan/2026:03:37:23 +0800] "GET /wordpress/wp-admin/setup-config.php HTTP/2.0" 301 162 "-" "https://xtimchat.com/wordpress/wp-admin/setup-config.php"
172.68.192.166 - - [06/Jan/2026:03:37:23 +0800] "GET /wordpress/wp-admin/setup-config.php HTTP/1.1" 404 146 "-" "https://xtimchat.com/wordpress/wp-admin/setup-config.php"
172.71.184.248 - - [06/Jan/2026:03:52:13 +0800] "GET /wp-admin/setup-config.php HTTP/2.0" 301 162 "-" "https://xtimchat.com/wp-admin/setup-config.php"
172.71.184.147 - - [06/Jan/2026:03:52:14 +0800] "GET /wp-admin/setup-config.php HTTP/1.1" 404 146 "-" "https://xtimchat.com/wp-admin/setup-config.php"
104.23.223.48 - - [06/Jan/2026:03:53:39 +0800] "GET /wp-admin/setup-config.php HTTP/1.1" 301 162 "-" "Mozilla/5.0 (Windows NT 10.0; Win64; x64) AppleWebKit/537.36 (KHTML, like Gecko) Chrome/143.0.0.0 Safari/537.36"
104.23.223.119 - - [06/Jan/2026:03:53:41 +0800] "GET /wp-admin/setup-config.php HTTP/1.1" 404 548 "-" "Mozilla/5.0 (Windows NT 10.0; Win64; x64) AppleWebKit/537.36 (KHTML, like Gecko) Chrome/143.0.0.0 Safari/537.36"
162.158.94.26 - - [06/Jan/2026:03:54:31 +0800] "GET /wordpress/wp-admin/setup-config.php HTTP/2.0" 301 162 "-" "https://xtimchat.com/wordpress/wp-admin/setup-config.php"
172.68.193.134 - - [06/Jan/2026:03:54:31 +0800] "GET /wordpress/wp-admin/setup-config.php HTTP/1.1" 404 146 "-" "https://xtimchat.com/wordpress/wp-admin/setup-config.php"
172.68.195.140 - - [06/Jan/2026:03:54:44 +0800] "GET /wordpress/wp-admin/setup-config.php HTTP/1.1" 301 162 "-" "Mozilla/5.0 (Windows NT 10.0; Win64; x64) AppleWebKit/537.36 (KHTML, like Gecko) Chrome/143.0.0.0 Safari/537.36"
172.69.150.67 - - [06/Jan/2026:03:54:45 +0800] "GET /wordpress/wp-admin/setup-config.php HTTP/1.1" 404 548 "-" "Mozilla/5.0 (Windows NT 10.0; Win64; x64) AppleWebKit/537.36 (KHTML, like Gecko) Chrome/143.0.0.0 Safari/537.36"
157.230.186.143 - - [06/Jan/2026:03:55:33 +0800] "GET / HTTP/1.1" 301 162 "-" "Mozilla/5.0 (X11; Linux x86_64; rv:142.0) Gecko/20100101 Firefox/142.0"
157.230.186.143 - - [06/Jan/2026:03:55:33 +0800] "GET /favicon.ico HTTP/1.1" 301 162 "http://xtimchat.com/" "Mozilla/5.0 (X11; Linux x86_64; rv:142.0) Gecko/20100101 Firefox/142.0"
157.230.186.143 - - [06/Jan/2026:03:55:34 +0800] "GET / HTTP/1.1" 301 162 "-" "Mozilla/5.0 (X11; Linux x86_64) AppleWebKit/537.36 (KHTML, like Gecko) Chrome/142.0.0.0 Safari/537.36"
157.230.186.143 - - [06/Jan/2026:03:55:39 +0800] "GET /favicon.ico HTTP/1.1" 301 162 "https://xtimchat.com/" "Mozilla/5.0 (X11; Linux x86_64) AppleWebKit/537.36 (KHTML, like Gecko) Chrome/142.0.0.0 Safari/537.36"
172.71.148.17 - - [06/Jan/2026:04:07:48 +0800] "GET /wordpress/wp-admin/setup-config.php HTTP/1.1" 301 162 "-" "Mozilla/5.0 (Windows NT 10.0; Win64; x64) AppleWebKit/537.36 (KHTML, like Gecko) Chrome/143.0.0.0 Safari/537.36"
172.71.148.185 - - [06/Jan/2026:04:07:49 +0800] "GET /wordpress/wp-admin/setup-config.php HTTP/1.1" 404 548 "-" "Mozilla/5.0 (Windows NT 10.0; Win64; x64) AppleWebKit/537.36 (KHTML, like Gecko) Chrome/143.0.0.0 Safari/537.36"
161.142.139.132 - - [06/Jan/2026:04:08:06 +0800] "GET /wp-includes/wlwmanifest.xml HTTP/1.1" 400 552 "-" "Mozilla/5.0 (Windows NT 10.0; Win64; x64) AppleWebKit/537.36 (KHTML, like Gecko) Chrome/63.0.3239.132 Safari/537.36"
161.142.139.132 - - [06/Jan/2026:04:08:09 +0800] "GET /xmlrpc.php?rsd HTTP/1.1" 301 162 "-" "Mozilla/5.0 (Windows NT 10.0; Win64; x64) AppleWebKit/537.36 (KHTML, like Gecko) Chrome/63.0.3239.132 Safari/537.36"
161.142.139.132 - - [06/Jan/2026:04:08:09 +0800] "GET / HTTP/1.1" 301 162 "-" "Mozilla/5.0 (Windows NT 10.0; Win64; x64) AppleWebKit/537.36 (KHTML, like Gecko) Chrome/63.0.3239.132 Safari/537.36"
161.142.139.132 - - [06/Jan/2026:04:08:09 +0800] "GET /blog/wp-includes/wlwmanifest.xml HTTP/1.1" 301 162 "-" "Mozilla/5.0 (Windows NT 10.0; Win64; x64) AppleWebKit/537.36 (KHTML, like Gecko) Chrome/63.0.3239.132 Safari/537.36"
161.142.139.132 - - [06/Jan/2026:04:08:09 +0800] "GET /wordpress/wp-includes/wlwmanifest.xml HTTP/1.1" 301 162 "-" "Mozilla/5.0 (Windows NT 10.0; Win64; x64) AppleWebKit/537.36 (KHTML, like Gecko) Chrome/63.0.3239.132 Safari/537.36"
161.142.139.132 - - [06/Jan/2026:04:08:09 +0800] "GET /wp/wp-includes/wlwmanifest.xml HTTP/1.1" 301 162 "-" "Mozilla/5.0 (Windows NT 10.0; Win64; x64) AppleWebKit/537.36 (KHTML, like Gecko) Chrome/63.0.3239.132 Safari/537.36"
161.142.139.132 - - [06/Jan/2026:04:08:09 +0800] "GET /site/wp-includes/wlwmanifest.xml HTTP/1.1" 301 162 "-" "Mozilla/5.0 (Windows NT 10.0; Win64; x64) AppleWebKit/537.36 (KHTML, like Gecko) Chrome/63.0.3239.132 Safari/537.36"
161.142.139.132 - - [06/Jan/2026:04:08:09 +0800] "GET /cms/wp-includes/wlwmanifest.xml HTTP/1.1" 301 162 "-" "Mozilla/5.0 (Windows NT 10.0; Win64; x64) AppleWebKit/537.36 (KHTML, like Gecko) Chrome/63.0.3239.132 Safari/537.36"
172.71.184.248 - - [06/Jan/2026:04:08:45 +0800] "GET /wordpress/wp-admin/setup-config.php HTTP/2.0" 301 162 "-" "https://xtimchat.com/wordpress/wp-admin/setup-config.php"
172.71.184.185 - - [06/Jan/2026:04:08:47 +0800] "GET /wordpress/wp-admin/setup-config.php HTTP/1.1" 404 146 "-" "https://xtimchat.com/wordpress/wp-admin/setup-config.php"
172.71.184.248 - - [06/Jan/2026:04:08:50 +0800] "GET /wp-admin/setup-config.php HTTP/2.0" 301 162 "-" "https://xtimchat.com/wp-admin/setup-config.php"
172.71.184.146 - - [06/Jan/2026:04:08:51 +0800] "GET /wp-admin/setup-config.php HTTP/1.1" 404 146 "-" "https://xtimchat.com/wp-admin/setup-config.php"
104.23.221.52 - - [06/Jan/2026:04:10:59 +0800] "GET /wp-admin/setup-config.php HTTP/1.1" 301 162 "-" "http://xtimchat.com/wp-admin/setup-config.php"
104.23.221.72 - - [06/Jan/2026:04:10:59 +0800] "GET /wp-admin/setup-config.php HTTP/1.1" 404 146 "-" "http://xtimchat.com/wp-admin/setup-config.php"
172.68.10.183 - - [06/Jan/2026:04:17:57 +0800] "GET /wp-admin/setup-config.php HTTP/1.1" 301 162 "-" "http://xtimchat.com/wp-admin/setup-config.php"
172.68.10.214 - - [06/Jan/2026:04:17:58 +0800] "GET /wp-admin/setup-config.php HTTP/1.1" 404 146 "-" "http://xtimchat.com/wp-admin/setup-config.php"
104.23.221.52 - - [06/Jan/2026:04:18:39 +0800] "GET /wp-admin/setup-config.php HTTP/2.0" 301 162 "-" "https://xtimchat.com/wp-admin/setup-config.php"
104.23.221.72 - - [06/Jan/2026:04:18:40 +0800] "GET /wp-admin/setup-config.php HTTP/1.1" 404 146 "-" "https://xtimchat.com/wp-admin/setup-config.php"
172.69.194.128 - - [06/Jan/2026:04:20:35 +0800] "GET /wordpress/wp-admin/setup-config.php HTTP/2.0" 301 162 "-" "https://xtimchat.com/wordpress/wp-admin/setup-config.php"
172.69.195.197 - - [06/Jan/2026:04:20:35 +0800] "GET /wordpress/wp-admin/setup-config.php HTTP/1.1" 404 146 "-" "https://xtimchat.com/wordpress/wp-admin/setup-config.php"
172.71.184.248 - - [06/Jan/2026:04:20:54 +0800] "GET /wordpress/wp-admin/setup-config.php HTTP/1.1" 301 162 "-" "Mozilla/5.0 (Windows NT 10.0; Win64; x64) AppleWebKit/537.36 (KHTML, like Gecko) Chrome/143.0.0.0 Safari/537.36"
172.71.184.146 - - [06/Jan/2026:04:20:54 +0800] "GET /wordpress/wp-admin/setup-config.php HTTP/1.1" 404 548 "-" "Mozilla/5.0 (Windows NT 10.0; Win64; x64) AppleWebKit/537.36 (KHTML, like Gecko) Chrome/143.0.0.0 Safari/537.36"
43.156.232.190 - - [06/Jan/2026:04:21:08 +0800] "GET / HTTP/1.1" 200 3639 "-" "Mozilla/5.0 (iPhone; CPU iPhone OS 13_2_3 like Mac OS X) AppleWebKit/605.1.15 (KHTML, like Gecko) Version/13.0.3 Mobile/15E148 Safari/604.1"
172.68.10.183 - - [06/Jan/2026:04:35:26 +0800] "GET /wp-admin/setup-config.php HTTP/1.1" 301 162 "-" "http://xtimchat.com/wp-admin/setup-config.php"
172.68.10.214 - - [06/Jan/2026:04:35:27 +0800] "GET /wp-admin/setup-config.php HTTP/1.1" 404 146 "-" "http://xtimchat.com/wp-admin/setup-config.php"
172.71.184.248 - - [06/Jan/2026:04:35:36 +0800] "GET /wordpress/wp-admin/setup-config.php HTTP/2.0" 301 162 "-" "https://xtimchat.com/wordpress/wp-admin/setup-config.php"
172.71.184.147 - - [06/Jan/2026:04:35:37 +0800] "GET /wordpress/wp-admin/setup-config.php HTTP/1.1" 404 146 "-" "https://xtimchat.com/wordpress/wp-admin/setup-config.php"
172.68.10.183 - - [06/Jan/2026:04:36:10 +0800] "GET /wordpress/wp-admin/setup-config.php HTTP/1.1" 301 162 "-" "http://xtimchat.com/wordpress/wp-admin/setup-config.php"
104.23.221.53 - - [06/Jan/2026:04:36:11 +0800] "GET /wp-admin/setup-config.php HTTP/2.0" 301 162 "-" "https://xtimchat.com/wp-admin/setup-config.php"
172.68.10.214 - - [06/Jan/2026:04:36:11 +0800] "GET /wordpress/wp-admin/setup-config.php HTTP/1.1" 404 146 "-" "http://xtimchat.com/wordpress/wp-admin/setup-config.php"
104.23.221.72 - - [06/Jan/2026:04:36:11 +0800] "GET /wp-admin/setup-config.php HTTP/1.1" 404 146 "-" "https://xtimchat.com/wp-admin/setup-config.php"
188.166.182.202 - - [06/Jan/2026:04:48:11 +0800] "GET / HTTP/1.1" 301 162 "-" "Mozilla/5.0 (Windows NT 10.0; Win64; x64) AppleWebKit/537.36 (KHTML, like Gecko) Chrome/78.0.3904.108 Safari/537.36"
188.166.182.202 - - [06/Jan/2026:04:48:11 +0800] "GET / HTTP/1.1" 200 17381 "-" "Mozilla/5.0 (Windows NT 10.0; Win64; x64) AppleWebKit/537.36 (KHTML, like Gecko) Chrome/78.0.3904.108 Safari/537.36"
188.166.182.202 - - [06/Jan/2026:04:48:11 +0800] "GET //wp-includes/wlwmanifest.xml HTTP/1.1" 404 548 "-" "Mozilla/5.0 (Windows NT 10.0; Win64; x64) AppleWebKit/537.36 (KHTML, like Gecko) Chrome/78.0.3904.108 Safari/537.36"
188.166.182.202 - - [06/Jan/2026:04:48:12 +0800] "GET //xmlrpc.php?rsd HTTP/1.1" 404 548 "-" "Mozilla/5.0 (Windows NT 10.0; Win64; x64) AppleWebKit/537.36 (KHTML, like Gecko) Chrome/78.0.3904.108 Safari/537.36"
188.166.182.202 - - [06/Jan/2026:04:48:12 +0800] "GET / HTTP/1.1" 200 17381 "-" "Mozilla/5.0 (Windows NT 10.0; Win64; x64) AppleWebKit/537.36 (KHTML, like Gecko) Chrome/78.0.3904.108 Safari/537.36"
188.166.182.202 - - [06/Jan/2026:04:48:12 +0800] "GET //blog/wp-includes/wlwmanifest.xml HTTP/1.1" 404 548 "-" "Mozilla/5.0 (Windows NT 10.0; Win64; x64) AppleWebKit/537.36 (KHTML, like Gecko) Chrome/78.0.3904.108 Safari/537.36"
188.166.182.202 - - [06/Jan/2026:04:48:12 +0800] "GET //web/wp-includes/wlwmanifest.xml HTTP/1.1" 404 548 "-" "Mozilla/5.0 (Windows NT 10.0; Win64; x64) AppleWebKit/537.36 (KHTML, like Gecko) Chrome/78.0.3904.108 Safari/537.36"
188.166.182.202 - - [06/Jan/2026:04:48:13 +0800] "GET //wordpress/wp-includes/wlwmanifest.xml HTTP/1.1" 404 548 "-" "Mozilla/5.0 (Windows NT 10.0; Win64; x64) AppleWebKit/537.36 (KHTML, like Gecko) Chrome/78.0.3904.108 Safari/537.36"
188.166.182.202 - - [06/Jan/2026:04:48:13 +0800] "GET //website/wp-includes/wlwmanifest.xml HTTP/1.1" 404 548 "-" "Mozilla/5.0 (Windows NT 10.0; Win64; x64) AppleWebKit/537.36 (KHTML, like Gecko) Chrome/78.0.3904.108 Safari/537.36"
188.166.182.202 - - [06/Jan/2026:04:48:13 +0800] "GET //wp/wp-includes/wlwmanifest.xml HTTP/1.1" 404 548 "-" "Mozilla/5.0 (Windows NT 10.0; Win64; x64) AppleWebKit/537.36 (KHTML, like Gecko) Chrome/78.0.3904.108 Safari/537.36"
188.166.182.202 - - [06/Jan/2026:04:48:14 +0800] "GET //news/wp-includes/wlwmanifest.xml HTTP/1.1" 404 548 "-" "Mozilla/5.0 (Windows NT 10.0; Win64; x64) AppleWebKit/537.36 (KHTML, like Gecko) Chrome/78.0.3904.108 Safari/537.36"
188.166.182.202 - - [06/Jan/2026:04:48:14 +0800] "GET //2018/wp-includes/wlwmanifest.xml HTTP/1.1" 404 548 "-" "Mozilla/5.0 (Windows NT 10.0; Win64; x64) AppleWebKit/537.36 (KHTML, like Gecko) Chrome/78.0.3904.108 Safari/537.36"
188.166.182.202 - - [06/Jan/2026:04:48:14 +0800] "GET //2019/wp-includes/wlwmanifest.xml HTTP/1.1" 404 548 "-" "Mozilla/5.0 (Windows NT 10.0; Win64; x64) AppleWebKit/537.36 (KHTML, like Gecko) Chrome/78.0.3904.108 Safari/537.36"
188.166.182.202 - - [06/Jan/2026:04:48:14 +0800] "GET //shop/wp-includes/wlwmanifest.xml HTTP/1.1" 404 548 "-" "Mozilla/5.0 (Windows NT 10.0; Win64; x64) AppleWebKit/537.36 (KHTML, like Gecko) Chrome/78.0.3904.108 Safari/537.36"
188.166.182.202 - - [06/Jan/2026:04:48:15 +0800] "GET //wp1/wp-includes/wlwmanifest.xml HTTP/1.1" 404 548 "-" "Mozilla/5.0 (Windows NT 10.0; Win64; x64) AppleWebKit/537.36 (KHTML, like Gecko) Chrome/78.0.3904.108 Safari/537.36"
188.166.182.202 - - [06/Jan/2026:04:48:15 +0800] "GET //test/wp-includes/wlwmanifest.xml HTTP/1.1" 404 548 "-" "Mozilla/5.0 (Windows NT 10.0; Win64; x64) AppleWebKit/537.36 (KHTML, like Gecko) Chrome/78.0.3904.108 Safari/537.36"
188.166.182.202 - - [06/Jan/2026:04:48:15 +0800] "GET //media/wp-includes/wlwmanifest.xml HTTP/1.1" 404 548 "-" "Mozilla/5.0 (Windows NT 10.0; Win64; x64) AppleWebKit/537.36 (KHTML, like Gecko) Chrome/78.0.3904.108 Safari/537.36"
188.166.182.202 - - [06/Jan/2026:04:48:16 +0800] "GET //wp2/wp-includes/wlwmanifest.xml HTTP/1.1" 404 548 "-" "Mozilla/5.0 (Windows NT 10.0; Win64; x64) AppleWebKit/537.36 (KHTML, like Gecko) Chrome/78.0.3904.108 Safari/537.36"
188.166.182.202 - - [06/Jan/2026:04:48:16 +0800] "GET //site/wp-includes/wlwmanifest.xml HTTP/1.1" 404 548 "-" "Mozilla/5.0 (Windows NT 10.0; Win64; x64) AppleWebKit/537.36 (KHTML, like Gecko) Chrome/78.0.3904.108 Safari/537.36"
188.166.182.202 - - [06/Jan/2026:04:48:16 +0800] "GET //cms/wp-includes/wlwmanifest.xml HTTP/1.1" 404 548 "-" "Mozilla/5.0 (Windows NT 10.0; Win64; x64) AppleWebKit/537.36 (KHTML, like Gecko) Chrome/78.0.3904.108 Safari/537.36"
188.166.182.202 - - [06/Jan/2026:04:48:16 +0800] "GET //sito/wp-includes/wlwmanifest.xml HTTP/1.1" 404 548 "-" "Mozilla/5.0 (Windows NT 10.0; Win64; x64) AppleWebKit/537.36 (KHTML, like Gecko) Chrome/78.0.3904.108 Safari/537.36"
172.70.240.208 - - [06/Jan/2026:04:50:06 +0800] "GET /wp-admin/setup-config.php HTTP/2.0" 301 162 "-" "https://xtimchat.com/wp-admin/setup-config.php"
172.70.240.184 - - [06/Jan/2026:04:50:07 +0800] "GET /wp-admin/setup-config.php HTTP/1.1" 404 146 "-" "https://xtimchat.com/wp-admin/setup-config.php"
