35.78.119.136 - - [08/Jan/2026:13:03:20 +0800] "GET / HTTP/1.1" 200 17381 "-" "Mozilla/5.0 (Windows NT 10.0; Win64; x64) AppleWebKit/537.36 (KHTML, like Gecko) Chrome/78.0.3904.108 Safari/537.36"
35.78.119.136 - - [08/Jan/2026:13:03:21 +0800] "GET //blog/wp-includes/wlwmanifest.xml HTTP/1.1" 404 548 "-" "Mozilla/5.0 (Windows NT 10.0; Win64; x64) AppleWebKit/537.36 (KHTML, like Gecko) Chrome/78.0.3904.108 Safari/537.36"
35.78.119.136 - - [08/Jan/2026:13:03:21 +0800] "GET //web/wp-includes/wlwmanifest.xml HTTP/1.1" 404 548 "-" "Mozilla/5.0 (Windows NT 10.0; Win64; x64) AppleWebKit/537.36 (KHTML, like Gecko) Chrome/78.0.3904.108 Safari/537.36"
35.78.119.136 - - [08/Jan/2026:13:03:21 +0800] "GET //wordpress/wp-includes/wlwmanifest.xml HTTP/1.1" 404 548 "-" "Mozilla/5.0 (Windows NT 10.0; Win64; x64) AppleWebKit/537.36 (KHTML, like Gecko) Chrome/78.0.3904.108 Safari/537.36"
35.78.119.136 - - [08/Jan/2026:13:03:22 +0800] "GET //website/wp-includes/wlwmanifest.xml HTTP/1.1" 404 548 "-" "Mozilla/5.0 (Windows NT 10.0; Win64; x64) AppleWebKit/537.36 (KHTML, like Gecko) Chrome/78.0.3904.108 Safari/537.36"
35.78.119.136 - - [08/Jan/2026:13:03:22 +0800] "GET //wp/wp-includes/wlwmanifest.xml HTTP/1.1" 404 548 "-" "Mozilla/5.0 (Windows NT 10.0; Win64; x64) AppleWebKit/537.36 (KHTML, like Gecko) Chrome/78.0.3904.108 Safari/537.36"
35.78.119.136 - - [08/Jan/2026:13:03:23 +0800] "GET //news/wp-includes/wlwmanifest.xml HTTP/1.1" 404 548 "-" "Mozilla/5.0 (Windows NT 10.0; Win64; x64) AppleWebKit/537.36 (KHTML, like Gecko) Chrome/78.0.3904.108 Safari/537.36"
35.78.119.136 - - [08/Jan/2026:13:03:23 +0800] "GET //2018/wp-includes/wlwmanifest.xml HTTP/1.1" 404 548 "-" "Mozilla/5.0 (Windows NT 10.0; Win64; x64) AppleWebKit/537.36 (KHTML, like Gecko) Chrome/78.0.3904.108 Safari/537.36"
35.78.119.136 - - [08/Jan/2026:13:03:24 +0800] "GET //2019/wp-includes/wlwmanifest.xml HTTP/1.1" 404 548 "-" "Mozilla/5.0 (Windows NT 10.0; Win64; x64) AppleWebKit/537.36 (KHTML, like Gecko) Chrome/78.0.3904.108 Safari/537.36"
35.78.119.136 - - [08/Jan/2026:13:03:24 +0800] "GET //shop/wp-includes/wlwmanifest.xml HTTP/1.1" 404 548 "-" "Mozilla/5.0 (Windows NT 10.0; Win64; x64) AppleWebKit/537.36 (KHTML, like Gecko) Chrome/78.0.3904.108 Safari/537.36"
35.78.119.136 - - [08/Jan/2026:13:03:25 +0800] "GET //wp1/wp-includes/wlwmanifest.xml HTTP/1.1" 404 548 "-" "Mozilla/5.0 (Windows NT 10.0; Win64; x64) AppleWebKit/537.36 (KHTML, like Gecko) Chrome/78.0.3904.108 Safari/537.36"
35.78.119.136 - - [08/Jan/2026:13:03:25 +0800] "GET //test/wp-includes/wlwmanifest.xml HTTP/1.1" 404 548 "-" "Mozilla/5.0 (Windows NT 10.0; Win64; x64) AppleWebKit/537.36 (KHTML, like Gecko) Chrome/78.0.3904.108 Safari/537.36"
35.78.119.136 - - [08/Jan/2026:13:03:25 +0800] "GET //media/wp-includes/wlwmanifest.xml HTTP/1.1" 404 548 "-" "Mozilla/5.0 (Windows NT 10.0; Win64; x64) AppleWebKit/537.36 (KHTML, like Gecko) Chrome/78.0.3904.108 Safari/537.36"
35.78.119.136 - - [08/Jan/2026:13:03:26 +0800] "GET //wp2/wp-includes/wlwmanifest.xml HTTP/1.1" 404 548 "-" "Mozilla/5.0 (Windows NT 10.0; Win64; x64) AppleWebKit/537.36 (KHTML, like Gecko) Chrome/78.0.3904.108 Safari/537.36"
35.78.119.136 - - [08/Jan/2026:13:03:26 +0800] "GET //site/wp-includes/wlwmanifest.xml HTTP/1.1" 404 548 "-" "Mozilla/5.0 (Windows NT 10.0; Win64; x64) AppleWebKit/537.36 (KHTML, like Gecko) Chrome/78.0.3904.108 Safari/537.36"
35.78.119.136 - - [08/Jan/2026:13:03:27 +0800] "GET //cms/wp-includes/wlwmanifest.xml HTTP/1.1" 404 548 "-" "Mozilla/5.0 (Windows NT 10.0; Win64; x64) AppleWebKit/537.36 (KHTML, like Gecko) Chrome/78.0.3904.108 Safari/537.36"
35.78.119.136 - - [08/Jan/2026:13:03:27 +0800] "GET //sito/wp-includes/wlwmanifest.xml HTTP/1.1" 404 548 "-" "Mozilla/5.0 (Windows NT 10.0; Win64; x64) AppleWebKit/537.36 (KHTML, like Gecko) Chrome/78.0.3904.108 Safari/537.36"
104.23.239.125 - - [08/Jan/2026:13:16:08 +0800] "GET /wordpress/wp-admin/setup-config.php HTTP/1.1" 301 162 "-" "Mozilla/5.0 (Windows NT 10.0; Win64; x64) AppleWebKit/537.36 (KHTML, like Gecko) Chrome/143.0.0.0 Safari/537.36"
104.23.239.145 - - [08/Jan/2026:13:16:08 +0800] "GET /wordpress/wp-admin/setup-config.php HTTP/1.1" 404 548 "-" "Mozilla/5.0 (Windows NT 10.0; Win64; x64) AppleWebKit/537.36 (KHTML, like Gecko) Chrome/143.0.0.0 Safari/537.36"
172.68.10.182 - - [08/Jan/2026:13:19:40 +0800] "GET /wp-admin/setup-config.php HTTP/2.0" 301 162 "-" "Mozilla/5.0 (Windows NT 10.0; Win64; x64) AppleWebKit/537.36 (KHTML, like Gecko) Chrome/143.0.0.0 Safari/537.36"
172.68.10.214 - - [08/Jan/2026:13:19:41 +0800] "GET /wp-admin/setup-config.php HTTP/1.1" 404 548 "-" "Mozilla/5.0 (Windows NT 10.0; Win64; x64) AppleWebKit/537.36 (KHTML, like Gecko) Chrome/143.0.0.0 Safari/537.36"
172.71.184.249 - - [08/Jan/2026:13:19:44 +0800] "GET /wp-admin/setup-config.php HTTP/1.1" 301 162 "-" "Mozilla/5.0 (Windows NT 10.0; Win64; x64) AppleWebKit/537.36 (KHTML, like Gecko) Chrome/143.0.0.0 Safari/537.36"
172.71.184.147 - - [08/Jan/2026:13:19:45 +0800] "GET /wp-admin/setup-config.php HTTP/1.1" 404 548 "-" "Mozilla/5.0 (Windows NT 10.0; Win64; x64) AppleWebKit/537.36 (KHTML, like Gecko) Chrome/143.0.0.0 Safari/537.36"
172.70.248.119 - - [08/Jan/2026:13:20:02 +0800] "GET /wordpress/wp-admin/setup-config.php HTTP/2.0" 301 162 "-" "https://xtimchat.com/wordpress/wp-admin/setup-config.php"
172.70.248.40 - - [08/Jan/2026:13:20:02 +0800] "GET /wordpress/wp-admin/setup-config.php HTTP/1.1" 404 146 "-" "https://xtimchat.com/wordpress/wp-admin/setup-config.php"
162.158.94.27 - - [08/Jan/2026:13:34:57 +0800] "GET /wordpress/wp-admin/setup-config.php HTTP/1.1" 301 162 "-" "Mozilla/5.0 (Windows NT 10.0; Win64; x64) AppleWebKit/537.36 (KHTML, like Gecko) Chrome/143.0.0.0 Safari/537.36"
172.68.193.135 - - [08/Jan/2026:13:34:58 +0800] "GET /wordpress/wp-admin/setup-config.php HTTP/1.1" 404 548 "-" "Mozilla/5.0 (Windows NT 10.0; Win64; x64) AppleWebKit/537.36 (KHTML, like Gecko) Chrome/143.0.0.0 Safari/537.36"
172.71.184.248 - - [08/Jan/2026:13:35:15 +0800] "GET /wp-admin/setup-config.php HTTP/1.1" 301 162 "-" "Mozilla/5.0 (Windows NT 10.0; Win64; x64) AppleWebKit/537.36 (KHTML, like Gecko) Chrome/143.0.0.0 Safari/537.36"
172.71.184.146 - - [08/Jan/2026:13:35:16 +0800] "GET /wp-admin/setup-config.php HTTP/1.1" 404 548 "-" "Mozilla/5.0 (Windows NT 10.0; Win64; x64) AppleWebKit/537.36 (KHTML, like Gecko) Chrome/143.0.0.0 Safari/537.36"
172.71.184.249 - - [08/Jan/2026:13:35:58 +0800] "GET /wordpress/wp-admin/setup-config.php HTTP/2.0" 301 162 "-" "https://xtimchat.com/wordpress/wp-admin/setup-config.php"
172.71.184.146 - - [08/Jan/2026:13:35:58 +0800] "GET /wordpress/wp-admin/setup-config.php HTTP/1.1" 404 146 "-" "https://xtimchat.com/wordpress/wp-admin/setup-config.php"
172.70.248.97 - - [08/Jan/2026:13:36:11 +0800] "GET /wp-admin/setup-config.php HTTP/2.0" 301 162 "-" "https://xtimchat.com/wp-admin/setup-config.php"
172.70.248.19 - - [08/Jan/2026:13:36:11 +0800] "GET /wp-admin/setup-config.php HTTP/1.1" 404 146 "-" "https://xtimchat.com/wp-admin/setup-config.php"
172.71.184.248 - - [08/Jan/2026:13:51:49 +0800] "GET /wordpress/wp-admin/setup-config.php HTTP/2.0" 301 162 "-" "https://xtimchat.com/wordpress/wp-admin/setup-config.php"
172.71.184.146 - - [08/Jan/2026:13:51:50 +0800] "GET /wordpress/wp-admin/setup-config.php HTTP/1.1" 404 146 "-" "https://xtimchat.com/wordpress/wp-admin/setup-config.php"
165.227.69.97 - - [08/Jan/2026:13:51:50 +0800] "GET / HTTP/1.1" 301 162 "-" "Mozilla/5.0 (X11; Linux x86_64; rv:139.0) Gecko/20100101 Firefox/139.0"
165.227.69.97 - - [08/Jan/2026:13:51:52 +0800] "GET /favicon.ico HTTP/1.1" 301 162 "http://xtimchat.com/" "Mozilla/5.0 (X11; Linux x86_64; rv:139.0) Gecko/20100101 Firefox/139.0"
165.227.69.97 - - [08/Jan/2026:13:51:54 +0800] "GET / HTTP/1.1" 301 162 "-" "Mozilla/5.0 (X11; Linux x86_64; rv:139.0) Gecko/20100101 Firefox/139.0"
165.227.69.97 - - [08/Jan/2026:13:52:10 +0800] "GET /favicon.ico HTTP/1.1" 301 162 "https://xtimchat.com/" "Mozilla/5.0 (X11; Linux x86_64; rv:139.0) Gecko/20100101 Firefox/139.0"
172.68.10.182 - - [08/Jan/2026:13:53:23 +0800] "GET /wp-admin/setup-config.php HTTP/1.1" 301 162 "-" "http://xtimchat.com/wp-admin/setup-config.php"
172.68.10.215 - - [08/Jan/2026:13:53:24 +0800] "GET /wp-admin/setup-config.php HTTP/1.1" 404 146 "-" "http://xtimchat.com/wp-admin/setup-config.php"
172.68.10.182 - - [08/Jan/2026:13:54:10 +0800] "GET /wordpress/wp-admin/setup-config.php HTTP/1.1" 301 162 "-" "http://xtimchat.com/wordpress/wp-admin/setup-config.php"
172.68.10.215 - - [08/Jan/2026:13:54:11 +0800] "GET /wordpress/wp-admin/setup-config.php HTTP/1.1" 404 146 "-" "http://xtimchat.com/wordpress/wp-admin/setup-config.php"
172.68.10.182 - - [08/Jan/2026:13:55:42 +0800] "GET /wp-admin/setup-config.php HTTP/2.0" 301 162 "-" "https://xtimchat.com/wp-admin/setup-config.php"
172.68.10.214 - - [08/Jan/2026:13:55:42 +0800] "GET /wp-admin/setup-config.php HTTP/1.1" 404 146 "-" "https://xtimchat.com/wp-admin/setup-config.php"
104.23.223.48 - - [08/Jan/2026:14:10:38 +0800] "GET /wordpress/wp-admin/setup-config.php HTTP/2.0" 301 162 "-" "Mozilla/5.0 (Windows NT 10.0; Win64; x64) AppleWebKit/537.36 (KHTML, like Gecko) Chrome/143.0.0.0 Safari/537.36"
104.23.223.119 - - [08/Jan/2026:14:10:39 +0800] "GET /wordpress/wp-admin/setup-config.php HTTP/1.1" 404 548 "-" "Mozilla/5.0 (Windows NT 10.0; Win64; x64) AppleWebKit/537.36 (KHTML, like Gecko) Chrome/143.0.0.0 Safari/537.36"
104.23.221.52 - - [08/Jan/2026:14:12:57 +0800] "GET /wp-admin/setup-config.php HTTP/2.0" 301 162 "-" "https://xtimchat.com/wp-admin/setup-config.php"
104.23.221.73 - - [08/Jan/2026:14:12:58 +0800] "GET /wp-admin/setup-config.php HTTP/1.1" 404 146 "-" "https://xtimchat.com/wp-admin/setup-config.php"
104.23.223.49 - - [08/Jan/2026:14:13:43 +0800] "GET /wordpress/wp-admin/setup-config.php HTTP/1.1" 301 162 "-" "http://xtimchat.com/wordpress/wp-admin/setup-config.php"
104.23.223.119 - - [08/Jan/2026:14:13:43 +0800] "GET /wordpress/wp-admin/setup-config.php HTTP/1.1" 404 146 "-" "http://xtimchat.com/wordpress/wp-admin/setup-config.php"
104.23.223.49 - - [08/Jan/2026:14:14:05 +0800] "GET /wp-admin/setup-config.php HTTP/1.1" 301 162 "-" "http://xtimchat.com/wp-admin/setup-config.php"
104.23.223.118 - - [08/Jan/2026:14:14:06 +0800] "GET /wp-admin/setup-config.php HTTP/1.1" 404 146 "-" "http://xtimchat.com/wp-admin/setup-config.php"
162.158.183.73 - - [08/Jan/2026:14:27:47 +0800] "GET /wp-admin/setup-config.php HTTP/1.1" 301 162 "-" "http://xtimchat.com/wp-admin/setup-config.php"
162.158.182.41 - - [08/Jan/2026:14:27:48 +0800] "GET /wp-admin/setup-config.php HTTP/1.1" 404 146 "-" "http://xtimchat.com/wp-admin/setup-config.php"
104.23.221.53 - - [08/Jan/2026:14:28:43 +0800] "GET /wordpress/wp-admin/setup-config.php HTTP/1.1" 301 162 "-" "http://xtimchat.com/wordpress/wp-admin/setup-config.php"
104.23.221.73 - - [08/Jan/2026:14:28:44 +0800] "GET /wordpress/wp-admin/setup-config.php HTTP/1.1" 404 146 "-" "http://xtimchat.com/wordpress/wp-admin/setup-config.php"
104.23.217.33 - - [08/Jan/2026:14:29:21 +0800] "GET /wp-admin/setup-config.php HTTP/2.0" 301 162 "-" "Mozilla/5.0 (Windows NT 10.0; Win64; x64) AppleWebKit/537.36 (KHTML, like Gecko) Chrome/143.0.0.0 Safari/537.36"
104.23.217.37 - - [08/Jan/2026:14:29:21 +0800] "GET /wp-admin/setup-config.php HTTP/1.1" 404 548 "-" "Mozilla/5.0 (Windows NT 10.0; Win64; x64) AppleWebKit/537.36 (KHTML, like Gecko) Chrome/143.0.0.0 Safari/537.36"
162.158.183.92 - - [08/Jan/2026:14:29:25 +0800] "GET /wordpress/wp-admin/setup-config.php HTTP/2.0" 301 162 "-" "Mozilla/5.0 (Windows NT 10.0; Win64; x64) AppleWebKit/537.36 (KHTML, like Gecko) Chrome/143.0.0.0 Safari/537.36"
162.158.183.64 - - [08/Jan/2026:14:29:26 +0800] "GET /wordpress/wp-admin/setup-config.php HTTP/1.1" 404 548 "-" "Mozilla/5.0 (Windows NT 10.0; Win64; x64) AppleWebKit/537.36 (KHTML, like Gecko) Chrome/143.0.0.0 Safari/537.36"
172.68.10.182 - - [08/Jan/2026:14:47:09 +0800] "GET /wordpress/wp-admin/setup-config.php HTTP/2.0" 301 162 "-" "https://xtimchat.com/wordpress/wp-admin/setup-config.php"
172.68.10.67 - - [08/Jan/2026:14:47:10 +0800] "GET /wordpress/wp-admin/setup-config.php HTTP/1.1" 404 146 "-" "https://xtimchat.com/wordpress/wp-admin/setup-config.php"
172.68.10.183 - - [08/Jan/2026:14:47:23 +0800] "GET /wordpress/wp-admin/setup-config.php HTTP/1.1" 301 162 "-" "http://xtimchat.com/wordpress/wp-admin/setup-config.php"
172.68.10.214 - - [08/Jan/2026:14:47:24 +0800] "GET /wordpress/wp-admin/setup-config.php HTTP/1.1" 404 146 "-" "http://xtimchat.com/wordpress/wp-admin/setup-config.php"
172.69.50.162 - - [08/Jan/2026:14:48:52 +0800] "GET /wp-admin/setup-config.php HTTP/2.0" 301 162 "-" "Mozilla/5.0 (Windows NT 10.0; Win64; x64) AppleWebKit/537.36 (KHTML, like Gecko) Chrome/143.0.0.0 Safari/537.36"
172.69.50.222 - - [08/Jan/2026:14:48:53 +0800] "GET /wp-admin/setup-config.php HTTP/1.1" 404 548 "-" "Mozilla/5.0 (Windows NT 10.0; Win64; x64) AppleWebKit/537.36 (KHTML, like Gecko) Chrome/143.0.0.0 Safari/537.36"
172.71.184.248 - - [08/Jan/2026:14:50:43 +0800] "GET /wp-admin/setup-config.php HTTP/1.1" 301 162 "-" "http://xtimchat.com/wp-admin/setup-config.php"
172.71.184.146 - - [08/Jan/2026:14:50:44 +0800] "GET /wp-admin/setup-config.php HTTP/1.1" 404 146 "-" "http://xtimchat.com/wp-admin/setup-config.php"
38.58.178.154 - - [08/Jan/2026:14:59:24 +0800] "GET / HTTP/1.1" 301 162 "-" "Mozilla/5.0 (Windows NT 10.0; Win64; x64) AppleWebKit/537.36 (KHTML, like Gecko) Chrome/95.0.4638.69 Safari/537.36"
38.58.178.154 - - [08/Jan/2026:14:59:32 +0800] "GET //wp-includes/ID3/license.txt HTTP/1.1" 404 548 "-" "Mozilla/5.0 (Windows NT 10.0; Win64; x64) AppleWebKit/537.36 (KHTML, like Gecko) Chrome/95.0.4638.69 Safari/537.36"
162.158.183.92 - - [08/Jan/2026:15:06:36 +0800] "GET /wordpress/wp-admin/setup-config.php HTTP/1.1" 301 162 "-" "http://xtimchat.com/wordpress/wp-admin/setup-config.php"
162.158.183.64 - - [08/Jan/2026:15:06:37 +0800] "GET /wordpress/wp-admin/setup-config.php HTTP/1.1" 404 146 "-" "http://xtimchat.com/wordpress/wp-admin/setup-config.php"
162.158.183.92 - - [08/Jan/2026:15:09:30 +0800] "GET /wordpress/wp-admin/setup-config.php HTTP/2.0" 301 162 "-" "https://xtimchat.com/wordpress/wp-admin/setup-config.php"
162.158.183.64 - - [08/Jan/2026:15:09:30 +0800] "GET /wordpress/wp-admin/setup-config.php HTTP/1.1" 404 146 "-" "https://xtimchat.com/wordpress/wp-admin/setup-config.php"
162.158.183.92 - - [08/Jan/2026:15:09:34 +0800] "GET /wp-admin/setup-config.php HTTP/2.0" 301 162 "-" "https://xtimchat.com/wp-admin/setup-config.php"
162.158.183.64 - - [08/Jan/2026:15:09:35 +0800] "GET /wp-admin/setup-config.php HTTP/1.1" 404 146 "-" "https://xtimchat.com/wp-admin/setup-config.php"
104.23.217.32 - - [08/Jan/2026:15:09:53 +0800] "GET /wp-admin/setup-config.php HTTP/1.1" 301 162 "-" "http://xtimchat.com/wp-admin/setup-config.php"
104.23.217.36 - - [08/Jan/2026:15:09:54 +0800] "GET /wp-admin/setup-config.php HTTP/1.1" 404 146 "-" "http://xtimchat.com/wp-admin/setup-config.php"
172.68.10.182 - - [08/Jan/2026:15:24:36 +0800] "GET /wp-admin/setup-config.php HTTP/1.1" 301 162 "-" "http://xtimchat.com/wp-admin/setup-config.php"
172.68.10.214 - - [08/Jan/2026:15:24:36 +0800] "GET /wp-admin/setup-config.php HTTP/1.1" 404 146 "-" "http://xtimchat.com/wp-admin/setup-config.php"
172.68.10.183 - - [08/Jan/2026:15:24:45 +0800] "GET /wordpress/wp-admin/setup-config.php HTTP/2.0" 301 162 "-" "Mozilla/5.0 (Windows NT 10.0; Win64; x64) AppleWebKit/537.36 (KHTML, like Gecko) Chrome/143.0.0.0 Safari/537.36"
172.68.10.214 - - [08/Jan/2026:15:24:46 +0800] "GET /wordpress/wp-admin/setup-config.php HTTP/1.1" 404 548 "-" "Mozilla/5.0 (Windows NT 10.0; Win64; x64) AppleWebKit/537.36 (KHTML, like Gecko) Chrome/143.0.0.0 Safari/537.36"
172.71.184.248 - - [08/Jan/2026:15:24:55 +0800] "GET /wordpress/wp-admin/setup-config.php HTTP/1.1" 301 162 "-" "http://xtimchat.com/wordpress/wp-admin/setup-config.php"
172.71.184.146 - - [08/Jan/2026:15:24:55 +0800] "GET /wordpress/wp-admin/setup-config.php HTTP/1.1" 404 146 "-" "http://xtimchat.com/wordpress/wp-admin/setup-config.php"
172.68.10.182 - - [08/Jan/2026:15:26:04 +0800] "GET /wp-admin/setup-config.php HTTP/2.0" 301 162 "-" "Mozilla/5.0 (Windows NT 10.0; Win64; x64) AppleWebKit/537.36 (KHTML, like Gecko) Chrome/143.0.0.0 Safari/537.36"
172.68.10.215 - - [08/Jan/2026:15:26:05 +0800] "GET /wp-admin/setup-config.php HTTP/1.1" 404 548 "-" "Mozilla/5.0 (Windows NT 10.0; Win64; x64) AppleWebKit/537.36 (KHTML, like Gecko) Chrome/143.0.0.0 Safari/537.36"
104.23.221.53 - - [08/Jan/2026:15:41:09 +0800] "GET /wordpress/wp-admin/setup-config.php HTTP/2.0" 301 162 "-" "https://xtimchat.com/wordpress/wp-admin/setup-config.php"
104.23.221.72 - - [08/Jan/2026:15:41:10 +0800] "GET /wordpress/wp-admin/setup-config.php HTTP/1.1" 404 146 "-" "https://xtimchat.com/wordpress/wp-admin/setup-config.php"
172.71.184.249 - - [08/Jan/2026:15:41:38 +0800] "GET /wordpress/wp-admin/setup-config.php HTTP/1.1" 301 162 "-" "Mozilla/5.0 (Windows NT 10.0; Win64; x64) AppleWebKit/537.36 (KHTML, like Gecko) Chrome/143.0.0.0 Safari/537.36"
172.71.184.147 - - [08/Jan/2026:15:41:38 +0800] "GET /wordpress/wp-admin/setup-config.php HTTP/1.1" 404 548 "-" "Mozilla/5.0 (Windows NT 10.0; Win64; x64) AppleWebKit/537.36 (KHTML, like Gecko) Chrome/143.0.0.0 Safari/537.36"
104.23.223.49 - - [08/Jan/2026:15:42:25 +0800] "GET /wp-admin/setup-config.php HTTP/2.0" 301 162 "-" "https://xtimchat.com/wp-admin/setup-config.php"
104.23.223.119 - - [08/Jan/2026:15:42:25 +0800] "GET /wp-admin/setup-config.php HTTP/1.1" 404 146 "-" "https://xtimchat.com/wp-admin/setup-config.php"
104.23.223.49 - - [08/Jan/2026:15:42:29 +0800] "GET /wp-admin/setup-config.php HTTP/1.1" 301 162 "-" "Mozilla/5.0 (Windows NT 10.0; Win64; x64) AppleWebKit/537.36 (KHTML, like Gecko) Chrome/143.0.0.0 Safari/537.36"
104.23.223.119 - - [08/Jan/2026:15:42:30 +0800] "GET /wp-admin/setup-config.php HTTP/1.1" 404 548 "-" "Mozilla/5.0 (Windows NT 10.0; Win64; x64) AppleWebKit/537.36 (KHTML, like Gecko) Chrome/143.0.0.0 Safari/537.36"
104.23.221.53 - - [08/Jan/2026:15:58:54 +0800] "GET /wordpress/wp-admin/setup-config.php HTTP/2.0" 301 162 "-" "Mozilla/5.0 (Windows NT 10.0; Win64; x64) AppleWebKit/537.36 (KHTML, like Gecko) Chrome/143.0.0.0 Safari/537.36"
104.23.221.72 - - [08/Jan/2026:15:58:55 +0800] "GET /wordpress/wp-admin/setup-config.php HTTP/1.1" 404 548 "-" "Mozilla/5.0 (Windows NT 10.0; Win64; x64) AppleWebKit/537.36 (KHTML, like Gecko) Chrome/143.0.0.0 Safari/537.36"
104.23.221.52 - - [08/Jan/2026:15:59:33 +0800] "GET /wordpress/wp-admin/setup-config.php HTTP/1.1" 301 162 "-" "http://xtimchat.com/wordpress/wp-admin/setup-config.php"
104.23.221.72 - - [08/Jan/2026:15:59:34 +0800] "GET /wordpress/wp-admin/setup-config.php HTTP/1.1" 404 146 "-" "http://xtimchat.com/wordpress/wp-admin/setup-config.php"
104.23.221.53 - - [08/Jan/2026:15:59:54 +0800] "GET /wp-admin/setup-config.php HTTP/2.0" 301 162 "-" "Mozilla/5.0 (Windows NT 10.0; Win64; x64) AppleWebKit/537.36 (KHTML, like Gecko) Chrome/143.0.0.0 Safari/537.36"
104.23.221.73 - - [08/Jan/2026:15:59:54 +0800] "GET /wp-admin/setup-config.php HTTP/1.1" 404 548 "-" "Mozilla/5.0 (Windows NT 10.0; Win64; x64) AppleWebKit/537.36 (KHTML, like Gecko) Chrome/143.0.0.0 Safari/537.36"
104.23.221.53 - - [08/Jan/2026:16:01:11 +0800] "GET /wp-admin/setup-config.php HTTP/1.1" 301 162 "-" "http://xtimchat.com/wp-admin/setup-config.php"
104.23.221.72 - - [08/Jan/2026:16:01:12 +0800] "GET /wp-admin/setup-config.php HTTP/1.1" 404 146 "-" "http://xtimchat.com/wp-admin/setup-config.php"
172.71.184.248 - - [08/Jan/2026:16:17:01 +0800] "GET /wordpress/wp-admin/setup-config.php HTTP/2.0" 301 162 "-" "Mozilla/5.0 (Windows NT 10.0; Win64; x64) AppleWebKit/537.36 (KHTML, like Gecko) Chrome/143.0.0.0 Safari/537.36"
172.71.184.147 - - [08/Jan/2026:16:17:02 +0800] "GET /wordpress/wp-admin/setup-config.php HTTP/1.1" 404 548 "-" "Mozilla/5.0 (Windows NT 10.0; Win64; x64) AppleWebKit/537.36 (KHTML, like Gecko) Chrome/143.0.0.0 Safari/537.36"
172.70.240.145 - - [08/Jan/2026:16:17:10 +0800] "GET /wordpress/wp-admin/setup-config.php HTTP/1.1" 301 162 "-" "Mozilla/5.0 (Windows NT 10.0; Win64; x64) AppleWebKit/537.36 (KHTML, like Gecko) Chrome/143.0.0.0 Safari/537.36"
172.70.240.120 - - [08/Jan/2026:16:17:11 +0800] "GET /wordpress/wp-admin/setup-config.php HTTP/1.1" 404 548 "-" "Mozilla/5.0 (Windows NT 10.0; Win64; x64) AppleWebKit/537.36 (KHTML, like Gecko) Chrome/143.0.0.0 Safari/537.36"
172.71.247.78 - - [08/Jan/2026:16:18:03 +0800] "GET /wp-admin/setup-config.php HTTP/1.1" 301 162 "-" "http://xtimchat.com/wp-admin/setup-config.php"
172.71.247.34 - - [08/Jan/2026:16:18:03 +0800] "GET /wp-admin/setup-config.php HTTP/1.1" 404 146 "-" "http://xtimchat.com/wp-admin/setup-config.php"
104.23.223.48 - - [08/Jan/2026:16:18:29 +0800] "GET /wp-admin/setup-config.php HTTP/2.0" 301 162 "-" "https://xtimchat.com/wp-admin/setup-config.php"
104.23.223.119 - - [08/Jan/2026:16:18:29 +0800] "GET /wp-admin/setup-config.php HTTP/1.1" 404 146 "-" "https://xtimchat.com/wp-admin/setup-config.php"
104.23.221.52 - - [08/Jan/2026:16:32:44 +0800] "GET /wordpress/wp-admin/setup-config.php HTTP/1.1" 301 162 "-" "http://xtimchat.com/wordpress/wp-admin/setup-config.php"
104.23.221.72 - - [08/Jan/2026:16:32:45 +0800] "GET /wordpress/wp-admin/setup-config.php HTTP/1.1" 404 146 "-" "http://xtimchat.com/wordpress/wp-admin/setup-config.php"
104.23.221.53 - - [08/Jan/2026:16:32:49 +0800] "GET /wp-admin/setup-config.php HTTP/2.0" 301 162 "-" "https://xtimchat.com/wp-admin/setup-config.php"
104.23.221.73 - - [08/Jan/2026:16:32:50 +0800] "GET /wp-admin/setup-config.php HTTP/1.1" 404 146 "-" "https://xtimchat.com/wp-admin/setup-config.php"
104.23.221.52 - - [08/Jan/2026:16:34:11 +0800] "GET /wordpress/wp-admin/setup-config.php HTTP/2.0" 301 162 "-" "https://xtimchat.com/wordpress/wp-admin/setup-config.php"
104.23.221.72 - - [08/Jan/2026:16:34:11 +0800] "GET /wordpress/wp-admin/setup-config.php HTTP/1.1" 404 146 "-" "https://xtimchat.com/wordpress/wp-admin/setup-config.php"
104.23.223.48 - - [08/Jan/2026:16:36:52 +0800] "GET /wp-admin/setup-config.php HTTP/1.1" 301 162 "-" "http://xtimchat.com/wp-admin/setup-config.php"
104.23.223.118 - - [08/Jan/2026:16:36:53 +0800] "GET /wp-admin/setup-config.php HTTP/1.1" 404 146 "-" "http://xtimchat.com/wp-admin/setup-config.php"
49.51.245.241 - - [08/Jan/2026:16:49:06 +0800] "GET / HTTP/1.1" 301 162 "-" "Mozilla/5.0 (iPhone; CPU iPhone OS 13_2_3 like Mac OS X) AppleWebKit/605.1.15 (KHTML, like Gecko) Version/13.0.3 Mobile/15E148 Safari/604.1"
49.51.245.241 - - [08/Jan/2026:16:49:08 +0800] "GET / HTTP/1.1" 200 3639 "http://xtimchat.com" "Mozilla/5.0 (iPhone; CPU iPhone OS 13_2_3 like Mac OS X) AppleWebKit/605.1.15 (KHTML, like Gecko) Version/13.0.3 Mobile/15E148 Safari/604.1"
172.71.172.158 - - [08/Jan/2026:16:51:43 +0800] "GET /wordpress/wp-admin/setup-config.php HTTP/1.1" 301 162 "-" "Mozilla/5.0 (Windows NT 10.0; Win64; x64) AppleWebKit/537.36 (KHTML, like Gecko) Chrome/143.0.0.0 Safari/537.36"
172.71.172.165 - - [08/Jan/2026:16:51:44 +0800] "GET /wordpress/wp-admin/setup-config.php HTTP/1.1" 404 548 "-" "Mozilla/5.0 (Windows NT 10.0; Win64; x64) AppleWebKit/537.36 (KHTML, like Gecko) Chrome/143.0.0.0 Safari/537.36"
104.23.221.52 - - [08/Jan/2026:16:52:11 +0800] "GET /wordpress/wp-admin/setup-config.php HTTP/2.0" 301 162 "-" "https://xtimchat.com/wordpress/wp-admin/setup-config.php"
104.23.221.73 - - [08/Jan/2026:16:52:12 +0800] "GET /wordpress/wp-admin/setup-config.php HTTP/1.1" 404 146 "-" "https://xtimchat.com/wordpress/wp-admin/setup-config.php"
104.23.221.52 - - [08/Jan/2026:16:52:43 +0800] "GET /wp-admin/setup-config.php HTTP/1.1" 301 162 "-" "Mozilla/5.0 (Windows NT 10.0; Win64; x64) AppleWebKit/537.36 (KHTML, like Gecko) Chrome/143.0.0.0 Safari/537.36"
104.23.221.72 - - [08/Jan/2026:16:52:44 +0800] "GET /wp-admin/setup-config.php HTTP/1.1" 404 548 "-" "Mozilla/5.0 (Windows NT 10.0; Win64; x64) AppleWebKit/537.36 (KHTML, like Gecko) Chrome/143.0.0.0 Safari/537.36"
172.70.240.209 - - [08/Jan/2026:16:53:20 +0800] "GET /wp-admin/setup-config.php HTTP/2.0" 301 162 "-" "Mozilla/5.0 (Windows NT 10.0; Win64; x64) AppleWebKit/537.36 (KHTML, like Gecko) Chrome/143.0.0.0 Safari/537.36"
172.70.240.185 - - [08/Jan/2026:16:53:21 +0800] "GET /wp-admin/setup-config.php HTTP/1.1" 404 548 "-" "Mozilla/5.0 (Windows NT 10.0; Win64; x64) AppleWebKit/537.36 (KHTML, like Gecko) Chrome/143.0.0.0 Safari/537.36"
104.23.221.53 - - [08/Jan/2026:17:09:54 +0800] "GET /wp-admin/setup-config.php HTTP/1.1" 301 162 "-" "http://xtimchat.com/wp-admin/setup-config.php"
104.23.221.73 - - [08/Jan/2026:17:09:54 +0800] "GET /wp-admin/setup-config.php HTTP/1.1" 404 146 "-" "http://xtimchat.com/wp-admin/setup-config.php"
104.23.217.32 - - [08/Jan/2026:17:10:18 +0800] "GET /wordpress/wp-admin/setup-config.php HTTP/2.0" 301 162 "-" "Mozilla/5.0 (Windows NT 10.0; Win64; x64) AppleWebKit/537.36 (KHTML, like Gecko) Chrome/143.0.0.0 Safari/537.36"
104.23.217.37 - - [08/Jan/2026:17:10:19 +0800] "GET /wordpress/wp-admin/setup-config.php HTTP/1.1" 404 548 "-" "Mozilla/5.0 (Windows NT 10.0; Win64; x64) AppleWebKit/537.36 (KHTML, like Gecko) Chrome/143.0.0.0 Safari/537.36"
162.158.183.91 - - [08/Jan/2026:17:11:57 +0800] "GET /wordpress/wp-admin/setup-config.php HTTP/1.1" 301 162 "-" "http://xtimchat.com/wordpress/wp-admin/setup-config.php"
162.158.183.63 - - [08/Jan/2026:17:11:58 +0800] "GET /wordpress/wp-admin/setup-config.php HTTP/1.1" 404 146 "-" "http://xtimchat.com/wordpress/wp-admin/setup-config.php"
104.23.221.53 - - [08/Jan/2026:17:12:08 +0800] "GET /wp-admin/setup-config.php HTTP/2.0" 301 162 "-" "Mozilla/5.0 (Windows NT 10.0; Win64; x64) AppleWebKit/537.36 (KHTML, like Gecko) Chrome/143.0.0.0 Safari/537.36"
104.23.221.73 - - [08/Jan/2026:17:12:09 +0800] "GET /wp-admin/setup-config.php HTTP/1.1" 404 548 "-" "Mozilla/5.0 (Windows NT 10.0; Win64; x64) AppleWebKit/537.36 (KHTML, like Gecko) Chrome/143.0.0.0 Safari/537.36"
182.44.10.67 - - [08/Jan/2026:17:12:12 +0800] "GET / HTTP/1.1" 301 162 "-" "Mozilla/5.0 (iPhone; CPU iPhone OS 13_2_3 like Mac OS X) AppleWebKit/605.1.15 (KHTML, like Gecko) Version/13.0.3 Mobile/15E148 Safari/604.1"
182.44.10.67 - - [08/Jan/2026:17:12:16 +0800] "GET / HTTP/1.1" 200 3639 "http://xtimchat.com" "Mozilla/5.0 (iPhone; CPU iPhone OS 13_2_3 like Mac OS X) AppleWebKit/605.1.15 (KHTML, like Gecko) Version/13.0.3 Mobile/15E148 Safari/604.1"
104.23.223.49 - - [08/Jan/2026:17:26:15 +0800] "GET /wordpress/wp-admin/setup-config.php HTTP/2.0" 301 162 "-" "Mozilla/5.0 (Windows NT 10.0; Win64; x64) AppleWebKit/537.36 (KHTML, like Gecko) Chrome/143.0.0.0 Safari/537.36"
104.23.223.118 - - [08/Jan/2026:17:26:16 +0800] "GET /wordpress/wp-admin/setup-config.php HTTP/1.1" 404 548 "-" "Mozilla/5.0 (Windows NT 10.0; Win64; x64) AppleWebKit/537.36 (KHTML, like Gecko) Chrome/143.0.0.0 Safari/537.36"
104.23.221.53 - - [08/Jan/2026:17:26:38 +0800] "GET /wordpress/wp-admin/setup-config.php HTTP/1.1" 301 162 "-" "http://xtimchat.com/wordpress/wp-admin/setup-config.php"
104.23.221.72 - - [08/Jan/2026:17:26:39 +0800] "GET /wordpress/wp-admin/setup-config.php HTTP/1.1" 404 146 "-" "http://xtimchat.com/wordpress/wp-admin/setup-config.php"
104.23.221.52 - - [08/Jan/2026:17:27:34 +0800] "GET /wp-admin/setup-config.php HTTP/1.1" 301 162 "-" "Mozilla/5.0 (Windows NT 10.0; Win64; x64) AppleWebKit/537.36 (KHTML, like Gecko) Chrome/143.0.0.0 Safari/537.36"
104.23.221.73 - - [08/Jan/2026:17:27:34 +0800] "GET /wp-admin/setup-config.php HTTP/1.1" 404 548 "-" "Mozilla/5.0 (Windows NT 10.0; Win64; x64) AppleWebKit/537.36 (KHTML, like Gecko) Chrome/143.0.0.0 Safari/537.36"
104.23.221.53 - - [08/Jan/2026:17:28:14 +0800] "GET /wp-admin/setup-config.php HTTP/2.0" 301 162 "-" "https://xtimchat.com/wp-admin/setup-config.php"
104.23.221.73 - - [08/Jan/2026:17:28:15 +0800] "GET /wp-admin/setup-config.php HTTP/1.1" 404 146 "-" "https://xtimchat.com/wp-admin/setup-config.php"
104.23.221.52 - - [08/Jan/2026:17:43:41 +0800] "GET /wp-admin/setup-config.php HTTP/2.0" 301 162 "-" "https://xtimchat.com/wp-admin/setup-config.php"
104.23.221.73 - - [08/Jan/2026:17:43:42 +0800] "GET /wp-admin/setup-config.php HTTP/1.1" 404 146 "-" "https://xtimchat.com/wp-admin/setup-config.php"
104.23.221.53 - - [08/Jan/2026:17:44:53 +0800] "GET /wordpress/wp-admin/setup-config.php HTTP/2.0" 301 162 "-" "https://xtimchat.com/wordpress/wp-admin/setup-config.php"
104.23.221.73 - - [08/Jan/2026:17:44:53 +0800] "GET /wordpress/wp-admin/setup-config.php HTTP/1.1" 404 146 "-" "https://xtimchat.com/wordpress/wp-admin/setup-config.php"
172.69.151.67 - - [08/Jan/2026:17:45:26 +0800] "GET /wp-admin/setup-config.php HTTP/1.1" 301 162 "-" "http://xtimchat.com/wp-admin/setup-config.php"
172.69.151.218 - - [08/Jan/2026:17:45:27 +0800] "GET /wp-admin/setup-config.php HTTP/1.1" 404 146 "-" "http://xtimchat.com/wp-admin/setup-config.php"
104.23.221.52 - - [08/Jan/2026:17:46:13 +0800] "GET /wordpress/wp-admin/setup-config.php HTTP/1.1" 301 162 "-" "http://xtimchat.com/wordpress/wp-admin/setup-config.php"
104.23.221.73 - - [08/Jan/2026:17:46:13 +0800] "GET /wordpress/wp-admin/setup-config.php HTTP/1.1" 404 146 "-" "http://xtimchat.com/wordpress/wp-admin/setup-config.php"
34.69.13.155 - - [08/Jan/2026:17:52:18 +0800] "GET / HTTP/1.1" 301 162 "-" "Mozilla/5.0 (Windows NT 10.0; Win64; x64) AppleWebKit/537.36 (KHTML, like Gecko) Chrome/95.0.4638.69 Safari/537.36"
34.69.13.155 - - [08/Jan/2026:17:52:18 +0800] "GET //wp-includes/ID3/license.txt HTTP/1.1" 404 548 "-" "Mozilla/5.0 (Windows NT 10.0; Win64; x64) AppleWebKit/537.36 (KHTML, like Gecko) Chrome/95.0.4638.69 Safari/537.36"
34.69.13.155 - - [08/Jan/2026:17:52:18 +0800] "GET //feed/ HTTP/1.1" 404 548 "-" "Mozilla/5.0 (Windows NT 10.0; Win64; x64) AppleWebKit/537.36 (KHTML, like Gecko) Chrome/95.0.4638.69 Safari/537.36"
34.69.13.155 - - [08/Jan/2026:17:52:18 +0800] "GET //xmlrpc.php?rsd HTTP/1.1" 404 548 "-" "Mozilla/5.0 (Windows NT 10.0; Win64; x64) AppleWebKit/537.36 (KHTML, like Gecko) Chrome/95.0.4638.69 Safari/537.36"
34.69.13.155 - - [08/Jan/2026:17:52:19 +0800] "GET //blog/wp-includes/wlwmanifest.xml HTTP/1.1" 404 548 "-" "Mozilla/5.0 (Windows NT 10.0; Win64; x64) AppleWebKit/537.36 (KHTML, like Gecko) Chrome/95.0.4638.69 Safari/537.36"
34.69.13.155 - - [08/Jan/2026:17:52:19 +0800] "GET //web/wp-includes/wlwmanifest.xml HTTP/1.1" 404 548 "-" "Mozilla/5.0 (Windows NT 10.0; Win64; x64) AppleWebKit/537.36 (KHTML, like Gecko) Chrome/95.0.4638.69 Safari/537.36"
34.69.13.155 - - [08/Jan/2026:17:52:19 +0800] "GET //wordpress/wp-includes/wlwmanifest.xml HTTP/1.1" 404 548 "-" "Mozilla/5.0 (Windows NT 10.0; Win64; x64) AppleWebKit/537.36 (KHTML, like Gecko) Chrome/95.0.4638.69 Safari/537.36"
34.69.13.155 - - [08/Jan/2026:17:52:19 +0800] "GET //wp/wp-includes/wlwmanifest.xml HTTP/1.1" 404 548 "-" "Mozilla/5.0 (Windows NT 10.0; Win64; x64) AppleWebKit/537.36 (KHTML, like Gecko) Chrome/95.0.4638.69 Safari/537.36"
34.69.13.155 - - [08/Jan/2026:17:52:19 +0800] "GET //2020/wp-includes/wlwmanifest.xml HTTP/1.1" 404 548 "-" "Mozilla/5.0 (Windows NT 10.0; Win64; x64) AppleWebKit/537.36 (KHTML, like Gecko) Chrome/95.0.4638.69 Safari/537.36"
34.69.13.155 - - [08/Jan/2026:17:52:20 +0800] "GET //2019/wp-includes/wlwmanifest.xml HTTP/1.1" 404 548 "-" "Mozilla/5.0 (Windows NT 10.0; Win64; x64) AppleWebKit/537.36 (KHTML, like Gecko) Chrome/95.0.4638.69 Safari/537.36"
34.69.13.155 - - [08/Jan/2026:17:52:20 +0800] "GET //2021/wp-includes/wlwmanifest.xml HTTP/1.1" 404 548 "-" "Mozilla/5.0 (Windows NT 10.0; Win64; x64) AppleWebKit/537.36 (KHTML, like Gecko) Chrome/95.0.4638.69 Safari/537.36"
34.69.13.155 - - [08/Jan/2026:17:52:20 +0800] "GET //shop/wp-includes/wlwmanifest.xml HTTP/1.1" 404 548 "-" "Mozilla/5.0 (Windows NT 10.0; Win64; x64) AppleWebKit/537.36 (KHTML, like Gecko) Chrome/95.0.4638.69 Safari/537.36"
34.69.13.155 - - [08/Jan/2026:17:52:20 +0800] "GET //wp1/wp-includes/wlwmanifest.xml HTTP/1.1" 404 548 "-" "Mozilla/5.0 (Windows NT 10.0; Win64; x64) AppleWebKit/537.36 (KHTML, like Gecko) Chrome/95.0.4638.69 Safari/537.36"
34.69.13.155 - - [08/Jan/2026:17:52:20 +0800] "GET //test/wp-includes/wlwmanifest.xml HTTP/1.1" 404 548 "-" "Mozilla/5.0 (Windows NT 10.0; Win64; x64) AppleWebKit/537.36 (KHTML, like Gecko) Chrome/95.0.4638.69 Safari/537.36"
34.69.13.155 - - [08/Jan/2026:17:52:20 +0800] "GET //site/wp-includes/wlwmanifest.xml HTTP/1.1" 404 548 "-" "Mozilla/5.0 (Windows NT 10.0; Win64; x64) AppleWebKit/537.36 (KHTML, like Gecko) Chrome/95.0.4638.69 Safari/537.36"
34.69.13.155 - - [08/Jan/2026:17:52:21 +0800] "GET //cms/wp-includes/wlwmanifest.xml HTTP/1.1" 404 548 "-" "Mozilla/5.0 (Windows NT 10.0; Win64; x64) AppleWebKit/537.36 (KHTML, like Gecko) Chrome/95.0.4638.69 Safari/537.36"
162.158.183.91 - - [08/Jan/2026:17:59:27 +0800] "GET /wordpress/wp-admin/setup-config.php HTTP/1.1" 301 162 "-" "Mozilla/5.0 (Windows NT 10.0; Win64; x64) AppleWebKit/537.36 (KHTML, like Gecko) Chrome/143.0.0.0 Safari/537.36"
162.158.183.64 - - [08/Jan/2026:17:59:27 +0800] "GET /wordpress/wp-admin/setup-config.php HTTP/1.1" 404 548 "-" "Mozilla/5.0 (Windows NT 10.0; Win64; x64) AppleWebKit/537.36 (KHTML, like Gecko) Chrome/143.0.0.0 Safari/537.36"
104.23.223.49 - - [08/Jan/2026:18:01:10 +0800] "GET /wordpress/wp-admin/setup-config.php HTTP/2.0" 301 162 "-" "Mozilla/5.0 (Windows NT 10.0; Win64; x64) AppleWebKit/537.36 (KHTML, like Gecko) Chrome/143.0.0.0 Safari/537.36"
104.23.223.119 - - [08/Jan/2026:18:01:10 +0800] "GET /wordpress/wp-admin/setup-config.php HTTP/1.1" 404 548 "-" "Mozilla/5.0 (Windows NT 10.0; Win64; x64) AppleWebKit/537.36 (KHTML, like Gecko) Chrome/143.0.0.0 Safari/537.36"
104.23.221.52 - - [08/Jan/2026:18:01:20 +0800] "GET /wp-admin/setup-config.php HTTP/2.0" 301 162 "-" "https://xtimchat.com/wp-admin/setup-config.php"
104.23.221.72 - - [08/Jan/2026:18:01:20 +0800] "GET /wp-admin/setup-config.php HTTP/1.1" 404 146 "-" "https://xtimchat.com/wp-admin/setup-config.php"
104.23.221.52 - - [08/Jan/2026:18:02:46 +0800] "GET /wp-admin/setup-config.php HTTP/1.1" 301 162 "-" "http://xtimchat.com/wp-admin/setup-config.php"
104.23.221.73 - - [08/Jan/2026:18:02:46 +0800] "GET /wp-admin/setup-config.php HTTP/1.1" 404 146 "-" "http://xtimchat.com/wp-admin/setup-config.php"
43.157.181.189 - - [08/Jan/2026:18:03:06 +0800] "GET / HTTP/1.1" 200 3639 "-" "Mozilla/5.0 (iPhone; CPU iPhone OS 13_2_3 like Mac OS X) AppleWebKit/605.1.15 (KHTML, like Gecko) Version/13.0.3 Mobile/15E148 Safari/604.1"
104.23.239.125 - - [08/Jan/2026:18:16:13 +0800] "GET /wordpress/wp-admin/setup-config.php HTTP/2.0" 301 162 "-" "https://xtimchat.com/wordpress/wp-admin/setup-config.php"
104.23.239.145 - - [08/Jan/2026:18:16:13 +0800] "GET /wordpress/wp-admin/setup-config.php HTTP/1.1" 404 146 "-" "https://xtimchat.com/wordpress/wp-admin/setup-config.php"
172.71.164.214 - - [08/Jan/2026:18:17:32 +0800] "GET /wordpress/wp-admin/setup-config.php HTTP/1.1" 301 162 "-" "http://xtimchat.com/wordpress/wp-admin/setup-config.php"
172.71.164.211 - - [08/Jan/2026:18:17:33 +0800] "GET /wordpress/wp-admin/setup-config.php HTTP/1.1" 404 146 "-" "http://xtimchat.com/wordpress/wp-admin/setup-config.php"
104.23.223.48 - - [08/Jan/2026:18:19:20 +0800] "GET /wp-admin/setup-config.php HTTP/2.0" 301 162 "-" "Mozilla/5.0 (Windows NT 10.0; Win64; x64) AppleWebKit/537.36 (KHTML, like Gecko) Chrome/143.0.0.0 Safari/537.36"
104.23.223.119 - - [08/Jan/2026:18:19:21 +0800] "GET /wp-admin/setup-config.php HTTP/1.1" 404 548 "-" "Mozilla/5.0 (Windows NT 10.0; Win64; x64) AppleWebKit/537.36 (KHTML, like Gecko) Chrome/143.0.0.0 Safari/537.36"
104.23.221.53 - - [08/Jan/2026:18:19:52 +0800] "GET /wp-admin/setup-config.php HTTP/1.1" 301 162 "-" "Mozilla/5.0 (Windows NT 10.0; Win64; x64) AppleWebKit/537.36 (KHTML, like Gecko) Chrome/143.0.0.0 Safari/537.36"
104.23.221.72 - - [08/Jan/2026:18:19:53 +0800] "GET /wp-admin/setup-config.php HTTP/1.1" 404 548 "-" "Mozilla/5.0 (Windows NT 10.0; Win64; x64) AppleWebKit/537.36 (KHTML, like Gecko) Chrome/143.0.0.0 Safari/537.36"
192.36.248.249 - - [08/Jan/2026:18:35:36 +0800] "GET / HTTP/1.1" 301 162 "-" "Mozilla/5.0 (Windows NT 10.0; Win64; x64; rv:123.0) Gecko/20100101 Firefox/123"
192.71.12.140 - - [08/Jan/2026:18:35:37 +0800] "GET / HTTP/1.1" 200 3639 "http://xtimchat.com/" "Mozilla/5.0 (Windows NT 10.0; Win64; x64; rv:123.0) Gecko/20100101 Firefox/123"
104.23.223.49 - - [08/Jan/2026:18:35:45 +0800] "GET /wp-admin/setup-config.php HTTP/2.0" 301 162 "-" "Mozilla/5.0 (Windows NT 10.0; Win64; x64) AppleWebKit/537.36 (KHTML, like Gecko) Chrome/143.0.0.0 Safari/537.36"
104.23.223.118 - - [08/Jan/2026:18:35:46 +0800] "GET /wp-admin/setup-config.php HTTP/1.1" 404 548 "-" "Mozilla/5.0 (Windows NT 10.0; Win64; x64) AppleWebKit/537.36 (KHTML, like Gecko) Chrome/143.0.0.0 Safari/537.36"
104.23.221.53 - - [08/Jan/2026:18:37:07 +0800] "GET /wp-admin/setup-config.php HTTP/1.1" 301 162 "-" "Mozilla/5.0 (Windows NT 10.0; Win64; x64) AppleWebKit/537.36 (KHTML, like Gecko) Chrome/143.0.0.0 Safari/537.36"
104.23.221.73 - - [08/Jan/2026:18:37:08 +0800] "GET /wp-admin/setup-config.php HTTP/1.1" 404 548 "-" "Mozilla/5.0 (Windows NT 10.0; Win64; x64) AppleWebKit/537.36 (KHTML, like Gecko) Chrome/143.0.0.0 Safari/537.36"
104.23.223.49 - - [08/Jan/2026:18:38:12 +0800] "GET /wordpress/wp-admin/setup-config.php HTTP/2.0" 301 162 "-" "https://xtimchat.com/wordpress/wp-admin/setup-config.php"
104.23.223.118 - - [08/Jan/2026:18:38:13 +0800] "GET /wordpress/wp-admin/setup-config.php HTTP/1.1" 404 146 "-" "https://xtimchat.com/wordpress/wp-admin/setup-config.php"
104.23.221.53 - - [08/Jan/2026:18:38:17 +0800] "GET /wordpress/wp-admin/setup-config.php HTTP/1.1" 301 162 "-" "http://xtimchat.com/wordpress/wp-admin/setup-config.php"
104.23.221.73 - - [08/Jan/2026:18:38:17 +0800] "GET /wordpress/wp-admin/setup-config.php HTTP/1.1" 404 146 "-" "http://xtimchat.com/wordpress/wp-admin/setup-config.php"
104.23.223.49 - - [08/Jan/2026:18:51:03 +0800] "GET /wordpress/wp-admin/setup-config.php HTTP/2.0" 301 162 "-" "https://xtimchat.com/wordpress/wp-admin/setup-config.php"
104.23.223.118 - - [08/Jan/2026:18:51:03 +0800] "GET /wordpress/wp-admin/setup-config.php HTTP/1.1" 404 146 "-" "https://xtimchat.com/wordpress/wp-admin/setup-config.php"
104.23.221.53 - - [08/Jan/2026:18:51:57 +0800] "GET /wp-admin/setup-config.php HTTP/2.0" 301 162 "-" "https://xtimchat.com/wp-admin/setup-config.php"
104.23.221.73 - - [08/Jan/2026:18:51:57 +0800] "GET /wp-admin/setup-config.php HTTP/1.1" 404 146 "-" "https://xtimchat.com/wp-admin/setup-config.php"
104.23.221.52 - - [08/Jan/2026:18:52:53 +0800] "GET /wordpress/wp-admin/setup-config.php HTTP/1.1" 301 162 "-" "http://xtimchat.com/wordpress/wp-admin/setup-config.php"
104.23.221.72 - - [08/Jan/2026:18:52:54 +0800] "GET /wordpress/wp-admin/setup-config.php HTTP/1.1" 404 146 "-" "http://xtimchat.com/wordpress/wp-admin/setup-config.php"
104.23.221.52 - - [08/Jan/2026:18:54:53 +0800] "GET /wp-admin/setup-config.php HTTP/1.1" 301 162 "-" "http://xtimchat.com/wp-admin/setup-config.php"
104.23.221.73 - - [08/Jan/2026:18:54:54 +0800] "GET /wp-admin/setup-config.php HTTP/1.1" 404 146 "-" "http://xtimchat.com/wp-admin/setup-config.php"
104.23.221.53 - - [08/Jan/2026:19:07:52 +0800] "GET /wp-admin/setup-config.php HTTP/1.1" 301 162 "-" "http://xtimchat.com/wp-admin/setup-config.php"
104.23.221.72 - - [08/Jan/2026:19:07:53 +0800] "GET /wp-admin/setup-config.php HTTP/1.1" 404 146 "-" "http://xtimchat.com/wp-admin/setup-config.php"
104.23.223.49 - - [08/Jan/2026:19:08:51 +0800] "GET /wordpress/wp-admin/setup-config.php HTTP/1.1" 301 162 "-" "http://xtimchat.com/wordpress/wp-admin/setup-config.php"
104.23.223.118 - - [08/Jan/2026:19:08:51 +0800] "GET /wordpress/wp-admin/setup-config.php HTTP/1.1" 404 146 "-" "http://xtimchat.com/wordpress/wp-admin/setup-config.php"
104.23.221.52 - - [08/Jan/2026:19:09:14 +0800] "GET /wp-admin/setup-config.php HTTP/2.0" 301 162 "-" "https://xtimchat.com/wp-admin/setup-config.php"
104.23.221.72 - - [08/Jan/2026:19:09:15 +0800] "GET /wp-admin/setup-config.php HTTP/1.1" 404 146 "-" "https://xtimchat.com/wp-admin/setup-config.php"
162.158.183.92 - - [08/Jan/2026:19:10:49 +0800] "GET /wordpress/wp-admin/setup-config.php HTTP/2.0" 301 162 "-" "Mozilla/5.0 (Windows NT 10.0; Win64; x64) AppleWebKit/537.36 (KHTML, like Gecko) Chrome/143.0.0.0 Safari/537.36"
162.158.183.64 - - [08/Jan/2026:19:10:50 +0800] "GET /wordpress/wp-admin/setup-config.php HTTP/1.1" 404 548 "-" "Mozilla/5.0 (Windows NT 10.0; Win64; x64) AppleWebKit/537.36 (KHTML, like Gecko) Chrome/143.0.0.0 Safari/537.36"
38.58.178.154 - - [08/Jan/2026:19:11:08 +0800] "GET / HTTP/1.1" 301 162 "-" "Mozilla/5.0 (Windows NT 10.0; Win64; x64) AppleWebKit/537.36 (KHTML, like Gecko) Chrome/95.0.4638.69 Safari/537.36"
38.58.178.154 - - [08/Jan/2026:19:11:09 +0800] "GET //wp-includes/ID3/license.txt HTTP/1.1" 404 548 "-" "Mozilla/5.0 (Windows NT 10.0; Win64; x64) AppleWebKit/537.36 (KHTML, like Gecko) Chrome/95.0.4638.69 Safari/537.36"
38.58.178.154 - - [08/Jan/2026:19:11:09 +0800] "GET //feed/ HTTP/1.1" 404 548 "-" "Mozilla/5.0 (Windows NT 10.0; Win64; x64) AppleWebKit/537.36 (KHTML, like Gecko) Chrome/95.0.4638.69 Safari/537.36"
38.58.178.154 - - [08/Jan/2026:19:11:09 +0800] "GET //xmlrpc.php?rsd HTTP/1.1" 404 548 "-" "Mozilla/5.0 (Windows NT 10.0; Win64; x64) AppleWebKit/537.36 (KHTML, like Gecko) Chrome/95.0.4638.69 Safari/537.36"
38.58.178.154 - - [08/Jan/2026:19:11:09 +0800] "GET //blog/wp-includes/wlwmanifest.xml HTTP/1.1" 404 548 "-" "Mozilla/5.0 (Windows NT 10.0; Win64; x64) AppleWebKit/537.36 (KHTML, like Gecko) Chrome/95.0.4638.69 Safari/537.36"
38.58.178.154 - - [08/Jan/2026:19:11:09 +0800] "GET //web/wp-includes/wlwmanifest.xml HTTP/1.1" 404 548 "-" "Mozilla/5.0 (Windows NT 10.0; Win64; x64) AppleWebKit/537.36 (KHTML, like Gecko) Chrome/95.0.4638.69 Safari/537.36"
38.58.178.154 - - [08/Jan/2026:19:11:10 +0800] "GET //wordpress/wp-includes/wlwmanifest.xml HTTP/1.1" 404 548 "-" "Mozilla/5.0 (Windows NT 10.0; Win64; x64) AppleWebKit/537.36 (KHTML, like Gecko) Chrome/95.0.4638.69 Safari/537.36"
38.58.178.154 - - [08/Jan/2026:19:11:10 +0800] "GET //wp/wp-includes/wlwmanifest.xml HTTP/1.1" 404 548 "-" "Mozilla/5.0 (Windows NT 10.0; Win64; x64) AppleWebKit/537.36 (KHTML, like Gecko) Chrome/95.0.4638.69 Safari/537.36"
38.58.178.154 - - [08/Jan/2026:19:11:10 +0800] "GET //2020/wp-includes/wlwmanifest.xml HTTP/1.1" 404 548 "-" "Mozilla/5.0 (Windows NT 10.0; Win64; x64) AppleWebKit/537.36 (KHTML, like Gecko) Chrome/95.0.4638.69 Safari/537.36"
38.58.178.154 - - [08/Jan/2026:19:11:10 +0800] "GET //2019/wp-includes/wlwmanifest.xml HTTP/1.1" 404 548 "-" "Mozilla/5.0 (Windows NT 10.0; Win64; x64) AppleWebKit/537.36 (KHTML, like Gecko) Chrome/95.0.4638.69 Safari/537.36"
38.58.178.154 - - [08/Jan/2026:19:11:10 +0800] "GET //2021/wp-includes/wlwmanifest.xml HTTP/1.1" 404 548 "-" "Mozilla/5.0 (Windows NT 10.0; Win64; x64) AppleWebKit/537.36 (KHTML, like Gecko) Chrome/95.0.4638.69 Safari/537.36"
38.58.178.154 - - [08/Jan/2026:19:11:10 +0800] "GET //shop/wp-includes/wlwmanifest.xml HTTP/1.1" 404 548 "-" "Mozilla/5.0 (Windows NT 10.0; Win64; x64) AppleWebKit/537.36 (KHTML, like Gecko) Chrome/95.0.4638.69 Safari/537.36"
38.58.178.154 - - [08/Jan/2026:19:11:11 +0800] "GET //wp1/wp-includes/wlwmanifest.xml HTTP/1.1" 404 548 "-" "Mozilla/5.0 (Windows NT 10.0; Win64; x64) AppleWebKit/537.36 (KHTML, like Gecko) Chrome/95.0.4638.69 Safari/537.36"
38.58.178.154 - - [08/Jan/2026:19:11:11 +0800] "GET //test/wp-includes/wlwmanifest.xml HTTP/1.1" 404 548 "-" "Mozilla/5.0 (Windows NT 10.0; Win64; x64) AppleWebKit/537.36 (KHTML, like Gecko) Chrome/95.0.4638.69 Safari/537.36"
38.58.178.154 - - [08/Jan/2026:19:11:11 +0800] "GET //site/wp-includes/wlwmanifest.xml HTTP/1.1" 404 548 "-" "Mozilla/5.0 (Windows NT 10.0; Win64; x64) AppleWebKit/537.36 (KHTML, like Gecko) Chrome/95.0.4638.69 Safari/537.36"
38.58.178.154 - - [08/Jan/2026:19:11:11 +0800] "GET //cms/wp-includes/wlwmanifest.xml HTTP/1.1" 404 548 "-" "Mozilla/5.0 (Windows NT 10.0; Win64; x64) AppleWebKit/537.36 (KHTML, like Gecko) Chrome/95.0.4638.69 Safari/537.36"
172.70.248.118 - - [08/Jan/2026:19:27:07 +0800] "GET /wp-admin/setup-config.php HTTP/1.1" 301 162 "-" "Mozilla/5.0 (Windows NT 10.0; Win64; x64) AppleWebKit/537.36 (KHTML, like Gecko) Chrome/143.0.0.0 Safari/537.36"
172.70.248.41 - - [08/Jan/2026:19:27:07 +0800] "GET /wp-admin/setup-config.php HTTP/1.1" 404 548 "-" "Mozilla/5.0 (Windows NT 10.0; Win64; x64) AppleWebKit/537.36 (KHTML, like Gecko) Chrome/143.0.0.0 Safari/537.36"
104.23.223.49 - - [08/Jan/2026:19:29:21 +0800] "GET /wordpress/wp-admin/setup-config.php HTTP/1.1" 301 162 "-" "Mozilla/5.0 (Windows NT 10.0; Win64; x64) AppleWebKit/537.36 (KHTML, like Gecko) Chrome/143.0.0.0 Safari/537.36"
104.23.223.118 - - [08/Jan/2026:19:29:22 +0800] "GET /wordpress/wp-admin/setup-config.php HTTP/1.1" 404 548 "-" "Mozilla/5.0 (Windows NT 10.0; Win64; x64) AppleWebKit/537.36 (KHTML, like Gecko) Chrome/143.0.0.0 Safari/537.36"
104.23.221.53 - - [08/Jan/2026:19:31:10 +0800] "GET /wordpress/wp-admin/setup-config.php HTTP/2.0" 301 162 "-" "https://xtimchat.com/wordpress/wp-admin/setup-config.php"
104.23.221.72 - - [08/Jan/2026:19:31:10 +0800] "GET /wordpress/wp-admin/setup-config.php HTTP/1.1" 404 146 "-" "https://xtimchat.com/wordpress/wp-admin/setup-config.php"
104.23.223.48 - - [08/Jan/2026:19:31:24 +0800] "GET /wp-admin/setup-config.php HTTP/2.0" 301 162 "-" "https://xtimchat.com/wp-admin/setup-config.php"
104.23.223.119 - - [08/Jan/2026:19:31:24 +0800] "GET /wp-admin/setup-config.php HTTP/1.1" 404 146 "-" "https://xtimchat.com/wp-admin/setup-config.php"
104.23.223.48 - - [08/Jan/2026:19:45:44 +0800] "GET /wordpress/wp-admin/setup-config.php HTTP/2.0" 301 162 "-" "Mozilla/5.0 (Windows NT 10.0; Win64; x64) AppleWebKit/537.36 (KHTML, like Gecko) Chrome/143.0.0.0 Safari/537.36"
104.23.223.119 - - [08/Jan/2026:19:45:44 +0800] "GET /wordpress/wp-admin/setup-config.php HTTP/1.1" 404 548 "-" "Mozilla/5.0 (Windows NT 10.0; Win64; x64) AppleWebKit/537.36 (KHTML, like Gecko) Chrome/143.0.0.0 Safari/537.36"
104.23.223.48 - - [08/Jan/2026:19:46:25 +0800] "GET /wordpress/wp-admin/setup-config.php HTTP/1.1" 301 162 "-" "Mozilla/5.0 (Windows NT 10.0; Win64; x64) AppleWebKit/537.36 (KHTML, like Gecko) Chrome/143.0.0.0 Safari/537.36"
104.23.223.118 - - [08/Jan/2026:19:46:25 +0800] "GET /wordpress/wp-admin/setup-config.php HTTP/1.1" 404 548 "-" "Mozilla/5.0 (Windows NT 10.0; Win64; x64) AppleWebKit/537.36 (KHTML, like Gecko) Chrome/143.0.0.0 Safari/537.36"
104.23.223.48 - - [08/Jan/2026:19:46:30 +0800] "GET /wp-admin/setup-config.php HTTP/2.0" 301 162 "-" "https://xtimchat.com/wp-admin/setup-config.php"
104.23.223.118 - - [08/Jan/2026:19:46:30 +0800] "GET /wp-admin/setup-config.php HTTP/1.1" 404 146 "-" "https://xtimchat.com/wp-admin/setup-config.php"
104.23.221.52 - - [08/Jan/2026:19:47:40 +0800] "GET /wp-admin/setup-config.php HTTP/1.1" 301 162 "-" "Mozilla/5.0 (Windows NT 10.0; Win64; x64) AppleWebKit/537.36 (KHTML, like Gecko) Chrome/143.0.0.0 Safari/537.36"
104.23.221.72 - - [08/Jan/2026:19:47:40 +0800] "GET /wp-admin/setup-config.php HTTP/1.1" 404 548 "-" "Mozilla/5.0 (Windows NT 10.0; Win64; x64) AppleWebKit/537.36 (KHTML, like Gecko) Chrome/143.0.0.0 Safari/537.36"
104.23.221.52 - - [08/Jan/2026:20:10:21 +0800] "GET /wp-admin/setup-config.php HTTP/1.1" 301 162 "-" "http://xtimchat.com/wp-admin/setup-config.php"
104.23.221.72 - - [08/Jan/2026:20:10:21 +0800] "GET /wp-admin/setup-config.php HTTP/1.1" 404 146 "-" "http://xtimchat.com/wp-admin/setup-config.php"
162.158.183.91 - - [08/Jan/2026:20:10:35 +0800] "GET /wordpress/wp-admin/setup-config.php HTTP/1.1" 301 162 "-" "http://xtimchat.com/wordpress/wp-admin/setup-config.php"
162.158.183.64 - - [08/Jan/2026:20:10:35 +0800] "GET /wordpress/wp-admin/setup-config.php HTTP/1.1" 404 146 "-" "http://xtimchat.com/wordpress/wp-admin/setup-config.php"
162.158.183.92 - - [08/Jan/2026:20:10:44 +0800] "GET /wp-admin/setup-config.php HTTP/2.0" 301 162 "-" "https://xtimchat.com/wp-admin/setup-config.php"
162.158.183.64 - - [08/Jan/2026:20:10:44 +0800] "GET /wp-admin/setup-config.php HTTP/1.1" 404 146 "-" "https://xtimchat.com/wp-admin/setup-config.php"
104.23.221.53 - - [08/Jan/2026:20:14:09 +0800] "GET /wordpress/wp-admin/setup-config.php HTTP/2.0" 301 162 "-" "https://xtimchat.com/wordpress/wp-admin/setup-config.php"
104.23.221.73 - - [08/Jan/2026:20:14:09 +0800] "GET /wordpress/wp-admin/setup-config.php HTTP/1.1" 404 146 "-" "https://xtimchat.com/wordpress/wp-admin/setup-config.php"
66.249.65.64 - - [08/Jan/2026:20:26:38 +0800] "GET /robots.txt HTTP/1.1" 301 162 "-" "Mozilla/5.0 (compatible; Googlebot/2.1; +http://www.google.com/bot.html)"
66.249.74.35 - - [08/Jan/2026:20:26:39 +0800] "GET /robots.txt HTTP/1.1" 404 146 "-" "Mozilla/5.0 (compatible; Googlebot/2.1; +http://www.google.com/bot.html)"
104.23.223.49 - - [08/Jan/2026:20:27:34 +0800] "GET /wp-admin/setup-config.php HTTP/1.1" 301 162 "-" "http://xtimchat.com/wp-admin/setup-config.php"
104.23.223.119 - - [08/Jan/2026:20:27:35 +0800] "GET /wp-admin/setup-config.php HTTP/1.1" 404 146 "-" "http://xtimchat.com/wp-admin/setup-config.php"
104.23.223.49 - - [08/Jan/2026:20:28:07 +0800] "GET /wordpress/wp-admin/setup-config.php HTTP/1.1" 301 162 "-" "http://xtimchat.com/wordpress/wp-admin/setup-config.php"
104.23.223.118 - - [08/Jan/2026:20:28:08 +0800] "GET /wordpress/wp-admin/setup-config.php HTTP/1.1" 404 146 "-" "http://xtimchat.com/wordpress/wp-admin/setup-config.php"
104.23.221.52 - - [08/Jan/2026:20:28:15 +0800] "GET /wordpress/wp-admin/setup-config.php HTTP/2.0" 301 162 "-" "https://xtimchat.com/wordpress/wp-admin/setup-config.php"
104.23.221.72 - - [08/Jan/2026:20:28:15 +0800] "GET /wordpress/wp-admin/setup-config.php HTTP/1.1" 404 146 "-" "https://xtimchat.com/wordpress/wp-admin/setup-config.php"
104.23.221.52 - - [08/Jan/2026:20:29:49 +0800] "GET /wp-admin/setup-config.php HTTP/2.0" 301 162 "-" "https://xtimchat.com/wp-admin/setup-config.php"
