23.178.112.211 - - [30/Dec/2025:15:45:20 +0800] "GET /.well-known/acme-challenge/FsUL1rq4XWIV2VxxPXlLLp6vSaI-oWW7mft7lHTS9oQ HTTP/1.1" 200 87 "-" "Mozilla/5.0 (compatible; Let's Encrypt validation server; +https://www.letsencrypt.org)"
54.202.167.1 - - [30/Dec/2025:15:45:20 +0800] "GET /.well-known/acme-challenge/FsUL1rq4XWIV2VxxPXlLLp6vSaI-oWW7mft7lHTS9oQ HTTP/1.1" 200 87 "-" "Mozilla/5.0 (compatible; Let's Encrypt validation server; +https://www.letsencrypt.org)"
18.142.142.84 - - [30/Dec/2025:15:45:20 +0800] "GET /.well-known/acme-challenge/FsUL1rq4XWIV2VxxPXlLLp6vSaI-oWW7mft7lHTS9oQ HTTP/1.1" 200 87 "-" "Mozilla/5.0 (compatible; Let's Encrypt validation server; +https://www.letsencrypt.org)"
16.16.79.17 - - [30/Dec/2025:15:45:20 +0800] "GET /.well-known/acme-challenge/FsUL1rq4XWIV2VxxPXlLLp6vSaI-oWW7mft7lHTS9oQ HTTP/1.1" 200 87 "-" "Mozilla/5.0 (compatible; Let's Encrypt validation server; +https://www.letsencrypt.org)"
23.178.112.104 - - [30/Dec/2025:15:45:21 +0800] "GET /.well-known/acme-challenge/f_2yii3JZaYSzM50Y1A6dblTsGRmxV58ipxr7-EZL_c HTTP/1.1" 200 87 "-" "Mozilla/5.0 (compatible; Let's Encrypt validation server; +https://www.letsencrypt.org)"
18.142.142.84 - - [30/Dec/2025:15:45:22 +0800] "GET /.well-known/acme-challenge/f_2yii3JZaYSzM50Y1A6dblTsGRmxV58ipxr7-EZL_c HTTP/1.1" 200 87 "-" "Mozilla/5.0 (compatible; Let's Encrypt validation server; +https://www.letsencrypt.org)"
35.94.126.121 - - [30/Dec/2025:15:45:22 +0800] "GET /.well-known/acme-challenge/f_2yii3JZaYSzM50Y1A6dblTsGRmxV58ipxr7-EZL_c HTTP/1.1" 200 87 "-" "Mozilla/5.0 (compatible; Let's Encrypt validation server; +https://www.letsencrypt.org)"
3.136.85.233 - - [30/Dec/2025:15:45:22 +0800] "GET /.well-known/acme-challenge/f_2yii3JZaYSzM50Y1A6dblTsGRmxV58ipxr7-EZL_c HTTP/1.1" 200 87 "-" "Mozilla/5.0 (compatible; Let's Encrypt validation server; +https://www.letsencrypt.org)"
16.16.143.205 - - [30/Dec/2025:15:45:22 +0800] "GET /.well-known/acme-challenge/f_2yii3JZaYSzM50Y1A6dblTsGRmxV58ipxr7-EZL_c HTTP/1.1" 200 87 "-" "Mozilla/5.0 (compatible; Let's Encrypt validation server; +https://www.letsencrypt.org)"
182.118.233.51 - - [30/Dec/2025:15:46:09 +0800] "GET / HTTP/2.0" 200 3627 "http://103.146.158.90:24733/" "Mozilla/5.0 (Windows NT 10.0; Win64; x64) AppleWebKit/537.36 (KHTML, like Gecko) Chrome/143.0.0.0 Safari/537.36 Edg/143.0.0.0"
182.118.233.51 - - [30/Dec/2025:15:46:10 +0800] "GET /favicon.ico HTTP/2.0" 404 548 "https://xtimchat.com/" "Mozilla/5.0 (Windows NT 10.0; Win64; x64) AppleWebKit/537.36 (KHTML, like Gecko) Chrome/143.0.0.0 Safari/537.36 Edg/143.0.0.0"
104.244.74.39 - - [30/Dec/2025:15:46:41 +0800] "HEAD /.env HTTP/1.1" 404 0 "-" "Python/3.13 aiohttp/3.11.18"
104.244.74.39 - - [30/Dec/2025:15:46:42 +0800] "HEAD /.env.local HTTP/1.1" 404 0 "-" "Python/3.13 aiohttp/3.11.18"
104.244.74.39 - - [30/Dec/2025:15:46:42 +0800] "HEAD /.env.prod HTTP/1.1" 404 0 "-" "Python/3.13 aiohttp/3.11.18"
104.244.74.39 - - [30/Dec/2025:15:46:42 +0800] "HEAD /.env.dev HTTP/1.1" 404 0 "-" "Python/3.13 aiohttp/3.11.18"
68.183.180.73 - - [30/Dec/2025:15:46:43 +0800] "GET / HTTP/1.1" 200 17381 "-" "-"
68.183.180.73 - - [30/Dec/2025:15:46:43 +0800] "GET / HTTP/1.1" 200 17381 "-" "Mozilla/5.0 (l9scan/2.0.0393e2835313e2634313e2330313; +https://leakix.net)"
164.90.228.79 - - [30/Dec/2025:15:46:43 +0800] "GET / HTTP/1.1" 200 17381 "-" "-"
209.97.180.8 - - [30/Dec/2025:15:46:43 +0800] "GET / HTTP/1.1" 200 17381 "-" "-"
104.244.74.39 - - [30/Dec/2025:15:46:43 +0800] "HEAD /.env HTTP/1.1" 404 0 "-" "Python/3.13 aiohttp/3.11.18"
164.90.228.79 - - [30/Dec/2025:15:46:43 +0800] "GET / HTTP/1.1" 200 17381 "-" "Mozilla/5.0 (l9scan/2.0.0393e2835313e2634313e2330313; +https://leakix.net)"
165.227.84.14 - - [30/Dec/2025:15:46:43 +0800] "GET / HTTP/1.1" 200 17381 "-" "-"
104.244.74.39 - - [30/Dec/2025:15:46:44 +0800] "HEAD /.env.local HTTP/1.1" 404 0 "-" "Python/3.13 aiohttp/3.11.18"
209.97.180.8 - - [30/Dec/2025:15:46:44 +0800] "GET / HTTP/1.1" 200 17381 "-" "Mozilla/5.0 (l9scan/2.0.0393e2835313e2634313e2330313; +https://leakix.net)"
104.244.74.39 - - [30/Dec/2025:15:46:44 +0800] "HEAD /.env.prod HTTP/1.1" 404 0 "-" "Python/3.13 aiohttp/3.11.18"
68.183.180.73 - - [30/Dec/2025:15:46:44 +0800] "POST /graphql HTTP/1.1" 404 146 "-" "Mozilla/5.0 (l9scan/2.0.0393e2835313e2634313e2330313; +https://leakix.net)"
87.101.94.68 - - [30/Dec/2025:15:46:44 +0800] "GET / HTTP/1.1" 200 3639 "-" "Mozilla/5.0 (X11; Linux x86_64) AppleWebKit/537.36 (KHTML, like Gecko) Chrome/137.0.0.0 Safari/537.36"
104.164.126.45 - - [30/Dec/2025:15:46:44 +0800] "GET / HTTP/1.1" 200 3639 "-" "Mozilla/5.0 (Windows NT 10.0; Win64; x64) AppleWebKit/537.36 (KHTML, like Gecko) Chrome/116.0.0.0 Safari/537.36"
68.183.180.73 - - [30/Dec/2025:15:46:44 +0800] "POST /api HTTP/1.1" 404 146 "-" "Mozilla/5.0 (l9scan/2.0.0393e2835313e2634313e2330313; +https://leakix.net)"
104.244.74.39 - - [30/Dec/2025:15:46:44 +0800] "HEAD /.env.dev HTTP/1.1" 404 0 "-" "Python/3.13 aiohttp/3.11.18"
87.101.94.68 - - [30/Dec/2025:15:46:44 +0800] "GET /favicon.ico HTTP/1.1" 404 548 "-" "Mozilla/5.0 (X11; Linux x86_64) AppleWebKit/537.36 (KHTML, like Gecko) Chrome/136.0.0.0 Safari/537.36"
68.183.180.73 - - [30/Dec/2025:15:46:44 +0800] "POST /api/graphql HTTP/1.1" 404 146 "-" "Mozilla/5.0 (l9scan/2.0.0393e2835313e2634313e2330313; +https://leakix.net)"
165.227.84.14 - - [30/Dec/2025:15:46:44 +0800] "GET / HTTP/1.1" 200 17381 "-" "Mozilla/5.0 (l9scan/2.0.0393e2835313e2634313e2330313; +https://leakix.net)"
68.183.180.73 - - [30/Dec/2025:15:46:44 +0800] "POST /graphql/api HTTP/1.1" 404 146 "-" "Mozilla/5.0 (l9scan/2.0.0393e2835313e2634313e2330313; +https://leakix.net)"
68.183.180.73 - - [30/Dec/2025:15:46:44 +0800] "POST /api/gql HTTP/1.1" 404 146 "-" "Mozilla/5.0 (l9scan/2.0.0393e2835313e2634313e2330313; +https://leakix.net)"
164.90.228.79 - - [30/Dec/2025:15:46:44 +0800] "POST /graphql HTTP/1.1" 404 146 "-" "Mozilla/5.0 (l9scan/2.0.0393e2835313e2634313e2330313; +https://leakix.net)"
104.244.74.39 - - [30/Dec/2025:15:46:45 +0800] "HEAD /.env HTTP/1.1" 404 0 "-" "Python/3.13 aiohttp/3.11.18"
209.97.180.8 - - [30/Dec/2025:15:46:45 +0800] "POST /graphql HTTP/1.1" 404 146 "-" "Mozilla/5.0 (l9scan/2.0.0393e2835313e2634313e2330313; +https://leakix.net)"
164.90.228.79 - - [30/Dec/2025:15:46:45 +0800] "POST /api HTTP/1.1" 404 146 "-" "Mozilla/5.0 (l9scan/2.0.0393e2835313e2634313e2330313; +https://leakix.net)"
152.53.195.17 - - [30/Dec/2025:15:46:45 +0800] "GET / HTTP/1.1" 200 17381 "-" "Mozilla/5.0 (Macintosh; Intel Mac OS X 10_15_7) AppleWebKit/537.36 (KHTML, like Gecko) Chrome/142.0.0.0 Safari/537.36 Edg/142.0.0.0"
104.244.74.39 - - [30/Dec/2025:15:46:45 +0800] "HEAD /.env.local HTTP/1.1" 404 0 "-" "Python/3.13 aiohttp/3.11.18"
164.90.228.79 - - [30/Dec/2025:15:46:45 +0800] "POST /api/graphql HTTP/1.1" 404 146 "-" "Mozilla/5.0 (l9scan/2.0.0393e2835313e2634313e2330313; +https://leakix.net)"
165.227.84.14 - - [30/Dec/2025:15:46:45 +0800] "POST /graphql HTTP/1.1" 404 146 "-" "Mozilla/5.0 (l9scan/2.0.0393e2835313e2634313e2330313; +https://leakix.net)"
104.244.74.39 - - [30/Dec/2025:15:46:45 +0800] "HEAD /.env.prod HTTP/1.1" 404 0 "-" "Python/3.13 aiohttp/3.11.18"
209.97.180.8 - - [30/Dec/2025:15:46:45 +0800] "POST /api HTTP/1.1" 404 146 "-" "Mozilla/5.0 (l9scan/2.0.0393e2835313e2634313e2330313; +https://leakix.net)"
104.244.74.39 - - [30/Dec/2025:15:46:46 +0800] "HEAD /.env.dev HTTP/1.1" 404 0 "-" "Python/3.13 aiohttp/3.11.18"
164.90.228.79 - - [30/Dec/2025:15:46:46 +0800] "POST /graphql/api HTTP/1.1" 404 146 "-" "Mozilla/5.0 (l9scan/2.0.0393e2835313e2634313e2330313; +https://leakix.net)"
68.183.180.73 - - [30/Dec/2025:15:46:46 +0800] "GET /swagger-ui.html HTTP/1.1" 404 146 "-" "Mozilla/5.0 (l9scan/2.0.0393e2835313e2634313e2330313; +https://leakix.net)"
164.90.228.79 - - [30/Dec/2025:15:46:46 +0800] "POST /api/gql HTTP/1.1" 404 146 "-" "Mozilla/5.0 (l9scan/2.0.0393e2835313e2634313e2330313; +https://leakix.net)"
209.97.180.8 - - [30/Dec/2025:15:46:46 +0800] "POST /api/graphql HTTP/1.1" 404 146 "-" "Mozilla/5.0 (l9scan/2.0.0393e2835313e2634313e2330313; +https://leakix.net)"
196.245.54.36 - - [30/Dec/2025:15:46:46 +0800] "GET / HTTP/1.1" 302 138 "-" "Mozilla/5.0 (X11; Linux x86_64) AppleWebKit/537.36 (KHTML, like Gecko) Chrome/137.0.0.0 Safari/537.36"
104.244.74.39 - - [30/Dec/2025:15:46:46 +0800] "HEAD /.env HTTP/1.1" 404 0 "-" "Python/3.13 aiohttp/3.11.18"
209.97.180.8 - - [30/Dec/2025:15:46:47 +0800] "POST /graphql/api HTTP/1.1" 404 146 "-" "Mozilla/5.0 (l9scan/2.0.0393e2835313e2634313e2330313; +https://leakix.net)"
165.227.84.14 - - [30/Dec/2025:15:46:47 +0800] "POST /api HTTP/1.1" 404 146 "-" "Mozilla/5.0 (l9scan/2.0.0393e2835313e2634313e2330313; +https://leakix.net)"
104.244.74.39 - - [30/Dec/2025:15:46:47 +0800] "HEAD /.env.local HTTP/1.1" 404 0 "-" "Python/3.13 aiohttp/3.11.18"
165.227.84.14 - - [30/Dec/2025:15:46:47 +0800] "POST /api/graphql HTTP/1.1" 404 146 "-" "Mozilla/5.0 (l9scan/2.0.0393e2835313e2634313e2330313; +https://leakix.net)"
68.183.180.73 - - [30/Dec/2025:15:46:47 +0800] "GET /swagger/index.html HTTP/1.1" 404 146 "-" "Mozilla/5.0 (l9scan/2.0.0393e2835313e2634313e2330313; +https://leakix.net)"
45.133.193.8 - - [30/Dec/2025:15:46:47 +0800] "GET / HTTP/1.1" 200 3639 "-" "Mozilla/5.0 (X11; Linux x86_64) AppleWebKit/537.36 (KHTML, like Gecko) Chrome/137.0.0.0 Safari/537.36"
104.244.74.39 - - [30/Dec/2025:15:46:47 +0800] "HEAD /.env.prod HTTP/1.1" 404 0 "-" "Python/3.13 aiohttp/3.11.18"
164.90.228.79 - - [30/Dec/2025:15:46:47 +0800] "GET /swagger-ui.html HTTP/1.1" 404 146 "-" "Mozilla/5.0 (l9scan/2.0.0393e2835313e2634313e2330313; +https://leakix.net)"
209.97.180.8 - - [30/Dec/2025:15:46:47 +0800] "POST /api/gql HTTP/1.1" 404 146 "-" "Mozilla/5.0 (l9scan/2.0.0393e2835313e2634313e2330313; +https://leakix.net)"
45.133.193.8 - - [30/Dec/2025:15:46:47 +0800] "GET /favicon.ico HTTP/1.1" 404 548 "-" "Mozilla/5.0 (X11; Linux x86_64) AppleWebKit/537.36 (KHTML, like Gecko) Chrome/136.0.0.0 Safari/537.36"
104.244.74.39 - - [30/Dec/2025:15:46:47 +0800] "HEAD /.env.dev HTTP/1.1" 404 0 "-" "Python/3.13 aiohttp/3.11.18"
68.183.180.73 - - [30/Dec/2025:15:46:48 +0800] "GET /swagger/swagger-ui.html HTTP/1.1" 404 146 "-" "Mozilla/5.0 (l9scan/2.0.0393e2835313e2634313e2330313; +https://leakix.net)"
165.227.84.14 - - [30/Dec/2025:15:46:48 +0800] "POST /graphql/api HTTP/1.1" 404 146 "-" "Mozilla/5.0 (l9scan/2.0.0393e2835313e2634313e2330313; +https://leakix.net)"
164.90.228.79 - - [30/Dec/2025:15:46:48 +0800] "GET /swagger/index.html HTTP/1.1" 404 146 "-" "Mozilla/5.0 (l9scan/2.0.0393e2835313e2634313e2330313; +https://leakix.net)"
209.97.180.8 - - [30/Dec/2025:15:46:49 +0800] "GET /swagger-ui.html HTTP/1.1" 404 146 "-" "Mozilla/5.0 (l9scan/2.0.0393e2835313e2634313e2330313; +https://leakix.net)"
152.53.195.17 - - [30/Dec/2025:15:46:49 +0800] "GET / HTTP/2.0" 200 3627 "-" "Mozilla/5.0 (X11; Linux x86_64) AppleWebKit/537.36 (KHTML, like Gecko) Chrome/125.0.0.0 Safari/537.36"
68.183.180.73 - - [30/Dec/2025:15:46:49 +0800] "GET /webjars/swagger-ui/index.html HTTP/1.1" 404 146 "-" "Mozilla/5.0 (l9scan/2.0.0393e2835313e2634313e2330313; +https://leakix.net)"
165.227.84.14 - - [30/Dec/2025:15:46:49 +0800] "POST /api/gql HTTP/1.1" 404 146 "-" "Mozilla/5.0 (l9scan/2.0.0393e2835313e2634313e2330313; +https://leakix.net)"
164.90.228.79 - - [30/Dec/2025:15:46:49 +0800] "GET /swagger/swagger-ui.html HTTP/1.1" 404 146 "-" "Mozilla/5.0 (l9scan/2.0.0393e2835313e2634313e2330313; +https://leakix.net)"
209.97.180.8 - - [30/Dec/2025:15:46:50 +0800] "GET /swagger/index.html HTTP/1.1" 404 146 "-" "Mozilla/5.0 (l9scan/2.0.0393e2835313e2634313e2330313; +https://leakix.net)"
68.183.180.73 - - [30/Dec/2025:15:46:50 +0800] "GET /swagger.json HTTP/1.1" 404 146 "-" "Mozilla/5.0 (l9scan/2.0.0393e2835313e2634313e2330313; +https://leakix.net)"
165.227.84.14 - - [30/Dec/2025:15:46:50 +0800] "GET /swagger-ui.html HTTP/1.1" 404 146 "-" "Mozilla/5.0 (l9scan/2.0.0393e2835313e2634313e2330313; +https://leakix.net)"
164.90.228.79 - - [30/Dec/2025:15:46:50 +0800] "GET /webjars/swagger-ui/index.html HTTP/1.1" 404 146 "-" "Mozilla/5.0 (l9scan/2.0.0393e2835313e2634313e2330313; +https://leakix.net)"
209.97.180.8 - - [30/Dec/2025:15:46:51 +0800] "GET /swagger/swagger-ui.html HTTP/1.1" 404 146 "-" "Mozilla/5.0 (l9scan/2.0.0393e2835313e2634313e2330313; +https://leakix.net)"
68.183.180.73 - - [30/Dec/2025:15:46:51 +0800] "GET /swagger/v1/swagger.json HTTP/1.1" 404 146 "-" "Mozilla/5.0 (l9scan/2.0.0393e2835313e2634313e2330313; +https://leakix.net)"
164.90.228.79 - - [30/Dec/2025:15:46:51 +0800] "GET /swagger.json HTTP/1.1" 404 146 "-" "Mozilla/5.0 (l9scan/2.0.0393e2835313e2634313e2330313; +https://leakix.net)"
209.97.180.8 - - [30/Dec/2025:15:46:52 +0800] "GET /webjars/swagger-ui/index.html HTTP/1.1" 404 146 "-" "Mozilla/5.0 (l9scan/2.0.0393e2835313e2634313e2330313; +https://leakix.net)"
165.227.84.14 - - [30/Dec/2025:15:46:52 +0800] "GET /swagger/index.html HTTP/1.1" 404 146 "-" "Mozilla/5.0 (l9scan/2.0.0393e2835313e2634313e2330313; +https://leakix.net)"
68.183.180.73 - - [30/Dec/2025:15:46:52 +0800] "GET /v2/api-docs HTTP/1.1" 404 146 "-" "Mozilla/5.0 (l9scan/2.0.0393e2835313e2634313e2330313; +https://leakix.net)"
164.90.228.79 - - [30/Dec/2025:15:46:52 +0800] "GET /swagger/v1/swagger.json HTTP/1.1" 404 146 "-" "Mozilla/5.0 (l9scan/2.0.0393e2835313e2634313e2330313; +https://leakix.net)"
165.227.84.14 - - [30/Dec/2025:15:46:52 +0800] "GET /swagger/swagger-ui.html HTTP/1.1" 404 146 "-" "Mozilla/5.0 (l9scan/2.0.0393e2835313e2634313e2330313; +https://leakix.net)"
209.97.180.8 - - [30/Dec/2025:15:46:53 +0800] "GET /swagger.json HTTP/1.1" 404 146 "-" "Mozilla/5.0 (l9scan/2.0.0393e2835313e2634313e2330313; +https://leakix.net)"
68.183.180.73 - - [30/Dec/2025:15:46:53 +0800] "GET /v3/api-docs HTTP/1.1" 404 146 "-" "Mozilla/5.0 (l9scan/2.0.0393e2835313e2634313e2330313; +https://leakix.net)"
165.227.84.14 - - [30/Dec/2025:15:46:53 +0800] "GET /webjars/swagger-ui/index.html HTTP/1.1" 404 146 "-" "Mozilla/5.0 (l9scan/2.0.0393e2835313e2634313e2330313; +https://leakix.net)"
164.90.228.79 - - [30/Dec/2025:15:46:53 +0800] "GET /v2/api-docs HTTP/1.1" 404 146 "-" "Mozilla/5.0 (l9scan/2.0.0393e2835313e2634313e2330313; +https://leakix.net)"
209.97.180.8 - - [30/Dec/2025:15:46:54 +0800] "GET /swagger/v1/swagger.json HTTP/1.1" 404 146 "-" "Mozilla/5.0 (l9scan/2.0.0393e2835313e2634313e2330313; +https://leakix.net)"
165.227.84.14 - - [30/Dec/2025:15:46:54 +0800] "GET /swagger.json HTTP/1.1" 404 146 "-" "Mozilla/5.0 (l9scan/2.0.0393e2835313e2634313e2330313; +https://leakix.net)"
68.183.180.73 - - [30/Dec/2025:15:46:54 +0800] "GET /api-docs/swagger.json HTTP/1.1" 404 146 "-" "Mozilla/5.0 (l9scan/2.0.0393e2835313e2634313e2330313; +https://leakix.net)"
164.90.228.79 - - [30/Dec/2025:15:46:54 +0800] "GET /v3/api-docs HTTP/1.1" 404 146 "-" "Mozilla/5.0 (l9scan/2.0.0393e2835313e2634313e2330313; +https://leakix.net)"
209.97.180.8 - - [30/Dec/2025:15:46:55 +0800] "GET /v2/api-docs HTTP/1.1" 404 146 "-" "Mozilla/5.0 (l9scan/2.0.0393e2835313e2634313e2330313; +https://leakix.net)"
68.183.180.73 - - [30/Dec/2025:15:46:55 +0800] "GET /api/swagger.json HTTP/1.1" 404 146 "-" "Mozilla/5.0 (l9scan/2.0.0393e2835313e2634313e2330313; +https://leakix.net)"
164.90.228.79 - - [30/Dec/2025:15:46:55 +0800] "GET /api-docs/swagger.json HTTP/1.1" 404 146 "-" "Mozilla/5.0 (l9scan/2.0.0393e2835313e2634313e2330313; +https://leakix.net)"
209.97.180.8 - - [30/Dec/2025:15:46:56 +0800] "GET /v3/api-docs HTTP/1.1" 404 146 "-" "Mozilla/5.0 (l9scan/2.0.0393e2835313e2634313e2330313; +https://leakix.net)"
68.183.180.73 - - [30/Dec/2025:15:46:56 +0800] "GET /@vite/env HTTP/1.1" 404 146 "-" "Mozilla/5.0 (l9scan/2.0.0393e2835313e2634313e2330313; +https://leakix.net)"
165.227.84.14 - - [30/Dec/2025:15:46:56 +0800] "GET /swagger/v1/swagger.json HTTP/1.1" 404 146 "-" "Mozilla/5.0 (l9scan/2.0.0393e2835313e2634313e2330313; +https://leakix.net)"
164.90.228.79 - - [30/Dec/2025:15:46:56 +0800] "GET /api/swagger.json HTTP/1.1" 404 146 "-" "Mozilla/5.0 (l9scan/2.0.0393e2835313e2634313e2330313; +https://leakix.net)"
165.227.84.14 - - [30/Dec/2025:15:46:56 +0800] "GET /v2/api-docs HTTP/1.1" 404 146 "-" "Mozilla/5.0 (l9scan/2.0.0393e2835313e2634313e2330313; +https://leakix.net)"
104.164.126.45 - - [30/Dec/2025:15:46:56 +0800] "GET / HTTP/1.1" 200 3639 "-" "Mozilla/5.0 (Macintosh; Intel Mac OS X 10_15_7) AppleWebKit/537.36 (KHTML, like Gecko) Chrome/117.0.0.0 Safari/537.36"
209.97.180.8 - - [30/Dec/2025:15:46:57 +0800] "GET /api-docs/swagger.json HTTP/1.1" 404 146 "-" "Mozilla/5.0 (l9scan/2.0.0393e2835313e2634313e2330313; +https://leakix.net)"
68.183.180.73 - - [30/Dec/2025:15:46:57 +0800] "GET /actuator/env HTTP/1.1" 404 146 "-" "Mozilla/5.0 (l9scan/2.0.0393e2835313e2634313e2330313; +https://leakix.net)"
164.90.228.79 - - [30/Dec/2025:15:46:57 +0800] "GET /@vite/env HTTP/1.1" 404 146 "-" "Mozilla/5.0 (l9scan/2.0.0393e2835313e2634313e2330313; +https://leakix.net)"
209.97.180.8 - - [30/Dec/2025:15:46:58 +0800] "GET /api/swagger.json HTTP/1.1" 404 146 "-" "Mozilla/5.0 (l9scan/2.0.0393e2835313e2634313e2330313; +https://leakix.net)"
68.183.180.73 - - [30/Dec/2025:15:46:58 +0800] "GET /server HTTP/1.1" 404 146 "-" "Mozilla/5.0 (l9scan/2.0.0393e2835313e2634313e2330313; +https://leakix.net)"
164.90.228.79 - - [30/Dec/2025:15:46:58 +0800] "GET /actuator/env HTTP/1.1" 404 146 "-" "Mozilla/5.0 (l9scan/2.0.0393e2835313e2634313e2330313; +https://leakix.net)"
165.227.84.14 - - [30/Dec/2025:15:46:58 +0800] "GET /v3/api-docs HTTP/1.1" 404 146 "-" "Mozilla/5.0 (l9scan/2.0.0393e2835313e2634313e2330313; +https://leakix.net)"
209.97.180.8 - - [30/Dec/2025:15:46:59 +0800] "GET /@vite/env HTTP/1.1" 404 146 "-" "Mozilla/5.0 (l9scan/2.0.0393e2835313e2634313e2330313; +https://leakix.net)"
68.183.180.73 - - [30/Dec/2025:15:46:59 +0800] "GET /.vscode/sftp.json HTTP/1.1" 404 146 "-" "Mozilla/5.0 (l9scan/2.0.0393e2835313e2634313e2330313; +https://leakix.net)"
164.90.228.79 - - [30/Dec/2025:15:46:59 +0800] "GET /server HTTP/1.1" 404 146 "-" "Mozilla/5.0 (l9scan/2.0.0393e2835313e2634313e2330313; +https://leakix.net)"
209.97.180.8 - - [30/Dec/2025:15:47:00 +0800] "GET /actuator/env HTTP/1.1" 404 146 "-" "Mozilla/5.0 (l9scan/2.0.0393e2835313e2634313e2330313; +https://leakix.net)"
165.227.84.14 - - [30/Dec/2025:15:47:00 +0800] "GET /api-docs/swagger.json HTTP/1.1" 404 146 "-" "Mozilla/5.0 (l9scan/2.0.0393e2835313e2634313e2330313; +https://leakix.net)"
164.90.228.79 - - [30/Dec/2025:15:47:00 +0800] "GET /.vscode/sftp.json HTTP/1.1" 404 146 "-" "Mozilla/5.0 (l9scan/2.0.0393e2835313e2634313e2330313; +https://leakix.net)"
209.97.180.8 - - [30/Dec/2025:15:47:01 +0800] "GET /server HTTP/1.1" 404 146 "-" "Mozilla/5.0 (l9scan/2.0.0393e2835313e2634313e2330313; +https://leakix.net)"
104.244.74.39 - - [30/Dec/2025:15:47:01 +0800] "HEAD /.env HTTP/1.1" 404 0 "-" "Python/3.13 aiohttp/3.11.18"
68.183.180.73 - - [30/Dec/2025:15:47:01 +0800] "GET /about HTTP/1.1" 404 146 "-" "Mozilla/5.0 (l9scan/2.0.0393e2835313e2634313e2330313; +https://leakix.net)"
165.227.84.14 - - [30/Dec/2025:15:47:01 +0800] "GET /api/swagger.json HTTP/1.1" 404 146 "-" "Mozilla/5.0 (l9scan/2.0.0393e2835313e2634313e2330313; +https://leakix.net)"
104.244.74.39 - - [30/Dec/2025:15:47:01 +0800] "HEAD /.env.local HTTP/1.1" 404 0 "-" "Python/3.13 aiohttp/3.11.18"
104.244.74.39 - - [30/Dec/2025:15:47:01 +0800] "HEAD /.env.prod HTTP/1.1" 404 0 "-" "Python/3.13 aiohttp/3.11.18"
165.227.84.14 - - [30/Dec/2025:15:47:01 +0800] "GET /@vite/env HTTP/1.1" 404 146 "-" "Mozilla/5.0 (l9scan/2.0.0393e2835313e2634313e2330313; +https://leakix.net)"
209.97.180.8 - - [30/Dec/2025:15:47:02 +0800] "GET /.vscode/sftp.json HTTP/1.1" 404 146 "-" "Mozilla/5.0 (l9scan/2.0.0393e2835313e2634313e2330313; +https://leakix.net)"
104.244.74.39 - - [30/Dec/2025:15:47:02 +0800] "HEAD /.env.dev HTTP/1.1" 404 0 "-" "Python/3.13 aiohttp/3.11.18"
68.183.180.73 - - [30/Dec/2025:15:47:02 +0800] "GET /debug/default/view?panel=config HTTP/1.1" 404 146 "-" "Mozilla/5.0 (l9scan/2.0.0393e2835313e2634313e2330313; +https://leakix.net)"
164.90.228.79 - - [30/Dec/2025:15:47:02 +0800] "GET /about HTTP/1.1" 404 146 "-" "Mozilla/5.0 (l9scan/2.0.0393e2835313e2634313e2330313; +https://leakix.net)"
165.227.84.14 - - [30/Dec/2025:15:47:02 +0800] "GET /actuator/env HTTP/1.1" 404 146 "-" "Mozilla/5.0 (l9scan/2.0.0393e2835313e2634313e2330313; +https://leakix.net)"
104.244.74.39 - - [30/Dec/2025:15:47:03 +0800] "HEAD /.env HTTP/1.1" 404 0 "-" "Python/3.13 aiohttp/3.11.18"
104.244.74.39 - - [30/Dec/2025:15:47:03 +0800] "HEAD /.env.local HTTP/1.1" 404 0 "-" "Python/3.13 aiohttp/3.11.18"
68.183.180.73 - - [30/Dec/2025:15:47:03 +0800] "GET /v2/_catalog HTTP/1.1" 404 146 "-" "Mozilla/5.0 (l9scan/2.0.0393e2835313e2634313e2330313; +https://leakix.net)"
104.244.74.39 - - [30/Dec/2025:15:47:03 +0800] "HEAD /.env.prod HTTP/1.1" 404 0 "-" "Python/3.13 aiohttp/3.11.18"
164.90.228.79 - - [30/Dec/2025:15:47:03 +0800] "GET /debug/default/view?panel=config HTTP/1.1" 404 146 "-" "Mozilla/5.0 (l9scan/2.0.0393e2835313e2634313e2330313; +https://leakix.net)"
104.244.74.39 - - [30/Dec/2025:15:47:03 +0800] "HEAD /.env.dev HTTP/1.1" 404 0 "-" "Python/3.13 aiohttp/3.11.18"
98.91.217.213 - - [30/Dec/2025:15:47:03 +0800] "GET / HTTP/2.0" 200 3627 "-" "Mozilla/5.0 (iPhone; CPU iPhone OS 11_0 like Mac OS X) AppleWebKit/604.1.38 (KHTML, like Gecko) Version/11.0 Mobile/15A372 Safari/604.1"
209.97.180.8 - - [30/Dec/2025:15:47:04 +0800] "GET /about HTTP/1.1" 404 146 "-" "Mozilla/5.0 (l9scan/2.0.0393e2835313e2634313e2330313; +https://leakix.net)"
68.183.180.73 - - [30/Dec/2025:15:47:04 +0800] "GET /ecp/Current/exporttool/microsoft.exchange.ediscovery.exporttool.application HTTP/1.1" 404 146 "-" "Mozilla/5.0 (l9scan/2.0.0393e2835313e2634313e2330313; +https://leakix.net)"
164.90.228.79 - - [30/Dec/2025:15:47:04 +0800] "GET /v2/_catalog HTTP/1.1" 404 146 "-" "Mozilla/5.0 (l9scan/2.0.0393e2835313e2634313e2330313; +https://leakix.net)"
165.227.84.14 - - [30/Dec/2025:15:47:04 +0800] "GET /server HTTP/1.1" 404 146 "-" "Mozilla/5.0 (l9scan/2.0.0393e2835313e2634313e2330313; +https://leakix.net)"
209.97.180.8 - - [30/Dec/2025:15:47:05 +0800] "GET /debug/default/view?panel=config HTTP/1.1" 404 146 "-" "Mozilla/5.0 (l9scan/2.0.0393e2835313e2634313e2330313; +https://leakix.net)"
165.227.84.14 - - [30/Dec/2025:15:47:05 +0800] "GET /.vscode/sftp.json HTTP/1.1" 404 146 "-" "Mozilla/5.0 (l9scan/2.0.0393e2835313e2634313e2330313; +https://leakix.net)"
68.183.180.73 - - [30/Dec/2025:15:47:05 +0800] "GET /server-status HTTP/1.1" 404 146 "-" "Mozilla/5.0 (l9scan/2.0.0393e2835313e2634313e2330313; +https://leakix.net)"
164.90.228.79 - - [30/Dec/2025:15:47:05 +0800] "GET /ecp/Current/exporttool/microsoft.exchange.ediscovery.exporttool.application HTTP/1.1" 404 146 "-" "Mozilla/5.0 (l9scan/2.0.0393e2835313e2634313e2330313; +https://leakix.net)"
209.97.180.8 - - [30/Dec/2025:15:47:06 +0800] "GET /v2/_catalog HTTP/1.1" 404 146 "-" "Mozilla/5.0 (l9scan/2.0.0393e2835313e2634313e2330313; +https://leakix.net)"
68.183.180.73 - - [30/Dec/2025:15:47:06 +0800] "GET /login.action HTTP/1.1" 404 146 "-" "Mozilla/5.0 (l9scan/2.0.0393e2835313e2634313e2330313; +https://leakix.net)"
164.90.228.79 - - [30/Dec/2025:15:47:06 +0800] "GET /server-status HTTP/1.1" 404 146 "-" "Mozilla/5.0 (l9scan/2.0.0393e2835313e2634313e2330313; +https://leakix.net)"
209.97.180.8 - - [30/Dec/2025:15:47:07 +0800] "GET /ecp/Current/exporttool/microsoft.exchange.ediscovery.exporttool.application HTTP/1.1" 404 146 "-" "Mozilla/5.0 (l9scan/2.0.0393e2835313e2634313e2330313; +https://leakix.net)"
68.183.180.73 - - [30/Dec/2025:15:47:07 +0800] "GET /_all_dbs HTTP/1.1" 404 146 "-" "Mozilla/5.0 (l9scan/2.0.0393e2835313e2634313e2330313; +https://leakix.net)"
164.90.228.79 - - [30/Dec/2025:15:47:07 +0800] "GET /login.action HTTP/1.1" 404 146 "-" "Mozilla/5.0 (l9scan/2.0.0393e2835313e2634313e2330313; +https://leakix.net)"
165.227.84.14 - - [30/Dec/2025:15:47:08 +0800] "GET /about HTTP/1.1" 404 146 "-" "Mozilla/5.0 (l9scan/2.0.0393e2835313e2634313e2330313; +https://leakix.net)"
209.97.180.8 - - [30/Dec/2025:15:47:08 +0800] "GET /server-status HTTP/1.1" 404 146 "-" "Mozilla/5.0 (l9scan/2.0.0393e2835313e2634313e2330313; +https://leakix.net)"
68.183.180.73 - - [30/Dec/2025:15:47:08 +0800] "GET /.DS_Store HTTP/1.1" 404 146 "-" "Mozilla/5.0 (l9scan/2.0.0393e2835313e2634313e2330313; +https://leakix.net)"
164.90.228.79 - - [30/Dec/2025:15:47:08 +0800] "GET /_all_dbs HTTP/1.1" 404 146 "-" "Mozilla/5.0 (l9scan/2.0.0393e2835313e2634313e2330313; +https://leakix.net)"
209.97.180.8 - - [30/Dec/2025:15:47:09 +0800] "GET /login.action HTTP/1.1" 404 146 "-" "Mozilla/5.0 (l9scan/2.0.0393e2835313e2634313e2330313; +https://leakix.net)"
165.227.84.14 - - [30/Dec/2025:15:47:09 +0800] "GET /debug/default/view?panel=config HTTP/1.1" 404 146 "-" "Mozilla/5.0 (l9scan/2.0.0393e2835313e2634313e2330313; +https://leakix.net)"
68.183.180.73 - - [30/Dec/2025:15:47:09 +0800] "GET /.env HTTP/1.1" 404 146 "-" "Mozilla/5.0 (l9scan/2.0.0393e2835313e2634313e2330313; +https://leakix.net)"
165.227.84.14 - - [30/Dec/2025:15:47:09 +0800] "GET /v2/_catalog HTTP/1.1" 404 146 "-" "Mozilla/5.0 (l9scan/2.0.0393e2835313e2634313e2330313; +https://leakix.net)"
164.90.228.79 - - [30/Dec/2025:15:47:09 +0800] "GET /.DS_Store HTTP/1.1" 404 146 "-" "Mozilla/5.0 (l9scan/2.0.0393e2835313e2634313e2330313; +https://leakix.net)"
209.97.180.8 - - [30/Dec/2025:15:47:10 +0800] "GET /_all_dbs HTTP/1.1" 404 146 "-" "Mozilla/5.0 (l9scan/2.0.0393e2835313e2634313e2330313; +https://leakix.net)"
164.90.228.79 - - [30/Dec/2025:15:47:10 +0800] "GET /.env HTTP/1.1" 404 146 "-" "Mozilla/5.0 (l9scan/2.0.0393e2835313e2634313e2330313; +https://leakix.net)"
165.227.84.14 - - [30/Dec/2025:15:47:11 +0800] "GET /ecp/Current/exporttool/microsoft.exchange.ediscovery.exporttool.application HTTP/1.1" 404 146 "-" "Mozilla/5.0 (l9scan/2.0.0393e2835313e2634313e2330313; +https://leakix.net)"
209.97.180.8 - - [30/Dec/2025:15:47:11 +0800] "GET /.DS_Store HTTP/1.1" 404 146 "-" "Mozilla/5.0 (l9scan/2.0.0393e2835313e2634313e2330313; +https://leakix.net)"
68.183.180.73 - - [30/Dec/2025:15:47:11 +0800] "GET /.git/config HTTP/1.1" 404 146 "-" "Mozilla/5.0 (l9scan/2.0.0393e2835313e2634313e2330313; +https://leakix.net)"
165.227.84.14 - - [30/Dec/2025:15:47:11 +0800] "GET /server-status HTTP/1.1" 404 146 "-" "Mozilla/5.0 (l9scan/2.0.0393e2835313e2634313e2330313; +https://leakix.net)"
209.97.180.8 - - [30/Dec/2025:15:47:12 +0800] "GET /.env HTTP/1.1" 404 146 "-" "Mozilla/5.0 (l9scan/2.0.0393e2835313e2634313e2330313; +https://leakix.net)"
68.183.180.73 - - [30/Dec/2025:15:47:12 +0800] "GET /s/0393e2835313e2634313e2330313/_/;/META-INF/maven/com.atlassian.jira/jira-webapp-dist/pom.properties HTTP/1.1" 404 146 "-" "Mozilla/5.0 (l9scan/2.0.0393e2835313e2634313e2330313; +https://leakix.net)"
165.227.84.14 - - [30/Dec/2025:15:47:12 +0800] "GET /login.action HTTP/1.1" 404 146 "-" "Mozilla/5.0 (l9scan/2.0.0393e2835313e2634313e2330313; +https://leakix.net)"
164.90.228.79 - - [30/Dec/2025:15:47:12 +0800] "GET /.git/config HTTP/1.1" 404 146 "-" "Mozilla/5.0 (l9scan/2.0.0393e2835313e2634313e2330313; +https://leakix.net)"
68.183.180.73 - - [30/Dec/2025:15:47:13 +0800] "GET /config.json HTTP/1.1" 404 146 "-" "Mozilla/5.0 (l9scan/2.0.0393e2835313e2634313e2330313; +https://leakix.net)"
165.227.84.14 - - [30/Dec/2025:15:47:13 +0800] "GET /_all_dbs HTTP/1.1" 404 146 "-" "Mozilla/5.0 (l9scan/2.0.0393e2835313e2634313e2330313; +https://leakix.net)"
164.90.228.79 - - [30/Dec/2025:15:47:13 +0800] "GET /s/0393e2835313e2634313e2330313/_/;/META-INF/maven/com.atlassian.jira/jira-webapp-dist/pom.properties HTTP/1.1" 404 146 "-" "Mozilla/5.0 (l9scan/2.0.0393e2835313e2634313e2330313; +https://leakix.net)"
209.97.180.8 - - [30/Dec/2025:15:47:14 +0800] "GET /.git/config HTTP/1.1" 301 162 "-" "Mozilla/5.0 (l9scan/2.0.0393e2835313e2634313e2330313; +https://leakix.net)"
68.183.180.73 - - [30/Dec/2025:15:47:14 +0800] "GET /telescope/requests HTTP/1.1" 404 146 "-" "Mozilla/5.0 (l9scan/2.0.0393e2835313e2634313e2330313; +https://leakix.net)"
104.164.126.45 - - [30/Dec/2025:15:47:14 +0800] "GET /https%3A/fonts.googleapis.com/css2%3Ffamily%3DInter%3Awght%40300%3B400%3B500%3B600%3B700%3B800%26display%3Dswap HTTP/1.1" 301 162 "-" "Mozilla/5.0 (Macintosh; Intel Mac OS X 10_15_7) AppleWebKit/537.36 (KHTML, like Gecko) Chrome/117.0.0.0 Safari/537.36"
164.90.228.79 - - [30/Dec/2025:15:47:14 +0800] "GET /config.json HTTP/1.1" 301 162 "-" "Mozilla/5.0 (l9scan/2.0.0393e2835313e2634313e2330313; +https://leakix.net)"
104.164.126.45 - - [30/Dec/2025:15:47:14 +0800] "GET /%23features HTTP/1.1" 301 162 "-" "Mozilla/5.0 (Macintosh; Intel Mac OS X 10_15_7) AppleWebKit/537.36 (KHTML, like Gecko) Chrome/117.0.0.0 Safari/537.36"
165.227.84.14 - - [30/Dec/2025:15:47:14 +0800] "GET /.DS_Store HTTP/1.1" 404 146 "-" "Mozilla/5.0 (l9scan/2.0.0393e2835313e2634313e2330313; +https://leakix.net)"
104.164.126.45 - - [30/Dec/2025:15:47:14 +0800] "GET /%23screenshots HTTP/1.1" 301 162 "-" "Mozilla/5.0 (Macintosh; Intel Mac OS X 10_15_7) AppleWebKit/537.36 (KHTML, like Gecko) Chrome/117.0.0.0 Safari/537.36"
209.97.180.8 - - [30/Dec/2025:15:47:15 +0800] "GET /s/0393e2835313e2634313e2330313/_/;/META-INF/maven/com.atlassian.jira/jira-webapp-dist/pom.properties HTTP/1.1" 301 162 "-" "Mozilla/5.0 (l9scan/2.0.0393e2835313e2634313e2330313; +https://leakix.net)"
104.164.126.45 - - [30/Dec/2025:15:47:15 +0800] "GET /%23pricing HTTP/1.1" 301 162 "-" "Mozilla/5.0 (Macintosh; Intel Mac OS X 10_15_7) AppleWebKit/537.36 (KHTML, like Gecko) Chrome/117.0.0.0 Safari/537.36"
68.183.180.73 - - [30/Dec/2025:15:47:15 +0800] "GET /info.php HTTP/1.1" 404 146 "-" "Mozilla/5.0 (l9scan/2.0.0393e2835313e2634313e2330313; +https://leakix.net)"
104.164.126.45 - - [30/Dec/2025:15:47:15 +0800] "GET /%23contact HTTP/1.1" 301 162 "-" "Mozilla/5.0 (Macintosh; Intel Mac OS X 10_15_7) AppleWebKit/537.36 (KHTML, like Gecko) Chrome/117.0.0.0 Safari/537.36"
104.164.126.45 - - [30/Dec/2025:15:47:15 +0800] "GET /%23 HTTP/1.1" 301 162 "-" "Mozilla/5.0 (Macintosh; Intel Mac OS X 10_15_7) AppleWebKit/537.36 (KHTML, like Gecko) Chrome/117.0.0.0 Safari/537.36"
164.90.228.79 - - [30/Dec/2025:15:47:15 +0800] "GET /telescope/requests HTTP/1.1" 301 162 "-" "Mozilla/5.0 (l9scan/2.0.0393e2835313e2634313e2330313; +https://leakix.net)"
104.164.126.45 - - [30/Dec/2025:15:47:15 +0800] "GET /script.js HTTP/1.1" 301 162 "-" "Mozilla/5.0 (Macintosh; Intel Mac OS X 10_15_7) AppleWebKit/537.36 (KHTML, like Gecko) Chrome/117.0.0.0 Safari/537.36"
209.97.180.8 - - [30/Dec/2025:15:47:16 +0800] "GET /config.json HTTP/1.1" 301 162 "-" "Mozilla/5.0 (l9scan/2.0.0393e2835313e2634313e2330313; +https://leakix.net)"
68.183.180.73 - - [30/Dec/2025:15:47:16 +0800] "GET /?rest_route=/wp/v2/users/ HTTP/1.1" 200 3639 "-" "Mozilla/5.0 (l9scan/2.0.0393e2835313e2634313e2330313; +https://leakix.net)"
165.227.84.14 - - [30/Dec/2025:15:47:16 +0800] "GET /.env HTTP/1.1" 404 146 "-" "Mozilla/5.0 (l9scan/2.0.0393e2835313e2634313e2330313; +https://leakix.net)"
164.90.228.79 - - [30/Dec/2025:15:47:16 +0800] "GET /info.php HTTP/1.1" 301 162 "-" "Mozilla/5.0 (l9scan/2.0.0393e2835313e2634313e2330313; +https://leakix.net)"
209.97.180.8 - - [30/Dec/2025:15:47:17 +0800] "GET /telescope/requests HTTP/1.1" 301 162 "-" "Mozilla/5.0 (l9scan/2.0.0393e2835313e2634313e2330313; +https://leakix.net)"
164.90.228.79 - - [30/Dec/2025:15:47:17 +0800] "GET /?rest_route=/wp/v2/users/ HTTP/1.1" 301 162 "-" "Mozilla/5.0 (l9scan/2.0.0393e2835313e2634313e2330313; +https://leakix.net)"
182.118.233.51 - - [30/Dec/2025:15:47:17 +0800] "GET / HTTP/2.0" 301 162 "http://103.146.158.90:24733/" "Mozilla/5.0 (Windows NT 10.0; Win64; x64) AppleWebKit/537.36 (KHTML, like Gecko) Chrome/143.0.0.0 Safari/537.36 Edg/143.0.0.0"
209.97.180.8 - - [30/Dec/2025:15:47:18 +0800] "GET /info.php HTTP/1.1" 301 162 "-" "Mozilla/5.0 (l9scan/2.0.0393e2835313e2634313e2330313; +https://leakix.net)"
165.227.84.14 - - [30/Dec/2025:15:47:18 +0800] "GET /.git/config HTTP/1.1" 404 146 "-" "Mozilla/5.0 (l9scan/2.0.0393e2835313e2634313e2330313; +https://leakix.net)"
209.97.180.8 - - [30/Dec/2025:15:47:19 +0800] "GET /?rest_route=/wp/v2/users/ HTTP/1.1" 301 162 "-" "Mozilla/5.0 (l9scan/2.0.0393e2835313e2634313e2330313; +https://leakix.net)"
104.164.126.45 - - [30/Dec/2025:15:47:19 +0800] "GET /https%3A/fonts.googleapis.com/css2%3Ffamily%3DInter%3Awght%40300%3B400%3B500%3B600%3B700%3B800%26display%3Dswap HTTP/1.1" 404 548 "-" "Mozilla/5.0 (Macintosh; Intel Mac OS X 10_15_7) AppleWebKit/537.36 (KHTML, like Gecko) Chrome/117.0.0.0 Safari/537.36"
165.227.84.14 - - [30/Dec/2025:15:47:19 +0800] "GET /s/0393e2835313e2634313e2330313/_/;/META-INF/maven/com.atlassian.jira/jira-webapp-dist/pom.properties HTTP/1.1" 404 146 "-" "Mozilla/5.0 (l9scan/2.0.0393e2835313e2634313e2330313; +https://leakix.net)"
104.164.126.45 - - [30/Dec/2025:15:47:19 +0800] "GET /%23screenshots HTTP/1.1" 404 548 "-" "Mozilla/5.0 (Macintosh; Intel Mac OS X 10_15_7) AppleWebKit/537.36 (KHTML, like Gecko) Chrome/117.0.0.0 Safari/537.36"
104.164.126.45 - - [30/Dec/2025:15:47:19 +0800] "GET /%23pricing HTTP/1.1" 404 548 "-" "Mozilla/5.0 (Macintosh; Intel Mac OS X 10_15_7) AppleWebKit/537.36 (KHTML, like Gecko) Chrome/117.0.0.0 Safari/537.36"
104.164.126.45 - - [30/Dec/2025:15:47:19 +0800] "GET /%23features HTTP/1.1" 404 548 "-" "Mozilla/5.0 (Macintosh; Intel Mac OS X 10_15_7) AppleWebKit/537.36 (KHTML, like Gecko) Chrome/117.0.0.0 Safari/537.36"
104.164.126.45 - - [30/Dec/2025:15:47:20 +0800] "GET /%23 HTTP/1.1" 404 548 "-" "Mozilla/5.0 (Macintosh; Intel Mac OS X 10_15_7) AppleWebKit/537.36 (KHTML, like Gecko) Chrome/117.0.0.0 Safari/537.36"
104.164.126.45 - - [30/Dec/2025:15:47:20 +0800] "GET /%23contact HTTP/1.1" 404 548 "-" "Mozilla/5.0 (Macintosh; Intel Mac OS X 10_15_7) AppleWebKit/537.36 (KHTML, like Gecko) Chrome/117.0.0.0 Safari/537.36"
165.227.84.14 - - [30/Dec/2025:15:47:20 +0800] "GET /config.json HTTP/1.1" 404 146 "-" "Mozilla/5.0 (l9scan/2.0.0393e2835313e2634313e2330313; +https://leakix.net)"
165.227.84.14 - - [30/Dec/2025:15:47:21 +0800] "GET /telescope/requests HTTP/1.1" 404 146 "-" "Mozilla/5.0 (l9scan/2.0.0393e2835313e2634313e2330313; +https://leakix.net)"
165.227.84.14 - - [30/Dec/2025:15:47:22 +0800] "GET /info.php HTTP/1.1" 404 146 "-" "Mozilla/5.0 (l9scan/2.0.0393e2835313e2634313e2330313; +https://leakix.net)"
165.227.84.14 - - [30/Dec/2025:15:47:23 +0800] "GET /?rest_route=/wp/v2/users/ HTTP/1.1" 200 3639 "-" "Mozilla/5.0 (l9scan/2.0.0393e2835313e2634313e2330313; +https://leakix.net)"
104.252.110.26 - - [30/Dec/2025:15:48:13 +0800] "GET / HTTP/2.0" 200 3627 "-" "Mozilla/5.0 (iPhone; CPU iPhone OS 18_5 like Mac OS X) AppleWebKit/605.1.15 (KHTML, like Gecko) CriOS/138.0.7204.156 Mobile/15E148 Safari/604.1"
103.196.9.106 - - [30/Dec/2025:15:48:14 +0800] "GET / HTTP/2.0" 200 3627 "-" "Mozilla/5.0 (iPhone; CPU iPhone OS 18_5 like Mac OS X) AppleWebKit/605.1.15 (KHTML, like Gecko) CriOS/138.0.7204.156 Mobile/15E148 Safari/604.1"
194.156.113.161 - - [30/Dec/2025:15:48:14 +0800] "GET / HTTP/2.0" 301 162 "-" "Mozilla/5.0 (iPhone; CPU iPhone OS 18_5 like Mac OS X) AppleWebKit/605.1.15 (KHTML, like Gecko) CriOS/138.0.7204.156 Mobile/15E148 Safari/604.1"
104.252.110.26 - - [30/Dec/2025:15:48:14 +0800] "GET /favicon.ico HTTP/2.0" 404 146 "https://www.xtimchat.com/" "Mozilla/5.0 (iPhone; CPU iPhone OS 18_5 like Mac OS X) AppleWebKit/605.1.15 (KHTML, like Gecko) CriOS/138.0.7204.156 Mobile/15E148 Safari/604.1"
103.196.9.106 - - [30/Dec/2025:15:48:14 +0800] "GET /favicon.ico HTTP/2.0" 404 146 "https://www.xtimchat.com/" "Mozilla/5.0 (iPhone; CPU iPhone OS 18_5 like Mac OS X) AppleWebKit/605.1.15 (KHTML, like Gecko) CriOS/138.0.7204.156 Mobile/15E148 Safari/604.1"
213.188.65.155 - - [30/Dec/2025:15:48:15 +0800] "GET / HTTP/2.0" 200 3627 "-" "Mozilla/5.0 (iPhone; CPU iPhone OS 18_5 like Mac OS X) AppleWebKit/605.1.15 (KHTML, like Gecko) CriOS/138.0.7204.156 Mobile/15E148 Safari/604.1"
213.188.65.155 - - [30/Dec/2025:15:48:16 +0800] "GET /favicon.ico HTTP/2.0" 404 146 "https://www.xtimchat.com/" "Mozilla/5.0 (iPhone; CPU iPhone OS 18_5 like Mac OS X) AppleWebKit/605.1.15 (KHTML, like Gecko) CriOS/138.0.7204.156 Mobile/15E148 Safari/604.1"
94.176.51.9 - - [30/Dec/2025:15:48:18 +0800] "GET / HTTP/1.1" 301 162 "-" "Mozilla/5.0 (iPhone; CPU iPhone OS 18_5 like Mac OS X) AppleWebKit/605.1.15 (KHTML, like Gecko) CriOS/138.0.7204.156 Mobile/15E148 Safari/604.1"
206.204.38.240 - - [30/Dec/2025:15:48:19 +0800] "GET / HTTP/2.0" 200 3627 "-" "Mozilla/5.0 (iPhone; CPU iPhone OS 18_5 like Mac OS X) AppleWebKit/605.1.15 (KHTML, like Gecko) CriOS/138.0.7204.156 Mobile/15E148 Safari/604.1"
206.204.38.240 - - [30/Dec/2025:15:48:20 +0800] "GET /favicon.ico HTTP/2.0" 404 146 "https://www.xtimchat.com/" "Mozilla/5.0 (iPhone; CPU iPhone OS 18_5 like Mac OS X) AppleWebKit/605.1.15 (KHTML, like Gecko) CriOS/138.0.7204.156 Mobile/15E148 Safari/604.1"
152.53.195.17 - - [30/Dec/2025:15:48:22 +0800] "GET / HTTP/1.1" 301 162 "-" "Mozilla/5.0 (Macintosh; Intel Mac OS X 10_15_7) AppleWebKit/537.36 (KHTML, like Gecko) Chrome/142.0.0.0 Safari/537.36 Edg/142.0.0.0"
152.53.195.17 - - [30/Dec/2025:15:48:31 +0800] "GET / HTTP/1.1" 301 162 "-" "Mozilla/5.0 (Macintosh; Intel Mac OS X 10_15_7) AppleWebKit/537.36 (KHTML, like Gecko) Chrome/142.0.0.0 Safari/537.36 Edg/142.0.0.0"
192.64.113.146 - - [30/Dec/2025:15:48:32 +0800] "HEAD / HTTP/1.1" 301 0 "-" "Mozilla/5.0 (Macintosh; Intel Mac OS X 10.15; rv:120.0) Gecko/20100101 Firefox/120.0"
192.64.113.146 - - [30/Dec/2025:15:48:33 +0800] "HEAD / HTTP/1.1" 200 0 "http://xtimchat.com" "Mozilla/5.0 (Macintosh; Intel Mac OS X 10.15; rv:120.0) Gecko/20100101 Firefox/120.0"
192.64.113.146 - - [30/Dec/2025:15:48:34 +0800] "GET / HTTP/1.1" 301 162 "-" "Mozilla/5.0 (X11; Linux x86_64) AppleWebKit/537.36 (KHTML, like Gecko) Chrome/122.0.0.0 Safari/537.36"
192.64.113.146 - - [30/Dec/2025:15:48:35 +0800] "GET / HTTP/1.1" 200 3639 "http://xtimchat.com" "Mozilla/5.0 (X11; Linux x86_64) AppleWebKit/537.36 (KHTML, like Gecko) Chrome/122.0.0.0 Safari/537.36"
152.53.195.17 - - [30/Dec/2025:15:48:38 +0800] "GET / HTTP/1.1" 301 162 "-" "Mozilla/5.0 (Macintosh; Intel Mac OS X 10_15_7) AppleWebKit/537.36 (KHTML, like Gecko) Chrome/142.0.0.0 Safari/537.36 Edg/142.0.0.0"
104.244.74.39 - - [30/Dec/2025:15:48:50 +0800] "HEAD /.env HTTP/1.1" 404 0 "-" "Python/3.13 aiohttp/3.11.18"
104.244.74.39 - - [30/Dec/2025:15:48:51 +0800] "HEAD /.env.local HTTP/1.1" 404 0 "-" "Python/3.13 aiohttp/3.11.18"
104.244.74.39 - - [30/Dec/2025:15:48:51 +0800] "HEAD /.env.prod HTTP/1.1" 404 0 "-" "Python/3.13 aiohttp/3.11.18"
104.244.74.39 - - [30/Dec/2025:15:48:51 +0800] "HEAD /.env.dev HTTP/1.1" 404 0 "-" "Python/3.13 aiohttp/3.11.18"
104.244.74.39 - - [30/Dec/2025:15:48:52 +0800] "HEAD /.env HTTP/1.1" 301 0 "-" "Python/3.13 aiohttp/3.11.18"
104.244.74.39 - - [30/Dec/2025:15:48:53 +0800] "HEAD /.env HTTP/1.1" 404 0 "-" "Python/3.13 aiohttp/3.11.18"
104.244.74.39 - - [30/Dec/2025:15:48:53 +0800] "HEAD /.env.local HTTP/1.1" 301 0 "-" "Python/3.13 aiohttp/3.11.18"
104.244.74.39 - - [30/Dec/2025:15:48:53 +0800] "HEAD /.env.local HTTP/1.1" 404 0 "-" "Python/3.13 aiohttp/3.11.18"
104.244.74.39 - - [30/Dec/2025:15:48:54 +0800] "HEAD /.env.prod HTTP/1.1" 301 0 "-" "Python/3.13 aiohttp/3.11.18"
104.244.74.39 - - [30/Dec/2025:15:48:54 +0800] "HEAD /.env.prod HTTP/1.1" 404 0 "-" "Python/3.13 aiohttp/3.11.18"
104.244.74.39 - - [30/Dec/2025:15:48:54 +0800] "HEAD /.env.dev HTTP/1.1" 301 0 "-" "Python/3.13 aiohttp/3.11.18"
104.244.74.39 - - [30/Dec/2025:15:48:54 +0800] "HEAD /.env.dev HTTP/1.1" 404 0 "-" "Python/3.13 aiohttp/3.11.18"
104.244.74.39 - - [30/Dec/2025:15:48:56 +0800] "HEAD /.env HTTP/1.1" 404 0 "-" "Python/3.13 aiohttp/3.11.18"
104.244.74.39 - - [30/Dec/2025:15:48:57 +0800] "HEAD /.env.local HTTP/1.1" 404 0 "-" "Python/3.13 aiohttp/3.11.18"
104.244.74.39 - - [30/Dec/2025:15:48:57 +0800] "HEAD /.env.prod HTTP/1.1" 404 0 "-" "Python/3.13 aiohttp/3.11.18"
104.244.74.39 - - [30/Dec/2025:15:48:57 +0800] "HEAD /.env.dev HTTP/1.1" 404 0 "-" "Python/3.13 aiohttp/3.11.18"
104.244.74.39 - - [30/Dec/2025:15:48:58 +0800] "HEAD /.env HTTP/1.1" 301 0 "-" "Python/3.13 aiohttp/3.11.18"
104.244.74.39 - - [30/Dec/2025:15:48:59 +0800] "HEAD /.env HTTP/1.1" 404 0 "-" "Python/3.13 aiohttp/3.11.18"
104.244.74.39 - - [30/Dec/2025:15:48:59 +0800] "HEAD /.env.local HTTP/1.1" 301 0 "-" "Python/3.13 aiohttp/3.11.18"
104.244.74.39 - - [30/Dec/2025:15:48:59 +0800] "HEAD /.env.local HTTP/1.1" 404 0 "-" "Python/3.13 aiohttp/3.11.18"
104.244.74.39 - - [30/Dec/2025:15:48:59 +0800] "HEAD /.env.prod HTTP/1.1" 301 0 "-" "Python/3.13 aiohttp/3.11.18"
104.244.74.39 - - [30/Dec/2025:15:49:00 +0800] "HEAD /.env.prod HTTP/1.1" 404 0 "-" "Python/3.13 aiohttp/3.11.18"
104.244.74.39 - - [30/Dec/2025:15:49:00 +0800] "HEAD /.env.dev HTTP/1.1" 301 0 "-" "Python/3.13 aiohttp/3.11.18"
104.244.74.39 - - [30/Dec/2025:15:49:00 +0800] "HEAD /.env.dev HTTP/1.1" 404 0 "-" "Python/3.13 aiohttp/3.11.18"
44.227.127.2 - - [30/Dec/2025:15:51:19 +0800] "GET / HTTP/2.0" 301 162 "-" "Go-http-client/2.0"
44.227.127.2 - - [30/Dec/2025:15:51:20 +0800] "GET / HTTP/2.0" 200 3627 "-" "Go-http-client/2.0"
44.227.127.2 - - [30/Dec/2025:15:51:21 +0800] "GET / HTTP/2.0" 301 162 "-" "Mozilla/5.0 (X11; Linux x86_64) AppleWebKit/537.36 (KHTML, like Gecko) HeadlessChrome/142.0.0.0 Safari/537.36"
44.227.127.2 - - [30/Dec/2025:15:51:21 +0800] "GET / HTTP/2.0" 200 3627 "-" "Mozilla/5.0 (X11; Linux x86_64) AppleWebKit/537.36 (KHTML, like Gecko) HeadlessChrome/142.0.0.0 Safari/537.36"
44.227.127.2 - - [30/Dec/2025:15:51:22 +0800] "GET /favicon.ico HTTP/2.0" 404 548 "https://www.xtimchat.com/" "Mozilla/5.0 (X11; Linux x86_64) AppleWebKit/537.36 (KHTML, like Gecko) HeadlessChrome/142.0.0.0 Safari/537.36"
48.192.92.23 - - [30/Dec/2025:15:52:50 +0800] "GET / HTTP/1.1" 301 162 "-" "Mozilla/5.0 (Windows NT 10.0; Win64; x64) AppleWebKit/537.36 (KHTML, like Gecko) Chrome/131.0.0.0 Safari/537.36 Edg/131.0.0.0"
207.46.13.231 - - [30/Dec/2025:15:53:01 +0800] "GET /robots.txt HTTP/2.0" 404 548 "-" "Mozilla/5.0 AppleWebKit/537.36 (KHTML, like Gecko; compatible; bingbot/2.0; +http://www.bing.com/bingbot.htm) Chrome/116.0.1938.76 Safari/537.36"
40.77.167.8 - - [30/Dec/2025:15:53:11 +0800] "GET / HTTP/2.0" 200 3627 "-" "Mozilla/5.0 AppleWebKit/537.36 (KHTML, like Gecko; compatible; bingbot/2.0; +http://www.bing.com/bingbot.htm) Chrome/116.0.1938.76 Safari/537.36"
157.55.39.223 - - [30/Dec/2025:15:53:33 +0800] "GET /robots.txt HTTP/1.1" 404 548 "-" "Mozilla/5.0 AppleWebKit/537.36 (KHTML, like Gecko; compatible; bingbot/2.0; +http://www.bing.com/bingbot.htm) Chrome/116.0.1938.76 Safari/537.36"
52.167.144.21 - - [30/Dec/2025:15:53:40 +0800] "GET / HTTP/1.1" 200 3639 "-" "Mozilla/5.0 AppleWebKit/537.36 (KHTML, like Gecko; compatible; bingbot/2.0; +http://www.bing.com/bingbot.htm) Chrome/116.0.1938.76 Safari/537.36"
128.192.12.103 - - [30/Dec/2025:15:55:12 +0800] "GET / HTTP/1.1" 200 3639 "-" "Mozilla/5.0 (compatible; UGAResearchAgent/1.0; Please visit: NISLabUGA.github.io)"
128.192.12.117 - - [30/Dec/2025:15:55:25 +0800] "GET / HTTP/1.1" 301 162 "-" "Mozilla/5.0 (compatible; UGAResearchAgent/1.0; Please visit: NISLabUGA.github.io)"
205.169.39.11 - - [30/Dec/2025:15:55:30 +0800] "GET / HTTP/1.1" 301 162 "-" "Mozilla/5.0 (Windows NT 10.0) AppleWebKit/537.36 (KHTML, like Gecko) Chrome/106.0.0.0 Safari/537.36"
205.169.39.11 - - [30/Dec/2025:15:55:35 +0800] "GET / HTTP/1.1" 200 3639 "http://xtimchat.com" "Mozilla/5.0 (Windows NT 10.0) AppleWebKit/537.36 (KHTML, like Gecko) Chrome/106.0.0.0 Safari/537.36"
182.118.233.51 - - [30/Dec/2025:15:58:22 +0800] "GET / HTTP/2.0" 200 3627 "-" "Mozilla/5.0 (Windows NT 10.0; Win64; x64) AppleWebKit/537.36 (KHTML, like Gecko) Chrome/143.0.0.0 Safari/537.36 Edg/143.0.0.0"
182.118.233.51 - - [30/Dec/2025:15:58:23 +0800] "GET /favicon.ico HTTP/2.0" 404 548 "https://www.xtimchat.com/" "Mozilla/5.0 (Windows NT 10.0; Win64; x64) AppleWebKit/537.36 (KHTML, like Gecko) Chrome/143.0.0.0 Safari/537.36 Edg/143.0.0.0"
34.207.166.28 - - [30/Dec/2025:15:59:38 +0800] "GET / HTTP/2.0" 301 162 "-" "okhttp/5.3.0"
34.207.166.28 - - [30/Dec/2025:15:59:38 +0800] "GET / HTTP/1.1" 200 3639 "-" "okhttp/5.3.0"
34.207.166.28 - - [30/Dec/2025:15:59:39 +0800] "GET /favicon.ico HTTP/1.1" 404 146 "-" "okhttp/5.3.0"
95.215.0.144 - - [30/Dec/2025:16:00:58 +0800] "GET / HTTP/1.1" 400 0 "-" "-"
18.212.169.61 - - [30/Dec/2025:16:05:13 +0800] "GET / HTTP/2.0" 301 162 "-" "okhttp/5.3.0"
18.212.169.61 - - [30/Dec/2025:16:05:15 +0800] "GET / HTTP/1.1" 200 3639 "-" "okhttp/5.3.0"
18.212.169.61 - - [30/Dec/2025:16:05:15 +0800] "GET /favicon.ico HTTP/1.1" 404 146 "-" "okhttp/5.3.0"
91.231.89.96 - - [30/Dec/2025:16:10:45 +0800] "GET / HTTP/1.1" 301 162 "-" "Mozilla/5.0 (X11; Ubuntu; Linux x86_64; rv:134.0) Gecko/20100101 Firefox/134.0"
91.231.89.98 - - [30/Dec/2025:16:12:39 +0800] "GET / HTTP/1.1" 200 17381 "-" "Mozilla/5.0 (X11; Ubuntu; Linux x86_64; rv:134.0) Gecko/20100101 Firefox/134.0"
91.231.89.120 - - [30/Dec/2025:16:15:30 +0800] "GET / HTTP/1.1" 200 17381 "-" "Mozilla/5.0 (X11; Ubuntu; Linux x86_64; rv:134.0) Gecko/20100101 Firefox/134.0"
91.231.89.127 - - [30/Dec/2025:16:16:45 +0800] "GET / HTTP/1.1" 301 162 "-" "Mozilla/5.0 (X11; Ubuntu; Linux x86_64; rv:134.0) Gecko/20100101 Firefox/134.0"
91.196.152.71 - - [30/Dec/2025:16:22:14 +0800] "GET /favicon.ico HTTP/1.1" 404 146 "-" "Mozilla/5.0 (X11; Ubuntu; Linux x86_64; rv:134.0) Gecko/20100101 Firefox/134.0"
43.163.23.114 - - [30/Dec/2025:16:27:16 +0800] "GET / HTTP/1.1" 200 3639 "-" "CT-Monitor/1.0"
43.173.132.83 - - [30/Dec/2025:16:27:53 +0800] "GET / HTTP/1.1" 301 162 "-" "CT-Monitor/1.0"
43.163.23.114 - - [30/Dec/2025:16:27:53 +0800] "GET / HTTP/1.1" 200 3639 "-" "CT-Monitor/1.0"
182.118.233.51 - - [30/Dec/2025:16:35:17 +0800] "GET / HTTP/1.1" 200 3639 "-" "Mozilla/5.0 (Windows NT 10.0; Win64; x64) AppleWebKit/537.36 (KHTML, like Gecko) Chrome/143.0.0.0 Safari/537.36 Edg/143.0.0.0"
182.118.233.51 - - [30/Dec/2025:16:35:18 +0800] "GET /favicon.ico HTTP/1.1" 404 548 "http://www.xtimchat.com/" "Mozilla/5.0 (Windows NT 10.0; Win64; x64) AppleWebKit/537.36 (KHTML, like Gecko) Chrome/143.0.0.0 Safari/537.36 Edg/143.0.0.0"
182.118.233.51 - - [30/Dec/2025:16:35:30 +0800] "GET / HTTP/2.0" 200 3627 "-" "Mozilla/5.0 (Windows NT 10.0; Win64; x64) AppleWebKit/537.36 (KHTML, like Gecko) Chrome/143.0.0.0 Safari/537.36 Edg/143.0.0.0"
182.118.233.51 - - [30/Dec/2025:16:35:31 +0800] "GET /favicon.ico HTTP/2.0" 404 548 "https://www.xtimchat.com/" "Mozilla/5.0 (Windows NT 10.0; Win64; x64) AppleWebKit/537.36 (KHTML, like Gecko) Chrome/143.0.0.0 Safari/537.36 Edg/143.0.0.0"
61.187.147.222 - - [30/Dec/2025:16:36:49 +0800] "GET / HTTP/1.1" 200 3639 "https://cn.bing.com" "Mozilla/5.0 (Macintosh; Intel Mac OS X 10_15_7) AppleWebKit/537.36 (KHTML, like Gecko) Chrome/117.0.0.0 Safari/537.36"
148.178.86.75 - - [30/Dec/2025:16:36:50 +0800] "GET / HTTP/2.0" 200 3627 "-" "Mozilla/5.0 (Windows NT 10.1; WOW64) AppleWebKit/537.36 (KHTML, like Gecko) Chrome/79.0.3906.1 Safari/537.36"
207.56.194.169 - - [30/Dec/2025:16:36:51 +0800] "GET / HTTP/1.1" 200 3639 "-" "Mozilla/5.0 (Windows NT 6.1; Win64; x64) AppleWebKit/537.36 (KHTML, like Gecko) Chrome/64.0.3285.174 Safari/537.36"
148.178.86.75 - - [30/Dec/2025:16:36:53 +0800] "GET /favicon.ico HTTP/2.0" 404 548 "https://www.xtimchat.com/" "Mozilla/5.0 (Windows NT 10.1; WOW64) AppleWebKit/537.36 (KHTML, like Gecko) Chrome/79.0.3906.1 Safari/537.36"
74.7.244.8 - - [30/Dec/2025:16:42:00 +0800] "GET /robots.txt HTTP/2.0" 404 548 "-" "Mozilla/5.0 (Macintosh; Intel Mac OS X 10_15_7) AppleWebKit/537.36 (KHTML, like Gecko) Chrome/131.0.0.0 Safari/537.36; compatible; OAI-SearchBot/1.3; robots.txt; +https://openai.com/searchbot"
74.7.241.154 - - [30/Dec/2025:16:42:00 +0800] "GET /robots.txt HTTP/2.0" 301 162 "-" "Mozilla/5.0 (Macintosh; Intel Mac OS X 10_15_7) AppleWebKit/537.36 (KHTML, like Gecko) Chrome/131.0.0.0 Safari/537.36; compatible; OAI-SearchBot/1.3; robots.txt; +https://openai.com/searchbot"
74.7.227.176 - - [30/Dec/2025:16:42:01 +0800] "GET / HTTP/2.0" 200 3627 "-" "Mozilla/5.0 AppleWebKit/537.36 (KHTML, like Gecko; compatible; GPTBot/1.3; +https://openai.com/gptbot)"
74.7.241.154 - - [30/Dec/2025:16:42:01 +0800] "GET /robots.txt HTTP/1.1" 404 548 "-" "Mozilla/5.0 (Macintosh; Intel Mac OS X 10_15_7) AppleWebKit/537.36 (KHTML, like Gecko) Chrome/131.0.0.0 Safari/537.36; compatible; OAI-SearchBot/1.3; robots.txt; +https://openai.com/searchbot"
74.7.241.16 - - [30/Dec/2025:16:42:04 +0800] "GET / HTTP/2.0" 301 162 "-" "Mozilla/5.0 AppleWebKit/537.36 (KHTML, like Gecko; compatible; GPTBot/1.3; +https://openai.com/gptbot)"
74.7.244.8 - - [30/Dec/2025:16:42:04 +0800] "GET /robots.txt HTTP/1.1" 404 548 "-" "Mozilla/5.0 (Macintosh; Intel Mac OS X 10_15_7) AppleWebKit/537.36 (KHTML, like Gecko) Chrome/131.0.0.0 Safari/537.36; compatible; OAI-SearchBot/1.3; robots.txt; +https://openai.com/searchbot"
74.7.241.16 - - [30/Dec/2025:16:42:11 +0800] "GET / HTTP/2.0" 301 162 "-" "Mozilla/5.0 AppleWebKit/537.36 (KHTML, like Gecko; compatible; GPTBot/1.3; +https://openai.com/gptbot)"
74.7.227.176 - - [30/Dec/2025:16:42:13 +0800] "GET / HTTP/2.0" 200 3627 "-" "Mozilla/5.0 AppleWebKit/537.36 (KHTML, like Gecko; compatible; GPTBot/1.3; +https://openai.com/gptbot)"
74.7.227.176 - - [30/Dec/2025:16:42:15 +0800] "GET / HTTP/1.1" 200 3639 "-" "Mozilla/5.0 AppleWebKit/537.36 (KHTML, like Gecko; compatible; GPTBot/1.3; +https://openai.com/gptbot)"
51.195.136.209 - - [30/Dec/2025:16:44:57 +0800] "GET / HTTP/1.1" 301 162 "-" "Mozilla/5.0 (Linux; Android 10; K) AppleWebKit/537.36 (KHTML, like Gecko) Chrome/117.0.0.0 Mobile Safari/537.3"
51.195.136.209 - - [30/Dec/2025:16:45:00 +0800] "GET / HTTP/1.1" 200 17381 "-" "Mozilla/5.0 (Linux; Android 10; K) AppleWebKit/537.36 (KHTML, like Gecko) Chrome/117.0.0.0 Mobile Safari/537.3"
51.195.136.209 - - [30/Dec/2025:16:45:32 +0800] "GET /favicon.ico HTTP/1.1" 301 162 "-" "Mozilla/5.0 (Linux; Android 10; K) AppleWebKit/537.36 (KHTML, like Gecko) Chrome/117.0.0.0 Mobile Safari/537.3"
