180.97.218.71 - - [08/Nov/2025:01:19:49 +0800] "GET /post/61.html HTTP/1.1" 200 23036 "https://blog.wumingai.com/post/61.html" "Mozilla/4.0 (compatible; MSIE 9.0; Windows NT 6.1)"
180.97.218.71 - - [08/Nov/2025:01:19:50 +0800] "POST /zb_system/cmd.php?act=cmt&postid=61&key=7b4544e0fd7a4817a07839e0633deab1 HTTP/1.1" 200 1190 "https://blog.wumingai.com/zb_system/cmd.php?act=cmt&postid=61&key=7b4544e0fd7a4817a07839e0633deab1" "Mozilla/4.0 (compatible; MSIE 9.0; Windows NT 6.1)"
154.12.55.32 - - [08/Nov/2025:01:31:44 +0800] "GET / HTTP/1.1" 200 4801 "-" "libcurl/7.81.0 r-curl/6.0.1 httr/1.4.7"
154.12.55.32 - - [08/Nov/2025:01:31:45 +0800] "GET / HTTP/2.0" 200 4784 "-" "libcurl/7.81.0 r-curl/6.0.1 httr/1.4.7"
154.12.55.32 - - [08/Nov/2025:02:31:06 +0800] "GET / HTTP/1.1" 200 4801 "-" "libcurl/7.81.0 r-curl/6.0.1 httr/1.4.7"
154.12.55.32 - - [08/Nov/2025:02:31:07 +0800] "GET / HTTP/2.0" 200 4784 "-" "libcurl/7.81.0 r-curl/6.0.1 httr/1.4.7"
116.204.77.150 - - [08/Nov/2025:02:33:17 +0800] "GET /post/20.html HTTP/2.0" 200 7491 "https://blog.wumingai.com/post/20.html" "Mozilla/5.0 (Windows NT 10.0; Win64; x64) AppleWebKit/537.36 (KHTML, like Gecko) Chrome/101.0.4951.64 Safari/537.36 Edg/101.0.1210.47"
154.12.55.32 - - [08/Nov/2025:03:32:06 +0800] "GET / HTTP/1.1" 200 4801 "-" "libcurl/7.81.0 r-curl/6.0.1 httr/1.4.7"
154.12.55.32 - - [08/Nov/2025:03:32:07 +0800] "GET / HTTP/2.0" 200 4784 "-" "libcurl/7.81.0 r-curl/6.0.1 httr/1.4.7"
116.204.29.104 - - [08/Nov/2025:03:49:04 +0800] "GET /post/15.html HTTP/2.0" 200 13382 "https://blog.wumingai.com/post/15.html" "Mozilla/5.0 (Windows NT 10.0; Win64; x64) AppleWebKit/537.36 (KHTML, like Gecko) Chrome/101.0.4951.64 Safari/537.36 Edg/101.0.1210.47"
204.76.203.25 - - [08/Nov/2025:04:28:54 +0800] "GET /.gitignore HTTP/1.1" 404 4123 "-" "Mozilla/5.0 (Windows NT 10.0; Win64; x64) AppleWebKit/537.36 (KHTML, like Gecko) Chrome/134.0.0.0 Safari/537.3"
154.12.55.32 - - [08/Nov/2025:04:32:18 +0800] "GET / HTTP/1.1" 200 4800 "-" "libcurl/7.81.0 r-curl/6.0.1 httr/1.4.7"
154.12.55.32 - - [08/Nov/2025:04:32:19 +0800] "GET / HTTP/2.0" 200 4784 "-" "libcurl/7.81.0 r-curl/6.0.1 httr/1.4.7"
154.12.55.32 - - [08/Nov/2025:05:31:04 +0800] "GET / HTTP/1.1" 200 4800 "-" "libcurl/7.81.0 r-curl/6.0.1 httr/1.4.7"
154.12.55.32 - - [08/Nov/2025:05:31:05 +0800] "GET / HTTP/2.0" 200 4784 "-" "libcurl/7.81.0 r-curl/6.0.1 httr/1.4.7"
116.204.2.65 - - [08/Nov/2025:06:20:38 +0800] "GET /post/32.html HTTP/2.0" 200 9137 "https://blog.wumingai.com/post/32.html" "Mozilla/5.0 (Windows NT 10.0; Win64; x64) AppleWebKit/537.36 (KHTML, like Gecko) Chrome/116.0.0.0 Safari/537.36"
154.12.55.32 - - [08/Nov/2025:06:31:18 +0800] "GET / HTTP/1.1" 200 4800 "-" "libcurl/7.81.0 r-curl/6.0.1 httr/1.4.7"
154.12.55.32 - - [08/Nov/2025:06:31:19 +0800] "GET / HTTP/2.0" 200 4783 "-" "libcurl/7.81.0 r-curl/6.0.1 httr/1.4.7"
154.12.55.32 - - [08/Nov/2025:07:32:40 +0800] "GET / HTTP/1.1" 200 4801 "-" "libcurl/7.81.0 r-curl/6.0.1 httr/1.4.7"
154.12.55.32 - - [08/Nov/2025:07:32:41 +0800] "GET / HTTP/2.0" 200 4784 "-" "libcurl/7.81.0 r-curl/6.0.1 httr/1.4.7"
113.44.115.107 - - [08/Nov/2025:07:36:24 +0800] "GET /post/13.html HTTP/2.0" 200 15560 "https://blog.wumingai.com/post/13.html" "Mozilla/5.0 (Macintosh; Intel Mac OS X 10_15_7) AppleWebKit/537.36 (KHTML, like Gecko) Chrome/131.0.0.0 Safari/537.36"
154.12.55.32 - - [08/Nov/2025:08:32:31 +0800] "GET / HTTP/1.1" 200 4801 "-" "libcurl/7.81.0 r-curl/6.0.1 httr/1.4.7"
154.12.55.32 - - [08/Nov/2025:08:32:32 +0800] "GET / HTTP/2.0" 200 4784 "-" "libcurl/7.81.0 r-curl/6.0.1 httr/1.4.7"
154.12.55.32 - - [08/Nov/2025:09:31:53 +0800] "GET / HTTP/1.1" 200 4801 "-" "libcurl/7.81.0 r-curl/6.0.1 httr/1.4.7"
154.12.55.32 - - [08/Nov/2025:09:31:54 +0800] "GET / HTTP/2.0" 200 4784 "-" "libcurl/7.81.0 r-curl/6.0.1 httr/1.4.7"
1.92.216.203 - - [08/Nov/2025:10:07:59 +0800] "GET /post/47.html HTTP/2.0" 200 19427 "https://blog.wumingai.com/post/47.html" "Mozilla/5.0 (Macintosh; Intel Mac OS X 10_15_7) AppleWebKit/537.36 (KHTML, like Gecko) Chrome/120.0.0.0 Safari/537.36"
104.210.140.129 - - [08/Nov/2025:10:28:55 +0800] "GET /robots.txt HTTP/1.1" 404 1469 "-" "Mozilla/5.0 (Macintosh; Intel Mac OS X 10_15_7) AppleWebKit/537.36 (KHTML, like Gecko) Chrome/131.0.0.0 Safari/537.36; compatible; OAI-SearchBot/1.0; +https://openai.com/searchbot"
104.210.140.141 - - [08/Nov/2025:10:28:55 +0800] "GET /robots.txt HTTP/1.1" 404 1473 "-" "Mozilla/5.0 (Macintosh; Intel Mac OS X 10_15_7) AppleWebKit/537.36 (KHTML, like Gecko) Chrome/131.0.0.0 Safari/537.36; compatible; OAI-SearchBot/1.0; +https://openai.com/searchbot"
154.12.55.32 - - [08/Nov/2025:10:34:56 +0800] "GET / HTTP/1.1" 200 4800 "-" "libcurl/7.81.0 r-curl/6.0.1 httr/1.4.7"
154.12.55.32 - - [08/Nov/2025:10:34:57 +0800] "GET / HTTP/2.0" 200 4784 "-" "libcurl/7.81.0 r-curl/6.0.1 httr/1.4.7"
1.92.216.203 - - [08/Nov/2025:11:10:58 +0800] "GET /post/31.html HTTP/2.0" 200 16053 "-" "Mozilla/5.0 (Windows NT 10.0; Win64; x64) AppleWebKit/537.36 (KHTML, like Gecko) Chrome/130.0.0.0 Safari/537.36"
1.92.216.203 - - [08/Nov/2025:11:10:59 +0800] "GET /zb_system/script/c_html_js_add.php HTTP/2.0" 200 1805 "https://blog.wumingai.com/post/31.html" "Mozilla/5.0 (Windows NT 10.0; Win64; x64) AppleWebKit/537.36 (KHTML, like Gecko) Chrome/130.0.0.0 Safari/537.36"
20.37.96.143 - - [08/Nov/2025:11:19:26 +0800] "GET /wp-content/plugins/hellopress/wp_filemanager.php HTTP/1.1" 404 4110 "-" "-"
20.37.96.143 - - [08/Nov/2025:11:19:26 +0800] "GET /shoha.php HTTP/1.1" 404 4110 "-" "-"
20.37.96.143 - - [08/Nov/2025:11:19:26 +0800] "GET /past.php HTTP/1.1" 404 4110 "-" "-"
20.37.96.143 - - [08/Nov/2025:11:19:26 +0800] "GET /20ojy.php HTTP/1.1" 404 4110 "-" "-"
20.37.96.143 - - [08/Nov/2025:11:19:26 +0800] "GET /block-bindings.php HTTP/1.1" 404 4110 "-" "-"
20.37.96.143 - - [08/Nov/2025:11:19:26 +0800] "GET /%20colors.php HTTP/1.1" 404 4110 "-" "-"
20.37.96.143 - - [08/Nov/2025:11:19:27 +0800] "GET /layout.php HTTP/1.1" 404 4110 "-" "-"
20.37.96.143 - - [08/Nov/2025:11:19:27 +0800] "GET /end.php HTTP/1.1" 404 4110 "-" "-"
20.37.96.143 - - [08/Nov/2025:11:19:27 +0800] "GET /uploat.php HTTP/1.1" 404 4110 "-" "-"
20.37.96.143 - - [08/Nov/2025:11:19:27 +0800] "GET /uploxe.php HTTP/1.1" 404 4110 "-" "-"
20.37.96.143 - - [08/Nov/2025:11:19:27 +0800] "GET /credits.php HTTP/1.1" 404 4110 "-" "-"
20.37.96.143 - - [08/Nov/2025:11:19:27 +0800] "GET /pwnd.php HTTP/1.1" 404 4110 "-" "-"
20.37.96.143 - - [08/Nov/2025:11:19:27 +0800] "GET /Jcrop.php HTTP/1.1" 404 4110 "-" "-"
20.37.96.143 - - [08/Nov/2025:11:19:27 +0800] "GET /go.php HTTP/1.1" 404 4110 "-" "-"
20.37.96.143 - - [08/Nov/2025:11:19:27 +0800] "GET /alfa-rex.php7 HTTP/1.1" 404 4110 "-" "-"
20.37.96.143 - - [08/Nov/2025:11:19:27 +0800] "GET /pepe.php HTTP/1.1" 404 4110 "-" "-"
20.37.96.143 - - [08/Nov/2025:11:19:28 +0800] "GET /pt.php HTTP/1.1" 404 4110 "-" "-"
20.37.96.143 - - [08/Nov/2025:11:19:28 +0800] "GET /about.php7 HTTP/1.1" 404 4110 "-" "-"
20.37.96.143 - - [08/Nov/2025:11:19:28 +0800] "GET /abruzi.php HTTP/1.1" 404 4110 "-" "-"
20.37.96.143 - - [08/Nov/2025:11:19:28 +0800] "GET /1wx.php HTTP/1.1" 404 4110 "-" "-"
20.37.96.143 - - [08/Nov/2025:11:19:28 +0800] "GET /gool.php HTTP/1.1" 404 4110 "-" "-"
20.37.96.143 - - [08/Nov/2025:11:19:28 +0800] "GET /wp-is.php HTTP/1.1" 404 4110 "-" "-"
20.37.96.143 - - [08/Nov/2025:11:19:28 +0800] "GET /ae.php HTTP/1.1" 404 4110 "-" "-"
20.37.96.143 - - [08/Nov/2025:11:19:28 +0800] "GET /Auth.php HTTP/1.1" 404 4110 "-" "-"
20.37.96.143 - - [08/Nov/2025:11:19:28 +0800] "GET /ropyx.php HTTP/1.1" 404 4110 "-" "-"
20.37.96.143 - - [08/Nov/2025:11:19:28 +0800] "GET /14.php HTTP/1.1" 404 4110 "-" "-"
20.37.96.143 - - [08/Nov/2025:11:19:28 +0800] "GET /2.php HTTP/1.1" 404 4110 "-" "-"
20.37.96.143 - - [08/Nov/2025:11:19:29 +0800] "GET /Hd.php HTTP/1.1" 404 4110 "-" "-"
20.37.96.143 - - [08/Nov/2025:11:19:29 +0800] "GET /getid3s.php HTTP/1.1" 404 4110 "-" "-"
20.37.96.143 - - [08/Nov/2025:11:19:29 +0800] "GET /Alex-Cross.php HTTP/1.1" 404 4110 "-" "-"
20.37.96.143 - - [08/Nov/2025:11:19:29 +0800] "GET /404.php HTTP/1.1" 404 4110 "-" "-"
20.37.96.143 - - [08/Nov/2025:11:19:29 +0800] "GET /403.php HTTP/1.1" 404 4110 "-" "-"
20.37.96.143 - - [08/Nov/2025:11:19:29 +0800] "GET /chosen.php HTTP/1.1" 404 4110 "-" "-"
20.37.96.143 - - [08/Nov/2025:11:19:29 +0800] "GET /admin-post.php HTTP/1.1" 404 4110 "-" "-"
20.37.96.143 - - [08/Nov/2025:11:19:29 +0800] "GET /pomo.php HTTP/1.1" 404 4110 "-" "-"
20.37.96.143 - - [08/Nov/2025:11:19:29 +0800] "GET /up.php HTTP/1.1" 404 4110 "-" "-"
20.37.96.143 - - [08/Nov/2025:11:19:29 +0800] "GET /wp.php HTTP/1.1" 404 4110 "-" "-"
20.37.96.143 - - [08/Nov/2025:11:19:30 +0800] "GET /content.php HTTP/1.1" 404 4110 "-" "-"
20.37.96.143 - - [08/Nov/2025:11:19:30 +0800] "GET /cong.php HTTP/1.1" 404 4110 "-" "-"
20.37.96.143 - - [08/Nov/2025:11:19:30 +0800] "GET /blue.php HTTP/1.1" 404 4110 "-" "-"
20.37.96.143 - - [08/Nov/2025:11:19:30 +0800] "GET /css.php HTTP/1.1" 404 4110 "-" "-"
20.37.96.143 - - [08/Nov/2025:11:19:30 +0800] "GET /js.php HTTP/1.1" 404 4110 "-" "-"
20.37.96.143 - - [08/Nov/2025:11:19:30 +0800] "GET /user.php HTTP/1.1" 404 4110 "-" "-"
20.37.96.143 - - [08/Nov/2025:11:19:30 +0800] "GET /coffee.php HTTP/1.1" 404 4110 "-" "-"
20.37.96.143 - - [08/Nov/2025:11:19:30 +0800] "GET /system.php HTTP/1.1" 404 4110 "-" "-"
20.37.96.143 - - [08/Nov/2025:11:19:30 +0800] "GET /shell.php HTTP/1.1" 404 4110 "-" "-"
20.37.96.143 - - [08/Nov/2025:11:19:30 +0800] "GET /m.php HTTP/1.1" 404 4110 "-" "-"
20.37.96.143 - - [08/Nov/2025:11:19:30 +0800] "GET /sto.php HTTP/1.1" 404 4110 "-" "-"
20.37.96.143 - - [08/Nov/2025:11:19:31 +0800] "GET /db.php HTTP/1.1" 404 4110 "-" "-"
20.37.96.143 - - [08/Nov/2025:11:19:31 +0800] "GET /222.php HTTP/1.1" 404 4110 "-" "-"
20.37.96.143 - - [08/Nov/2025:11:19:31 +0800] "GET /o.php HTTP/1.1" 404 4110 "-" "-"
20.37.96.143 - - [08/Nov/2025:11:19:31 +0800] "GET /an.php HTTP/1.1" 404 4110 "-" "-"
20.37.96.143 - - [08/Nov/2025:11:19:31 +0800] "GET /gmo.php HTTP/1.1" 404 4110 "-" "-"
20.37.96.143 - - [08/Nov/2025:11:19:31 +0800] "GET /file.php HTTP/1.1" 404 4110 "-" "-"
20.37.96.143 - - [08/Nov/2025:11:19:31 +0800] "GET /file5.php HTTP/1.1" 404 4110 "-" "-"
20.37.96.143 - - [08/Nov/2025:11:19:31 +0800] "GET /file17.php HTTP/1.1" 404 4110 "-" "-"
20.37.96.143 - - [08/Nov/2025:11:19:31 +0800] "GET /file32.php HTTP/1.1" 404 4110 "-" "-"
20.37.96.143 - - [08/Nov/2025:11:19:32 +0800] "GET /file3.php HTTP/1.1" 404 4110 "-" "-"
20.37.96.143 - - [08/Nov/2025:11:19:32 +0800] "GET /file6.php HTTP/1.1" 404 4110 "-" "-"
20.37.96.143 - - [08/Nov/2025:11:19:32 +0800] "GET /file15.php HTTP/1.1" 404 4110 "-" "-"
20.37.96.143 - - [08/Nov/2025:11:19:32 +0800] "GET /file9.php HTTP/1.1" 404 4110 "-" "-"
20.37.96.143 - - [08/Nov/2025:11:19:32 +0800] "GET /error.php HTTP/1.1" 404 4110 "-" "-"
20.37.96.143 - - [08/Nov/2025:11:19:32 +0800] "GET /NH19T66T.php HTTP/1.1" 404 4110 "-" "-"
20.37.96.143 - - [08/Nov/2025:11:19:32 +0800] "GET /rei.php HTTP/1.1" 404 4110 "-" "-"
20.37.96.143 - - [08/Nov/2025:11:19:32 +0800] "GET /666.php HTTP/1.1" 404 4110 "-" "-"
20.37.96.143 - - [08/Nov/2025:11:19:32 +0800] "GET /777.php HTTP/1.1" 404 4110 "-" "-"
20.37.96.143 - - [08/Nov/2025:11:19:32 +0800] "GET /888.php HTTP/1.1" 404 4110 "-" "-"
20.37.96.143 - - [08/Nov/2025:11:19:33 +0800] "GET /555.php HTTP/1.1" 404 4110 "-" "-"
20.37.96.143 - - [08/Nov/2025:11:19:33 +0800] "GET /333.php HTTP/1.1" 404 4110 "-" "-"
20.37.96.143 - - [08/Nov/2025:11:19:33 +0800] "GET /zeal.php HTTP/1.1" 404 4110 "-" "-"
20.37.96.143 - - [08/Nov/2025:11:19:33 +0800] "GET /file1.php HTTP/1.1" 404 4110 "-" "-"
20.37.96.143 - - [08/Nov/2025:11:19:33 +0800] "GET /file2.php HTTP/1.1" 404 4110 "-" "-"
20.37.96.143 - - [08/Nov/2025:11:19:33 +0800] "GET /filesss.php HTTP/1.1" 404 4110 "-" "-"
20.37.96.143 - - [08/Nov/2025:11:19:33 +0800] "GET /file13.php HTTP/1.1" 404 4110 "-" "-"
20.37.96.143 - - [08/Nov/2025:11:19:33 +0800] "GET /atomlib.php HTTP/1.1" 404 4110 "-" "-"
20.37.96.143 - - [08/Nov/2025:11:19:33 +0800] "GET /manager.php HTTP/1.1" 404 4110 "-" "-"
20.37.96.143 - - [08/Nov/2025:11:19:33 +0800] "GET /abcd.php HTTP/1.1" 404 4110 "-" "-"
20.37.96.143 - - [08/Nov/2025:11:19:33 +0800] "GET /efile.php HTTP/1.1" 404 4110 "-" "-"
20.37.96.143 - - [08/Nov/2025:11:19:34 +0800] "GET /file18.php HTTP/1.1" 404 4110 "-" "-"
20.37.96.143 - - [08/Nov/2025:11:19:34 +0800] "GET /520.php HTTP/1.1" 404 4110 "-" "-"
20.37.96.143 - - [08/Nov/2025:11:19:34 +0800] "GET /031.php HTTP/1.1" 404 4110 "-" "-"
20.37.96.143 - - [08/Nov/2025:11:19:34 +0800] "GET /file7.php HTTP/1.1" 404 4110 "-" "-"
20.37.96.143 - - [08/Nov/2025:11:19:34 +0800] "GET /file4.php HTTP/1.1" 404 4110 "-" "-"
20.37.96.143 - - [08/Nov/2025:11:19:34 +0800] "GET /2%25.php HTTP/1.1" 404 4110 "-" "-"
20.37.96.143 - - [08/Nov/2025:11:19:34 +0800] "GET /1%25.php HTTP/1.1" 404 4110 "-" "-"
20.37.96.143 - - [08/Nov/2025:11:19:34 +0800] "GET /wp-freya.php HTTP/1.1" 404 4110 "-" "-"
20.37.96.143 - - [08/Nov/2025:11:19:34 +0800] "GET /keu.php HTTP/1.1" 404 4110 "-" "-"
20.37.96.143 - - [08/Nov/2025:11:19:35 +0800] "GET /file88.php HTTP/1.1" 404 4110 "-" "-"
20.37.96.143 - - [08/Nov/2025:11:19:35 +0800] "GET /0%25.php HTTP/1.1" 404 4110 "-" "-"
20.37.96.143 - - [08/Nov/2025:11:19:35 +0800] "GET /lock360.php HTTP/1.1" 404 4110 "-" "-"
20.37.96.143 - - [08/Nov/2025:11:19:35 +0800] "GET /jmfi2.php HTTP/1.1" 404 4110 "-" "-"
20.37.96.143 - - [08/Nov/2025:11:19:35 +0800] "GET /class.1.php HTTP/1.1" 404 4110 "-" "-"
20.37.96.143 - - [08/Nov/2025:11:19:35 +0800] "GET /fs.php HTTP/1.1" 404 4110 "-" "-"
20.37.96.143 - - [08/Nov/2025:11:19:35 +0800] "GET /CLA.php HTTP/1.1" 404 4110 "-" "-"
20.37.96.143 - - [08/Nov/2025:11:19:35 +0800] "GET /gfile.php HTTP/1.1" 404 4110 "-" "-"
20.37.96.143 - - [08/Nov/2025:11:19:35 +0800] "GET /eauu.php HTTP/1.1" 404 4110 "-" "-"
20.37.96.143 - - [08/Nov/2025:11:19:36 +0800] "GET /we.php HTTP/1.1" 404 4110 "-" "-"
20.37.96.143 - - [08/Nov/2025:11:19:36 +0800] "GET /fe5.php HTTP/1.1" 404 4110 "-" "-"
20.37.96.143 - - [08/Nov/2025:11:19:36 +0800] "GET /cccc.php HTTP/1.1" 404 4110 "-" "-"
20.37.96.143 - - [08/Nov/2025:11:19:36 +0800] "GET /shell1.php HTTP/1.1" 404 4110 "-" "-"
20.37.96.143 - - [08/Nov/2025:11:19:36 +0800] "GET /gm.php HTTP/1.1" 404 4110 "-" "-"
20.37.96.143 - - [08/Nov/2025:11:19:36 +0800] "GET /lala.php HTTP/1.1" 404 4110 "-" "-"
20.37.96.143 - - [08/Nov/2025:11:19:36 +0800] "GET /hexx.php HTTP/1.1" 404 4110 "-" "-"
20.37.96.143 - - [08/Nov/2025:11:19:36 +0800] "GET /444.php HTTP/1.1" 404 4110 "-" "-"
20.37.96.143 - - [08/Nov/2025:11:19:36 +0800] "GET /a2.php HTTP/1.1" 404 4110 "-" "-"
20.37.96.143 - - [08/Nov/2025:11:19:36 +0800] "GET /cfile.php HTTP/1.1" 404 4110 "-" "-"
20.37.96.143 - - [08/Nov/2025:11:19:36 +0800] "GET /lv.php HTTP/1.1" 404 4110 "-" "-"
20.37.96.143 - - [08/Nov/2025:11:19:36 +0800] "GET /goat.php HTTP/1.1" 404 4110 "-" "-"
20.37.96.143 - - [08/Nov/2025:11:19:37 +0800] "GET /aa.php HTTP/1.1" 404 4110 "-" "-"
20.37.96.143 - - [08/Nov/2025:11:19:37 +0800] "GET /vast.php HTTP/1.1" 404 4110 "-" "-"
20.37.96.143 - - [08/Nov/2025:11:19:37 +0800] "GET /cool.php HTTP/1.1" 404 4110 "-" "-"
20.37.96.143 - - [08/Nov/2025:11:19:37 +0800] "GET /yanki.php HTTP/1.1" 404 4110 "-" "-"
20.37.96.143 - - [08/Nov/2025:11:19:37 +0800] "GET /bolt.php HTTP/1.1" 404 4110 "-" "-"
20.37.96.143 - - [08/Nov/2025:11:19:37 +0800] "GET /nfile.php HTTP/1.1" 404 4110 "-" "-"
20.37.96.143 - - [08/Nov/2025:11:19:37 +0800] "GET /ilex.php HTTP/1.1" 404 4110 "-" "-"
20.37.96.143 - - [08/Nov/2025:11:19:37 +0800] "GET /des.php HTTP/1.1" 404 4110 "-" "-"
20.37.96.143 - - [08/Nov/2025:11:19:37 +0800] "GET /ext.php HTTP/1.1" 404 4110 "-" "-"
20.37.96.143 - - [08/Nov/2025:11:19:37 +0800] "GET /axx.php HTTP/1.1" 404 4110 "-" "-"
20.37.96.143 - - [08/Nov/2025:11:19:38 +0800] "GET /wp-update.php HTTP/1.1" 404 4110 "-" "-"
20.37.96.143 - - [08/Nov/2025:11:19:38 +0800] "GET /yasnu.php HTTP/1.1" 404 4110 "-" "-"
20.37.96.143 - - [08/Nov/2025:11:19:38 +0800] "GET /new4.php HTTP/1.1" 404 4110 "-" "-"
20.37.96.143 - - [08/Nov/2025:11:19:38 +0800] "GET /ava.php HTTP/1.1" 404 4110 "-" "-"
20.37.96.143 - - [08/Nov/2025:11:19:38 +0800] "GET /ioxi2.php HTTP/1.1" 404 4110 "-" "-"
20.37.96.143 - - [08/Nov/2025:11:19:38 +0800] "GET /gfile1.php HTTP/1.1" 404 4110 "-" "-"
20.37.96.143 - - [08/Nov/2025:11:19:38 +0800] "GET /ffile.php HTTP/1.1" 404 4110 "-" "-"
20.37.96.143 - - [08/Nov/2025:11:19:38 +0800] "GET /rsnu.php HTTP/1.1" 404 4110 "-" "-"
20.37.96.143 - - [08/Nov/2025:11:19:38 +0800] "GET /.well-known/acme-challenge/about.php HTTP/1.1" 404 4110 "-" "-"
20.37.96.143 - - [08/Nov/2025:11:19:38 +0800] "GET /default.php HTTP/1.1" 404 4110 "-" "-"
20.37.96.143 - - [08/Nov/2025:11:19:38 +0800] "GET /dfre.php HTTP/1.1" 404 4110 "-" "-"
20.37.96.143 - - [08/Nov/2025:11:19:39 +0800] "GET /pp.php HTTP/1.1" 404 4110 "-" "-"
20.37.96.143 - - [08/Nov/2025:11:19:39 +0800] "GET /13.php HTTP/1.1" 404 4110 "-" "-"
20.37.96.143 - - [08/Nov/2025:11:19:39 +0800] "GET /usep.php HTTP/1.1" 404 4110 "-" "-"
20.37.96.143 - - [08/Nov/2025:11:19:39 +0800] "GET /3.php HTTP/1.1" 404 4110 "-" "-"
20.37.96.143 - - [08/Nov/2025:11:19:39 +0800] "GET /moon.php HTTP/1.1" 404 4110 "-" "-"
20.37.96.143 - - [08/Nov/2025:11:19:39 +0800] "GET /0x.php HTTP/1.1" 404 4110 "-" "-"
20.37.96.143 - - [08/Nov/2025:11:19:39 +0800] "GET /02.php HTTP/1.1" 404 4110 "-" "-"
20.37.96.143 - - [08/Nov/2025:11:19:39 +0800] "GET /xv.php HTTP/1.1" 404 4110 "-" "-"
154.12.55.32 - - [08/Nov/2025:11:33:20 +0800] "GET / HTTP/1.1" 200 4801 "-" "libcurl/7.81.0 r-curl/6.0.1 httr/1.4.7"
154.12.55.32 - - [08/Nov/2025:11:33:21 +0800] "GET / HTTP/2.0" 200 4784 "-" "libcurl/7.81.0 r-curl/6.0.1 httr/1.4.7"
154.12.55.32 - - [08/Nov/2025:12:32:55 +0800] "GET / HTTP/1.1" 200 4800 "-" "libcurl/7.81.0 r-curl/6.0.1 httr/1.4.7"
154.12.55.32 - - [08/Nov/2025:12:32:56 +0800] "GET / HTTP/2.0" 200 4784 "-" "libcurl/7.81.0 r-curl/6.0.1 httr/1.4.7"
116.204.107.236 - - [08/Nov/2025:12:40:52 +0800] "GET /post/42.html HTTP/2.0" 200 10030 "-" "Mozilla/5.0 (Windows NT 10.0; Win64; x64) AppleWebKit/537.36 (KHTML, like Gecko) Chrome/128.0.0.0 Safari/537.36"
116.204.107.236 - - [08/Nov/2025:12:40:53 +0800] "GET /zb_system/script/c_html_js_add.php HTTP/2.0" 200 1805 "https://blog.wumingai.com/post/42.html" "Mozilla/5.0 (Windows NT 10.0; Win64; x64) AppleWebKit/537.36 (KHTML, like Gecko) Chrome/128.0.0.0 Safari/537.36"
154.12.55.32 - - [08/Nov/2025:13:32:55 +0800] "GET / HTTP/1.1" 200 4801 "-" "libcurl/7.81.0 r-curl/6.0.1 httr/1.4.7"
154.12.55.32 - - [08/Nov/2025:13:32:56 +0800] "GET / HTTP/2.0" 200 4784 "-" "libcurl/7.81.0 r-curl/6.0.1 httr/1.4.7"
180.97.218.71 - - [08/Nov/2025:14:05:59 +0800] "GET / HTTP/1.1" 200 19071 "https://blog.wumingai.com" "Mozilla/4.0 (compatible; MSIE 9.0; Windows NT 6.1)"
180.97.218.71 - - [08/Nov/2025:14:05:59 +0800] "GET / HTTP/1.1" 200 19071 "https://blog.wumingai.com" "Mozilla/4.0 (compatible; MSIE 9.0; Windows NT 6.1)"
180.97.218.71 - - [08/Nov/2025:14:05:59 +0800] "GET /page_4.html HTTP/1.1" 200 19458 "https://blog.wumingai.com/page_4.html" "Mozilla/4.0 (compatible; MSIE 9.0; Windows NT 6.1)"
180.97.218.71 - - [08/Nov/2025:14:05:59 +0800] "GET /post/60.html%23cmt62 HTTP/1.1" 404 4123 "https://blog.wumingai.com/post/60.html#cmt62" "Mozilla/4.0 (compatible; MSIE 9.0; Windows NT 6.1)"
180.97.218.71 - - [08/Nov/2025:14:06:00 +0800] "GET /post/57.html HTTP/1.1" 200 22198 "https://blog.wumingai.com/post/57.html" "Mozilla/4.0 (compatible; MSIE 9.0; Windows NT 6.1)"
180.97.218.71 - - [08/Nov/2025:14:06:00 +0800] "POST /zb_system/cmd.php?act=cmt&postid=57&key=6435bb81cef0d45df685fad2fc6ec0c1 HTTP/1.1" 200 1165 "https://blog.wumingai.com/zb_system/cmd.php?act=cmt&postid=57&key=6435bb81cef0d45df685fad2fc6ec0c1" "Mozilla/4.0 (compatible; MSIE 9.0; Windows NT 6.1)"
154.12.55.32 - - [08/Nov/2025:14:33:19 +0800] "GET / HTTP/1.1" 200 4801 "-" "libcurl/7.81.0 r-curl/6.0.1 httr/1.4.7"
154.12.55.32 - - [08/Nov/2025:14:33:20 +0800] "GET / HTTP/2.0" 200 4785 "-" "libcurl/7.81.0 r-curl/6.0.1 httr/1.4.7"
154.12.55.32 - - [08/Nov/2025:15:33:10 +0800] "GET / HTTP/1.1" 200 4801 "-" "libcurl/7.81.0 r-curl/6.0.1 httr/1.4.7"
154.12.55.32 - - [08/Nov/2025:15:33:11 +0800] "GET / HTTP/2.0" 200 4785 "-" "libcurl/7.81.0 r-curl/6.0.1 httr/1.4.7"
154.12.55.32 - - [08/Nov/2025:16:31:56 +0800] "GET / HTTP/1.1" 200 4801 "-" "libcurl/7.81.0 r-curl/6.0.1 httr/1.4.7"
154.12.55.32 - - [08/Nov/2025:16:31:57 +0800] "GET / HTTP/2.0" 200 4786 "-" "libcurl/7.81.0 r-curl/6.0.1 httr/1.4.7"
154.12.55.32 - - [08/Nov/2025:17:32:32 +0800] "GET / HTTP/1.1" 200 4801 "-" "libcurl/7.81.0 r-curl/6.0.1 httr/1.4.7"
154.12.55.32 - - [08/Nov/2025:17:32:33 +0800] "GET / HTTP/2.0" 200 4785 "-" "libcurl/7.81.0 r-curl/6.0.1 httr/1.4.7"
116.204.42.110 - - [08/Nov/2025:17:42:44 +0800] "GET /post/3.html HTTP/2.0" 200 13965 "https://blog.wumingai.com/post/3.html" "Mozilla/5.0 (Macintosh; Intel Mac OS X 10_15_7) AppleWebKit/537.36 (KHTML, like Gecko) Chrome/119.0.0.0 Safari/537.36"
123.160.223.72 - - [08/Nov/2025:17:59:27 +0800] "GET / HTTP/1.1" 200 4798 "-" "Mozilla/5.0 (Macintosh; Intel Mac OS X 10_15_7) AppleWebKit/537.36 (KHTML, like Gecko) Chrome/96.0.4664.110 Safari/537.36"
154.12.55.32 - - [08/Nov/2025:18:33:16 +0800] "GET / HTTP/1.1" 200 4801 "-" "libcurl/7.81.0 r-curl/6.0.1 httr/1.4.7"
154.12.55.32 - - [08/Nov/2025:18:33:17 +0800] "GET / HTTP/2.0" 200 4785 "-" "libcurl/7.81.0 r-curl/6.0.1 httr/1.4.7"
154.12.55.32 - - [08/Nov/2025:19:33:40 +0800] "GET / HTTP/1.1" 200 4800 "-" "libcurl/7.81.0 r-curl/6.0.1 httr/1.4.7"
154.12.55.32 - - [08/Nov/2025:19:33:41 +0800] "GET / HTTP/2.0" 200 4785 "-" "libcurl/7.81.0 r-curl/6.0.1 httr/1.4.7"
101.36.113.95 - - [08/Nov/2025:20:16:41 +0800] "GET / HTTP/1.1" 302 138 "http://blog.wumingai.com:443/" "Mozilla/5.0 (iPhone; CPU iPhone OS 15_5 like Mac OS X) AppleWebKit/537.36 (KHTML, like Gecko) Version/15.0 EdgiOS/131.0.2903.30 Mobile/15E148 Safari/537.36"
101.36.113.95 - - [08/Nov/2025:20:16:46 +0800] "GET / HTTP/1.1" 200 4851 "http://blog.wumingai.com:443/" "Mozilla/5.0 (iPhone; CPU iPhone OS 15_5 like Mac OS X) AppleWebKit/537.36 (KHTML, like Gecko) Version/15.0 EdgiOS/131.0.2903.30 Mobile/15E148 Safari/537.36"
101.36.113.95 - - [08/Nov/2025:20:16:47 +0800] "GET / HTTP/1.1" 200 4851 "https://blog.wumingai.com:443/" "Mozilla/5.0 (Linux; Android 8; SM-G935T1; Build/OPM8.171222.7) AppleWebKit/537.36 (KHTML, like Gecko) Chrome/137.0.3296.93 Mobile Safari/537.36 EdgA/137.0.3296.93"
154.12.55.32 - - [08/Nov/2025:20:32:54 +0800] "GET / HTTP/1.1" 200 4801 "-" "libcurl/7.81.0 r-curl/6.0.1 httr/1.4.7"
154.12.55.32 - - [08/Nov/2025:20:32:55 +0800] "GET / HTTP/2.0" 200 4785 "-" "libcurl/7.81.0 r-curl/6.0.1 httr/1.4.7"
154.12.55.32 - - [08/Nov/2025:21:33:55 +0800] "GET / HTTP/1.1" 200 4801 "-" "libcurl/7.81.0 r-curl/6.0.1 httr/1.4.7"
154.12.55.32 - - [08/Nov/2025:21:33:56 +0800] "GET / HTTP/2.0" 200 4785 "-" "libcurl/7.81.0 r-curl/6.0.1 httr/1.4.7"
162.221.197.235 - - [08/Nov/2025:21:41:17 +0800] "GET /robots.txt HTTP/1.1" 404 1469 "-" "Mozilla/5.0 (Macintosh; Intel Mac OS X 10_9_4) AppleWebKit/537.36 (KHTML, like Gecko) Chrome/36.0.1985.125 Safari/537.36"
162.221.197.235 - - [08/Nov/2025:21:41:20 +0800] "GET / HTTP/1.1" 200 4798 "-" "Mozilla/5.0 (Macintosh; Intel Mac OS X 10_9_4) AppleWebKit/537.36 (KHTML, like Gecko) Chrome/36.0.1985.125 Safari/537.36"
162.221.197.235 - - [08/Nov/2025:21:41:34 +0800] "GET /test_404_page/ HTTP/1.1" 404 1469 "-" "Mozilla/5.0 (Macintosh; Intel Mac OS X 10_9_4) AppleWebKit/537.36 (KHTML, like Gecko) Chrome/36.0.1985.125 Safari/537.36"
106.75.23.247 - - [08/Nov/2025:21:41:49 +0800] "GET /robots.txt HTTP/1.1" 404 1473 "-" "Mozilla/5.0 (Macintosh; Intel Mac OS X 10_9_4) AppleWebKit/537.36 (KHTML, like Gecko) Chrome/36.0.1985.125 Safari/537.36"
106.75.23.247 - - [08/Nov/2025:21:41:49 +0800] "GET / HTTP/1.1" 200 4801 "-" "Mozilla/5.0 (Macintosh; Intel Mac OS X 10_9_4) AppleWebKit/537.36 (KHTML, like Gecko) Chrome/36.0.1985.125 Safari/537.36"
106.75.23.247 - - [08/Nov/2025:21:41:49 +0800] "GET /test_404_page/ HTTP/1.1" 404 1473 "-" "Mozilla/5.0 (Macintosh; Intel Mac OS X 10_9_4) AppleWebKit/537.36 (KHTML, like Gecko) Chrome/36.0.1985.125 Safari/537.36"
106.75.23.247 - - [08/Nov/2025:21:41:54 +0800] "GET /feed.asp HTTP/1.1" 404 1473 "-" "Mozilla/5.0 (Macintosh; Intel Mac OS X 10_9_4) AppleWebKit/537.36 (KHTML, like Gecko) Chrome/36.0.1985.125 Safari/537.36"
162.221.197.235 - - [08/Nov/2025:21:41:57 +0800] "GET /feed.asp HTTP/1.1" 404 1469 "-" "Mozilla/5.0 (Macintosh; Intel Mac OS X 10_9_4) AppleWebKit/537.36 (KHTML, like Gecko) Chrome/36.0.1985.125 Safari/537.36"
154.12.55.32 - - [08/Nov/2025:22:33:43 +0800] "GET / HTTP/1.1" 200 4801 "-" "libcurl/7.81.0 r-curl/6.0.1 httr/1.4.7"
154.12.55.32 - - [08/Nov/2025:22:33:44 +0800] "GET / HTTP/2.0" 200 4785 "-" "libcurl/7.81.0 r-curl/6.0.1 httr/1.4.7"
23.178.112.105 - - [08/Nov/2025:23:27:59 +0800] "GET /.well-known/acme-challenge/mpGnfRvgNTwCxJeEtDEtiErSI6loo0r27DasZPmdLjY HTTP/1.1" 200 87 "-" "Mozilla/5.0 (compatible; Let's Encrypt validation server; +https://www.letsencrypt.org)"
54.69.248.38 - - [08/Nov/2025:23:27:59 +0800] "GET /.well-known/acme-challenge/mpGnfRvgNTwCxJeEtDEtiErSI6loo0r27DasZPmdLjY HTTP/1.1" 200 87 "-" "Mozilla/5.0 (compatible; Let's Encrypt validation server; +https://www.letsencrypt.org)"
3.128.30.168 - - [08/Nov/2025:23:27:59 +0800] "GET /.well-known/acme-challenge/mpGnfRvgNTwCxJeEtDEtiErSI6loo0r27DasZPmdLjY HTTP/1.1" 200 87 "-" "Mozilla/5.0 (compatible; Let's Encrypt validation server; +https://www.letsencrypt.org)"
54.254.201.187 - - [08/Nov/2025:23:28:00 +0800] "GET /.well-known/acme-challenge/mpGnfRvgNTwCxJeEtDEtiErSI6loo0r27DasZPmdLjY HTTP/1.1" 200 87 "-" "Mozilla/5.0 (compatible; Let's Encrypt validation server; +https://www.letsencrypt.org)"
51.20.253.5 - - [08/Nov/2025:23:28:01 +0800] "GET /.well-known/acme-challenge/mpGnfRvgNTwCxJeEtDEtiErSI6loo0r27DasZPmdLjY HTTP/1.1" 200 87 "-" "Mozilla/5.0 (compatible; Let's Encrypt validation server; +https://www.letsencrypt.org)"
104.244.74.39 - - [08/Nov/2025:23:28:12 +0800] "HEAD /.env HTTP/1.1" 404 0 "-" "Python/3.13 aiohttp/3.11.18"
104.244.74.39 - - [08/Nov/2025:23:28:13 +0800] "HEAD /.env.local HTTP/1.1" 404 0 "-" "Python/3.13 aiohttp/3.11.18"
104.244.74.39 - - [08/Nov/2025:23:28:15 +0800] "HEAD /.env.prod HTTP/1.1" 404 0 "-" "Python/3.13 aiohttp/3.11.18"
104.244.74.39 - - [08/Nov/2025:23:28:16 +0800] "HEAD /.env.dev HTTP/1.1" 404 0 "-" "Python/3.13 aiohttp/3.11.18"
209.97.180.8 - - [08/Nov/2025:23:28:30 +0800] "GET / HTTP/1.1" 200 18962 "-" "-"
68.183.9.16 - - [08/Nov/2025:23:28:30 +0800] "GET / HTTP/1.1" 200 19039 "-" "-"
209.97.180.8 - - [08/Nov/2025:23:28:30 +0800] "GET / HTTP/1.1" 200 19641 "-" "Mozilla/5.0 (Linux; Android 6.0; HTC One M9 Build/MRA665476) AppleWebKit/537.36 (KHTML, like Gecko) Chrome/52.0.1737.98 Mobile Safari/537.3"
68.183.9.16 - - [08/Nov/2025:23:28:30 +0800] "GET / HTTP/1.1" 200 19729 "-" "Mozilla/5.0 (Linux; Android 6.0; HTC One M9 Build/MRA665476) AppleWebKit/537.36 (KHTML, like Gecko) Chrome/52.0.1737.98 Mobile Safari/537.3"
209.97.180.8 - - [08/Nov/2025:23:28:31 +0800] "POST /graphql HTTP/1.1" 404 1473 "-" "Mozilla/5.0 (l9scan/2.0.0393e2835313e2634313e2330313; +https://leakix.net)"
209.97.180.8 - - [08/Nov/2025:23:28:31 +0800] "POST /api HTTP/1.1" 404 1473 "-" "Mozilla/5.0 (l9scan/2.0.0393e2835313e2634313e2330313; +https://leakix.net)"
68.183.9.16 - - [08/Nov/2025:23:28:31 +0800] "POST /graphql HTTP/1.1" 404 1469 "-" "Mozilla/5.0 (l9scan/2.0.0393e2835313e2634313e2330313; +https://leakix.net)"
209.97.180.8 - - [08/Nov/2025:23:28:32 +0800] "POST /api/graphql HTTP/1.1" 404 1473 "-" "Mozilla/5.0 (l9scan/2.0.0393e2835313e2634313e2330313; +https://leakix.net)"
209.97.180.8 - - [08/Nov/2025:23:28:32 +0800] "POST /graphql/api HTTP/1.1" 404 1473 "-" "Mozilla/5.0 (l9scan/2.0.0393e2835313e2634313e2330313; +https://leakix.net)"
68.183.9.16 - - [08/Nov/2025:23:28:32 +0800] "POST /api HTTP/1.1" 404 1469 "-" "Mozilla/5.0 (l9scan/2.0.0393e2835313e2634313e2330313; +https://leakix.net)"
209.97.180.8 - - [08/Nov/2025:23:28:32 +0800] "POST /api/gql HTTP/1.1" 404 1473 "-" "Mozilla/5.0 (l9scan/2.0.0393e2835313e2634313e2330313; +https://leakix.net)"
209.97.180.8 - - [08/Nov/2025:23:28:33 +0800] "GET /swagger-ui.html HTTP/1.1" 404 1473 "-" "Mozilla/5.0 (l9scan/2.0.0393e2835313e2634313e2330313; +https://leakix.net)"
68.183.9.16 - - [08/Nov/2025:23:28:33 +0800] "POST /api/graphql HTTP/1.1" 404 1469 "-" "Mozilla/5.0 (l9scan/2.0.0393e2835313e2634313e2330313; +https://leakix.net)"
209.97.180.8 - - [08/Nov/2025:23:28:33 +0800] "GET /swagger/index.html HTTP/1.1" 404 1473 "-" "Mozilla/5.0 (l9scan/2.0.0393e2835313e2634313e2330313; +https://leakix.net)"
209.97.180.8 - - [08/Nov/2025:23:28:34 +0800] "GET /swagger/swagger-ui.html HTTP/1.1" 404 1473 "-" "Mozilla/5.0 (l9scan/2.0.0393e2835313e2634313e2330313; +https://leakix.net)"
68.183.9.16 - - [08/Nov/2025:23:28:34 +0800] "POST /graphql/api HTTP/1.1" 404 1469 "-" "Mozilla/5.0 (l9scan/2.0.0393e2835313e2634313e2330313; +https://leakix.net)"
209.97.180.8 - - [08/Nov/2025:23:28:34 +0800] "GET /webjars/swagger-ui/index.html HTTP/1.1" 404 1473 "-" "Mozilla/5.0 (l9scan/2.0.0393e2835313e2634313e2330313; +https://leakix.net)"
68.183.9.16 - - [08/Nov/2025:23:28:34 +0800] "POST /api/gql HTTP/1.1" 404 1469 "-" "Mozilla/5.0 (l9scan/2.0.0393e2835313e2634313e2330313; +https://leakix.net)"
209.97.180.8 - - [08/Nov/2025:23:28:34 +0800] "GET /swagger.json HTTP/1.1" 404 1473 "-" "Mozilla/5.0 (l9scan/2.0.0393e2835313e2634313e2330313; +https://leakix.net)"
68.183.9.16 - - [08/Nov/2025:23:28:35 +0800] "GET /swagger-ui.html HTTP/1.1" 404 1469 "-" "Mozilla/5.0 (l9scan/2.0.0393e2835313e2634313e2330313; +https://leakix.net)"
209.97.180.8 - - [08/Nov/2025:23:28:35 +0800] "GET /swagger/v1/swagger.json HTTP/1.1" 404 1473 "-" "Mozilla/5.0 (l9scan/2.0.0393e2835313e2634313e2330313; +https://leakix.net)"
209.97.180.8 - - [08/Nov/2025:23:28:35 +0800] "GET /v2/api-docs HTTP/1.1" 404 1473 "-" "Mozilla/5.0 (l9scan/2.0.0393e2835313e2634313e2330313; +https://leakix.net)"
68.183.9.16 - - [08/Nov/2025:23:28:36 +0800] "GET /swagger/index.html HTTP/1.1" 404 1469 "-" "Mozilla/5.0 (l9scan/2.0.0393e2835313e2634313e2330313; +https://leakix.net)"
209.97.180.8 - - [08/Nov/2025:23:28:36 +0800] "GET /v3/api-docs HTTP/1.1" 404 1473 "-" "Mozilla/5.0 (l9scan/2.0.0393e2835313e2634313e2330313; +https://leakix.net)"
68.183.9.16 - - [08/Nov/2025:23:28:36 +0800] "GET /swagger/swagger-ui.html HTTP/1.1" 404 1469 "-" "Mozilla/5.0 (l9scan/2.0.0393e2835313e2634313e2330313; +https://leakix.net)"
209.97.180.8 - - [08/Nov/2025:23:28:36 +0800] "GET /api-docs/swagger.json HTTP/1.1" 404 1473 "-" "Mozilla/5.0 (l9scan/2.0.0393e2835313e2634313e2330313; +https://leakix.net)"
104.244.74.39 - - [08/Nov/2025:23:28:36 +0800] "HEAD /.env HTTP/1.1" 404 0 "-" "Python/3.13 aiohttp/3.11.18"
209.97.180.8 - - [08/Nov/2025:23:28:37 +0800] "GET /api/swagger.json HTTP/1.1" 404 1473 "-" "Mozilla/5.0 (l9scan/2.0.0393e2835313e2634313e2330313; +https://leakix.net)"
209.97.180.8 - - [08/Nov/2025:23:28:37 +0800] "GET /@vite/env HTTP/1.1" 404 1473 "-" "Go-http-client/1.1"
104.244.74.39 - - [08/Nov/2025:23:28:37 +0800] "HEAD /.env.local HTTP/1.1" 404 0 "-" "Python/3.13 aiohttp/3.11.18"
68.183.9.16 - - [08/Nov/2025:23:28:38 +0800] "GET /webjars/swagger-ui/index.html HTTP/1.1" 404 1469 "-" "Mozilla/5.0 (l9scan/2.0.0393e2835313e2634313e2330313; +https://leakix.net)"
209.97.180.8 - - [08/Nov/2025:23:28:38 +0800] "GET /actuator/env HTTP/1.1" 404 1473 "-" "Go-http-client/1.1"
209.97.180.8 - - [08/Nov/2025:23:28:38 +0800] "GET /server HTTP/1.1" 404 1473 "-" "Go-http-client/1.1"
68.183.9.16 - - [08/Nov/2025:23:28:38 +0800] "GET /swagger.json HTTP/1.1" 404 1469 "-" "Mozilla/5.0 (l9scan/2.0.0393e2835313e2634313e2330313; +https://leakix.net)"
104.244.74.39 - - [08/Nov/2025:23:28:38 +0800] "HEAD /.env.prod HTTP/1.1" 404 0 "-" "Python/3.13 aiohttp/3.11.18"
209.97.180.8 - - [08/Nov/2025:23:28:38 +0800] "GET /.vscode/sftp.json HTTP/1.1" 404 1473 "-" "Go-http-client/1.1"
209.97.180.8 - - [08/Nov/2025:23:28:39 +0800] "GET /about HTTP/1.1" 404 1473 "-" "Go-http-client/1.1"
68.183.9.16 - - [08/Nov/2025:23:28:39 +0800] "GET /swagger/v1/swagger.json HTTP/1.1" 404 1469 "-" "Mozilla/5.0 (l9scan/2.0.0393e2835313e2634313e2330313; +https://leakix.net)"
209.97.180.8 - - [08/Nov/2025:23:28:39 +0800] "GET /debug/default/view?panel=config HTTP/1.1" 404 1473 "-" "Go-http-client/1.1"
104.244.74.39 - - [08/Nov/2025:23:28:39 +0800] "HEAD /.env.dev HTTP/1.1" 404 0 "-" "Python/3.13 aiohttp/3.11.18"
209.97.180.8 - - [08/Nov/2025:23:28:40 +0800] "GET /v2/_catalog HTTP/1.1" 404 1473 "-" "Go-http-client/1.1"
68.183.9.16 - - [08/Nov/2025:23:28:40 +0800] "GET /v2/api-docs HTTP/1.1" 404 1469 "-" "Mozilla/5.0 (l9scan/2.0.0393e2835313e2634313e2330313; +https://leakix.net)"
209.97.180.8 - - [08/Nov/2025:23:28:40 +0800] "GET /ecp/Current/exporttool/microsoft.exchange.ediscovery.exporttool.application HTTP/1.1" 404 1473 "-" "Go-http-client/1.1"
209.97.180.8 - - [08/Nov/2025:23:28:41 +0800] "GET /server-status HTTP/1.1" 404 1473 "-" "Go-http-client/1.1"
154.28.229.187 - - [08/Nov/2025:23:28:41 +0800] "GET / HTTP/1.1" 200 4798 "-" "Mozilla/5.0 (Windows NT 10.0; Win64; x64) AppleWebKit/537.36 (KHTML, like Gecko) Chrome/116.0.0.0 Safari/537.36"
107.172.195.7 - - [08/Nov/2025:23:28:41 +0800] "GET / HTTP/1.1" 200 4798 "-" "Mozilla/5.0 (Macintosh; Intel Mac OS X 10_15_7) AppleWebKit/537.36 (KHTML, like Gecko) Chrome/117.0.0.0 Safari/537.36"
209.97.180.8 - - [08/Nov/2025:23:28:41 +0800] "GET /login.action HTTP/1.1" 404 1473 "-" "Go-http-client/1.1"
209.97.180.8 - - [08/Nov/2025:23:28:42 +0800] "GET /_all_dbs HTTP/1.1" 404 1473 "-" "Mozilla/5.0 (l9scan/2.0.0393e2835313e2634313e2330313; +https://leakix.net)"
68.183.9.16 - - [08/Nov/2025:23:28:42 +0800] "GET /v3/api-docs HTTP/1.1" 404 1469 "-" "Mozilla/5.0 (l9scan/2.0.0393e2835313e2634313e2330313; +https://leakix.net)"
209.97.180.8 - - [08/Nov/2025:23:28:42 +0800] "GET /.DS_Store HTTP/1.1" 404 1473 "-" "Go-http-client/1.1"
68.183.9.16 - - [08/Nov/2025:23:28:42 +0800] "GET /api-docs/swagger.json HTTP/1.1" 404 1469 "-" "Mozilla/5.0 (l9scan/2.0.0393e2835313e2634313e2330313; +https://leakix.net)"
209.97.180.8 - - [08/Nov/2025:23:28:42 +0800] "GET /.env HTTP/1.1" 404 1473 "-" "Go-http-client/1.1"
209.97.180.8 - - [08/Nov/2025:23:28:43 +0800] "GET /.git/config HTTP/1.1" 404 1473 "-" "Go-http-client/1.1"
68.183.9.16 - - [08/Nov/2025:23:28:43 +0800] "GET /api/swagger.json HTTP/1.1" 404 1469 "-" "Mozilla/5.0 (l9scan/2.0.0393e2835313e2634313e2330313; +https://leakix.net)"
209.97.180.8 - - [08/Nov/2025:23:28:43 +0800] "GET /s/0393e2835313e2634313e2330313/_/;/META-INF/maven/com.atlassian.jira/jira-webapp-dist/pom.properties HTTP/1.1" 404 1473 "-" "Go-http-client/1.1"
68.183.9.16 - - [08/Nov/2025:23:28:44 +0800] "GET /@vite/env HTTP/1.1" 404 1469 "-" "Go-http-client/1.1"
209.97.180.8 - - [08/Nov/2025:23:28:44 +0800] "GET /config.json HTTP/1.1" 404 1473 "-" "Go-http-client/1.1"
209.97.180.8 - - [08/Nov/2025:23:28:44 +0800] "GET /telescope/requests HTTP/1.1" 404 1473 "-" "Go-http-client/1.1"
68.183.9.16 - - [08/Nov/2025:23:28:44 +0800] "GET /actuator/env HTTP/1.1" 404 1469 "-" "Go-http-client/1.1"
209.97.180.8 - - [08/Nov/2025:23:28:45 +0800] "GET /info.php HTTP/1.1" 404 1473 "-" "Go-http-client/1.1"
68.183.9.16 - - [08/Nov/2025:23:28:45 +0800] "GET /server HTTP/1.1" 404 1469 "-" "Go-http-client/1.1"
209.97.180.8 - - [08/Nov/2025:23:28:45 +0800] "GET /?rest_route=/wp/v2/users/ HTTP/1.1" 200 4800 "-" "Go-http-client/1.1"
68.183.9.16 - - [08/Nov/2025:23:28:46 +0800] "GET /.vscode/sftp.json HTTP/1.1" 404 1469 "-" "Go-http-client/1.1"
68.183.9.16 - - [08/Nov/2025:23:28:46 +0800] "GET /about HTTP/1.1" 404 1469 "-" "Go-http-client/1.1"
68.183.9.16 - - [08/Nov/2025:23:28:47 +0800] "GET /debug/default/view?panel=config HTTP/1.1" 404 1469 "-" "Go-http-client/1.1"
68.183.9.16 - - [08/Nov/2025:23:28:48 +0800] "GET /v2/_catalog HTTP/1.1" 404 1469 "-" "Go-http-client/1.1"
68.183.9.16 - - [08/Nov/2025:23:28:49 +0800] "GET /ecp/Current/exporttool/microsoft.exchange.ediscovery.exporttool.application HTTP/1.1" 404 1469 "-" "Go-http-client/1.1"
68.183.9.16 - - [08/Nov/2025:23:28:50 +0800] "GET /server-status HTTP/1.1" 404 1469 "-" "Go-http-client/1.1"
68.183.9.16 - - [08/Nov/2025:23:28:51 +0800] "GET /login.action HTTP/1.1" 404 1469 "-" "Go-http-client/1.1"
107.172.195.7 - - [08/Nov/2025:23:28:51 +0800] "GET / HTTP/1.1" 200 4798 "-" "Mozilla/5.0 (Windows NT 10.0; Win64; x64) AppleWebKit/537.36 (KHTML, like Gecko) Chrome/117.0.0.0 Safari/537.36"
68.183.9.16 - - [08/Nov/2025:23:28:51 +0800] "GET /_all_dbs HTTP/1.1" 404 1469 "-" "Mozilla/5.0 (l9scan/2.0.0393e2835313e2634313e2330313; +https://leakix.net)"
68.183.9.16 - - [08/Nov/2025:23:28:52 +0800] "GET /.DS_Store HTTP/1.1" 404 1469 "-" "Go-http-client/1.1"
68.183.9.16 - - [08/Nov/2025:23:28:53 +0800] "GET /.env HTTP/1.1" 404 1469 "-" "Go-http-client/1.1"
68.183.9.16 - - [08/Nov/2025:23:28:54 +0800] "GET /.git/config HTTP/1.1" 404 1469 "-" "Go-http-client/1.1"
68.183.9.16 - - [08/Nov/2025:23:28:54 +0800] "GET /s/0393e2835313e2634313e2330313/_/;/META-INF/maven/com.atlassian.jira/jira-webapp-dist/pom.properties HTTP/1.1" 404 1469 "-" "Go-http-client/1.1"
68.183.9.16 - - [08/Nov/2025:23:28:55 +0800] "GET /config.json HTTP/1.1" 404 1469 "-" "Go-http-client/1.1"
68.183.9.16 - - [08/Nov/2025:23:28:56 +0800] "GET /telescope/requests HTTP/1.1" 404 1469 "-" "Go-http-client/1.1"
68.183.9.16 - - [08/Nov/2025:23:28:56 +0800] "GET /info.php HTTP/1.1" 404 1469 "-" "Go-http-client/1.1"
68.183.9.16 - - [08/Nov/2025:23:28:57 +0800] "GET /?rest_route=/wp/v2/users/ HTTP/1.1" 200 4798 "-" "Go-http-client/1.1"
195.211.77.140 - - [08/Nov/2025:23:29:00 +0800] "HEAD / HTTP/1.1" 200 0 "-" "Mozilla/5.0 (Windows NT 10.0; Win64; x64) AppleWebKit/537.36 (KHTML, like Gecko) Chrome/108.0.0.0 Safari/537.36"
104.244.74.39 - - [08/Nov/2025:23:29:09 +0800] "HEAD /.env HTTP/1.1" 404 0 "-" "Python/3.13 aiohttp/3.11.18"
104.244.74.39 - - [08/Nov/2025:23:29:11 +0800] "HEAD /.env.local HTTP/1.1" 404 0 "-" "Python/3.13 aiohttp/3.11.18"
104.244.74.39 - - [08/Nov/2025:23:29:12 +0800] "HEAD /.env.prod HTTP/1.1" 404 0 "-" "Python/3.13 aiohttp/3.11.18"
195.211.77.142 - - [08/Nov/2025:23:29:13 +0800] "GET / HTTP/1.1" 200 4798 "-" "Mozilla/5.0 (Windows NT 10.0; Win64; x64) AppleWebKit/537.36 (KHTML, like Gecko) Chrome/108.0.0.0 Safari/537.36"
104.244.74.39 - - [08/Nov/2025:23:29:13 +0800] "HEAD /.env.dev HTTP/1.1" 404 0 "-" "Python/3.13 aiohttp/3.11.18"
104.244.74.39 - - [08/Nov/2025:23:29:21 +0800] "HEAD /.env HTTP/1.1" 404 0 "-" "Python/3.13 aiohttp/3.11.18"
104.244.74.39 - - [08/Nov/2025:23:29:22 +0800] "HEAD /.env.local HTTP/1.1" 404 0 "-" "Python/3.13 aiohttp/3.11.18"
195.123.244.84 - - [08/Nov/2025:23:29:22 +0800] "HEAD / HTTP/1.1" 200 0 "-" "Mozilla/5.0 (Macintosh; Intel Mac OS X 10_15_7) AppleWebKit/537.36 (KHTML, like Gecko) Chrome/123.0.0.0 Safari/537.36"
104.244.74.39 - - [08/Nov/2025:23:29:23 +0800] "HEAD /.env.prod HTTP/1.1" 404 0 "-" "Python/3.13 aiohttp/3.11.18"
195.123.244.84 - - [08/Nov/2025:23:29:23 +0800] "GET / HTTP/1.1" 200 4801 "-" "Mozilla/5.0 (Macintosh; Intel Mac OS X 10_15_7) AppleWebKit/537.36 (KHTML, like Gecko) Chrome/121.0.0.0 Safari/537.36"
104.244.74.39 - - [08/Nov/2025:23:29:24 +0800] "HEAD /.env.dev HTTP/1.1" 404 0 "-" "Python/3.13 aiohttp/3.11.18"
104.244.74.39 - - [08/Nov/2025:23:30:04 +0800] "HEAD /.env HTTP/1.1" 404 0 "-" "Python/3.13 aiohttp/3.11.18"
104.244.74.39 - - [08/Nov/2025:23:30:05 +0800] "HEAD /.env.local HTTP/1.1" 404 0 "-" "Python/3.13 aiohttp/3.11.18"
104.244.74.39 - - [08/Nov/2025:23:30:06 +0800] "HEAD /.env.prod HTTP/1.1" 404 0 "-" "Python/3.13 aiohttp/3.11.18"
104.244.74.39 - - [08/Nov/2025:23:30:08 +0800] "HEAD /.env.dev HTTP/1.1" 404 0 "-" "Python/3.13 aiohttp/3.11.18"
104.244.74.39 - - [08/Nov/2025:23:30:28 +0800] "HEAD /.env HTTP/1.1" 404 0 "-" "Python/3.13 aiohttp/3.11.18"
104.244.74.39 - - [08/Nov/2025:23:30:29 +0800] "HEAD /.env.local HTTP/1.1" 404 0 "-" "Python/3.13 aiohttp/3.11.18"
104.244.74.39 - - [08/Nov/2025:23:30:31 +0800] "HEAD /.env.prod HTTP/1.1" 404 0 "-" "Python/3.13 aiohttp/3.11.18"
104.244.74.39 - - [08/Nov/2025:23:30:32 +0800] "HEAD /.env.dev HTTP/1.1" 404 0 "-" "Python/3.13 aiohttp/3.11.18"
46.105.92.110 - - [08/Nov/2025:23:31:38 +0800] "GET /.git/config HTTP/1.1" 404 1469 "-" "Mozilla/5.0 (Linux; Android 12; SM-N986B) AppleWebKit/537.36 (KHTML, like Gecko) Chrome/112.0.0.0 Mobile Safari/537.36"
2.57.122.236 - - [08/Nov/2025:23:32:06 +0800] "GET / HTTP/1.1" 200 4801 "-" "Go-http-client/1.1"
2.57.122.236 - - [08/Nov/2025:23:32:07 +0800] "GET /.git/config HTTP/1.1" 404 1473 "-" "Go-http-client/1.1"
2.57.122.236 - - [08/Nov/2025:23:32:07 +0800] "GET /zb_system/script/c_html_js_add.php HTTP/1.1" 200 1813 "-" "Go-http-client/1.1"
146.70.185.32 - - [08/Nov/2025:23:33:26 +0800] "HEAD / HTTP/1.1" 200 0 "-" "Mozilla/5.0 (Windows NT 10.0; Win64; x64) AppleWebKit/537.36 (KHTML, like Gecko) Chrome/58.0.3029.110 Safari/537.3"
103.4.250.42 - - [08/Nov/2025:23:33:41 +0800] "GET / HTTP/1.1" 200 4798 "-" "Mozilla/5.0 (Windows NT 10.0; Win64; x64) AppleWebKit/537.36 (KHTML, like Gecko) Chrome/116.0.0.0 Safari/537.36"
104.252.191.115 - - [08/Nov/2025:23:33:41 +0800] "GET / HTTP/1.1" 200 4851 "-" "Mozilla/5.0 (X11; Linux x86_64) AppleWebKit/537.36 (KHTML, like Gecko) Chrome/116.0.0.0 Safari/537.36"
103.4.250.42 - - [08/Nov/2025:23:33:46 +0800] "GET / HTTP/1.1" 200 4799 "-" "Mozilla/5.0 (Macintosh; Intel Mac OS X 10_15_7) AppleWebKit/537.36 (KHTML, like Gecko) Chrome/116.0.0.0 Safari/537.36"
2.57.122.236 - - [08/Nov/2025:23:33:46 +0800] "GET / HTTP/1.1" 200 4801 "-" "Go-http-client/1.1"
2.57.122.236 - - [08/Nov/2025:23:33:47 +0800] "GET /zb_system/script/c_html_js_add.php HTTP/1.1" 200 1813 "-" "Go-http-client/1.1"
2.57.122.236 - - [08/Nov/2025:23:33:47 +0800] "GET /.git/config HTTP/1.1" 404 1473 "-" "Go-http-client/1.1"
154.12.55.32 - - [08/Nov/2025:23:34:59 +0800] "GET / HTTP/1.1" 200 4801 "-" "libcurl/7.81.0 r-curl/6.0.1 httr/1.4.7"
154.12.55.32 - - [08/Nov/2025:23:35:02 +0800] "GET / HTTP/2.0" 200 4785 "-" "libcurl/7.81.0 r-curl/6.0.1 httr/1.4.7"
2.57.122.236 - - [08/Nov/2025:23:56:20 +0800] "GET / HTTP/1.1" 200 4801 "-" "Go-http-client/1.1"
2.57.122.236 - - [08/Nov/2025:23:56:20 +0800] "GET /.git/config HTTP/1.1" 404 1473 "-" "Go-http-client/1.1"
2.57.122.236 - - [08/Nov/2025:23:56:21 +0800] "GET /zb_system/script/c_html_js_add.php HTTP/1.1" 200 1813 "-" "Go-http-client/1.1"
2.57.122.236 - - [08/Nov/2025:23:56:30 +0800] "GET / HTTP/1.1" 200 4801 "-" "Go-http-client/1.1"
2.57.122.236 - - [08/Nov/2025:23:56:31 +0800] "GET /zb_system/script/c_html_js_add.php HTTP/1.1" 200 1813 "-" "Go-http-client/1.1"
2.57.122.236 - - [08/Nov/2025:23:56:31 +0800] "GET /.git/config HTTP/1.1" 404 1473 "-" "Go-http-client/1.1"
91.231.89.103 - - [08/Nov/2025:23:58:28 +0800] "GET / HTTP/1.1" 200 19641 "-" "Mozilla/5.0 (X11; Ubuntu; Linux x86_64; rv:134.0) Gecko/20100101 Firefox/134.0"
116.204.69.105 - - [09/Nov/2025:00:03:51 +0800] "GET /post/30.html HTTP/2.0" 200 9117 "https://blog.wumingai.com/post/30.html" "Mozilla/5.0 (Macintosh; Intel Mac OS X 10_15_7) AppleWebKit/537.36 (KHTML, like Gecko) Chrome/131.0.0.0 Safari/537.36"
2.57.122.236 - - [09/Nov/2025:00:04:45 +0800] "GET / HTTP/1.1" 200 4802 "-" "Go-http-client/1.1"
2.57.122.236 - - [09/Nov/2025:00:04:45 +0800] "GET /zb_system/script/c_html_js_add.php HTTP/1.1" 200 1813 "-" "Go-http-client/1.1"
2.57.122.236 - - [09/Nov/2025:00:04:45 +0800] "GET /.git/config HTTP/1.1" 404 1473 "-" "Go-http-client/1.1"
116.204.45.254 - - [09/Nov/2025:00:21:37 +0800] "GET /post/20.html HTTP/2.0" 200 7508 "https://blog.wumingai.com/post/20.html" "Mozilla/5.0 (Macintosh; Intel Mac OS X 10_15_7) AppleWebKit/537.36 (KHTML, like Gecko) Chrome/123.0.0.0 Safari/537.36"
74.7.230.61 - - [09/Nov/2025:00:32:01 +0800] "GET /robots.txt HTTP/2.0" 404 1457 "-" "Mozilla/5.0 (Macintosh; Intel Mac OS X 10_15_7) AppleWebKit/537.36 (KHTML, like Gecko) Chrome/131.0.0.0 Safari/537.36; compatible; OAI-SearchBot/1.0; robots.txt; +https://openai.com/searchbot"
74.7.227.190 - - [09/Nov/2025:00:32:03 +0800] "GET / HTTP/1.1" 200 4798 "-" "Mozilla/5.0 AppleWebKit/537.36 (KHTML, like Gecko; compatible; GPTBot/1.2; +https://openai.com/gptbot)"
74.7.227.190 - - [09/Nov/2025:00:32:08 +0800] "GET /?id=2 HTTP/1.1" 302 64 "-" "Mozilla/5.0 AppleWebKit/537.36 (KHTML, like Gecko; compatible; GPTBot/1.2; +https://openai.com/gptbot)"
74.7.227.190 - - [09/Nov/2025:00:32:09 +0800] "GET /2.html HTTP/1.1" 200 2948 "-" "Mozilla/5.0 AppleWebKit/537.36 (KHTML, like Gecko; compatible; GPTBot/1.2; +https://openai.com/gptbot)"
154.12.55.32 - - [09/Nov/2025:00:32:52 +0800] "GET / HTTP/1.1" 200 4801 "-" "libcurl/7.81.0 r-curl/6.0.1 httr/1.4.7"
154.12.55.32 - - [09/Nov/2025:00:32:53 +0800] "GET / HTTP/2.0" 200 4785 "-" "libcurl/7.81.0 r-curl/6.0.1 httr/1.4.7"
2.57.122.236 - - [09/Nov/2025:00:36:16 +0800] "GET / HTTP/1.1" 200 4800 "-" "Go-http-client/1.1"
2.57.122.236 - - [09/Nov/2025:00:36:16 +0800] "GET /.git/config HTTP/1.1" 404 1473 "-" "Go-http-client/1.1"
2.57.122.236 - - [09/Nov/2025:00:36:16 +0800] "GET /zb_system/script/c_html_js_add.php HTTP/1.1" 200 1813 "-" "Go-http-client/1.1"
116.204.78.164 - - [09/Nov/2025:00:43:30 +0800] "GET /post/36.html HTTP/2.0" 200 13020 "https://blog.wumingai.com/post/36.html" "Mozilla/5.0 (Macintosh; Intel Mac OS X 10_15_7) AppleWebKit/537.36 (KHTML, like Gecko) Chrome/120.0.0.0 Safari/537.36"
104.164.173.48 - - [09/Nov/2025:00:43:32 +0800] "GET / HTTP/1.1" 200 4799 "-" "Mozilla/5.0 (Windows NT 10.0; Win64; x64) AppleWebKit/537.36 (KHTML, like Gecko) Chrome/117.0.0.0 Safari/537.36"
104.164.126.186 - - [09/Nov/2025:00:43:32 +0800] "GET / HTTP/1.1" 200 4799 "-" "Mozilla/5.0 (Windows NT 10.0; Win64; x64) AppleWebKit/537.36 (KHTML, like Gecko) Chrome/117.0.0.0 Safari/537.36"
104.164.173.48 - - [09/Nov/2025:00:43:37 +0800] "GET / HTTP/1.1" 200 4798 "-" "Mozilla/5.0 (Macintosh; Intel Mac OS X 10_15_7) AppleWebKit/537.36 (KHTML, like Gecko) Chrome/117.0.0.0 Safari/537.36"
104.244.74.39 - - [09/Nov/2025:01:00:52 +0800] "HEAD /.env HTTP/1.1" 404 0 "-" "Python/3.13 aiohttp/3.11.18"
104.244.74.39 - - [09/Nov/2025:01:00:53 +0800] "HEAD /.env.local HTTP/1.1" 404 0 "-" "Python/3.13 aiohttp/3.11.18"
104.244.74.39 - - [09/Nov/2025:01:00:54 +0800] "HEAD /.env.prod HTTP/1.1" 404 0 "-" "Python/3.13 aiohttp/3.11.18"
104.244.74.39 - - [09/Nov/2025:01:00:56 +0800] "HEAD /.env.dev HTTP/1.1" 404 0 "-" "Python/3.13 aiohttp/3.11.18"
116.204.106.52 - - [09/Nov/2025:01:05:22 +0800] "GET /post/11.html HTTP/2.0" 200 11218 "https://blog.wumingai.com/post/11.html" "Mozilla/5.0 (Macintosh; Intel Mac OS X 10_15_7) AppleWebKit/537.36 (KHTML, like Gecko) Chrome/120.0.0.0 Safari/537.36"
116.204.46.207 - - [09/Nov/2025:01:27:08 +0800] "GET /post/58.html HTTP/2.0" 200 6723 "https://blog.wumingai.com/post/58.html#cmt49" "Mozilla/5.0 (Macintosh; Intel Mac OS X 10_15_7) AppleWebKit/537.36 (KHTML, like Gecko) Chrome/120.0.0.0 Safari/537.36"
74.7.230.61 - - [09/Nov/2025:01:31:49 +0800] "GET /robots.txt HTTP/2.0" 404 1457 "-" "Mozilla/5.0 (Macintosh; Intel Mac OS X 10_15_7) AppleWebKit/537.36 (KHTML, like Gecko) Chrome/131.0.0.0 Safari/537.36; compatible; OAI-SearchBot/1.0; robots.txt; +https://openai.com/searchbot"
154.12.55.32 - - [09/Nov/2025:01:32:49 +0800] "GET / HTTP/1.1" 200 4801 "-" "libcurl/7.81.0 r-curl/6.0.1 httr/1.4.7"
154.12.55.32 - - [09/Nov/2025:01:32:51 +0800] "GET / HTTP/2.0" 200 4785 "-" "libcurl/7.81.0 r-curl/6.0.1 httr/1.4.7"
116.204.109.160 - - [09/Nov/2025:01:48:55 +0800] "GET /post/12.html HTTP/2.0" 200 16032 "https://blog.wumingai.com/post/12.html" "Mozilla/5.0 (Macintosh; Intel Mac OS X 10_15_7) AppleWebKit/537.36 (KHTML, like Gecko) Chrome/120.0.0.0 Safari/537.36"
121.37.103.146 - - [09/Nov/2025:02:10:58 +0800] "GET /post/21.html HTTP/2.0" 200 8060 "https://blog.wumingai.com/post/21.html" "Mozilla/5.0 (Macintosh; Intel Mac OS X 10_15_7) AppleWebKit/537.36 (KHTML, like Gecko) Chrome/123.0.0.0 Safari/537.36"
34.248.137.227 - - [09/Nov/2025:02:28:54 +0800] "GET / HTTP/1.1" 200 4851 "-" "Mozilla/5.0 (X11; Linux x86_64; rv:83.0) Gecko/20100101 Firefox/83.0"
34.248.137.227 - - [09/Nov/2025:02:28:55 +0800] "GET / HTTP/2.0" 200 4837 "-" "Mozilla/5.0 (X11; Linux x86_64) AppleWebKit/537.36 (KHTML, like Gecko) Chrome/132.0.0.0 Safari/537.36"
34.248.137.227 - - [09/Nov/2025:02:28:55 +0800] "GET /zb_system/script/c_html_js_add.php HTTP/2.0" 200 1805 "https://blog.wumingai.com/" "Mozilla/5.0 (X11; Linux x86_64) AppleWebKit/537.36 (KHTML, like Gecko) Chrome/132.0.0.0 Safari/537.36"
34.248.137.227 - - [09/Nov/2025:02:28:56 +0800] "GET /zb_users/theme/tpure/style/fonts/iconfont.woff2 HTTP/2.0" 200 3612 "https://blog.wumingai.com/zb_users/theme/tpure/style/style.css" "Mozilla/5.0 (X11; Linux x86_64) AppleWebKit/537.36 (KHTML, like Gecko) Chrome/132.0.0.0 Safari/537.36"
34.248.137.227 - - [09/Nov/2025:02:28:56 +0800] "GET /zb_users/upload/2023/11/20231127143051170106665170726.webp HTTP/2.0" 200 420020 "https://blog.wumingai.com/" "Mozilla/5.0 (X11; Linux x86_64) AppleWebKit/537.36 (KHTML, like Gecko) Chrome/132.0.0.0 Safari/537.36"
34.248.137.227 - - [09/Nov/2025:02:28:59 +0800] "GET /zb_users/upload/2023/11/202311221700636671414140.webp HTTP/2.0" 200 25608 "https://blog.wumingai.com/" "Mozilla/5.0 (X11; Linux x86_64) AppleWebKit/537.36 (KHTML, like Gecko) Chrome/132.0.0.0 Safari/537.36"
34.248.137.227 - - [09/Nov/2025:02:29:00 +0800] "GET /zb_users/upload/2023/11/20231114174352169995503270587.webp HTTP/2.0" 200 13690 "https://blog.wumingai.com/" "Mozilla/5.0 (X11; Linux x86_64) AppleWebKit/537.36 (KHTML, like Gecko) Chrome/132.0.0.0 Safari/537.36"
34.248.137.227 - - [09/Nov/2025:02:29:01 +0800] "GET / HTTP/1.1" 200 4798 "-" "Mozilla/5.0 (Macintosh; Intel Mac OS X 10_9_2) AppleWebKit/537.36 (KHTML, like Gecko) Chrome/33.0.1750.152 Safari/537.36"
