13.79.87.25 - - [10/Oct/2025:19:42:27 +0800] "GET /wp-content/plugins/hellopress/wp_filemanager.php HTTP/1.1" 404 4110 "-" "-"
13.79.87.25 - - [10/Oct/2025:19:42:27 +0800] "GET /error.php HTTP/1.1" 404 4110 "-" "-"
13.79.87.25 - - [10/Oct/2025:19:42:27 +0800] "GET /031.php HTTP/1.1" 404 4110 "-" "-"
13.79.87.25 - - [10/Oct/2025:19:42:27 +0800] "GET /ilex.php HTTP/1.1" 404 4110 "-" "-"
13.79.87.25 - - [10/Oct/2025:19:42:28 +0800] "GET /flex.php HTTP/1.1" 404 4110 "-" "-"
13.79.87.25 - - [10/Oct/2025:19:42:28 +0800] "GET /mlex.php HTTP/1.1" 404 4110 "-" "-"
13.79.87.25 - - [10/Oct/2025:19:42:28 +0800] "GET /wlex.php HTTP/1.1" 404 4110 "-" "-"
13.79.87.25 - - [10/Oct/2025:19:42:28 +0800] "GET /wp-aaa.php HTTP/1.1" 404 4110 "-" "-"
13.79.87.25 - - [10/Oct/2025:19:42:29 +0800] "GET /klex.php HTTP/1.1" 404 4110 "-" "-"
13.79.87.25 - - [10/Oct/2025:19:42:29 +0800] "GET /about3.php HTTP/1.1" 404 4110 "-" "-"
13.79.87.25 - - [10/Oct/2025:19:42:29 +0800] "GET /222.php HTTP/1.1" 404 4110 "-" "-"
13.79.87.25 - - [10/Oct/2025:19:42:29 +0800] "GET /444.php HTTP/1.1" 404 4110 "-" "-"
13.79.87.25 - - [10/Oct/2025:19:42:30 +0800] "GET /file9.php HTTP/1.1" 404 4110 "-" "-"
13.79.87.25 - - [10/Oct/2025:19:42:30 +0800] "GET /filesss.php HTTP/1.1" 404 4110 "-" "-"
13.79.87.25 - - [10/Oct/2025:19:42:30 +0800] "GET /file88.php HTTP/1.1" 404 4110 "-" "-"
13.79.87.25 - - [10/Oct/2025:19:42:30 +0800] "GET /gifclass4.php HTTP/1.1" 404 4110 "-" "-"
13.79.87.25 - - [10/Oct/2025:19:42:31 +0800] "GET /class-wp.php HTTP/1.1" 404 4110 "-" "-"
13.79.87.25 - - [10/Oct/2025:19:42:31 +0800] "GET /555.php HTTP/1.1" 404 4110 "-" "-"
13.79.87.25 - - [10/Oct/2025:19:42:31 +0800] "GET /333.php HTTP/1.1" 404 4110 "-" "-"
13.79.87.25 - - [10/Oct/2025:19:42:32 +0800] "GET /class19.php HTTP/1.1" 404 4110 "-" "-"
13.79.87.25 - - [10/Oct/2025:19:42:32 +0800] "GET /2clas.php HTTP/1.1" 404 4110 "-" "-"
13.79.87.25 - - [10/Oct/2025:19:42:32 +0800] "GET /bless5.php HTTP/1.1" 404 4110 "-" "-"
13.79.87.25 - - [10/Oct/2025:19:42:32 +0800] "GET /file15.php HTTP/1.1" 404 4110 "-" "-"
13.79.87.25 - - [10/Oct/2025:19:42:33 +0800] "GET /hk.php HTTP/1.1" 404 4110 "-" "-"
13.79.87.25 - - [10/Oct/2025:19:42:33 +0800] "GET /alpa.php HTTP/1.1" 404 4110 "-" "-"
13.79.87.25 - - [10/Oct/2025:19:42:33 +0800] "GET /file21.php HTTP/1.1" 404 4110 "-" "-"
13.79.87.25 - - [10/Oct/2025:19:42:34 +0800] "GET /ssss.php HTTP/1.1" 404 4110 "-" "-"
13.79.87.25 - - [10/Oct/2025:19:42:34 +0800] "GET /ut.php HTTP/1.1" 404 4110 "-" "-"
13.79.87.25 - - [10/Oct/2025:19:42:34 +0800] "GET /inde.php HTTP/1.1" 404 4110 "-" "-"
13.79.87.25 - - [10/Oct/2025:19:42:34 +0800] "GET /classgoto24.php HTTP/1.1" 404 4110 "-" "-"
13.79.87.25 - - [10/Oct/2025:19:42:35 +0800] "GET /030.php HTTP/1.1" 404 4110 "-" "-"
13.79.87.25 - - [10/Oct/2025:19:42:35 +0800] "GET /thh.php HTTP/1.1" 404 4110 "-" "-"
13.79.87.25 - - [10/Oct/2025:19:42:35 +0800] "GET /fffff.php HTTP/1.1" 404 4110 "-" "-"
13.79.87.25 - - [10/Oct/2025:19:42:35 +0800] "GET /indo.php HTTP/1.1" 404 4110 "-" "-"
13.79.87.25 - - [10/Oct/2025:19:42:36 +0800] "GET /.well-known/acme-challenge/about.php HTTP/1.1" 404 4110 "-" "-"
13.79.87.25 - - [10/Oct/2025:19:42:36 +0800] "GET /fileas.php HTTP/1.1" 404 4110 "-" "-"
13.79.87.25 - - [10/Oct/2025:19:42:36 +0800] "GET /yellow.php HTTP/1.1" 404 4110 "-" "-"
13.79.87.25 - - [10/Oct/2025:19:42:37 +0800] "GET /33.php HTTP/1.1" 404 4110 "-" "-"
13.79.87.25 - - [10/Oct/2025:19:42:37 +0800] "GET /plss3.php HTTP/1.1" 404 4110 "-" "-"
13.79.87.25 - - [10/Oct/2025:19:42:37 +0800] "GET /he.php HTTP/1.1" 404 4110 "-" "-"
13.79.87.25 - - [10/Oct/2025:19:42:37 +0800] "GET /thxt.php HTTP/1.1" 404 4110 "-" "-"
13.79.87.25 - - [10/Oct/2025:19:42:38 +0800] "GET /wfile.php HTTP/1.1" 404 4110 "-" "-"
13.79.87.25 - - [10/Oct/2025:19:42:38 +0800] "GET /class20.php HTTP/1.1" 404 4110 "-" "-"
13.79.87.25 - - [10/Oct/2025:19:42:38 +0800] "GET /build.php HTTP/1.1" 404 4110 "-" "-"
13.79.87.25 - - [10/Oct/2025:19:42:38 +0800] "GET /1.php HTTP/1.1" 404 4110 "-" "-"
13.79.87.25 - - [10/Oct/2025:19:42:39 +0800] "GET /usep.php HTTP/1.1" 404 4110 "-" "-"
13.79.87.25 - - [10/Oct/2025:19:42:39 +0800] "GET /wa.php HTTP/1.1" 404 4110 "-" "-"
13.79.87.25 - - [10/Oct/2025:19:42:39 +0800] "GET /wb.php HTTP/1.1" 404 4110 "-" "-"
13.79.87.25 - - [10/Oct/2025:19:42:39 +0800] "GET /file1.php HTTP/1.1" 404 4110 "-" "-"
13.79.87.25 - - [10/Oct/2025:19:42:40 +0800] "GET /2.php HTTP/1.1" 404 4110 "-" "-"
13.79.87.25 - - [10/Oct/2025:19:42:40 +0800] "GET /a2.php HTTP/1.1" 404 4110 "-" "-"
13.79.87.25 - - [10/Oct/2025:19:42:40 +0800] "GET /a.php HTTP/1.1" 404 4110 "-" "-"
13.79.87.25 - - [10/Oct/2025:19:42:40 +0800] "GET /gmo.php HTTP/1.1" 404 4110 "-" "-"
13.79.87.25 - - [10/Oct/2025:19:42:41 +0800] "GET /info.php HTTP/1.1" 404 4110 "-" "-"
13.79.87.25 - - [10/Oct/2025:19:42:41 +0800] "GET /file2.php HTTP/1.1" 404 4110 "-" "-"
13.79.87.25 - - [10/Oct/2025:19:42:41 +0800] "GET /lv.php HTTP/1.1" 404 4110 "-" "-"
13.79.87.25 - - [10/Oct/2025:19:42:42 +0800] "GET /about.php HTTP/1.1" 404 4110 "-" "-"
13.79.87.25 - - [10/Oct/2025:19:42:42 +0800] "GET /abcd.php HTTP/1.1" 404 4110 "-" "-"
13.79.87.25 - - [10/Oct/2025:19:42:42 +0800] "GET /lock360.php HTTP/1.1" 404 4110 "-" "-"
13.79.87.25 - - [10/Oct/2025:19:42:42 +0800] "GET /alfa.php HTTP/1.1" 404 4110 "-" "-"
13.79.87.25 - - [10/Oct/2025:19:42:43 +0800] "GET /NewFile.php HTTP/1.1" 404 4110 "-" "-"
13.79.87.25 - - [10/Oct/2025:19:42:43 +0800] "GET /atomlib.php HTTP/1.1" 404 4110 "-" "-"
13.79.87.25 - - [10/Oct/2025:19:42:43 +0800] "GET /wp.php HTTP/1.1" 404 4110 "-" "-"
13.79.87.25 - - [10/Oct/2025:19:42:44 +0800] "GET /system_log.php HTTP/1.1" 404 4110 "-" "-"
13.79.87.25 - - [10/Oct/2025:19:42:44 +0800] "GET /pp.php HTTP/1.1" 404 4110 "-" "-"
13.79.87.25 - - [10/Oct/2025:19:42:44 +0800] "GET /geck.php HTTP/1.1" 404 4110 "-" "-"
13.79.87.25 - - [10/Oct/2025:19:42:44 +0800] "GET /gm.php HTTP/1.1" 404 4110 "-" "-"
13.79.87.25 - - [10/Oct/2025:19:42:45 +0800] "GET /makeasmtp.php HTTP/1.1" 404 4110 "-" "-"
13.79.87.25 - - [10/Oct/2025:19:42:45 +0800] "GET /cccc.php HTTP/1.1" 404 4110 "-" "-"
13.79.87.25 - - [10/Oct/2025:19:42:45 +0800] "GET /file4.php HTTP/1.1" 404 4110 "-" "-"
13.79.87.25 - - [10/Oct/2025:19:42:45 +0800] "GET /520.php HTTP/1.1" 404 4110 "-" "-"
13.79.87.25 - - [10/Oct/2025:19:42:46 +0800] "GET /CLA.php HTTP/1.1" 404 4110 "-" "-"
13.79.87.25 - - [10/Oct/2025:19:42:46 +0800] "GET /file18.php HTTP/1.1" 404 4110 "-" "-"
13.79.87.25 - - [10/Oct/2025:19:42:46 +0800] "GET /ffile.php HTTP/1.1" 404 4110 "-" "-"
13.79.87.25 - - [10/Oct/2025:19:42:46 +0800] "GET /file7.php HTTP/1.1" 404 4110 "-" "-"
13.79.87.25 - - [10/Oct/2025:19:42:47 +0800] "GET /file.php HTTP/1.1" 404 4110 "-" "-"
13.79.87.25 - - [10/Oct/2025:19:42:47 +0800] "GET /we.php HTTP/1.1" 404 4110 "-" "-"
13.79.87.25 - - [10/Oct/2025:19:42:47 +0800] "GET /gfile.php HTTP/1.1" 404 4110 "-" "-"
13.79.87.25 - - [10/Oct/2025:19:42:47 +0800] "GET /jlex3.php HTTP/1.1" 404 4110 "-" "-"
13.79.87.25 - - [10/Oct/2025:19:42:48 +0800] "GET /des.php HTTP/1.1" 404 4110 "-" "-"
13.79.87.25 - - [10/Oct/2025:19:42:48 +0800] "GET /aaa.php HTTP/1.1" 404 4110 "-" "-"
13.79.87.25 - - [10/Oct/2025:19:42:48 +0800] "GET /gifclass.php HTTP/1.1" 404 4110 "-" "-"
13.79.87.25 - - [10/Oct/2025:19:42:48 +0800] "GET /vee.php HTTP/1.1" 404 4110 "-" "-"
13.79.87.25 - - [10/Oct/2025:19:42:49 +0800] "GET /efile.php HTTP/1.1" 404 4110 "-" "-"
13.79.87.25 - - [10/Oct/2025:19:42:49 +0800] "GET /afile.php HTTP/1.1" 404 4110 "-" "-"
13.79.87.25 - - [10/Oct/2025:19:42:49 +0800] "GET /errorfile.php HTTP/1.1" 404 4110 "-" "-"
13.79.87.25 - - [10/Oct/2025:19:42:49 +0800] "GET /gold.php HTTP/1.1" 404 4110 "-" "-"
13.79.87.25 - - [10/Oct/2025:19:42:50 +0800] "GET /f35.php HTTP/1.1" 404 4110 "-" "-"
13.79.87.25 - - [10/Oct/2025:19:42:50 +0800] "GET /gool.php HTTP/1.1" 404 4110 "-" "-"
13.79.87.25 - - [10/Oct/2025:19:42:50 +0800] "GET /haikh.php HTTP/1.1" 404 4110 "-" "-"
154.12.55.32 - - [10/Oct/2025:20:14:26 +0800] "GET / HTTP/1.1" 200 4264 "-" "libcurl/7.81.0 r-curl/6.0.1 httr/1.4.7"
154.12.55.32 - - [10/Oct/2025:20:14:29 +0800] "GET / HTTP/2.0" 200 4249 "-" "libcurl/7.81.0 r-curl/6.0.1 httr/1.4.7"
154.12.55.32 - - [10/Oct/2025:21:14:15 +0800] "GET / HTTP/1.1" 200 4264 "-" "libcurl/7.81.0 r-curl/6.0.1 httr/1.4.7"
154.12.55.32 - - [10/Oct/2025:21:14:17 +0800] "GET / HTTP/2.0" 200 4249 "-" "libcurl/7.81.0 r-curl/6.0.1 httr/1.4.7"
154.12.55.32 - - [10/Oct/2025:22:15:23 +0800] "GET / HTTP/1.1" 200 4265 "-" "libcurl/7.81.0 r-curl/6.0.1 httr/1.4.7"
154.12.55.32 - - [10/Oct/2025:22:15:24 +0800] "GET / HTTP/2.0" 200 4248 "-" "libcurl/7.81.0 r-curl/6.0.1 httr/1.4.7"
206.189.192.99 - - [10/Oct/2025:23:10:47 +0800] "GET / HTTP/1.1" 200 4320 "-" "Mozilla/5.0 (X11; Linux x86_64) AppleWebKit/537.36 (KHTML, like Gecko) Chrome/139.0.0.0 Safari/537.36"
206.189.192.99 - - [10/Oct/2025:23:10:50 +0800] "GET / HTTP/1.1" 200 4316 "-" "Mozilla/5.0 (X11; Linux x86_64) AppleWebKit/537.36 (KHTML, like Gecko) Chrome/139.0.0.0 Safari/537.36"
154.12.55.32 - - [10/Oct/2025:23:15:46 +0800] "GET / HTTP/1.1" 200 4264 "-" "libcurl/7.81.0 r-curl/6.0.1 httr/1.4.7"
154.12.55.32 - - [10/Oct/2025:23:15:48 +0800] "GET / HTTP/2.0" 200 4249 "-" "libcurl/7.81.0 r-curl/6.0.1 httr/1.4.7"
154.12.55.32 - - [11/Oct/2025:00:16:33 +0800] "GET / HTTP/1.1" 200 4264 "-" "libcurl/7.81.0 r-curl/6.0.1 httr/1.4.7"
154.12.55.32 - - [11/Oct/2025:00:16:36 +0800] "GET / HTTP/2.0" 200 4249 "-" "libcurl/7.81.0 r-curl/6.0.1 httr/1.4.7"
154.12.55.32 - - [11/Oct/2025:01:15:33 +0800] "GET / HTTP/1.1" 200 4264 "-" "libcurl/7.81.0 r-curl/6.0.1 httr/1.4.7"
154.12.55.32 - - [11/Oct/2025:01:15:35 +0800] "GET / HTTP/2.0" 200 4248 "-" "libcurl/7.81.0 r-curl/6.0.1 httr/1.4.7"
40.77.167.85 - - [11/Oct/2025:01:24:31 +0800] "GET /robots.txt HTTP/2.0" 404 1457 "-" "Mozilla/5.0 AppleWebKit/537.36 (KHTML, like Gecko; compatible; bingbot/2.0; +http://www.bing.com/bingbot.htm) Chrome/116.0.1938.76 Safari/537.36"
157.55.39.48 - - [11/Oct/2025:01:24:33 +0800] "GET /post/1697528582987.jpg HTTP/2.0" 404 1457 "-" "Mozilla/5.0 AppleWebKit/537.36 (KHTML, like Gecko; compatible; bingbot/2.0; +http://www.bing.com/bingbot.htm) Chrome/116.0.1938.76 Safari/537.36"
217.198.191.213 - - [11/Oct/2025:01:35:58 +0800] "GET /robots.txt HTTP/1.1" 404 1473 "-" "Mozilla/5.0 (Macintosh; Intel Mac OS X 10_9_4) AppleWebKit/537.36 (KHTML, like Gecko) Chrome/36.0.1985.125 Safari/537.36"
217.198.191.213 - - [11/Oct/2025:01:36:03 +0800] "GET / HTTP/1.1" 200 4264 "-" "Mozilla/5.0 (Macintosh; Intel Mac OS X 10_9_4) AppleWebKit/537.36 (KHTML, like Gecko) Chrome/36.0.1985.125 Safari/537.36"
217.198.191.213 - - [11/Oct/2025:01:36:06 +0800] "GET /test_404_page/ HTTP/1.1" 404 1473 "-" "Mozilla/5.0 (Macintosh; Intel Mac OS X 10_9_4) AppleWebKit/537.36 (KHTML, like Gecko) Chrome/36.0.1985.125 Safari/537.36"
217.198.191.213 - - [11/Oct/2025:01:36:15 +0800] "GET /feed.asp HTTP/1.1" 404 1473 "-" "Mozilla/5.0 (Macintosh; Intel Mac OS X 10_9_4) AppleWebKit/537.36 (KHTML, like Gecko) Chrome/36.0.1985.125 Safari/537.36"
217.198.191.213 - - [11/Oct/2025:01:37:00 +0800] "GET /robots.txt HTTP/1.1" 404 1469 "-" "Mozilla/5.0 (Macintosh; Intel Mac OS X 10_9_4) AppleWebKit/537.36 (KHTML, like Gecko) Chrome/36.0.1985.125 Safari/537.36"
217.198.191.213 - - [11/Oct/2025:01:37:04 +0800] "GET / HTTP/1.1" 200 4262 "-" "Mozilla/5.0 (Macintosh; Intel Mac OS X 10_9_4) AppleWebKit/537.36 (KHTML, like Gecko) Chrome/36.0.1985.125 Safari/537.36"
217.198.191.213 - - [11/Oct/2025:01:37:09 +0800] "GET /test_404_page/ HTTP/1.1" 404 1469 "-" "Mozilla/5.0 (Macintosh; Intel Mac OS X 10_9_4) AppleWebKit/537.36 (KHTML, like Gecko) Chrome/36.0.1985.125 Safari/537.36"
217.198.191.213 - - [11/Oct/2025:01:37:21 +0800] "GET /feed.asp HTTP/1.1" 404 1469 "-" "Mozilla/5.0 (Macintosh; Intel Mac OS X 10_9_4) AppleWebKit/537.36 (KHTML, like Gecko) Chrome/36.0.1985.125 Safari/537.36"
154.12.55.32 - - [11/Oct/2025:02:15:02 +0800] "GET / HTTP/1.1" 200 4265 "-" "libcurl/7.81.0 r-curl/6.0.1 httr/1.4.7"
154.12.55.32 - - [11/Oct/2025:02:15:04 +0800] "GET / HTTP/2.0" 200 4249 "-" "libcurl/7.81.0 r-curl/6.0.1 httr/1.4.7"
154.12.55.32 - - [11/Oct/2025:03:14:31 +0800] "GET / HTTP/1.1" 200 4264 "-" "libcurl/7.81.0 r-curl/6.0.1 httr/1.4.7"
154.12.55.32 - - [11/Oct/2025:03:14:34 +0800] "GET / HTTP/2.0" 200 4249 "-" "libcurl/7.81.0 r-curl/6.0.1 httr/1.4.7"
104.210.140.129 - - [11/Oct/2025:04:15:53 +0800] "GET /robots.txt HTTP/2.0" 404 1457 "-" "Mozilla/5.0 (Macintosh; Intel Mac OS X 10_15_7) AppleWebKit/537.36 (KHTML, like Gecko) Chrome/131.0.0.0 Safari/537.36; compatible; OAI-SearchBot/1.0; +https://openai.com/searchbot"
104.210.140.135 - - [11/Oct/2025:04:15:54 +0800] "GET /robots.txt HTTP/1.1" 404 1473 "-" "Mozilla/5.0 (Macintosh; Intel Mac OS X 10_15_7) AppleWebKit/537.36 (KHTML, like Gecko) Chrome/131.0.0.0 Safari/537.36; compatible; OAI-SearchBot/1.0; +https://openai.com/searchbot"
154.12.55.32 - - [11/Oct/2025:04:16:22 +0800] "GET / HTTP/1.1" 200 4264 "-" "libcurl/7.81.0 r-curl/6.0.1 httr/1.4.7"
154.12.55.32 - - [11/Oct/2025:04:16:24 +0800] "GET / HTTP/2.0" 200 4248 "-" "libcurl/7.81.0 r-curl/6.0.1 httr/1.4.7"
157.55.39.205 - - [11/Oct/2025:04:26:08 +0800] "GET /post/1697528582987.jpg HTTP/2.0" 404 1457 "-" "Mozilla/5.0 AppleWebKit/537.36 (KHTML, like Gecko; compatible; bingbot/2.0; +http://www.bing.com/bingbot.htm) Chrome/116.0.1938.76 Safari/537.36"
154.12.55.32 - - [11/Oct/2025:05:17:10 +0800] "GET / HTTP/1.1" 200 4265 "-" "libcurl/7.81.0 r-curl/6.0.1 httr/1.4.7"
154.12.55.32 - - [11/Oct/2025:05:17:12 +0800] "GET / HTTP/2.0" 200 4249 "-" "libcurl/7.81.0 r-curl/6.0.1 httr/1.4.7"
207.46.13.17 - - [11/Oct/2025:05:38:07 +0800] "GET /post/57.html HTTP/2.0" 200 5514 "-" "Mozilla/5.0 AppleWebKit/537.36 (KHTML, like Gecko; compatible; bingbot/2.0; +http://www.bing.com/bingbot.htm) Chrome/116.0.1938.76 Safari/537.36"
154.12.55.32 - - [11/Oct/2025:06:17:17 +0800] "GET / HTTP/1.1" 200 4266 "-" "libcurl/7.81.0 r-curl/6.0.1 httr/1.4.7"
154.12.55.32 - - [11/Oct/2025:06:17:19 +0800] "GET / HTTP/2.0" 200 4250 "-" "libcurl/7.81.0 r-curl/6.0.1 httr/1.4.7"
154.12.55.32 - - [11/Oct/2025:07:16:25 +0800] "GET / HTTP/1.1" 200 4266 "-" "libcurl/7.81.0 r-curl/6.0.1 httr/1.4.7"
154.12.55.32 - - [11/Oct/2025:07:16:27 +0800] "GET / HTTP/2.0" 200 4251 "-" "libcurl/7.81.0 r-curl/6.0.1 httr/1.4.7"
58.20.28.28 - - [11/Oct/2025:07:59:56 +0800] "GET /zb_system/login.php HTTP/1.1" 200 2119 "blog.wumingai.com" "Mozilla/5.0 (Windows NT 10.0; Win64; x64) AppleWebKit/537.36 (KHTML, like Gecko) Chrome/92.0.4515.159 Safari/537.36"
154.12.55.32 - - [11/Oct/2025:08:18:18 +0800] "GET / HTTP/1.1" 200 4266 "-" "libcurl/7.81.0 r-curl/6.0.1 httr/1.4.7"
154.12.55.32 - - [11/Oct/2025:08:18:20 +0800] "GET / HTTP/2.0" 200 4250 "-" "libcurl/7.81.0 r-curl/6.0.1 httr/1.4.7"
154.12.55.32 - - [11/Oct/2025:09:19:25 +0800] "GET / HTTP/1.1" 200 4266 "-" "libcurl/7.81.0 r-curl/6.0.1 httr/1.4.7"
154.12.55.32 - - [11/Oct/2025:09:19:27 +0800] "GET / HTTP/2.0" 200 4251 "-" "libcurl/7.81.0 r-curl/6.0.1 httr/1.4.7"
154.12.55.32 - - [11/Oct/2025:10:19:45 +0800] "GET / HTTP/1.1" 200 4266 "-" "libcurl/7.81.0 r-curl/6.0.1 httr/1.4.7"
154.12.55.32 - - [11/Oct/2025:10:19:47 +0800] "GET / HTTP/2.0" 200 4251 "-" "libcurl/7.81.0 r-curl/6.0.1 httr/1.4.7"
154.12.55.32 - - [11/Oct/2025:11:19:32 +0800] "GET / HTTP/1.1" 200 4267 "-" "libcurl/7.81.0 r-curl/6.0.1 httr/1.4.7"
154.12.55.32 - - [11/Oct/2025:11:19:34 +0800] "GET / HTTP/2.0" 200 4251 "-" "libcurl/7.81.0 r-curl/6.0.1 httr/1.4.7"
154.12.55.32 - - [11/Oct/2025:12:20:11 +0800] "GET / HTTP/1.1" 200 4267 "-" "libcurl/7.81.0 r-curl/6.0.1 httr/1.4.7"
154.12.55.32 - - [11/Oct/2025:12:20:13 +0800] "GET / HTTP/2.0" 200 4251 "-" "libcurl/7.81.0 r-curl/6.0.1 httr/1.4.7"
58.20.28.28 - - [11/Oct/2025:12:58:43 +0800] "GET /zb_system/login.php HTTP/1.1" 200 2119 "-" "Mozilla/5.0 (Windows NT 10.0; Win64; x64)"
154.12.55.32 - - [11/Oct/2025:13:20:02 +0800] "GET / HTTP/1.1" 200 4266 "-" "libcurl/7.81.0 r-curl/6.0.1 httr/1.4.7"
154.12.55.32 - - [11/Oct/2025:13:20:05 +0800] "GET / HTTP/2.0" 200 4251 "-" "libcurl/7.81.0 r-curl/6.0.1 httr/1.4.7"
154.12.55.32 - - [11/Oct/2025:14:19:50 +0800] "GET / HTTP/1.1" 200 4266 "-" "libcurl/7.81.0 r-curl/6.0.1 httr/1.4.7"
154.12.55.32 - - [11/Oct/2025:14:19:52 +0800] "GET / HTTP/2.0" 200 4250 "-" "libcurl/7.81.0 r-curl/6.0.1 httr/1.4.7"
58.20.28.28 - - [11/Oct/2025:14:30:44 +0800] "GET /zb_system/login.php HTTP/1.1" 200 2119 "-" "Mozilla/5.0 (Windows NT 10.0; Win64; x64)"
154.12.55.32 - - [11/Oct/2025:15:22:25 +0800] "GET / HTTP/1.1" 200 4266 "-" "libcurl/7.81.0 r-curl/6.0.1 httr/1.4.7"
154.12.55.32 - - [11/Oct/2025:15:22:27 +0800] "GET / HTTP/2.0" 200 4251 "-" "libcurl/7.81.0 r-curl/6.0.1 httr/1.4.7"
58.20.28.28 - - [11/Oct/2025:15:50:45 +0800] "GET /zb_system/login.php HTTP/1.1" 200 2119 "-" "Mozilla/5.0 (Windows NT 10.0; Win64; x64)"
154.12.55.32 - - [11/Oct/2025:16:19:22 +0800] "GET / HTTP/1.1" 200 4266 "-" "libcurl/7.81.0 r-curl/6.0.1 httr/1.4.7"
154.12.55.32 - - [11/Oct/2025:16:19:24 +0800] "GET / HTTP/2.0" 200 4251 "-" "libcurl/7.81.0 r-curl/6.0.1 httr/1.4.7"
58.20.28.28 - - [11/Oct/2025:17:02:15 +0800] "GET /zb_system/login.php HTTP/1.1" 200 2119 "-" "Mozilla/5.0 (Windows NT 10.0; Win64; x64)"
154.12.55.32 - - [11/Oct/2025:17:21:42 +0800] "GET / HTTP/1.1" 200 4266 "-" "libcurl/7.81.0 r-curl/6.0.1 httr/1.4.7"
154.12.55.32 - - [11/Oct/2025:17:21:44 +0800] "GET / HTTP/2.0" 200 4250 "-" "libcurl/7.81.0 r-curl/6.0.1 httr/1.4.7"
154.12.55.32 - - [11/Oct/2025:18:19:43 +0800] "GET / HTTP/1.1" 200 4266 "-" "libcurl/7.81.0 r-curl/6.0.1 httr/1.4.7"
154.12.55.32 - - [11/Oct/2025:18:19:45 +0800] "GET / HTTP/2.0" 200 4251 "-" "libcurl/7.81.0 r-curl/6.0.1 httr/1.4.7"
58.20.28.28 - - [11/Oct/2025:18:22:07 +0800] "GET /zb_system/login.php HTTP/1.1" 200 2119 "-" "Mozilla/5.0 (Windows NT 10.0; Win64; x64)"
154.12.55.32 - - [11/Oct/2025:19:18:45 +0800] "GET / HTTP/1.1" 200 4266 "-" "libcurl/7.81.0 r-curl/6.0.1 httr/1.4.7"
154.12.55.32 - - [11/Oct/2025:19:18:47 +0800] "GET / HTTP/2.0" 200 4250 "-" "libcurl/7.81.0 r-curl/6.0.1 httr/1.4.7"
58.20.28.28 - - [11/Oct/2025:19:25:07 +0800] "GET /zb_system/login.php HTTP/1.1" 200 2119 "-" "Mozilla/5.0 (Windows NT 10.0; Win64; x64)"
52.167.144.59 - - [11/Oct/2025:19:57:51 +0800] "GET /robots.txt HTTP/2.0" 404 1457 "-" "Mozilla/5.0 AppleWebKit/537.36 (KHTML, like Gecko; compatible; bingbot/2.0; +http://www.bing.com/bingbot.htm) Chrome/116.0.1938.76 Safari/537.36"
207.46.13.52 - - [11/Oct/2025:19:58:02 +0800] "GET /post/57.html HTTP/2.0" 200 5722 "-" "Mozilla/5.0 AppleWebKit/537.36 (KHTML, like Gecko; compatible; bingbot/2.0; +http://www.bing.com/bingbot.htm) Chrome/116.0.1938.76 Safari/537.36"
3.249.223.194 - - [11/Oct/2025:20:13:23 +0800] "GET / HTTP/1.0" 200 17355 "-" "Mozilla/5.0 (compatible; NetcraftSurveyAgent/1.0; +info@netcraft.com)"
154.12.55.32 - - [11/Oct/2025:20:19:34 +0800] "GET / HTTP/1.1" 200 4266 "-" "libcurl/7.81.0 r-curl/6.0.1 httr/1.4.7"
154.12.55.32 - - [11/Oct/2025:20:19:36 +0800] "GET / HTTP/2.0" 200 4250 "-" "libcurl/7.81.0 r-curl/6.0.1 httr/1.4.7"
154.12.55.32 - - [11/Oct/2025:21:19:05 +0800] "GET / HTTP/1.1" 200 4266 "-" "libcurl/7.81.0 r-curl/6.0.1 httr/1.4.7"
154.12.55.32 - - [11/Oct/2025:21:19:07 +0800] "GET / HTTP/2.0" 200 4250 "-" "libcurl/7.81.0 r-curl/6.0.1 httr/1.4.7"
154.12.55.32 - - [11/Oct/2025:22:19:11 +0800] "GET / HTTP/1.1" 200 4266 "-" "libcurl/7.81.0 r-curl/6.0.1 httr/1.4.7"
154.12.55.32 - - [11/Oct/2025:22:19:13 +0800] "GET / HTTP/2.0" 200 4251 "-" "libcurl/7.81.0 r-curl/6.0.1 httr/1.4.7"
154.12.55.32 - - [11/Oct/2025:23:19:16 +0800] "GET / HTTP/1.1" 200 4267 "-" "libcurl/7.81.0 r-curl/6.0.1 httr/1.4.7"
154.12.55.32 - - [11/Oct/2025:23:19:18 +0800] "GET / HTTP/2.0" 200 4251 "-" "libcurl/7.81.0 r-curl/6.0.1 httr/1.4.7"
104.210.140.143 - - [12/Oct/2025:00:14:36 +0800] "GET /robots.txt HTTP/2.0" 404 1457 "-" "Mozilla/5.0 (Macintosh; Intel Mac OS X 10_15_7) AppleWebKit/537.36 (KHTML, like Gecko) Chrome/131.0.0.0 Safari/537.36; compatible; OAI-SearchBot/1.0; +https://openai.com/searchbot"
104.210.140.131 - - [12/Oct/2025:00:14:37 +0800] "GET /robots.txt HTTP/1.1" 404 1473 "-" "Mozilla/5.0 (Macintosh; Intel Mac OS X 10_15_7) AppleWebKit/537.36 (KHTML, like Gecko) Chrome/131.0.0.0 Safari/537.36; compatible; OAI-SearchBot/1.0; +https://openai.com/searchbot"
154.12.55.32 - - [12/Oct/2025:00:20:04 +0800] "GET / HTTP/1.1" 200 4266 "-" "libcurl/7.81.0 r-curl/6.0.1 httr/1.4.7"
154.12.55.32 - - [12/Oct/2025:00:20:05 +0800] "GET / HTTP/2.0" 200 4251 "-" "libcurl/7.81.0 r-curl/6.0.1 httr/1.4.7"
154.12.55.32 - - [12/Oct/2025:01:20:04 +0800] "GET / HTTP/1.1" 200 4267 "-" "libcurl/7.81.0 r-curl/6.0.1 httr/1.4.7"
154.12.55.32 - - [12/Oct/2025:01:20:06 +0800] "GET / HTTP/2.0" 200 4250 "-" "libcurl/7.81.0 r-curl/6.0.1 httr/1.4.7"
154.12.55.32 - - [12/Oct/2025:02:19:11 +0800] "GET / HTTP/1.1" 200 4266 "-" "libcurl/7.81.0 r-curl/6.0.1 httr/1.4.7"
154.12.55.32 - - [12/Oct/2025:02:19:12 +0800] "GET / HTTP/2.0" 200 4251 "-" "libcurl/7.81.0 r-curl/6.0.1 httr/1.4.7"
40.77.167.243 - - [12/Oct/2025:02:54:47 +0800] "GET /post/37.html HTTP/2.0" 200 7755 "-" "Mozilla/5.0 AppleWebKit/537.36 (KHTML, like Gecko; compatible; bingbot/2.0; +http://www.bing.com/bingbot.htm) Chrome/116.0.1938.76 Safari/537.36"
154.12.55.32 - - [12/Oct/2025:03:18:41 +0800] "GET / HTTP/1.1" 200 4266 "-" "libcurl/7.81.0 r-curl/6.0.1 httr/1.4.7"
154.12.55.32 - - [12/Oct/2025:03:18:43 +0800] "GET / HTTP/2.0" 200 4250 "-" "libcurl/7.81.0 r-curl/6.0.1 httr/1.4.7"
154.12.55.32 - - [12/Oct/2025:04:19:35 +0800] "GET / HTTP/1.1" 200 4267 "-" "libcurl/7.81.0 r-curl/6.0.1 httr/1.4.7"
154.12.55.32 - - [12/Oct/2025:04:19:37 +0800] "GET / HTTP/2.0" 200 4251 "-" "libcurl/7.81.0 r-curl/6.0.1 httr/1.4.7"
154.12.55.32 - - [12/Oct/2025:05:19:28 +0800] "GET / HTTP/1.1" 200 4267 "-" "libcurl/7.81.0 r-curl/6.0.1 httr/1.4.7"
154.12.55.32 - - [12/Oct/2025:05:19:30 +0800] "GET / HTTP/2.0" 200 4251 "-" "libcurl/7.81.0 r-curl/6.0.1 httr/1.4.7"
154.12.55.32 - - [12/Oct/2025:06:20:25 +0800] "GET / HTTP/1.1" 200 4266 "-" "libcurl/7.81.0 r-curl/6.0.1 httr/1.4.7"
154.12.55.32 - - [12/Oct/2025:06:20:27 +0800] "GET / HTTP/2.0" 200 4251 "-" "libcurl/7.81.0 r-curl/6.0.1 httr/1.4.7"
154.12.55.32 - - [12/Oct/2025:07:19:43 +0800] "GET / HTTP/1.1" 200 4267 "-" "libcurl/7.81.0 r-curl/6.0.1 httr/1.4.7"
154.12.55.32 - - [12/Oct/2025:07:19:45 +0800] "GET / HTTP/2.0" 200 4251 "-" "libcurl/7.81.0 r-curl/6.0.1 httr/1.4.7"
154.12.55.32 - - [12/Oct/2025:08:20:09 +0800] "GET / HTTP/1.1" 200 4267 "-" "libcurl/7.81.0 r-curl/6.0.1 httr/1.4.7"
154.12.55.32 - - [12/Oct/2025:08:20:11 +0800] "GET / HTTP/2.0" 200 4250 "-" "libcurl/7.81.0 r-curl/6.0.1 httr/1.4.7"
154.12.55.32 - - [12/Oct/2025:09:20:30 +0800] "GET / HTTP/1.1" 200 4265 "-" "libcurl/7.81.0 r-curl/6.0.1 httr/1.4.7"
154.12.55.32 - - [12/Oct/2025:09:20:32 +0800] "GET / HTTP/2.0" 200 4251 "-" "libcurl/7.81.0 r-curl/6.0.1 httr/1.4.7"
154.12.55.32 - - [12/Oct/2025:10:19:58 +0800] "GET / HTTP/1.1" 200 4266 "-" "libcurl/7.81.0 r-curl/6.0.1 httr/1.4.7"
154.12.55.32 - - [12/Oct/2025:10:20:00 +0800] "GET / HTTP/2.0" 200 4251 "-" "libcurl/7.81.0 r-curl/6.0.1 httr/1.4.7"
154.12.55.32 - - [12/Oct/2025:11:21:14 +0800] "GET / HTTP/1.1" 200 4266 "-" "libcurl/7.81.0 r-curl/6.0.1 httr/1.4.7"
154.12.55.32 - - [12/Oct/2025:11:21:16 +0800] "GET / HTTP/2.0" 200 4251 "-" "libcurl/7.81.0 r-curl/6.0.1 httr/1.4.7"
154.12.55.32 - - [12/Oct/2025:12:20:31 +0800] "GET / HTTP/1.1" 200 4266 "-" "libcurl/7.81.0 r-curl/6.0.1 httr/1.4.7"
154.12.55.32 - - [12/Oct/2025:12:20:33 +0800] "GET / HTTP/2.0" 200 4251 "-" "libcurl/7.81.0 r-curl/6.0.1 httr/1.4.7"
154.12.55.32 - - [12/Oct/2025:13:21:00 +0800] "GET / HTTP/1.1" 200 4266 "-" "libcurl/7.81.0 r-curl/6.0.1 httr/1.4.7"
154.12.55.32 - - [12/Oct/2025:13:21:02 +0800] "GET / HTTP/2.0" 200 4251 "-" "libcurl/7.81.0 r-curl/6.0.1 httr/1.4.7"
154.12.55.32 - - [12/Oct/2025:14:21:50 +0800] "GET / HTTP/1.1" 200 4266 "-" "libcurl/7.81.0 r-curl/6.0.1 httr/1.4.7"
154.12.55.32 - - [12/Oct/2025:14:21:52 +0800] "GET / HTTP/2.0" 200 4250 "-" "libcurl/7.81.0 r-curl/6.0.1 httr/1.4.7"
40.77.167.254 - - [12/Oct/2025:14:57:53 +0800] "GET /post/57.html HTTP/2.0" 200 5689 "-" "Mozilla/5.0 AppleWebKit/537.36 (KHTML, like Gecko; compatible; bingbot/2.0; +http://www.bing.com/bingbot.htm) Chrome/116.0.1938.76 Safari/537.36"
154.12.55.32 - - [12/Oct/2025:15:20:21 +0800] "GET / HTTP/1.1" 200 4264 "-" "libcurl/7.81.0 r-curl/6.0.1 httr/1.4.7"
154.12.55.32 - - [12/Oct/2025:15:20:23 +0800] "GET / HTTP/2.0" 200 4250 "-" "libcurl/7.81.0 r-curl/6.0.1 httr/1.4.7"
154.12.55.32 - - [12/Oct/2025:16:20:35 +0800] "GET / HTTP/1.1" 200 4264 "-" "libcurl/7.81.0 r-curl/6.0.1 httr/1.4.7"
154.12.55.32 - - [12/Oct/2025:16:20:37 +0800] "GET / HTTP/2.0" 200 4250 "-" "libcurl/7.81.0 r-curl/6.0.1 httr/1.4.7"
157.55.39.195 - - [12/Oct/2025:16:31:48 +0800] "GET /tags-10.html HTTP/2.0" 200 6461 "-" "Mozilla/5.0 AppleWebKit/537.36 (KHTML, like Gecko; compatible; bingbot/2.0; +http://www.bing.com/bingbot.htm) Chrome/116.0.1938.76 Safari/537.36"
154.12.55.32 - - [12/Oct/2025:17:20:48 +0800] "GET / HTTP/1.1" 200 4265 "-" "libcurl/7.81.0 r-curl/6.0.1 httr/1.4.7"
154.12.55.32 - - [12/Oct/2025:17:20:50 +0800] "GET / HTTP/2.0" 200 4249 "-" "libcurl/7.81.0 r-curl/6.0.1 httr/1.4.7"
154.12.55.32 - - [12/Oct/2025:18:20:29 +0800] "GET / HTTP/1.1" 200 4264 "-" "libcurl/7.81.0 r-curl/6.0.1 httr/1.4.7"
154.12.55.32 - - [12/Oct/2025:18:20:31 +0800] "GET / HTTP/2.0" 200 4250 "-" "libcurl/7.81.0 r-curl/6.0.1 httr/1.4.7"
154.12.55.32 - - [12/Oct/2025:19:21:29 +0800] "GET / HTTP/1.1" 200 4264 "-" "libcurl/7.81.0 r-curl/6.0.1 httr/1.4.7"
154.12.55.32 - - [12/Oct/2025:19:21:31 +0800] "GET / HTTP/2.0" 200 4250 "-" "libcurl/7.81.0 r-curl/6.0.1 httr/1.4.7"
104.210.140.141 - - [12/Oct/2025:20:11:55 +0800] "GET /robots.txt HTTP/2.0" 404 1457 "-" "Mozilla/5.0 (Macintosh; Intel Mac OS X 10_15_7) AppleWebKit/537.36 (KHTML, like Gecko) Chrome/131.0.0.0 Safari/537.36; compatible; OAI-SearchBot/1.0; +https://openai.com/searchbot"
104.210.140.141 - - [12/Oct/2025:20:11:56 +0800] "GET /robots.txt HTTP/1.1" 404 1473 "-" "Mozilla/5.0 (Macintosh; Intel Mac OS X 10_15_7) AppleWebKit/537.36 (KHTML, like Gecko) Chrome/131.0.0.0 Safari/537.36; compatible; OAI-SearchBot/1.0; +https://openai.com/searchbot"
154.12.55.32 - - [12/Oct/2025:20:20:26 +0800] "GET / HTTP/1.1" 200 4264 "-" "libcurl/7.81.0 r-curl/6.0.1 httr/1.4.7"
154.12.55.32 - - [12/Oct/2025:20:20:28 +0800] "GET / HTTP/2.0" 200 4250 "-" "libcurl/7.81.0 r-curl/6.0.1 httr/1.4.7"
154.12.55.32 - - [12/Oct/2025:21:20:35 +0800] "GET / HTTP/1.1" 200 4265 "-" "libcurl/7.81.0 r-curl/6.0.1 httr/1.4.7"
154.12.55.32 - - [12/Oct/2025:21:20:37 +0800] "GET / HTTP/2.0" 200 4250 "-" "libcurl/7.81.0 r-curl/6.0.1 httr/1.4.7"
40.77.167.15 - - [12/Oct/2025:21:27:59 +0800] "GET /post/57.html HTTP/2.0" 200 5682 "-" "Mozilla/5.0 AppleWebKit/537.36 (KHTML, like Gecko; compatible; bingbot/2.0; +http://www.bing.com/bingbot.htm) Chrome/116.0.1938.76 Safari/537.36"
154.12.55.32 - - [12/Oct/2025:22:27:46 +0800] "GET / HTTP/1.1" 200 4264 "-" "libcurl/7.81.0 r-curl/6.0.1 httr/1.4.7"
154.12.55.32 - - [12/Oct/2025:22:27:49 +0800] "GET / HTTP/2.0" 200 4248 "-" "libcurl/7.81.0 r-curl/6.0.1 httr/1.4.7"
154.12.55.32 - - [12/Oct/2025:23:20:51 +0800] "GET / HTTP/1.1" 200 4264 "-" "libcurl/7.81.0 r-curl/6.0.1 httr/1.4.7"
154.12.55.32 - - [12/Oct/2025:23:20:53 +0800] "GET / HTTP/2.0" 200 4248 "-" "libcurl/7.81.0 r-curl/6.0.1 httr/1.4.7"
154.12.55.32 - - [13/Oct/2025:00:21:09 +0800] "GET / HTTP/1.1" 200 4264 "-" "libcurl/7.81.0 r-curl/6.0.1 httr/1.4.7"
154.12.55.32 - - [13/Oct/2025:00:21:11 +0800] "GET / HTTP/2.0" 200 4249 "-" "libcurl/7.81.0 r-curl/6.0.1 httr/1.4.7"
154.12.55.32 - - [13/Oct/2025:01:21:11 +0800] "GET / HTTP/1.1" 200 4264 "-" "libcurl/7.81.0 r-curl/6.0.1 httr/1.4.7"
154.12.55.32 - - [13/Oct/2025:01:21:13 +0800] "GET / HTTP/2.0" 200 4248 "-" "libcurl/7.81.0 r-curl/6.0.1 httr/1.4.7"
154.12.55.32 - - [13/Oct/2025:02:20:12 +0800] "GET / HTTP/1.1" 200 4264 "-" "libcurl/7.81.0 r-curl/6.0.1 httr/1.4.7"
154.12.55.32 - - [13/Oct/2025:02:20:14 +0800] "GET / HTTP/2.0" 200 4249 "-" "libcurl/7.81.0 r-curl/6.0.1 httr/1.4.7"
154.12.55.32 - - [13/Oct/2025:03:20:05 +0800] "GET / HTTP/1.1" 200 4264 "-" "libcurl/7.81.0 r-curl/6.0.1 httr/1.4.7"
154.12.55.32 - - [13/Oct/2025:03:20:06 +0800] "GET / HTTP/2.0" 200 4248 "-" "libcurl/7.81.0 r-curl/6.0.1 httr/1.4.7"
154.12.55.32 - - [13/Oct/2025:04:20:26 +0800] "GET / HTTP/1.1" 200 4264 "-" "libcurl/7.81.0 r-curl/6.0.1 httr/1.4.7"
154.12.55.32 - - [13/Oct/2025:04:20:28 +0800] "GET / HTTP/2.0" 200 4248 "-" "libcurl/7.81.0 r-curl/6.0.1 httr/1.4.7"
154.12.55.32 - - [13/Oct/2025:05:20:06 +0800] "GET / HTTP/1.1" 200 4264 "-" "libcurl/7.81.0 r-curl/6.0.1 httr/1.4.7"
154.12.55.32 - - [13/Oct/2025:05:20:08 +0800] "GET / HTTP/2.0" 200 4248 "-" "libcurl/7.81.0 r-curl/6.0.1 httr/1.4.7"
40.77.167.4 - - [13/Oct/2025:05:31:04 +0800] "GET /page_3.html HTTP/2.0" 200 3625 "-" "Mozilla/5.0 AppleWebKit/537.36 (KHTML, like Gecko; compatible; bingbot/2.0; +http://www.bing.com/bingbot.htm) Chrome/116.0.1938.76 Safari/537.36"
154.12.55.32 - - [13/Oct/2025:06:21:11 +0800] "GET / HTTP/1.1" 200 4264 "-" "libcurl/7.81.0 r-curl/6.0.1 httr/1.4.7"
154.12.55.32 - - [13/Oct/2025:06:21:13 +0800] "GET / HTTP/2.0" 200 4249 "-" "libcurl/7.81.0 r-curl/6.0.1 httr/1.4.7"
154.12.55.32 - - [13/Oct/2025:07:20:38 +0800] "GET / HTTP/1.1" 200 4264 "-" "libcurl/7.81.0 r-curl/6.0.1 httr/1.4.7"
154.12.55.32 - - [13/Oct/2025:07:20:40 +0800] "GET / HTTP/2.0" 200 4249 "-" "libcurl/7.81.0 r-curl/6.0.1 httr/1.4.7"
154.12.55.32 - - [13/Oct/2025:08:20:48 +0800] "GET / HTTP/1.1" 200 4264 "-" "libcurl/7.81.0 r-curl/6.0.1 httr/1.4.7"
154.12.55.32 - - [13/Oct/2025:08:20:50 +0800] "GET / HTTP/2.0" 200 4249 "-" "libcurl/7.81.0 r-curl/6.0.1 httr/1.4.7"
154.12.55.32 - - [13/Oct/2025:09:21:51 +0800] "GET / HTTP/1.1" 200 4264 "-" "libcurl/7.81.0 r-curl/6.0.1 httr/1.4.7"
154.12.55.32 - - [13/Oct/2025:09:21:53 +0800] "GET / HTTP/2.0" 200 4249 "-" "libcurl/7.81.0 r-curl/6.0.1 httr/1.4.7"
154.12.55.32 - - [13/Oct/2025:10:22:10 +0800] "GET / HTTP/1.1" 200 4264 "-" "libcurl/7.81.0 r-curl/6.0.1 httr/1.4.7"
154.12.55.32 - - [13/Oct/2025:10:22:12 +0800] "GET / HTTP/2.0" 200 4249 "-" "libcurl/7.81.0 r-curl/6.0.1 httr/1.4.7"
93.123.109.208 - - [13/Oct/2025:11:09:32 +0800] "GET /.git/config HTTP/2.0" 404 1457 "-" "Mozilla/5.0 (Windows NT 10.0; Win64; x64) AppleWebKit/537.36 (KHTML, like Gecko) Chrome/126.0.0.0 Safari/537.36"
154.12.55.32 - - [13/Oct/2025:11:21:33 +0800] "GET / HTTP/1.1" 200 4264 "-" "libcurl/7.81.0 r-curl/6.0.1 httr/1.4.7"
154.12.55.32 - - [13/Oct/2025:11:21:35 +0800] "GET / HTTP/2.0" 200 4248 "-" "libcurl/7.81.0 r-curl/6.0.1 httr/1.4.7"
154.12.55.32 - - [13/Oct/2025:12:21:11 +0800] "GET / HTTP/1.1" 200 4265 "-" "libcurl/7.81.0 r-curl/6.0.1 httr/1.4.7"
154.12.55.32 - - [13/Oct/2025:12:21:13 +0800] "GET / HTTP/2.0" 200 4248 "-" "libcurl/7.81.0 r-curl/6.0.1 httr/1.4.7"
18.201.103.171 - - [13/Oct/2025:13:02:00 +0800] "GET / HTTP/1.0" 200 17355 "-" "Mozilla/5.0 (compatible; NetcraftSurveyAgent/1.0; +info@netcraft.com)"
154.12.55.32 - - [13/Oct/2025:13:22:49 +0800] "GET / HTTP/1.1" 200 4264 "-" "libcurl/7.81.0 r-curl/6.0.1 httr/1.4.7"
154.12.55.32 - - [13/Oct/2025:13:22:51 +0800] "GET / HTTP/2.0" 200 4249 "-" "libcurl/7.81.0 r-curl/6.0.1 httr/1.4.7"
154.12.55.32 - - [13/Oct/2025:14:22:03 +0800] "GET / HTTP/1.1" 200 4264 "-" "libcurl/7.81.0 r-curl/6.0.1 httr/1.4.7"
154.12.55.32 - - [13/Oct/2025:14:22:04 +0800] "GET / HTTP/2.0" 200 4249 "-" "libcurl/7.81.0 r-curl/6.0.1 httr/1.4.7"
52.167.144.197 - - [13/Oct/2025:15:10:21 +0800] "GET /tags-12.html HTTP/2.0" 200 6409 "-" "Mozilla/5.0 AppleWebKit/537.36 (KHTML, like Gecko; compatible; bingbot/2.0; +http://www.bing.com/bingbot.htm) Chrome/116.0.1938.76 Safari/537.36"
154.12.55.32 - - [13/Oct/2025:15:21:31 +0800] "GET / HTTP/1.1" 200 4264 "-" "libcurl/7.81.0 r-curl/6.0.1 httr/1.4.7"
154.12.55.32 - - [13/Oct/2025:15:21:33 +0800] "GET / HTTP/2.0" 200 4249 "-" "libcurl/7.81.0 r-curl/6.0.1 httr/1.4.7"
154.12.55.32 - - [13/Oct/2025:16:23:50 +0800] "GET / HTTP/1.1" 200 4264 "-" "libcurl/7.81.0 r-curl/6.0.1 httr/1.4.7"
154.12.55.32 - - [13/Oct/2025:16:23:52 +0800] "GET / HTTP/2.0" 200 4249 "-" "libcurl/7.81.0 r-curl/6.0.1 httr/1.4.7"
104.210.140.132 - - [13/Oct/2025:17:05:17 +0800] "GET /robots.txt HTTP/2.0" 404 1457 "-" "Mozilla/5.0 (Macintosh; Intel Mac OS X 10_15_7) AppleWebKit/537.36 (KHTML, like Gecko) Chrome/131.0.0.0 Safari/537.36; compatible; OAI-SearchBot/1.0; +https://openai.com/searchbot"
104.210.140.142 - - [13/Oct/2025:17:05:18 +0800] "GET /robots.txt HTTP/1.1" 404 1473 "-" "Mozilla/5.0 (Macintosh; Intel Mac OS X 10_15_7) AppleWebKit/537.36 (KHTML, like Gecko) Chrome/131.0.0.0 Safari/537.36; compatible; OAI-SearchBot/1.0; +https://openai.com/searchbot"
154.12.55.32 - - [13/Oct/2025:17:22:45 +0800] "GET / HTTP/1.1" 200 4264 "-" "libcurl/7.81.0 r-curl/6.0.1 httr/1.4.7"
154.12.55.32 - - [13/Oct/2025:17:22:47 +0800] "GET / HTTP/2.0" 200 4248 "-" "libcurl/7.81.0 r-curl/6.0.1 httr/1.4.7"
154.12.55.32 - - [13/Oct/2025:18:22:18 +0800] "GET / HTTP/1.1" 200 4263 "-" "libcurl/7.81.0 r-curl/6.0.1 httr/1.4.7"
154.12.55.32 - - [13/Oct/2025:18:22:20 +0800] "GET / HTTP/2.0" 200 4249 "-" "libcurl/7.81.0 r-curl/6.0.1 httr/1.4.7"
154.12.55.32 - - [13/Oct/2025:19:22:10 +0800] "GET / HTTP/1.1" 200 4264 "-" "libcurl/7.81.0 r-curl/6.0.1 httr/1.4.7"
154.12.55.32 - - [13/Oct/2025:19:22:12 +0800] "GET / HTTP/2.0" 200 4249 "-" "libcurl/7.81.0 r-curl/6.0.1 httr/1.4.7"
154.12.55.32 - - [13/Oct/2025:20:23:27 +0800] "GET / HTTP/1.1" 200 4265 "-" "libcurl/7.81.0 r-curl/6.0.1 httr/1.4.7"
154.12.55.32 - - [13/Oct/2025:20:23:29 +0800] "GET / HTTP/2.0" 200 4248 "-" "libcurl/7.81.0 r-curl/6.0.1 httr/1.4.7"
154.12.55.32 - - [13/Oct/2025:21:24:06 +0800] "GET / HTTP/1.1" 200 4264 "-" "libcurl/7.81.0 r-curl/6.0.1 httr/1.4.7"
154.12.55.32 - - [13/Oct/2025:21:24:08 +0800] "GET / HTTP/2.0" 200 4249 "-" "libcurl/7.81.0 r-curl/6.0.1 httr/1.4.7"
154.12.55.32 - - [13/Oct/2025:22:23:16 +0800] "GET / HTTP/1.1" 200 4264 "-" "libcurl/7.81.0 r-curl/6.0.1 httr/1.4.7"
154.12.55.32 - - [13/Oct/2025:22:23:19 +0800] "GET / HTTP/2.0" 200 4248 "-" "libcurl/7.81.0 r-curl/6.0.1 httr/1.4.7"
154.12.55.32 - - [13/Oct/2025:23:23:22 +0800] "GET / HTTP/1.1" 200 4264 "-" "libcurl/7.81.0 r-curl/6.0.1 httr/1.4.7"
154.12.55.32 - - [13/Oct/2025:23:23:24 +0800] "GET / HTTP/2.0" 200 4249 "-" "libcurl/7.81.0 r-curl/6.0.1 httr/1.4.7"
154.12.55.32 - - [14/Oct/2025:00:23:41 +0800] "GET / HTTP/1.1" 200 4264 "-" "libcurl/7.81.0 r-curl/6.0.1 httr/1.4.7"
154.12.55.32 - - [14/Oct/2025:00:23:42 +0800] "GET / HTTP/2.0" 200 4248 "-" "libcurl/7.81.0 r-curl/6.0.1 httr/1.4.7"
154.12.55.32 - - [14/Oct/2025:01:22:07 +0800] "GET / HTTP/1.1" 200 4264 "-" "libcurl/7.81.0 r-curl/6.0.1 httr/1.4.7"
154.12.55.32 - - [14/Oct/2025:01:22:10 +0800] "GET / HTTP/2.0" 200 4249 "-" "libcurl/7.81.0 r-curl/6.0.1 httr/1.4.7"
154.12.55.32 - - [14/Oct/2025:02:23:39 +0800] "GET / HTTP/1.1" 200 4264 "-" "libcurl/7.81.0 r-curl/6.0.1 httr/1.4.7"
154.12.55.32 - - [14/Oct/2025:02:23:41 +0800] "GET / HTTP/2.0" 200 4249 "-" "libcurl/7.81.0 r-curl/6.0.1 httr/1.4.7"
52.167.144.59 - - [14/Oct/2025:03:19:27 +0800] "GET /robots.txt HTTP/2.0" 404 1457 "-" "Mozilla/5.0 AppleWebKit/537.36 (KHTML, like Gecko; compatible; bingbot/2.0; +http://www.bing.com/bingbot.htm) Chrome/116.0.1938.76 Safari/537.36"
40.77.167.24 - - [14/Oct/2025:03:19:37 +0800] "GET /post/33.html HTTP/2.0" 200 8795 "-" "Mozilla/5.0 AppleWebKit/537.36 (KHTML, like Gecko; compatible; bingbot/2.0; +http://www.bing.com/bingbot.htm) Chrome/116.0.1938.76 Safari/537.36"
180.97.218.71 - - [14/Oct/2025:03:20:34 +0800] "GET / HTTP/1.1" 200 17369 "https://blog.wumingai.com" "Mozilla/4.0 (compatible; MSIE 9.0; Windows NT 6.1)"
180.97.218.71 - - [14/Oct/2025:03:20:34 +0800] "GET / HTTP/1.1" 200 17368 "https://blog.wumingai.com" "Mozilla/4.0 (compatible; MSIE 9.0; Windows NT 6.1)"
180.97.218.71 - - [14/Oct/2025:03:20:34 +0800] "GET /page_5.html HTTP/1.1" 200 20222 "https://blog.wumingai.com/page_5.html" "Mozilla/4.0 (compatible; MSIE 9.0; Windows NT 6.1)"
180.97.218.71 - - [14/Oct/2025:03:20:35 +0800] "GET /page_3.html HTTP/1.1" 200 16696 "https://blog.wumingai.com/page_3.html" "Mozilla/4.0 (compatible; MSIE 9.0; Windows NT 6.1)"
180.97.218.71 - - [14/Oct/2025:03:20:35 +0800] "GET /post/60.html HTTP/1.1" 200 18541 "https://blog.wumingai.com/post/60.html" "Mozilla/4.0 (compatible; MSIE 9.0; Windows NT 6.1)"
180.97.218.71 - - [14/Oct/2025:03:20:36 +0800] "POST /zb_system/cmd.php?act=cmt&postid=60&key=8fd1d3303cc487cce83a33c4c94d6eeb HTTP/1.1" 200 230 "https://blog.wumingai.com/zb_system/cmd.php?act=cmt&postid=60&key=8fd1d3303cc487cce83a33c4c94d6eeb" "Mozilla/4.0 (compatible; MSIE 9.0; Windows NT 6.1)"
154.12.55.32 - - [14/Oct/2025:03:23:23 +0800] "GET / HTTP/1.1" 200 4264 "-" "libcurl/7.81.0 r-curl/6.0.1 httr/1.4.7"
154.12.55.32 - - [14/Oct/2025:03:23:25 +0800] "GET / HTTP/2.0" 200 4248 "-" "libcurl/7.81.0 r-curl/6.0.1 httr/1.4.7"
154.12.55.32 - - [14/Oct/2025:04:23:00 +0800] "GET / HTTP/1.1" 200 4265 "-" "libcurl/7.81.0 r-curl/6.0.1 httr/1.4.7"
154.12.55.32 - - [14/Oct/2025:04:23:02 +0800] "GET / HTTP/2.0" 200 4249 "-" "libcurl/7.81.0 r-curl/6.0.1 httr/1.4.7"
154.12.55.32 - - [14/Oct/2025:05:23:33 +0800] "GET / HTTP/1.1" 200 4264 "-" "libcurl/7.81.0 r-curl/6.0.1 httr/1.4.7"
154.12.55.32 - - [14/Oct/2025:05:23:35 +0800] "GET / HTTP/2.0" 200 4249 "-" "libcurl/7.81.0 r-curl/6.0.1 httr/1.4.7"
154.12.55.32 - - [14/Oct/2025:06:24:03 +0800] "GET / HTTP/1.1" 200 4264 "-" "libcurl/7.81.0 r-curl/6.0.1 httr/1.4.7"
154.12.55.32 - - [14/Oct/2025:06:24:05 +0800] "GET / HTTP/2.0" 200 4249 "-" "libcurl/7.81.0 r-curl/6.0.1 httr/1.4.7"
154.12.55.32 - - [14/Oct/2025:07:23:36 +0800] "GET / HTTP/1.1" 200 4265 "-" "libcurl/7.81.0 r-curl/6.0.1 httr/1.4.7"
154.12.55.32 - - [14/Oct/2025:07:23:38 +0800] "GET / HTTP/2.0" 200 4249 "-" "libcurl/7.81.0 r-curl/6.0.1 httr/1.4.7"
52.167.144.138 - - [14/Oct/2025:08:17:02 +0800] "GET /post/40.html HTTP/2.0" 200 8723 "-" "Mozilla/5.0 AppleWebKit/537.36 (KHTML, like Gecko; compatible; bingbot/2.0; +http://www.bing.com/bingbot.htm) Chrome/116.0.1938.76 Safari/537.36"
154.12.55.32 - - [14/Oct/2025:08:23:49 +0800] "GET / HTTP/1.1" 200 4264 "-" "libcurl/7.81.0 r-curl/6.0.1 httr/1.4.7"
154.12.55.32 - - [14/Oct/2025:08:23:51 +0800] "GET / HTTP/2.0" 200 4249 "-" "libcurl/7.81.0 r-curl/6.0.1 httr/1.4.7"
154.12.55.32 - - [14/Oct/2025:09:24:44 +0800] "GET / HTTP/1.1" 200 4264 "-" "libcurl/7.81.0 r-curl/6.0.1 httr/1.4.7"
154.12.55.32 - - [14/Oct/2025:09:24:46 +0800] "GET / HTTP/2.0" 200 4249 "-" "libcurl/7.81.0 r-curl/6.0.1 httr/1.4.7"
3.255.159.229 - - [14/Oct/2025:09:30:10 +0800] "GET / HTTP/1.0" 200 17356 "-" "Mozilla/5.0 (compatible; NetcraftSurveyAgent/1.0; +info@netcraft.com)"
154.12.55.32 - - [14/Oct/2025:10:24:26 +0800] "GET / HTTP/1.1" 200 4264 "-" "libcurl/7.81.0 r-curl/6.0.1 httr/1.4.7"
154.12.55.32 - - [14/Oct/2025:10:24:28 +0800] "GET / HTTP/2.0" 200 4248 "-" "libcurl/7.81.0 r-curl/6.0.1 httr/1.4.7"
154.12.55.32 - - [14/Oct/2025:11:24:48 +0800] "GET / HTTP/1.1" 200 4265 "-" "libcurl/7.81.0 r-curl/6.0.1 httr/1.4.7"
154.12.55.32 - - [14/Oct/2025:11:24:49 +0800] "GET / HTTP/2.0" 200 4249 "-" "libcurl/7.81.0 r-curl/6.0.1 httr/1.4.7"
52.167.144.206 - - [14/Oct/2025:12:19:55 +0800] "GET /tags-11_2.html HTTP/2.0" 200 2189 "-" "Mozilla/5.0 AppleWebKit/537.36 (KHTML, like Gecko; compatible; bingbot/2.0; +http://www.bing.com/bingbot.htm) Chrome/116.0.1938.76 Safari/537.36"
154.12.55.32 - - [14/Oct/2025:12:24:51 +0800] "GET / HTTP/1.1" 200 4264 "-" "libcurl/7.81.0 r-curl/6.0.1 httr/1.4.7"
154.12.55.32 - - [14/Oct/2025:12:24:53 +0800] "GET / HTTP/2.0" 200 4248 "-" "libcurl/7.81.0 r-curl/6.0.1 httr/1.4.7"
154.12.55.32 - - [14/Oct/2025:13:24:38 +0800] "GET / HTTP/1.1" 200 4264 "-" "libcurl/7.81.0 r-curl/6.0.1 httr/1.4.7"
154.12.55.32 - - [14/Oct/2025:13:24:40 +0800] "GET / HTTP/2.0" 200 4249 "-" "libcurl/7.81.0 r-curl/6.0.1 httr/1.4.7"
104.210.140.142 - - [14/Oct/2025:13:25:29 +0800] "GET /robots.txt HTTP/2.0" 404 1457 "-" "Mozilla/5.0 (Macintosh; Intel Mac OS X 10_15_7) AppleWebKit/537.36 (KHTML, like Gecko) Chrome/131.0.0.0 Safari/537.36; compatible; OAI-SearchBot/1.0; +https://openai.com/searchbot"
154.12.55.32 - - [14/Oct/2025:14:24:30 +0800] "GET / HTTP/1.1" 200 4264 "-" "libcurl/7.81.0 r-curl/6.0.1 httr/1.4.7"
154.12.55.32 - - [14/Oct/2025:14:24:32 +0800] "GET / HTTP/2.0" 200 4248 "-" "libcurl/7.81.0 r-curl/6.0.1 httr/1.4.7"
154.12.55.32 - - [14/Oct/2025:15:25:25 +0800] "GET / HTTP/1.1" 200 4265 "-" "libcurl/7.81.0 r-curl/6.0.1 httr/1.4.7"
154.12.55.32 - - [14/Oct/2025:15:25:27 +0800] "GET / HTTP/2.0" 200 4249 "-" "libcurl/7.81.0 r-curl/6.0.1 httr/1.4.7"
154.12.55.32 - - [14/Oct/2025:16:24:23 +0800] "GET / HTTP/1.1" 200 4264 "-" "libcurl/7.81.0 r-curl/6.0.1 httr/1.4.7"
154.12.55.32 - - [14/Oct/2025:16:24:25 +0800] "GET / HTTP/2.0" 200 4249 "-" "libcurl/7.81.0 r-curl/6.0.1 httr/1.4.7"
154.12.55.32 - - [14/Oct/2025:17:23:47 +0800] "GET / HTTP/1.1" 200 4264 "-" "libcurl/7.81.0 r-curl/6.0.1 httr/1.4.7"
154.12.55.32 - - [14/Oct/2025:17:23:49 +0800] "GET / HTTP/2.0" 200 4248 "-" "libcurl/7.81.0 r-curl/6.0.1 httr/1.4.7"
40.77.167.156 - - [14/Oct/2025:17:33:48 +0800] "GET /post/43.html HTTP/2.0" 200 10063 "-" "Mozilla/5.0 AppleWebKit/537.36 (KHTML, like Gecko; compatible; bingbot/2.0; +http://www.bing.com/bingbot.htm) Chrome/116.0.1938.76 Safari/537.36"
154.12.55.32 - - [14/Oct/2025:18:23:54 +0800] "GET / HTTP/1.1" 200 4264 "-" "libcurl/7.81.0 r-curl/6.0.1 httr/1.4.7"
154.12.55.32 - - [14/Oct/2025:18:23:56 +0800] "GET / HTTP/2.0" 200 4250 "-" "libcurl/7.81.0 r-curl/6.0.1 httr/1.4.7"
154.12.55.32 - - [14/Oct/2025:19:23:26 +0800] "GET / HTTP/1.1" 200 4264 "-" "libcurl/7.81.0 r-curl/6.0.1 httr/1.4.7"
154.12.55.32 - - [14/Oct/2025:19:23:28 +0800] "GET / HTTP/2.0" 200 4249 "-" "libcurl/7.81.0 r-curl/6.0.1 httr/1.4.7"
154.12.55.32 - - [14/Oct/2025:20:23:35 +0800] "GET / HTTP/1.1" 200 4265 "-" "libcurl/7.81.0 r-curl/6.0.1 httr/1.4.7"
154.12.55.32 - - [14/Oct/2025:20:23:37 +0800] "GET / HTTP/2.0" 200 4248 "-" "libcurl/7.81.0 r-curl/6.0.1 httr/1.4.7"
154.12.55.32 - - [14/Oct/2025:21:23:40 +0800] "GET / HTTP/1.1" 200 4264 "-" "libcurl/7.81.0 r-curl/6.0.1 httr/1.4.7"
154.12.55.32 - - [14/Oct/2025:21:23:45 +0800] "GET / HTTP/2.0" 200 4249 "-" "libcurl/7.81.0 r-curl/6.0.1 httr/1.4.7"
52.167.144.198 - - [14/Oct/2025:21:27:01 +0800] "GET /post/57.html HTTP/2.0" 200 5599 "-" "Mozilla/5.0 AppleWebKit/537.36 (KHTML, like Gecko; compatible; bingbot/2.0; +http://www.bing.com/bingbot.htm) Chrome/116.0.1938.76 Safari/537.36"
154.12.55.32 - - [14/Oct/2025:22:24:47 +0800] "GET / HTTP/1.1" 200 4265 "-" "libcurl/7.81.0 r-curl/6.0.1 httr/1.4.7"
154.12.55.32 - - [14/Oct/2025:22:24:49 +0800] "GET / HTTP/2.0" 200 4250 "-" "libcurl/7.81.0 r-curl/6.0.1 httr/1.4.7"
154.12.55.32 - - [14/Oct/2025:23:24:00 +0800] "GET / HTTP/1.1" 200 4265 "-" "libcurl/7.81.0 r-curl/6.0.1 httr/1.4.7"
154.12.55.32 - - [14/Oct/2025:23:24:02 +0800] "GET / HTTP/2.0" 200 4249 "-" "libcurl/7.81.0 r-curl/6.0.1 httr/1.4.7"
154.12.55.32 - - [15/Oct/2025:00:23:25 +0800] "GET / HTTP/1.1" 200 4265 "-" "libcurl/7.81.0 r-curl/6.0.1 httr/1.4.7"
154.12.55.32 - - [15/Oct/2025:00:23:27 +0800] "GET / HTTP/2.0" 200 4250 "-" "libcurl/7.81.0 r-curl/6.0.1 httr/1.4.7"
180.97.218.71 - - [15/Oct/2025:00:38:26 +0800] "GET / HTTP/1.1" 200 17368 "https://blog.wumingai.com" "Mozilla/4.0 (compatible; MSIE 9.0; Windows NT 6.1)"
180.97.218.71 - - [15/Oct/2025:00:38:27 +0800] "GET / HTTP/1.1" 200 17368 "https://blog.wumingai.com" "Mozilla/4.0 (compatible; MSIE 9.0; Windows NT 6.1)"
180.97.218.71 - - [15/Oct/2025:00:38:27 +0800] "GET /post/64.html HTTP/1.1" 200 25122 "https://blog.wumingai.com/post/64.html" "Mozilla/4.0 (compatible; MSIE 9.0; Windows NT 6.1)"
180.97.218.71 - - [15/Oct/2025:00:38:27 +0800] "POST /zb_system/cmd.php?act=cmt&postid=64&key=99cac30dbbf46e35839db8ea5b6f53ee HTTP/1.1" 200 230 "https://blog.wumingai.com/zb_system/cmd.php?act=cmt&postid=64&key=99cac30dbbf46e35839db8ea5b6f53ee" "Mozilla/4.0 (compatible; MSIE 9.0; Windows NT 6.1)"
154.12.55.32 - - [15/Oct/2025:01:21:56 +0800] "GET / HTTP/1.1" 200 4265 "-" "libcurl/7.81.0 r-curl/6.0.1 httr/1.4.7"
154.12.55.32 - - [15/Oct/2025:01:21:58 +0800] "GET / HTTP/2.0" 200 4252 "-" "libcurl/7.81.0 r-curl/6.0.1 httr/1.4.7"
43.138.246.68 - - [15/Oct/2025:01:36:37 +0800] "GET / HTTP/1.1" 200 4265 "-" "Mozilla/5.0 (Windows NT 10.0; Win64; x64) AppleWebKit/537.36 (KHTML, like Gecko) Chrome/133.0.0.0 Safari/537.36"
124.89.118.8 - - [15/Oct/2025:02:20:50 +0800] "GET /favicon.ico HTTP/1.1" 404 1469 "-" "Mozilla/5.062334851 Mozilla/5.0 (Windows NT 6.3; Win64; x64) AppleWebKit/537.36 (KHTML, like Gecko) Chrome/68.0.3440.106 Safari/537.36"
113.128.65.128 - - [15/Oct/2025:02:20:59 +0800] "GET /favicon.ico?v=2.0 HTTP/1.1" 404 1469 "-" "Mozilla/4.074482891 Mozilla/4.0 (compatible; MSIE 8.0; Windows NT 6.1; Trident/4.0"
36.32.3.157 - - [15/Oct/2025:02:21:06 +0800] "GET / HTTP/1.1" 200 4265 "-" "Mozilla/4.054101423 Mozilla/4.0 (compatible; MSIE 9.0; Windows NT 6.1)"
154.12.55.32 - - [15/Oct/2025:02:22:24 +0800] "GET / HTTP/1.1" 200 4265 "-" "libcurl/7.81.0 r-curl/6.0.1 httr/1.4.7"
154.12.55.32 - - [15/Oct/2025:02:22:26 +0800] "GET / HTTP/2.0" 200 4252 "-" "libcurl/7.81.0 r-curl/6.0.1 httr/1.4.7"
154.12.55.32 - - [15/Oct/2025:03:22:35 +0800] "GET / HTTP/1.1" 200 4265 "-" "libcurl/7.81.0 r-curl/6.0.1 httr/1.4.7"
154.12.55.32 - - [15/Oct/2025:03:22:37 +0800] "GET / HTTP/2.0" 200 4252 "-" "libcurl/7.81.0 r-curl/6.0.1 httr/1.4.7"
103.179.242.60 - - [15/Oct/2025:03:41:43 +0800] "GET / HTTP/1.1" 200 4321 "-" "Mozilla/5.0 (iPhone; CPU iPhone OS 12_1_4 like Mac OS X) AppleWebKit/605.1.15 (KHTML, like Gecko) Mobile/16D57 MicroMessenger/7.0.3(0x17000321) NetType/WIFI Language/zh_CN"
103.179.242.60 - - [15/Oct/2025:03:41:43 +0800] "GET /favicon.ico HTTP/1.1" 404 4110 "-" "Mozilla/5.0 (iPhone; CPU iPhone OS 12_1_4 like Mac OS X) AppleWebKit/605.1.15 (KHTML, like Gecko) Mobile/16D57 MicroMessenger/7.0.3(0x17000321) NetType/WIFI Language/zh_CN"
154.12.55.32 - - [15/Oct/2025:04:22:54 +0800] "GET / HTTP/1.1" 200 4266 "-" "libcurl/7.81.0 r-curl/6.0.1 httr/1.4.7"
154.12.55.32 - - [15/Oct/2025:04:22:56 +0800] "GET / HTTP/2.0" 200 4252 "-" "libcurl/7.81.0 r-curl/6.0.1 httr/1.4.7"
40.77.167.151 - - [15/Oct/2025:04:55:01 +0800] "GET /?id=2 HTTP/2.0" 302 53 "-" "Mozilla/5.0 AppleWebKit/537.36 (KHTML, like Gecko; compatible; bingbot/2.0; +http://www.bing.com/bingbot.htm) Chrome/116.0.1938.76 Safari/537.36"
40.77.167.151 - - [15/Oct/2025:04:55:02 +0800] "GET /2.html HTTP/2.0" 200 2938 "-" "Mozilla/5.0 AppleWebKit/537.36 (KHTML, like Gecko; compatible; bingbot/2.0; +http://www.bing.com/bingbot.htm) Chrome/116.0.1938.76 Safari/537.36"
40.77.167.144 - - [15/Oct/2025:05:09:15 +0800] "GET /post/6.html HTTP/2.0" 200 8259 "-" "Mozilla/5.0 AppleWebKit/537.36 (KHTML, like Gecko; compatible; bingbot/2.0; +http://www.bing.com/bingbot.htm) Chrome/116.0.1938.76 Safari/537.36"
154.12.55.32 - - [15/Oct/2025:05:22:31 +0800] "GET / HTTP/1.1" 200 4265 "-" "libcurl/7.81.0 r-curl/6.0.1 httr/1.4.7"
154.12.55.32 - - [15/Oct/2025:05:22:33 +0800] "GET / HTTP/2.0" 200 4252 "-" "libcurl/7.81.0 r-curl/6.0.1 httr/1.4.7"
154.12.55.32 - - [15/Oct/2025:06:23:05 +0800] "GET / HTTP/1.1" 200 4265 "-" "libcurl/7.81.0 r-curl/6.0.1 httr/1.4.7"
154.12.55.32 - - [15/Oct/2025:06:23:07 +0800] "GET / HTTP/2.0" 200 4252 "-" "libcurl/7.81.0 r-curl/6.0.1 httr/1.4.7"
154.12.55.32 - - [15/Oct/2025:07:23:20 +0800] "GET / HTTP/1.1" 200 4265 "-" "libcurl/7.81.0 r-curl/6.0.1 httr/1.4.7"
154.12.55.32 - - [15/Oct/2025:07:23:22 +0800] "GET / HTTP/2.0" 200 4252 "-" "libcurl/7.81.0 r-curl/6.0.1 httr/1.4.7"
154.12.55.32 - - [15/Oct/2025:08:24:25 +0800] "GET / HTTP/1.1" 200 4265 "-" "libcurl/7.81.0 r-curl/6.0.1 httr/1.4.7"
154.12.55.32 - - [15/Oct/2025:08:24:27 +0800] "GET / HTTP/2.0" 200 4252 "-" "libcurl/7.81.0 r-curl/6.0.1 httr/1.4.7"
154.12.55.32 - - [15/Oct/2025:09:23:38 +0800] "GET / HTTP/1.1" 200 4265 "-" "libcurl/7.81.0 r-curl/6.0.1 httr/1.4.7"
154.12.55.32 - - [15/Oct/2025:09:23:39 +0800] "GET / HTTP/2.0" 200 4253 "-" "libcurl/7.81.0 r-curl/6.0.1 httr/1.4.7"
104.210.140.137 - - [15/Oct/2025:09:59:23 +0800] "GET /robots.txt HTTP/2.0" 404 1457 "-" "Mozilla/5.0 (Macintosh; Intel Mac OS X 10_15_7) AppleWebKit/537.36 (KHTML, like Gecko) Chrome/131.0.0.0 Safari/537.36; compatible; OAI-SearchBot/1.0; +https://openai.com/searchbot"
104.210.140.130 - - [15/Oct/2025:09:59:24 +0800] "GET /robots.txt HTTP/1.1" 404 1473 "-" "Mozilla/5.0 (Macintosh; Intel Mac OS X 10_15_7) AppleWebKit/537.36 (KHTML, like Gecko) Chrome/131.0.0.0 Safari/537.36; compatible; OAI-SearchBot/1.0; +https://openai.com/searchbot"
154.12.55.32 - - [15/Oct/2025:10:24:49 +0800] "GET / HTTP/1.1" 200 4266 "-" "libcurl/7.81.0 r-curl/6.0.1 httr/1.4.7"
154.12.55.32 - - [15/Oct/2025:10:24:51 +0800] "GET / HTTP/2.0" 200 4252 "-" "libcurl/7.81.0 r-curl/6.0.1 httr/1.4.7"
39.156.173.111 - - [15/Oct/2025:10:34:05 +0800] "GET /tags-11.html HTTP/1.1" 200 6552 "-" "Mozilla/5.0 (Linux; Android 10; K) AppleWebKit/537.36 (KHTML, like Gecko) Chrome/122.0.0.0 Mobile Safari/537.36"
106.38.180.238 - - [15/Oct/2025:10:34:42 +0800] "GET /post/38.html HTTP/1.1" 200 10555 "-" "Mozilla/5.0 (Windows NT 10.0; Win64; x64) AppleWebKit/537.36 (KHTML, like Gecko) Chrome/121.0.0.0 Safari/537.36 Edg/121.0.0.0"
114.250.50.24 - - [15/Oct/2025:10:35:00 +0800] "GET /tags-14.html HTTP/1.1" 200 6497 "-" "Mozilla/5.0 (iPhone; CPU iPhone OS 17_0 like Mac OS X) AppleWebKit/605.1.15 (KHTML, like Gecko) EdgiOS/116.0.1938.56 Version/17.0 Mobile/15E148 Safari/604.1"
114.250.44.205 - - [15/Oct/2025:10:35:15 +0800] "GET /post/10.html HTTP/1.1" 200 13798 "-" "Mozilla/5.0 (Windows NT 10.0; Win64; x64) AppleWebKit/537.36 (KHTML, like Gecko) Chrome/121.0.0.0 Safari/537.36 Edg/121.0.0.0"
114.250.50.93 - - [15/Oct/2025:10:35:47 +0800] "GET /tags-3.html HTTP/1.1" 200 6509 "-" "Mozilla/5.0 (Windows NT 10.0; Win64; x64) AppleWebKit/537.36 (KHTML, like Gecko) Chrome/121.0.0.0 Safari/537.36 Edg/121.0.0.0 Unique/97.7.7286.70"
