147.135.252.138 - - [03/Dec/2025:20:07:16 +0800] "GET /tags-23.html HTTP/1.1" 200 2675 "-" "Mozilla/5.0 (compatible; MJ12bot/v1.4.8; http://mj12bot.com/)"
147.135.252.138 - - [03/Dec/2025:20:07:18 +0800] "GET /tags-23.html HTTP/1.1" 200 2672 "-" "Mozilla/5.0 (compatible; MJ12bot/v1.4.8; http://mj12bot.com/)"
147.135.252.138 - - [03/Dec/2025:20:07:20 +0800] "GET /tags-24.html HTTP/1.1" 200 4169 "-" "Mozilla/5.0 (compatible; MJ12bot/v1.4.8; http://mj12bot.com/)"
147.135.252.138 - - [03/Dec/2025:20:07:22 +0800] "GET /tags-24.html HTTP/1.1" 200 4164 "-" "Mozilla/5.0 (compatible; MJ12bot/v1.4.8; http://mj12bot.com/)"
147.135.252.138 - - [03/Dec/2025:20:07:23 +0800] "GET /tags-25.html HTTP/1.1" 200 4175 "-" "Mozilla/5.0 (compatible; MJ12bot/v1.4.8; http://mj12bot.com/)"
147.135.252.138 - - [03/Dec/2025:20:07:25 +0800] "GET /tags-25.html HTTP/1.1" 200 4170 "-" "Mozilla/5.0 (compatible; MJ12bot/v1.4.8; http://mj12bot.com/)"
147.135.252.138 - - [03/Dec/2025:20:07:27 +0800] "GET /tags-26.html HTTP/1.1" 200 4171 "-" "Mozilla/5.0 (compatible; MJ12bot/v1.4.8; http://mj12bot.com/)"
147.135.252.138 - - [03/Dec/2025:20:07:29 +0800] "GET /tags-26.html HTTP/1.1" 200 4165 "-" "Mozilla/5.0 (compatible; MJ12bot/v1.4.8; http://mj12bot.com/)"
147.135.252.138 - - [03/Dec/2025:20:07:30 +0800] "GET /tags-27.html HTTP/1.1" 200 2643 "-" "Mozilla/5.0 (compatible; MJ12bot/v1.4.8; http://mj12bot.com/)"
147.135.252.138 - - [03/Dec/2025:20:07:32 +0800] "GET /tags-27.html HTTP/1.1" 200 2641 "-" "Mozilla/5.0 (compatible; MJ12bot/v1.4.8; http://mj12bot.com/)"
147.135.252.138 - - [03/Dec/2025:20:07:34 +0800] "GET /tags-28.html HTTP/1.1" 200 2643 "-" "Mozilla/5.0 (compatible; MJ12bot/v1.4.8; http://mj12bot.com/)"
147.135.252.138 - - [03/Dec/2025:20:07:35 +0800] "GET /tags-28.html HTTP/1.1" 200 2640 "-" "Mozilla/5.0 (compatible; MJ12bot/v1.4.8; http://mj12bot.com/)"
147.135.252.138 - - [03/Dec/2025:20:07:37 +0800] "GET /tags-29.html HTTP/1.1" 200 2644 "-" "Mozilla/5.0 (compatible; MJ12bot/v1.4.8; http://mj12bot.com/)"
147.135.252.138 - - [03/Dec/2025:20:07:39 +0800] "GET /tags-29.html HTTP/1.1" 200 2641 "-" "Mozilla/5.0 (compatible; MJ12bot/v1.4.8; http://mj12bot.com/)"
147.135.252.138 - - [03/Dec/2025:20:07:41 +0800] "GET /tags-3.html HTTP/1.1" 200 7006 "-" "Mozilla/5.0 (compatible; MJ12bot/v1.4.8; http://mj12bot.com/)"
147.135.252.138 - - [03/Dec/2025:20:07:43 +0800] "GET /tags-3.html HTTP/1.1" 200 7006 "-" "Mozilla/5.0 (compatible; MJ12bot/v1.4.8; http://mj12bot.com/)"
147.135.252.138 - - [03/Dec/2025:20:07:45 +0800] "GET /tags-30.html HTTP/1.1" 200 2646 "-" "Mozilla/5.0 (compatible; MJ12bot/v1.4.8; http://mj12bot.com/)"
147.135.252.138 - - [03/Dec/2025:20:07:47 +0800] "GET /tags-30.html HTTP/1.1" 200 2643 "-" "Mozilla/5.0 (compatible; MJ12bot/v1.4.8; http://mj12bot.com/)"
147.135.252.138 - - [03/Dec/2025:20:07:49 +0800] "GET /tags-4.html HTTP/1.1" 200 6925 "-" "Mozilla/5.0 (compatible; MJ12bot/v1.4.8; http://mj12bot.com/)"
147.135.252.138 - - [03/Dec/2025:20:07:51 +0800] "GET /tags-4.html HTTP/1.1" 200 6924 "-" "Mozilla/5.0 (compatible; MJ12bot/v1.4.8; http://mj12bot.com/)"
147.135.252.138 - - [03/Dec/2025:20:07:53 +0800] "GET /tags-5.html HTTP/1.1" 200 6972 "-" "Mozilla/5.0 (compatible; MJ12bot/v1.4.8; http://mj12bot.com/)"
147.135.252.138 - - [03/Dec/2025:20:07:55 +0800] "GET /tags-5.html HTTP/1.1" 200 6973 "-" "Mozilla/5.0 (compatible; MJ12bot/v1.4.8; http://mj12bot.com/)"
147.135.252.138 - - [03/Dec/2025:20:07:57 +0800] "GET /tags-6.html HTTP/1.1" 200 6927 "-" "Mozilla/5.0 (compatible; MJ12bot/v1.4.8; http://mj12bot.com/)"
147.135.252.138 - - [03/Dec/2025:20:07:58 +0800] "GET /tags-6.html HTTP/1.1" 200 6927 "-" "Mozilla/5.0 (compatible; MJ12bot/v1.4.8; http://mj12bot.com/)"
147.135.252.138 - - [03/Dec/2025:20:08:00 +0800] "GET /tags-7.html HTTP/1.1" 200 6928 "-" "Mozilla/5.0 (compatible; MJ12bot/v1.4.8; http://mj12bot.com/)"
147.135.252.138 - - [03/Dec/2025:20:08:02 +0800] "GET /tags-7.html HTTP/1.1" 200 6927 "-" "Mozilla/5.0 (compatible; MJ12bot/v1.4.8; http://mj12bot.com/)"
147.135.252.138 - - [03/Dec/2025:20:08:04 +0800] "GET /tags-8.html HTTP/1.1" 200 6916 "-" "Mozilla/5.0 (compatible; MJ12bot/v1.4.8; http://mj12bot.com/)"
147.135.252.138 - - [03/Dec/2025:20:08:06 +0800] "GET /tags-8.html HTTP/1.1" 200 6915 "-" "Mozilla/5.0 (compatible; MJ12bot/v1.4.8; http://mj12bot.com/)"
147.135.252.138 - - [03/Dec/2025:20:08:08 +0800] "GET /tags-9.html HTTP/1.1" 200 6959 "-" "Mozilla/5.0 (compatible; MJ12bot/v1.4.8; http://mj12bot.com/)"
147.135.252.138 - - [03/Dec/2025:20:08:10 +0800] "GET /tags-9.html HTTP/1.1" 200 6959 "-" "Mozilla/5.0 (compatible; MJ12bot/v1.4.8; http://mj12bot.com/)"
116.204.98.102 - - [03/Dec/2025:20:45:15 +0800] "GET /post/47.html HTTP/2.0" 200 19510 "https://blog.wumingai.com/post/47.html" "Mozilla/5.0 (Windows NT 10.0; Win64; x64) AppleWebKit/537.36 (KHTML, like Gecko) Chrome/116.0.0.0 Safari/537.36"
123.58.198.151 - - [03/Dec/2025:20:51:38 +0800] "GET / HTTP/1.1" 200 19009 "https://blog.wumingai.com" "Mozilla/4.0 (compatible; MSIE 9.0; Windows NT 6.1)"
123.58.198.151 - - [03/Dec/2025:20:51:39 +0800] "GET / HTTP/1.1" 200 19009 "https://blog.wumingai.com" "Mozilla/4.0 (compatible; MSIE 9.0; Windows NT 6.1)"
123.58.198.151 - - [03/Dec/2025:20:51:39 +0800] "GET /post/56.html HTTP/1.1" 200 30303 "https://blog.wumingai.com/post/56.html" "Mozilla/4.0 (compatible; MSIE 9.0; Windows NT 6.1)"
123.58.198.151 - - [03/Dec/2025:20:51:39 +0800] "POST /zb_system/cmd.php?act=cmt&postid=56&key=23b210869d1dbe5486675b52cbd9b657 HTTP/1.1" 200 190 "https://blog.wumingai.com/zb_system/cmd.php?act=cmt&postid=56&key=23b210869d1dbe5486675b52cbd9b657" "Mozilla/4.0 (compatible; MSIE 9.0; Windows NT 6.1)"
116.204.4.175 - - [03/Dec/2025:21:24:10 +0800] "GET /post/58.html HTTP/2.0" 200 7074 "https://blog.wumingai.com/post/58.html#cmt135" "Mozilla/5.0 (Macintosh; Intel Mac OS X 10_15_7) AppleWebKit/537.36 (KHTML, like Gecko) Chrome/123.0.0.0 Safari/537.36"
180.97.218.71 - - [03/Dec/2025:21:57:53 +0800] "GET / HTTP/1.1" 200 19009 "https://blog.wumingai.com" "Mozilla/4.0 (compatible; MSIE 9.0; Windows NT 6.1)"
180.97.218.71 - - [03/Dec/2025:21:57:53 +0800] "GET / HTTP/1.1" 200 19009 "https://blog.wumingai.com" "Mozilla/4.0 (compatible; MSIE 9.0; Windows NT 6.1)"
180.97.218.71 - - [03/Dec/2025:21:57:53 +0800] "GET /post/56.html HTTP/1.1" 200 30255 "https://blog.wumingai.com/post/56.html" "Mozilla/4.0 (compatible; MSIE 9.0; Windows NT 6.1)"
180.97.218.71 - - [03/Dec/2025:21:57:54 +0800] "POST /zb_system/cmd.php?act=cmt&postid=56&key=52b88e1c0c73a83239e9afcd4efffec4 HTTP/1.1" 200 1301 "https://blog.wumingai.com/zb_system/cmd.php?act=cmt&postid=56&key=52b88e1c0c73a83239e9afcd4efffec4" "Mozilla/4.0 (compatible; MSIE 9.0; Windows NT 6.1)"
1.92.203.250 - - [03/Dec/2025:22:03:05 +0800] "GET /post/22.html HTTP/2.0" 200 7270 "https://blog.wumingai.com/post/22.html" "Mozilla/5.0 (Macintosh; Intel Mac OS X 10_15_7) AppleWebKit/537.36 (KHTML, like Gecko) Chrome/119.0.0.0 Safari/537.36"
113.44.121.251 - - [03/Dec/2025:22:42:00 +0800] "GET /post/54.html HTTP/2.0" 200 6945 "https://blog.wumingai.com/post/54.html" "Mozilla/5.0 (Macintosh; Intel Mac OS X 10_15_7) AppleWebKit/537.36 (KHTML, like Gecko) Chrome/131.0.0.0 Safari/537.36"
1.92.204.170 - - [03/Dec/2025:23:20:55 +0800] "GET /post/64.html HTTP/2.0" 200 8325 "https://blog.wumingai.com/post/64.html#cmt128" "Mozilla/5.0 (Windows NT 10.0; Win64; x64) AppleWebKit/537.36 (KHTML, like Gecko) Chrome/116.0.0.0 Safari/537.36"
194.247.173.99 - - [04/Dec/2025:00:08:59 +0800] "GET /robots.txt HTTP/1.1" 404 4110 "-" "Mozilla/5.0 (compatible; MJ12bot/v1.4.8; http://mj12bot.com/)"
194.247.173.99 - - [04/Dec/2025:00:09:01 +0800] "GET /tags-10_2.html HTTP/1.1" 200 3212 "-" "Mozilla/5.0 (compatible; MJ12bot/v1.4.8; http://mj12bot.com/)"
194.247.173.99 - - [04/Dec/2025:00:09:05 +0800] "GET /robots.txt HTTP/1.1" 404 4123 "-" "Mozilla/5.0 (compatible; MJ12bot/v1.4.8; http://mj12bot.com/)"
194.247.173.99 - - [04/Dec/2025:00:09:07 +0800] "GET /tags-10_2.html HTTP/1.1" 200 3210 "-" "Mozilla/5.0 (compatible; MJ12bot/v1.4.8; http://mj12bot.com/)"
194.247.173.99 - - [04/Dec/2025:00:09:10 +0800] "GET /tags-11_2.html HTTP/1.1" 200 2716 "-" "Mozilla/5.0 (compatible; MJ12bot/v1.4.8; http://mj12bot.com/)"
194.247.173.99 - - [04/Dec/2025:00:09:13 +0800] "GET /tags-11_2.html HTTP/1.1" 200 2713 "-" "Mozilla/5.0 (compatible; MJ12bot/v1.4.8; http://mj12bot.com/)"
194.247.173.99 - - [04/Dec/2025:00:09:16 +0800] "GET /tags-12_2.html HTTP/1.1" 200 3564 "-" "Mozilla/5.0 (compatible; MJ12bot/v1.4.8; http://mj12bot.com/)"
194.247.173.99 - - [04/Dec/2025:00:09:19 +0800] "GET /tags-12_2.html HTTP/1.1" 200 3562 "-" "Mozilla/5.0 (compatible; MJ12bot/v1.4.8; http://mj12bot.com/)"
194.247.173.99 - - [04/Dec/2025:00:09:22 +0800] "GET /tags-14_2.html HTTP/1.1" 200 3005 "-" "Mozilla/5.0 (compatible; MJ12bot/v1.4.8; http://mj12bot.com/)"
194.247.173.99 - - [04/Dec/2025:00:13:12 +0800] "GET /tags-14_2.html HTTP/1.1" 200 3002 "-" "Mozilla/5.0 (compatible; MJ12bot/v1.4.8; http://mj12bot.com/)"
194.247.173.99 - - [04/Dec/2025:00:13:15 +0800] "GET /tags-15_2.html HTTP/1.1" 200 2722 "-" "Mozilla/5.0 (compatible; MJ12bot/v1.4.8; http://mj12bot.com/)"
194.247.173.99 - - [04/Dec/2025:00:13:17 +0800] "GET /tags-15_2.html HTTP/1.1" 200 2718 "-" "Mozilla/5.0 (compatible; MJ12bot/v1.4.8; http://mj12bot.com/)"
194.247.173.99 - - [04/Dec/2025:00:13:20 +0800] "GET /tags-3_2.html HTTP/1.1" 200 3764 "-" "Mozilla/5.0 (compatible; MJ12bot/v1.4.8; http://mj12bot.com/)"
194.247.173.99 - - [04/Dec/2025:00:13:22 +0800] "GET /tags-3_2.html HTTP/1.1" 200 3762 "-" "Mozilla/5.0 (compatible; MJ12bot/v1.4.8; http://mj12bot.com/)"
194.247.173.99 - - [04/Dec/2025:00:13:24 +0800] "GET /tags-4_2.html HTTP/1.1" 200 3285 "-" "Mozilla/5.0 (compatible; MJ12bot/v1.4.8; http://mj12bot.com/)"
194.247.173.99 - - [04/Dec/2025:00:13:26 +0800] "GET /tags-4_2.html HTTP/1.1" 200 3282 "-" "Mozilla/5.0 (compatible; MJ12bot/v1.4.8; http://mj12bot.com/)"
194.247.173.99 - - [04/Dec/2025:00:13:28 +0800] "GET /tags-5_2.html HTTP/1.1" 200 3476 "-" "Mozilla/5.0 (compatible; MJ12bot/v1.4.8; http://mj12bot.com/)"
194.247.173.99 - - [04/Dec/2025:00:13:31 +0800] "GET /tags-5_2.html HTTP/1.1" 200 3473 "-" "Mozilla/5.0 (compatible; MJ12bot/v1.4.8; http://mj12bot.com/)"
194.247.173.99 - - [04/Dec/2025:00:13:35 +0800] "GET /tags-6_2.html HTTP/1.1" 200 3024 "-" "Mozilla/5.0 (compatible; MJ12bot/v1.4.8; http://mj12bot.com/)"
194.247.173.99 - - [04/Dec/2025:00:13:37 +0800] "GET /tags-6_2.html HTTP/1.1" 200 3019 "-" "Mozilla/5.0 (compatible; MJ12bot/v1.4.8; http://mj12bot.com/)"
194.247.173.99 - - [04/Dec/2025:00:13:39 +0800] "GET /tags-7_2.html HTTP/1.1" 200 3307 "-" "Mozilla/5.0 (compatible; MJ12bot/v1.4.8; http://mj12bot.com/)"
194.247.173.99 - - [04/Dec/2025:00:13:41 +0800] "GET /tags-7_2.html HTTP/1.1" 200 3304 "-" "Mozilla/5.0 (compatible; MJ12bot/v1.4.8; http://mj12bot.com/)"
123.58.198.151 - - [04/Dec/2025:00:29:08 +0800] "GET / HTTP/1.1" 200 19024 "https://blog.wumingai.com" "Mozilla/4.0 (compatible; MSIE 9.0; Windows NT 6.1)"
123.58.198.151 - - [04/Dec/2025:00:29:08 +0800] "GET / HTTP/1.1" 200 19024 "https://blog.wumingai.com" "Mozilla/4.0 (compatible; MSIE 9.0; Windows NT 6.1)"
123.58.198.151 - - [04/Dec/2025:00:29:08 +0800] "GET /post/64.html HTTP/1.1" 200 39609 "https://blog.wumingai.com/post/64.html" "Mozilla/4.0 (compatible; MSIE 9.0; Windows NT 6.1)"
123.58.198.151 - - [04/Dec/2025:00:29:09 +0800] "POST /zb_system/cmd.php?act=cmt&postid=64&key=95f62d1922e71663ed7ba894593263ea HTTP/1.1" 200 190 "https://blog.wumingai.com/zb_system/cmd.php?act=cmt&postid=64&key=95f62d1922e71663ed7ba894593263ea" "Mozilla/4.0 (compatible; MSIE 9.0; Windows NT 6.1)"
154.7.177.124 - - [04/Dec/2025:01:09:16 +0800] "GET / HTTP/1.1" 200 4772 "-" "libcurl/7.81.0 r-curl/6.0.1 httr/1.4.7"
154.7.177.124 - - [04/Dec/2025:01:09:16 +0800] "GET / HTTP/2.0" 200 4754 "-" "libcurl/7.81.0 r-curl/6.0.1 httr/1.4.7"
154.7.177.124 - - [04/Dec/2025:02:08:45 +0800] "GET / HTTP/1.1" 200 4771 "-" "libcurl/7.81.0 r-curl/6.0.1 httr/1.4.7"
154.7.177.124 - - [04/Dec/2025:02:08:46 +0800] "GET / HTTP/2.0" 200 4754 "-" "libcurl/7.81.0 r-curl/6.0.1 httr/1.4.7"
154.7.177.124 - - [04/Dec/2025:03:09:05 +0800] "GET / HTTP/1.1" 200 4771 "-" "libcurl/7.81.0 r-curl/6.0.1 httr/1.4.7"
154.7.177.124 - - [04/Dec/2025:03:09:06 +0800] "GET / HTTP/2.0" 200 4754 "-" "libcurl/7.81.0 r-curl/6.0.1 httr/1.4.7"
45.139.104.171 - - [04/Dec/2025:03:50:14 +0800] "GET /.env HTTP/1.1" 404 1469 "-" "Mozilla/5.0 (Linux; Android 7.0; LG-H850) AppleWebKit/537.36 (KHTML, like Gecko) Chrome/76.0.3809.89 Mobile Safari/537.36"
123.58.198.151 - - [04/Dec/2025:03:54:38 +0800] "GET / HTTP/1.1" 200 19024 "https://blog.wumingai.com" "Mozilla/4.0 (compatible; MSIE 9.0; Windows NT 6.1)"
123.58.198.151 - - [04/Dec/2025:03:54:38 +0800] "GET / HTTP/1.1" 200 19024 "https://blog.wumingai.com" "Mozilla/4.0 (compatible; MSIE 9.0; Windows NT 6.1)"
123.58.198.151 - - [04/Dec/2025:03:54:39 +0800] "GET /post/63.html HTTP/1.1" 200 45347 "https://blog.wumingai.com/post/63.html" "Mozilla/4.0 (compatible; MSIE 9.0; Windows NT 6.1)"
123.58.198.151 - - [04/Dec/2025:03:54:39 +0800] "POST /zb_system/cmd.php?act=cmt&postid=63&key=2d4518a9d7af9eb1425e1aea3167b6f7 HTTP/1.1" 200 190 "https://blog.wumingai.com/zb_system/cmd.php?act=cmt&postid=63&key=2d4518a9d7af9eb1425e1aea3167b6f7" "Mozilla/4.0 (compatible; MSIE 9.0; Windows NT 6.1)"
154.7.177.124 - - [04/Dec/2025:04:08:43 +0800] "GET / HTTP/1.1" 200 4770 "-" "libcurl/7.81.0 r-curl/6.0.1 httr/1.4.7"
154.7.177.124 - - [04/Dec/2025:04:08:43 +0800] "GET / HTTP/2.0" 200 4753 "-" "libcurl/7.81.0 r-curl/6.0.1 httr/1.4.7"
154.7.177.124 - - [04/Dec/2025:05:08:34 +0800] "GET / HTTP/1.1" 200 4770 "-" "libcurl/7.81.0 r-curl/6.0.1 httr/1.4.7"
154.7.177.124 - - [04/Dec/2025:05:08:34 +0800] "GET / HTTP/2.0" 200 4753 "-" "libcurl/7.81.0 r-curl/6.0.1 httr/1.4.7"
154.7.177.124 - - [04/Dec/2025:06:08:15 +0800] "GET / HTTP/1.1" 200 4770 "-" "libcurl/7.81.0 r-curl/6.0.1 httr/1.4.7"
154.7.177.124 - - [04/Dec/2025:06:08:15 +0800] "GET / HTTP/2.0" 200 4753 "-" "libcurl/7.81.0 r-curl/6.0.1 httr/1.4.7"
180.97.218.71 - - [04/Dec/2025:06:46:11 +0800] "GET / HTTP/1.1" 200 19024 "https://blog.wumingai.com" "Mozilla/4.0 (compatible; MSIE 9.0; Windows NT 6.1)"
180.97.218.71 - - [04/Dec/2025:06:46:11 +0800] "GET / HTTP/1.1" 200 19024 "https://blog.wumingai.com" "Mozilla/4.0 (compatible; MSIE 9.0; Windows NT 6.1)"
180.97.218.71 - - [04/Dec/2025:06:46:11 +0800] "GET /post/63.html HTTP/1.1" 200 45171 "https://blog.wumingai.com/post/63.html" "Mozilla/4.0 (compatible; MSIE 9.0; Windows NT 6.1)"
180.97.218.71 - - [04/Dec/2025:06:46:12 +0800] "POST /zb_system/cmd.php?act=cmt&postid=63&key=0359f5723793dc3acc4db09aa9bc4dd5 HTTP/1.1" 200 1184 "https://blog.wumingai.com/zb_system/cmd.php?act=cmt&postid=63&key=0359f5723793dc3acc4db09aa9bc4dd5" "Mozilla/4.0 (compatible; MSIE 9.0; Windows NT 6.1)"
123.58.198.151 - - [04/Dec/2025:06:58:49 +0800] "GET / HTTP/1.1" 200 19015 "https://blog.wumingai.com" "Mozilla/4.0 (compatible; MSIE 9.0; Windows NT 6.1)"
123.58.198.151 - - [04/Dec/2025:06:58:50 +0800] "GET / HTTP/1.1" 200 19015 "https://blog.wumingai.com" "Mozilla/4.0 (compatible; MSIE 9.0; Windows NT 6.1)"
123.58.198.151 - - [04/Dec/2025:06:58:50 +0800] "GET /post/63.html%23cmt148 HTTP/1.1" 404 4123 "https://blog.wumingai.com/post/63.html#cmt148" "Mozilla/4.0 (compatible; MSIE 9.0; Windows NT 6.1)"
123.58.198.151 - - [04/Dec/2025:06:58:50 +0800] "GET /page_4.html HTTP/1.1" 200 19396 "https://blog.wumingai.com/page_4.html" "Mozilla/4.0 (compatible; MSIE 9.0; Windows NT 6.1)"
123.58.198.151 - - [04/Dec/2025:06:58:50 +0800] "GET /post/59.html HTTP/1.1" 200 28010 "https://blog.wumingai.com/post/59.html" "Mozilla/4.0 (compatible; MSIE 9.0; Windows NT 6.1)"
123.58.198.151 - - [04/Dec/2025:06:58:50 +0800] "POST /zb_system/cmd.php?act=cmt&postid=59&key=3b53cbee7063440a298226c556933f1b HTTP/1.1" 200 190 "https://blog.wumingai.com/zb_system/cmd.php?act=cmt&postid=59&key=3b53cbee7063440a298226c556933f1b" "Mozilla/4.0 (compatible; MSIE 9.0; Windows NT 6.1)"
154.7.177.124 - - [04/Dec/2025:07:08:56 +0800] "GET / HTTP/1.1" 200 4762 "-" "libcurl/7.81.0 r-curl/6.0.1 httr/1.4.7"
154.7.177.124 - - [04/Dec/2025:07:08:57 +0800] "GET / HTTP/2.0" 200 4746 "-" "libcurl/7.81.0 r-curl/6.0.1 httr/1.4.7"
154.7.177.124 - - [04/Dec/2025:08:08:33 +0800] "GET / HTTP/1.1" 200 4762 "-" "libcurl/7.81.0 r-curl/6.0.1 httr/1.4.7"
154.7.177.124 - - [04/Dec/2025:08:08:34 +0800] "GET / HTTP/2.0" 200 4746 "-" "libcurl/7.81.0 r-curl/6.0.1 httr/1.4.7"
45.144.212.58 - - [04/Dec/2025:08:36:24 +0800] "GET /.git/config HTTP/1.1" 404 1469 "-" "Mozilla/5.0 (iPhone; CPU iPhone OS 12_3_2 like Mac OS X) AppleWebKit/605.1.15 (KHTML, like Gecko) Version/12.1.1 Mobile/15E148 Safari/604.1"
154.7.177.124 - - [04/Dec/2025:09:08:34 +0800] "GET / HTTP/1.1" 200 4762 "-" "libcurl/7.81.0 r-curl/6.0.1 httr/1.4.7"
154.7.177.124 - - [04/Dec/2025:09:08:35 +0800] "GET / HTTP/2.0" 200 4746 "-" "libcurl/7.81.0 r-curl/6.0.1 httr/1.4.7"
154.7.177.124 - - [04/Dec/2025:10:09:02 +0800] "GET / HTTP/1.1" 200 4762 "-" "libcurl/7.81.0 r-curl/6.0.1 httr/1.4.7"
154.7.177.124 - - [04/Dec/2025:10:09:03 +0800] "GET / HTTP/2.0" 200 4746 "-" "libcurl/7.81.0 r-curl/6.0.1 httr/1.4.7"
123.58.198.151 - - [04/Dec/2025:10:38:16 +0800] "GET / HTTP/1.1" 200 19015 "https://blog.wumingai.com" "Mozilla/4.0 (compatible; MSIE 9.0; Windows NT 6.1)"
123.58.198.151 - - [04/Dec/2025:10:38:16 +0800] "GET / HTTP/1.1" 200 19015 "https://blog.wumingai.com" "Mozilla/4.0 (compatible; MSIE 9.0; Windows NT 6.1)"
123.58.198.151 - - [04/Dec/2025:10:38:17 +0800] "GET /post/62.html HTTP/1.1" 200 30974 "https://blog.wumingai.com/post/62.html" "Mozilla/4.0 (compatible; MSIE 9.0; Windows NT 6.1)"
123.58.198.151 - - [04/Dec/2025:10:38:17 +0800] "POST /zb_system/cmd.php?act=cmt&postid=62&key=52b4735e11506d16772f1551c6c97dac HTTP/1.1" 200 190 "https://blog.wumingai.com/zb_system/cmd.php?act=cmt&postid=62&key=52b4735e11506d16772f1551c6c97dac" "Mozilla/4.0 (compatible; MSIE 9.0; Windows NT 6.1)"
154.7.177.124 - - [04/Dec/2025:11:09:30 +0800] "GET / HTTP/1.1" 200 4763 "-" "libcurl/7.81.0 r-curl/6.0.1 httr/1.4.7"
154.7.177.124 - - [04/Dec/2025:11:09:31 +0800] "GET / HTTP/2.0" 200 4746 "-" "libcurl/7.81.0 r-curl/6.0.1 httr/1.4.7"
104.210.140.136 - - [04/Dec/2025:12:37:27 +0800] "GET /robots.txt HTTP/2.0" 404 1457 "-" "Mozilla/5.0 (Macintosh; Intel Mac OS X 10_15_7) AppleWebKit/537.36 (KHTML, like Gecko) Chrome/131.0.0.0 Safari/537.36; compatible; OAI-SearchBot/1.0; +https://openai.com/searchbot"
104.210.140.128 - - [04/Dec/2025:12:37:28 +0800] "GET /robots.txt HTTP/1.1" 404 1473 "-" "Mozilla/5.0 (Macintosh; Intel Mac OS X 10_15_7) AppleWebKit/537.36 (KHTML, like Gecko) Chrome/131.0.0.0 Safari/537.36; compatible; OAI-SearchBot/1.0; +https://openai.com/searchbot"
45.148.10.80 - - [04/Dec/2025:13:09:09 +0800] "GET / HTTP/1.1" 200 4814 "-" "Mozilla/5.0 (X11; Linux x86_64) AppleWebKit/537.36 (KHTML, like Gecko) Chrome/62.0.3202.94 Safari/537.36"
45.148.10.80 - - [04/Dec/2025:13:32:57 +0800] "GET //blog.wumingai.com/zb_users/theme/tpure/script/common.js HTTP/1.1" 404 1469 "-" "Mozilla/5.0 (Linux; Android 4.1.2; GT-N8013) AppleWebKit/537.36 (KHTML, like Gecko) Chrome/71.0.3578.99 Safari/537.36"
45.148.10.80 - - [04/Dec/2025:13:32:57 +0800] "GET //blog.wumingai.com/zb_system/script/jquery-2.2.4.min.js HTTP/1.1" 404 1469 "-" "Mozilla/5.0 (OS/2; Warp 4.5; rv:45.0) Gecko/20100101 Firefox/45.0 SeaMonkey/2.42.9esr"
45.148.10.80 - - [04/Dec/2025:13:32:58 +0800] "GET //blog.wumingai.com/zb_system/script/zblogphp.js HTTP/1.1" 404 1473 "-" "Mozilla/5.0 (Linux; U; Android 8.1.0; en-US; Infinix X624B Build/O11019) AppleWebKit/537.36 (KHTML, like Gecko) Version/4.0 Chrome/57.0.2987.108 UCBrowser/12.13.0.1207 Mobile Safari/537.36"
123.58.198.151 - - [04/Dec/2025:14:34:47 +0800] "GET / HTTP/1.1" 200 19015 "https://blog.wumingai.com" "Mozilla/4.0 (compatible; MSIE 9.0; Windows NT 6.1)"
123.58.198.151 - - [04/Dec/2025:14:34:48 +0800] "GET / HTTP/1.1" 200 19015 "https://blog.wumingai.com" "Mozilla/4.0 (compatible; MSIE 9.0; Windows NT 6.1)"
123.58.198.151 - - [04/Dec/2025:14:34:48 +0800] "GET /page_4.html HTTP/1.1" 200 19396 "https://blog.wumingai.com/page_4.html" "Mozilla/4.0 (compatible; MSIE 9.0; Windows NT 6.1)"
123.58.198.151 - - [04/Dec/2025:14:34:48 +0800] "GET /post/58.html HTTP/1.1" 200 28451 "https://blog.wumingai.com/post/58.html" "Mozilla/4.0 (compatible; MSIE 9.0; Windows NT 6.1)"
123.58.198.151 - - [04/Dec/2025:14:34:48 +0800] "POST /zb_system/cmd.php?act=cmt&postid=58&key=1ff3d52e4ded70f01f3f8aaf6e1610d1 HTTP/1.1" 200 190 "https://blog.wumingai.com/zb_system/cmd.php?act=cmt&postid=58&key=1ff3d52e4ded70f01f3f8aaf6e1610d1" "Mozilla/4.0 (compatible; MSIE 9.0; Windows NT 6.1)"
180.97.218.71 - - [04/Dec/2025:17:56:05 +0800] "GET / HTTP/1.1" 200 19015 "https://blog.wumingai.com" "Mozilla/4.0 (compatible; MSIE 9.0; Windows NT 6.1)"
180.97.218.71 - - [04/Dec/2025:17:56:05 +0800] "GET / HTTP/1.1" 200 19015 "https://blog.wumingai.com" "Mozilla/4.0 (compatible; MSIE 9.0; Windows NT 6.1)"
180.97.218.71 - - [04/Dec/2025:17:56:06 +0800] "GET /page_5.html HTTP/1.1" 200 21860 "https://blog.wumingai.com/page_5.html" "Mozilla/4.0 (compatible; MSIE 9.0; Windows NT 6.1)"
180.97.218.71 - - [04/Dec/2025:17:56:06 +0800] "GET /page_7.html HTTP/1.1" 200 8502 "https://blog.wumingai.com/page_7.html" "Mozilla/4.0 (compatible; MSIE 9.0; Windows NT 6.1)"
180.97.218.71 - - [04/Dec/2025:17:56:06 +0800] "GET /post/62.html HTTP/1.1" 200 30938 "https://blog.wumingai.com/post/62.html" "Mozilla/4.0 (compatible; MSIE 9.0; Windows NT 6.1)"
180.97.218.71 - - [04/Dec/2025:17:56:06 +0800] "POST /zb_system/cmd.php?act=cmt&postid=62&key=b46e40f537bb864b07d7d1e80b855e3e HTTP/1.1" 200 1242 "https://blog.wumingai.com/zb_system/cmd.php?act=cmt&postid=62&key=b46e40f537bb864b07d7d1e80b855e3e" "Mozilla/4.0 (compatible; MSIE 9.0; Windows NT 6.1)"
123.58.198.151 - - [04/Dec/2025:18:11:07 +0800] "GET / HTTP/1.1" 200 19027 "https://blog.wumingai.com" "Mozilla/4.0 (compatible; MSIE 9.0; Windows NT 6.1)"
123.58.198.151 - - [04/Dec/2025:18:11:07 +0800] "GET / HTTP/1.1" 200 19027 "https://blog.wumingai.com" "Mozilla/4.0 (compatible; MSIE 9.0; Windows NT 6.1)"
123.58.198.151 - - [04/Dec/2025:18:11:07 +0800] "GET /post/57.html HTTP/1.1" 200 31470 "https://blog.wumingai.com/post/57.html" "Mozilla/4.0 (compatible; MSIE 9.0; Windows NT 6.1)"
123.58.198.151 - - [04/Dec/2025:18:11:08 +0800] "POST /zb_system/cmd.php?act=cmt&postid=57&key=5a269d6bca654e2be8aa61cbd7225a3d HTTP/1.1" 200 190 "https://blog.wumingai.com/zb_system/cmd.php?act=cmt&postid=57&key=5a269d6bca654e2be8aa61cbd7225a3d" "Mozilla/4.0 (compatible; MSIE 9.0; Windows NT 6.1)"
51.75.128.89 - - [04/Dec/2025:19:17:32 +0800] "GET /robots.txt HTTP/1.1" 404 4110 "-" "Mozilla/5.0 (compatible; MJ12bot/v1.4.8; http://mj12bot.com/)"
51.75.128.89 - - [04/Dec/2025:19:17:35 +0800] "GET /tags-10_2.html HTTP/1.1" 200 3224 "-" "Mozilla/5.0 (compatible; MJ12bot/v1.4.8; http://mj12bot.com/)"
51.75.128.89 - - [04/Dec/2025:19:17:39 +0800] "GET /robots.txt HTTP/1.1" 404 4123 "-" "Mozilla/5.0 (compatible; MJ12bot/v1.4.8; http://mj12bot.com/)"
51.75.128.89 - - [04/Dec/2025:19:17:41 +0800] "GET /tags-10_2.html HTTP/1.1" 200 3220 "-" "Mozilla/5.0 (compatible; MJ12bot/v1.4.8; http://mj12bot.com/)"
51.75.128.89 - - [04/Dec/2025:19:17:44 +0800] "GET /tags-11_2.html HTTP/1.1" 200 2730 "-" "Mozilla/5.0 (compatible; MJ12bot/v1.4.8; http://mj12bot.com/)"
51.75.128.89 - - [04/Dec/2025:19:17:48 +0800] "GET /tags-11_2.html HTTP/1.1" 200 2728 "-" "Mozilla/5.0 (compatible; MJ12bot/v1.4.8; http://mj12bot.com/)"
51.75.128.89 - - [04/Dec/2025:19:17:51 +0800] "GET /tags-12_2.html HTTP/1.1" 200 3581 "-" "Mozilla/5.0 (compatible; MJ12bot/v1.4.8; http://mj12bot.com/)"
51.75.128.89 - - [04/Dec/2025:19:17:54 +0800] "GET /tags-12_2.html HTTP/1.1" 200 3578 "-" "Mozilla/5.0 (compatible; MJ12bot/v1.4.8; http://mj12bot.com/)"
51.75.128.89 - - [04/Dec/2025:19:17:58 +0800] "GET /tags-14_2.html HTTP/1.1" 200 3020 "-" "Mozilla/5.0 (compatible; MJ12bot/v1.4.8; http://mj12bot.com/)"
51.75.128.89 - - [04/Dec/2025:19:18:01 +0800] "GET /tags-14_2.html HTTP/1.1" 200 3017 "-" "Mozilla/5.0 (compatible; MJ12bot/v1.4.8; http://mj12bot.com/)"
51.75.128.89 - - [04/Dec/2025:19:18:05 +0800] "GET /tags-15_2.html HTTP/1.1" 200 2733 "-" "Mozilla/5.0 (compatible; MJ12bot/v1.4.8; http://mj12bot.com/)"
51.75.128.89 - - [04/Dec/2025:19:18:36 +0800] "GET /tags-15_2.html HTTP/1.1" 200 2731 "-" "Mozilla/5.0 (compatible; MJ12bot/v1.4.8; http://mj12bot.com/)"
51.75.128.89 - - [04/Dec/2025:19:18:38 +0800] "GET /tags-3_2.html HTTP/1.1" 200 3777 "-" "Mozilla/5.0 (compatible; MJ12bot/v1.4.8; http://mj12bot.com/)"
51.75.128.89 - - [04/Dec/2025:19:18:40 +0800] "GET /tags-3_2.html HTTP/1.1" 200 3775 "-" "Mozilla/5.0 (compatible; MJ12bot/v1.4.8; http://mj12bot.com/)"
51.75.128.89 - - [04/Dec/2025:19:18:43 +0800] "GET /tags-4_2.html HTTP/1.1" 200 3302 "-" "Mozilla/5.0 (compatible; MJ12bot/v1.4.8; http://mj12bot.com/)"
51.75.128.89 - - [04/Dec/2025:19:18:45 +0800] "GET /tags-4_2.html HTTP/1.1" 200 3299 "-" "Mozilla/5.0 (compatible; MJ12bot/v1.4.8; http://mj12bot.com/)"
51.75.128.89 - - [04/Dec/2025:19:18:48 +0800] "GET /tags-5_2.html HTTP/1.1" 200 3489 "-" "Mozilla/5.0 (compatible; MJ12bot/v1.4.8; http://mj12bot.com/)"
51.75.128.89 - - [04/Dec/2025:19:18:50 +0800] "GET /tags-5_2.html HTTP/1.1" 200 3488 "-" "Mozilla/5.0 (compatible; MJ12bot/v1.4.8; http://mj12bot.com/)"
51.75.128.89 - - [04/Dec/2025:19:18:53 +0800] "GET /tags-6_2.html HTTP/1.1" 200 3038 "-" "Mozilla/5.0 (compatible; MJ12bot/v1.4.8; http://mj12bot.com/)"
51.75.128.89 - - [04/Dec/2025:19:18:56 +0800] "GET /tags-6_2.html HTTP/1.1" 200 3034 "-" "Mozilla/5.0 (compatible; MJ12bot/v1.4.8; http://mj12bot.com/)"
51.75.128.89 - - [04/Dec/2025:19:18:58 +0800] "GET /tags-7_2.html HTTP/1.1" 200 3319 "-" "Mozilla/5.0 (compatible; MJ12bot/v1.4.8; http://mj12bot.com/)"
51.75.128.89 - - [04/Dec/2025:19:19:00 +0800] "GET /tags-7_2.html HTTP/1.1" 200 3317 "-" "Mozilla/5.0 (compatible; MJ12bot/v1.4.8; http://mj12bot.com/)"
123.58.198.151 - - [04/Dec/2025:22:09:54 +0800] "GET / HTTP/1.1" 200 19027 "https://blog.wumingai.com" "Mozilla/4.0 (compatible; MSIE 9.0; Windows NT 6.1)"
123.58.198.151 - - [04/Dec/2025:22:09:54 +0800] "GET / HTTP/1.1" 200 19027 "https://blog.wumingai.com" "Mozilla/4.0 (compatible; MSIE 9.0; Windows NT 6.1)"
123.58.198.151 - - [04/Dec/2025:22:09:55 +0800] "GET /post/59.html HTTP/1.1" 200 28049 "https://blog.wumingai.com/post/59.html" "Mozilla/4.0 (compatible; MSIE 9.0; Windows NT 6.1)"
123.58.198.151 - - [04/Dec/2025:22:09:55 +0800] "POST /zb_system/cmd.php?act=cmt&postid=59&key=589fe7b869ba18c50e2341c568204b9f HTTP/1.1" 200 190 "https://blog.wumingai.com/zb_system/cmd.php?act=cmt&postid=59&key=589fe7b869ba18c50e2341c568204b9f" "Mozilla/4.0 (compatible; MSIE 9.0; Windows NT 6.1)"
195.24.236.57 - - [04/Dec/2025:22:18:05 +0800] "GET / HTTP/1.1" 200 18949 "-" "-"
195.24.236.57 - - [04/Dec/2025:22:18:06 +0800] "GET /wordpress HTTP/1.1" 404 4110 "-" "-"
195.24.236.57 - - [04/Dec/2025:22:18:06 +0800] "GET /wp-admin/setup-config.php HTTP/1.1" 404 4110 "-" "-"
195.24.236.57 - - [04/Dec/2025:22:18:06 +0800] "GET /wp-admin/install.php HTTP/1.1" 404 4110 "-" "-"
195.24.236.57 - - [04/Dec/2025:22:18:07 +0800] "GET /wp HTTP/1.1" 404 4110 "-" "-"
195.24.236.57 - - [04/Dec/2025:22:18:07 +0800] "GET /blog HTTP/1.1" 404 4110 "-" "-"
195.24.236.57 - - [04/Dec/2025:22:18:07 +0800] "GET /new HTTP/1.1" 404 4110 "-" "-"
195.24.236.57 - - [04/Dec/2025:22:18:07 +0800] "GET /old HTTP/1.1" 404 4110 "-" "-"
195.24.236.57 - - [04/Dec/2025:22:18:07 +0800] "GET /newsite HTTP/1.1" 404 4110 "-" "-"
195.24.236.57 - - [04/Dec/2025:22:18:08 +0800] "GET /test HTTP/1.1" 404 4110 "-" "-"
195.24.236.57 - - [04/Dec/2025:22:18:08 +0800] "GET /main HTTP/1.1" 404 4110 "-" "-"
195.24.236.57 - - [04/Dec/2025:22:18:08 +0800] "GET /testing HTTP/1.1" 404 4110 "-" "-"
195.24.236.57 - - [04/Dec/2025:22:18:08 +0800] "GET /site HTTP/1.1" 404 4110 "-" "-"
195.24.236.57 - - [04/Dec/2025:22:18:09 +0800] "GET /backup HTTP/1.1" 404 4110 "-" "-"
195.24.236.57 - - [04/Dec/2025:22:18:09 +0800] "GET /demo HTTP/1.1" 404 4110 "-" "-"
195.24.236.57 - - [04/Dec/2025:22:18:09 +0800] "GET /home HTTP/1.1" 404 4110 "-" "-"
195.24.236.57 - - [04/Dec/2025:22:18:09 +0800] "GET /tmp HTTP/1.1" 404 4110 "-" "-"
195.24.236.57 - - [04/Dec/2025:22:18:10 +0800] "GET /dev HTTP/1.1" 404 4110 "-" "-"
195.24.236.57 - - [04/Dec/2025:22:18:10 +0800] "GET /cms HTTP/1.1" 404 4110 "-" "-"
195.24.236.57 - - [04/Dec/2025:22:18:10 +0800] "GET /portal HTTP/1.1" 404 4110 "-" "-"
195.24.236.57 - - [04/Dec/2025:22:18:10 +0800] "GET /web HTTP/1.1" 404 4110 "-" "-"
113.44.124.85 - - [05/Dec/2025:00:08:12 +0800] "GET /post/62.html HTTP/2.0" 200 7171 "https://blog.wumingai.com/post/62.html#cmt139" "Mozilla/5.0 (Windows NT 10.0; Win64; x64) AppleWebKit/537.36 (KHTML, like Gecko) Chrome/101.0.4951.64 Safari/537.36 Edg/101.0.1210.47"
1.92.208.139 - - [05/Dec/2025:00:20:59 +0800] "GET /post/38.html HTTP/2.0" 200 10948 "https://blog.wumingai.com/post/38.html" "Mozilla/5.0 (Windows NT 10.0; Win64; x64) AppleWebKit/537.36 (KHTML, like Gecko) Chrome/116.0.0.0 Safari/537.36"
154.7.177.124 - - [05/Dec/2025:01:09:34 +0800] "GET / HTTP/1.1" 200 4779 "-" "libcurl/7.81.0 r-curl/6.0.1 httr/1.4.7"
154.7.177.124 - - [05/Dec/2025:01:09:35 +0800] "GET / HTTP/2.0" 200 4762 "-" "libcurl/7.81.0 r-curl/6.0.1 httr/1.4.7"
20.70.145.153 - - [05/Dec/2025:01:26:02 +0800] "GET / HTTP/1.1" 200 18950 "-" "-"
20.70.145.153 - - [05/Dec/2025:01:26:02 +0800] "GET /wordpress HTTP/1.1" 404 4110 "-" "-"
20.70.145.153 - - [05/Dec/2025:01:26:03 +0800] "GET /wp-admin/setup-config.php HTTP/1.1" 404 4110 "-" "-"
20.70.145.153 - - [05/Dec/2025:01:26:03 +0800] "GET /wp-admin/install.php HTTP/1.1" 404 4110 "-" "-"
20.70.145.153 - - [05/Dec/2025:01:26:03 +0800] "GET /wp HTTP/1.1" 404 4110 "-" "-"
20.70.145.153 - - [05/Dec/2025:01:26:03 +0800] "GET /blog HTTP/1.1" 404 4110 "-" "-"
20.70.145.153 - - [05/Dec/2025:01:26:04 +0800] "GET /new HTTP/1.1" 404 4110 "-" "-"
20.70.145.153 - - [05/Dec/2025:01:26:04 +0800] "GET /old HTTP/1.1" 404 4110 "-" "-"
20.70.145.153 - - [05/Dec/2025:01:26:04 +0800] "GET /newsite HTTP/1.1" 404 4110 "-" "-"
20.70.145.153 - - [05/Dec/2025:01:26:04 +0800] "GET /test HTTP/1.1" 404 4110 "-" "-"
20.70.145.153 - - [05/Dec/2025:01:26:05 +0800] "GET /main HTTP/1.1" 404 4110 "-" "-"
20.70.145.153 - - [05/Dec/2025:01:26:05 +0800] "GET /testing HTTP/1.1" 404 4110 "-" "-"
20.70.145.153 - - [05/Dec/2025:01:26:05 +0800] "GET /site HTTP/1.1" 404 4110 "-" "-"
20.70.145.153 - - [05/Dec/2025:01:26:05 +0800] "GET /backup HTTP/1.1" 404 4110 "-" "-"
20.70.145.153 - - [05/Dec/2025:01:26:05 +0800] "GET /demo HTTP/1.1" 404 4110 "-" "-"
20.70.145.153 - - [05/Dec/2025:01:26:06 +0800] "GET /home HTTP/1.1" 404 4110 "-" "-"
20.70.145.153 - - [05/Dec/2025:01:26:06 +0800] "GET /tmp HTTP/1.1" 404 4110 "-" "-"
20.70.145.153 - - [05/Dec/2025:01:26:06 +0800] "GET /dev HTTP/1.1" 404 4110 "-" "-"
20.70.145.153 - - [05/Dec/2025:01:26:06 +0800] "GET /cms HTTP/1.1" 404 4110 "-" "-"
20.70.145.153 - - [05/Dec/2025:01:26:06 +0800] "GET /portal HTTP/1.1" 404 4110 "-" "-"
20.70.145.153 - - [05/Dec/2025:01:26:07 +0800] "GET /web HTTP/1.1" 404 4110 "-" "-"
154.7.177.124 - - [05/Dec/2025:02:08:42 +0800] "GET / HTTP/1.1" 200 4779 "-" "libcurl/7.81.0 r-curl/6.0.1 httr/1.4.7"
154.7.177.124 - - [05/Dec/2025:02:08:43 +0800] "GET / HTTP/2.0" 200 4762 "-" "libcurl/7.81.0 r-curl/6.0.1 httr/1.4.7"
123.58.198.151 - - [05/Dec/2025:02:17:54 +0800] "GET / HTTP/1.1" 200 19027 "https://blog.wumingai.com" "Mozilla/4.0 (compatible; MSIE 9.0; Windows NT 6.1)"
123.58.198.151 - - [05/Dec/2025:02:17:55 +0800] "GET / HTTP/1.1" 200 19027 "https://blog.wumingai.com" "Mozilla/4.0 (compatible; MSIE 9.0; Windows NT 6.1)"
123.58.198.151 - - [05/Dec/2025:02:17:55 +0800] "GET /post/55.html HTTP/1.1" 200 28856 "https://blog.wumingai.com/post/55.html" "Mozilla/4.0 (compatible; MSIE 9.0; Windows NT 6.1)"
123.58.198.151 - - [05/Dec/2025:02:17:56 +0800] "POST /zb_system/cmd.php?act=cmt&postid=55&key=1246c68f028cfb8c6af9e367d30703ae HTTP/1.1" 200 190 "https://blog.wumingai.com/zb_system/cmd.php?act=cmt&postid=55&key=1246c68f028cfb8c6af9e367d30703ae" "Mozilla/4.0 (compatible; MSIE 9.0; Windows NT 6.1)"
138.197.30.103 - - [05/Dec/2025:02:40:37 +0800] "GET / HTTP/1.1" 200 4832 "-" "Mozilla/5.0 (X11; Linux x86_64) AppleWebKit/537.36 (KHTML, like Gecko) Chrome/139.0.0.0 Safari/537.36"
138.197.30.103 - - [05/Dec/2025:02:40:40 +0800] "GET / HTTP/1.1" 200 4829 "-" "Mozilla/5.0 (X11; Linux x86_64; rv:139.0) Gecko/20100101 Firefox/139.0"
154.7.177.124 - - [05/Dec/2025:03:08:58 +0800] "GET / HTTP/1.1" 200 4779 "-" "libcurl/7.81.0 r-curl/6.0.1 httr/1.4.7"
154.7.177.124 - - [05/Dec/2025:03:08:58 +0800] "GET / HTTP/2.0" 200 4763 "-" "libcurl/7.81.0 r-curl/6.0.1 httr/1.4.7"
154.7.177.124 - - [05/Dec/2025:04:09:05 +0800] "GET / HTTP/1.1" 200 4779 "-" "libcurl/7.81.0 r-curl/6.0.1 httr/1.4.7"
154.7.177.124 - - [05/Dec/2025:04:09:05 +0800] "GET / HTTP/2.0" 200 4763 "-" "libcurl/7.81.0 r-curl/6.0.1 httr/1.4.7"
198.235.24.178 - - [05/Dec/2025:04:59:24 +0800] "GET / HTTP/1.1" 200 19027 "-" "Hello from Palo Alto Networks, find out more about our scans in https://docs-cortex.paloaltonetworks.com/r/1/Cortex-Xpanse/Scanning-activity"
180.97.218.71 - - [05/Dec/2025:05:05:31 +0800] "GET / HTTP/1.1" 200 19027 "https://blog.wumingai.com" "Mozilla/4.0 (compatible; MSIE 9.0; Windows NT 6.1)"
180.97.218.71 - - [05/Dec/2025:05:05:31 +0800] "GET / HTTP/1.1" 200 19027 "https://blog.wumingai.com" "Mozilla/4.0 (compatible; MSIE 9.0; Windows NT 6.1)"
180.97.218.71 - - [05/Dec/2025:05:05:31 +0800] "GET /post/61.html HTTP/1.1" 200 27915 "https://blog.wumingai.com/post/61.html" "Mozilla/4.0 (compatible; MSIE 9.0; Windows NT 6.1)"
180.97.218.71 - - [05/Dec/2025:05:05:32 +0800] "POST /zb_system/cmd.php?act=cmt&postid=61&key=9094a73e6ffdf0d5d48bdbb46a9141ad HTTP/1.1" 200 1217 "https://blog.wumingai.com/zb_system/cmd.php?act=cmt&postid=61&key=9094a73e6ffdf0d5d48bdbb46a9141ad" "Mozilla/4.0 (compatible; MSIE 9.0; Windows NT 6.1)"
154.7.177.124 - - [05/Dec/2025:05:08:48 +0800] "GET / HTTP/1.1" 200 4777 "-" "libcurl/7.81.0 r-curl/6.0.1 httr/1.4.7"
154.7.177.124 - - [05/Dec/2025:05:08:49 +0800] "GET / HTTP/2.0" 200 4760 "-" "libcurl/7.81.0 r-curl/6.0.1 httr/1.4.7"
20.70.145.153 - - [05/Dec/2025:06:00:40 +0800] "GET / HTTP/1.1" 200 18954 "-" "-"
123.58.198.151 - - [05/Dec/2025:06:02:18 +0800] "GET / HTTP/1.1" 200 19031 "https://blog.wumingai.com" "Mozilla/4.0 (compatible; MSIE 9.0; Windows NT 6.1)"
123.58.198.151 - - [05/Dec/2025:06:02:19 +0800] "GET / HTTP/1.1" 200 19031 "https://blog.wumingai.com" "Mozilla/4.0 (compatible; MSIE 9.0; Windows NT 6.1)"
123.58.198.151 - - [05/Dec/2025:06:02:19 +0800] "GET /post/59.html HTTP/1.1" 200 30383 "https://blog.wumingai.com/post/59.html" "Mozilla/4.0 (compatible; MSIE 9.0; Windows NT 6.1)"
123.58.198.151 - - [05/Dec/2025:06:02:19 +0800] "POST /zb_system/cmd.php?act=cmt&postid=59&key=df01005bfda343e28b66cdf63c9401af HTTP/1.1" 200 190 "https://blog.wumingai.com/zb_system/cmd.php?act=cmt&postid=59&key=df01005bfda343e28b66cdf63c9401af" "Mozilla/4.0 (compatible; MSIE 9.0; Windows NT 6.1)"
74.7.230.23 - - [05/Dec/2025:06:35:46 +0800] "GET /robots.txt HTTP/2.0" 404 1457 "-" "Mozilla/5.0 (Macintosh; Intel Mac OS X 10_15_7) AppleWebKit/537.36 (KHTML, like Gecko) Chrome/131.0.0.0 Safari/537.36; compatible; OAI-SearchBot/1.3; robots.txt; +https://openai.com/searchbot"
154.7.177.124 - - [05/Dec/2025:07:09:25 +0800] "GET / HTTP/1.1" 200 4777 "-" "libcurl/7.81.0 r-curl/6.0.1 httr/1.4.7"
154.7.177.124 - - [05/Dec/2025:07:09:26 +0800] "GET / HTTP/2.0" 200 4760 "-" "libcurl/7.81.0 r-curl/6.0.1 httr/1.4.7"
154.7.177.124 - - [05/Dec/2025:08:09:14 +0800] "GET / HTTP/1.1" 200 4776 "-" "libcurl/7.81.0 r-curl/6.0.1 httr/1.4.7"
154.7.177.124 - - [05/Dec/2025:08:09:15 +0800] "GET / HTTP/2.0" 200 4759 "-" "libcurl/7.81.0 r-curl/6.0.1 httr/1.4.7"
74.7.230.23 - - [05/Dec/2025:08:46:08 +0800] "GET /robots.txt HTTP/2.0" 404 1457 "-" "Mozilla/5.0 (Macintosh; Intel Mac OS X 10_15_7) AppleWebKit/537.36 (KHTML, like Gecko) Chrome/131.0.0.0 Safari/537.36; compatible; OAI-SearchBot/1.3; robots.txt; +https://openai.com/searchbot"
154.7.177.124 - - [05/Dec/2025:09:09:52 +0800] "GET / HTTP/1.1" 200 4777 "-" "libcurl/7.81.0 r-curl/6.0.1 httr/1.4.7"
154.7.177.124 - - [05/Dec/2025:09:09:52 +0800] "GET / HTTP/2.0" 200 4760 "-" "libcurl/7.81.0 r-curl/6.0.1 httr/1.4.7"
123.58.198.151 - - [05/Dec/2025:09:42:26 +0800] "GET / HTTP/1.1" 200 19032 "https://blog.wumingai.com" "Mozilla/4.0 (compatible; MSIE 9.0; Windows NT 6.1)"
123.58.198.151 - - [05/Dec/2025:09:42:26 +0800] "GET / HTTP/1.1" 200 19031 "https://blog.wumingai.com" "Mozilla/4.0 (compatible; MSIE 9.0; Windows NT 6.1)"
123.58.198.151 - - [05/Dec/2025:09:42:27 +0800] "GET /post/64.html HTTP/1.1" 200 40386 "https://blog.wumingai.com/post/64.html" "Mozilla/4.0 (compatible; MSIE 9.0; Windows NT 6.1)"
123.58.198.151 - - [05/Dec/2025:09:42:27 +0800] "POST /zb_system/cmd.php?act=cmt&postid=64&key=3ca9e5aa40846a62ab88d35936a851c7 HTTP/1.1" 200 190 "https://blog.wumingai.com/zb_system/cmd.php?act=cmt&postid=64&key=3ca9e5aa40846a62ab88d35936a851c7" "Mozilla/4.0 (compatible; MSIE 9.0; Windows NT 6.1)"
154.7.177.124 - - [05/Dec/2025:10:10:26 +0800] "GET / HTTP/1.1" 200 4778 "-" "libcurl/7.81.0 r-curl/6.0.1 httr/1.4.7"
154.7.177.124 - - [05/Dec/2025:10:10:26 +0800] "GET / HTTP/2.0" 200 4762 "-" "libcurl/7.81.0 r-curl/6.0.1 httr/1.4.7"
154.7.177.124 - - [05/Dec/2025:11:09:38 +0800] "GET / HTTP/1.1" 200 4778 "-" "libcurl/7.81.0 r-curl/6.0.1 httr/1.4.7"
154.7.177.124 - - [05/Dec/2025:11:09:39 +0800] "GET / HTTP/2.0" 200 4762 "-" "libcurl/7.81.0 r-curl/6.0.1 httr/1.4.7"
104.210.140.133 - - [05/Dec/2025:11:36:28 +0800] "GET /robots.txt HTTP/2.0" 404 1457 "-" "Mozilla/5.0 (Macintosh; Intel Mac OS X 10_15_7) AppleWebKit/537.36 (KHTML, like Gecko) Chrome/131.0.0.0 Safari/537.36; compatible; OAI-SearchBot/1.0; +https://openai.com/searchbot"
104.210.140.131 - - [05/Dec/2025:11:36:28 +0800] "GET /robots.txt HTTP/1.1" 404 1473 "-" "Mozilla/5.0 (Macintosh; Intel Mac OS X 10_15_7) AppleWebKit/537.36 (KHTML, like Gecko) Chrome/131.0.0.0 Safari/537.36; compatible; OAI-SearchBot/1.0; +https://openai.com/searchbot"
154.7.177.124 - - [05/Dec/2025:12:10:16 +0800] "GET / HTTP/1.1" 200 4778 "-" "libcurl/7.81.0 r-curl/6.0.1 httr/1.4.7"
154.7.177.124 - - [05/Dec/2025:12:10:17 +0800] "GET / HTTP/2.0" 200 4762 "-" "libcurl/7.81.0 r-curl/6.0.1 httr/1.4.7"
52.167.144.55 - - [05/Dec/2025:12:13:10 +0800] "GET /robots.txt HTTP/2.0" 404 1457 "-" "Mozilla/5.0 AppleWebKit/537.36 (KHTML, like Gecko; compatible; bingbot/2.0; +http://www.bing.com/bingbot.htm) Chrome/116.0.1938.76 Safari/537.36"
40.77.167.152 - - [05/Dec/2025:12:13:15 +0800] "GET /post/41.html HTTP/2.0" 200 7443 "-" "Mozilla/5.0 AppleWebKit/537.36 (KHTML, like Gecko; compatible; bingbot/2.0; +http://www.bing.com/bingbot.htm) Chrome/116.0.1938.76 Safari/537.36"
154.7.177.124 - - [05/Dec/2025:13:10:07 +0800] "GET / HTTP/1.1" 200 4778 "-" "libcurl/7.81.0 r-curl/6.0.1 httr/1.4.7"
154.7.177.124 - - [05/Dec/2025:13:10:08 +0800] "GET / HTTP/2.0" 200 4761 "-" "libcurl/7.81.0 r-curl/6.0.1 httr/1.4.7"
123.58.198.151 - - [05/Dec/2025:13:36:25 +0800] "GET / HTTP/1.1" 200 19031 "https://blog.wumingai.com" "Mozilla/4.0 (compatible; MSIE 9.0; Windows NT 6.1)"
123.58.198.151 - - [05/Dec/2025:13:36:26 +0800] "GET / HTTP/1.1" 200 19031 "https://blog.wumingai.com" "Mozilla/4.0 (compatible; MSIE 9.0; Windows NT 6.1)"
123.58.198.151 - - [05/Dec/2025:13:36:26 +0800] "GET /post/60.html%23cmt142 HTTP/1.1" 404 4123 "https://blog.wumingai.com/post/60.html#cmt142" "Mozilla/4.0 (compatible; MSIE 9.0; Windows NT 6.1)"
123.58.198.151 - - [05/Dec/2025:13:36:26 +0800] "GET /post/56.html HTTP/1.1" 200 30702 "https://blog.wumingai.com/post/56.html" "Mozilla/4.0 (compatible; MSIE 9.0; Windows NT 6.1)"
123.58.198.151 - - [05/Dec/2025:13:36:26 +0800] "POST /zb_system/cmd.php?act=cmt&postid=56&key=c9bd0e7ae41b3f4e8487a32934bf3442 HTTP/1.1" 200 190 "https://blog.wumingai.com/zb_system/cmd.php?act=cmt&postid=56&key=c9bd0e7ae41b3f4e8487a32934bf3442" "Mozilla/4.0 (compatible; MSIE 9.0; Windows NT 6.1)"
154.7.177.124 - - [05/Dec/2025:14:09:41 +0800] "GET / HTTP/1.1" 200 4778 "-" "libcurl/7.81.0 r-curl/6.0.1 httr/1.4.7"
154.7.177.124 - - [05/Dec/2025:14:09:42 +0800] "GET / HTTP/2.0" 200 4763 "-" "libcurl/7.81.0 r-curl/6.0.1 httr/1.4.7"
40.77.167.121 - - [05/Dec/2025:14:30:07 +0800] "GET /tags-5.html HTTP/2.0" 200 6977 "-" "Mozilla/5.0 AppleWebKit/537.36 (KHTML, like Gecko; compatible; bingbot/2.0; +http://www.bing.com/bingbot.htm) Chrome/116.0.1938.76 Safari/537.36"
209.97.184.176 - - [05/Dec/2025:15:08:55 +0800] "GET / HTTP/1.1" 200 4831 "-" "Mozilla/5.0 (X11; Linux x86_64) AppleWebKit/537.36 (KHTML, like Gecko) Chrome/139.0.0.0 Safari/537.36"
209.97.184.176 - - [05/Dec/2025:15:08:57 +0800] "GET / HTTP/1.1" 200 4827 "-" "Mozilla/5.0 (X11; Linux x86_64) AppleWebKit/537.36 (KHTML, like Gecko) Chrome/139.0.0.0 Safari/537.36"
154.7.177.124 - - [05/Dec/2025:15:10:12 +0800] "GET / HTTP/1.1" 200 4778 "-" "libcurl/7.81.0 r-curl/6.0.1 httr/1.4.7"
154.7.177.124 - - [05/Dec/2025:15:10:13 +0800] "GET / HTTP/2.0" 200 4762 "-" "libcurl/7.81.0 r-curl/6.0.1 httr/1.4.7"
180.97.218.71 - - [05/Dec/2025:15:45:40 +0800] "GET / HTTP/1.1" 200 19031 "https://blog.wumingai.com" "Mozilla/4.0 (compatible; MSIE 9.0; Windows NT 6.1)"
180.97.218.71 - - [05/Dec/2025:15:45:40 +0800] "GET / HTTP/1.1" 200 19031 "https://blog.wumingai.com" "Mozilla/4.0 (compatible; MSIE 9.0; Windows NT 6.1)"
180.97.218.71 - - [05/Dec/2025:15:45:40 +0800] "GET /post/61.html%23cmt141 HTTP/1.1" 404 4123 "https://blog.wumingai.com/post/61.html#cmt141" "Mozilla/4.0 (compatible; MSIE 9.0; Windows NT 6.1)"
180.97.218.71 - - [05/Dec/2025:15:45:40 +0800] "GET /post/61.html HTTP/1.1" 200 29043 "https://blog.wumingai.com/post/61.html" "Mozilla/4.0 (compatible; MSIE 9.0; Windows NT 6.1)"
180.97.218.71 - - [05/Dec/2025:15:45:40 +0800] "POST /zb_system/cmd.php?act=cmt&postid=61&key=8e8153d5dd542352dfbd779946a0795f HTTP/1.1" 200 1216 "https://blog.wumingai.com/zb_system/cmd.php?act=cmt&postid=61&key=8e8153d5dd542352dfbd779946a0795f" "Mozilla/4.0 (compatible; MSIE 9.0; Windows NT 6.1)"
154.7.177.124 - - [05/Dec/2025:16:09:53 +0800] "GET / HTTP/1.1" 200 4760 "-" "libcurl/7.81.0 r-curl/6.0.1 httr/1.4.7"
154.7.177.124 - - [05/Dec/2025:16:09:54 +0800] "GET / HTTP/2.0" 200 4743 "-" "libcurl/7.81.0 r-curl/6.0.1 httr/1.4.7"
123.58.198.151 - - [05/Dec/2025:17:32:08 +0800] "GET / HTTP/1.1" 200 19044 "https://blog.wumingai.com" "Mozilla/4.0 (compatible; MSIE 9.0; Windows NT 6.1)"
123.58.198.151 - - [05/Dec/2025:17:32:09 +0800] "GET / HTTP/1.1" 200 19044 "https://blog.wumingai.com" "Mozilla/4.0 (compatible; MSIE 9.0; Windows NT 6.1)"
123.58.198.151 - - [05/Dec/2025:17:32:09 +0800] "GET /page_2.html HTTP/1.1" 200 18571 "https://blog.wumingai.com/page_2.html" "Mozilla/4.0 (compatible; MSIE 9.0; Windows NT 6.1)"
123.58.198.151 - - [05/Dec/2025:17:32:09 +0800] "GET /post/57.html HTTP/1.1" 200 29139 "https://blog.wumingai.com/post/57.html" "Mozilla/4.0 (compatible; MSIE 9.0; Windows NT 6.1)"
123.58.198.151 - - [05/Dec/2025:17:32:09 +0800] "POST /zb_system/cmd.php?act=cmt&postid=57&key=c204f304b49c2e2ed48244cfaf7b00e6 HTTP/1.1" 200 190 "https://blog.wumingai.com/zb_system/cmd.php?act=cmt&postid=57&key=c204f304b49c2e2ed48244cfaf7b00e6" "Mozilla/4.0 (compatible; MSIE 9.0; Windows NT 6.1)"
45.130.203.232 - - [05/Dec/2025:17:38:27 +0800] "GET /.git/HEAD HTTP/1.1" 404 4110 "-" "Python-urllib/3.10"
154.7.177.124 - - [05/Dec/2025:19:10:20 +0800] "GET / HTTP/1.1" 200 4760 "-" "libcurl/7.81.0 r-curl/6.0.1 httr/1.4.7"
154.7.177.124 - - [05/Dec/2025:19:10:21 +0800] "GET / HTTP/2.0" 200 4743 "-" "libcurl/7.81.0 r-curl/6.0.1 httr/1.4.7"
103.196.9.72 - - [05/Dec/2025:19:44:39 +0800] "GET / HTTP/1.1" 200 4756 "-" "Mozilla/5.0 (Macintosh; Intel Mac OS X 10_15_7) AppleWebKit/537.36 (KHTML, like Gecko) Chrome/117.0.0.0 Safari/537.36"
104.164.126.89 - - [05/Dec/2025:19:44:45 +0800] "GET / HTTP/1.1" 200 4809 "-" "Mozilla/5.0 (X11; Linux x86_64) AppleWebKit/537.36 (KHTML, like Gecko) Chrome/116.0.0.0 Safari/537.36"
104.164.126.89 - - [05/Dec/2025:19:45:03 +0800] "GET / HTTP/1.1" 200 4756 "-" "Mozilla/5.0 (Windows NT 10.0; Win64; x64) AppleWebKit/537.36 (KHTML, like Gecko) Chrome/117.0.0.0 Safari/537.36"
154.7.177.124 - - [05/Dec/2025:20:10:17 +0800] "GET / HTTP/1.1" 200 4760 "-" "libcurl/7.81.0 r-curl/6.0.1 httr/1.4.7"
154.7.177.124 - - [05/Dec/2025:20:10:18 +0800] "GET / HTTP/2.0" 200 4743 "-" "libcurl/7.81.0 r-curl/6.0.1 httr/1.4.7"
154.7.177.124 - - [05/Dec/2025:21:10:08 +0800] "GET / HTTP/1.1" 200 4760 "-" "libcurl/7.81.0 r-curl/6.0.1 httr/1.4.7"
154.7.177.124 - - [05/Dec/2025:21:10:08 +0800] "GET / HTTP/2.0" 200 4743 "-" "libcurl/7.81.0 r-curl/6.0.1 httr/1.4.7"
123.58.198.151 - - [05/Dec/2025:21:32:05 +0800] "GET / HTTP/1.1" 200 19044 "https://blog.wumingai.com" "Mozilla/4.0 (compatible; MSIE 9.0; Windows NT 6.1)"
123.58.198.151 - - [05/Dec/2025:21:32:06 +0800] "GET / HTTP/1.1" 200 19044 "https://blog.wumingai.com" "Mozilla/4.0 (compatible; MSIE 9.0; Windows NT 6.1)"
123.58.198.151 - - [05/Dec/2025:21:32:07 +0800] "GET /post/64.html HTTP/1.1" 200 42638 "https://blog.wumingai.com/post/64.html" "Mozilla/4.0 (compatible; MSIE 9.0; Windows NT 6.1)"
123.58.198.151 - - [05/Dec/2025:21:32:09 +0800] "POST /zb_system/cmd.php?act=cmt&postid=64&key=3ca9e5aa40846a62ab88d35936a851c7 HTTP/1.1" 200 190 "https://blog.wumingai.com/zb_system/cmd.php?act=cmt&postid=64&key=3ca9e5aa40846a62ab88d35936a851c7" "Mozilla/4.0 (compatible; MSIE 9.0; Windows NT 6.1)"
154.7.177.124 - - [05/Dec/2025:22:10:42 +0800] "GET / HTTP/1.1" 200 4758 "-" "libcurl/7.81.0 r-curl/6.0.1 httr/1.4.7"
154.7.177.124 - - [05/Dec/2025:22:10:43 +0800] "GET / HTTP/2.0" 200 4741 "-" "libcurl/7.81.0 r-curl/6.0.1 httr/1.4.7"
98.80.183.41 - - [05/Dec/2025:22:17:54 +0800] "GET /.git/ HTTP/1.1" 404 1469 "-" "Mozilla/5.0 (X11; Linux x86_64)"
154.7.177.124 - - [05/Dec/2025:23:10:10 +0800] "GET / HTTP/1.1" 200 4758 "-" "libcurl/7.81.0 r-curl/6.0.1 httr/1.4.7"
154.7.177.124 - - [05/Dec/2025:23:10:11 +0800] "GET / HTTP/2.0" 200 4741 "-" "libcurl/7.81.0 r-curl/6.0.1 httr/1.4.7"
23.132.164.43 - - [05/Dec/2025:23:17:55 +0800] "GET / HTTP/1.1" 200 18966 "-" "-"
23.132.164.43 - - [05/Dec/2025:23:17:56 +0800] "GET /wordpress HTTP/1.1" 404 4110 "-" "-"
23.132.164.43 - - [05/Dec/2025:23:17:56 +0800] "GET /wp-admin/setup-config.php HTTP/1.1" 404 4110 "-" "-"
23.132.164.43 - - [05/Dec/2025:23:17:56 +0800] "GET /wp-admin/install.php HTTP/1.1" 404 4110 "-" "-"
23.132.164.43 - - [05/Dec/2025:23:17:57 +0800] "GET /wp HTTP/1.1" 404 4110 "-" "-"
23.132.164.43 - - [05/Dec/2025:23:17:57 +0800] "GET /blog HTTP/1.1" 404 4110 "-" "-"
23.132.164.43 - - [05/Dec/2025:23:17:57 +0800] "GET /new HTTP/1.1" 404 4110 "-" "-"
23.132.164.43 - - [05/Dec/2025:23:17:58 +0800] "GET /old HTTP/1.1" 404 4110 "-" "-"
23.132.164.43 - - [05/Dec/2025:23:17:59 +0800] "GET /newsite HTTP/1.1" 404 4110 "-" "-"
23.132.164.43 - - [05/Dec/2025:23:18:01 +0800] "GET /test HTTP/1.1" 404 4110 "-" "-"
23.132.164.43 - - [05/Dec/2025:23:18:01 +0800] "GET /main HTTP/1.1" 404 4110 "-" "-"
23.132.164.43 - - [05/Dec/2025:23:18:01 +0800] "GET /testing HTTP/1.1" 404 4110 "-" "-"
23.132.164.43 - - [05/Dec/2025:23:18:01 +0800] "GET /site HTTP/1.1" 404 4110 "-" "-"
23.132.164.43 - - [05/Dec/2025:23:18:02 +0800] "GET /backup HTTP/1.1" 404 4110 "-" "-"
23.132.164.43 - - [05/Dec/2025:23:18:02 +0800] "GET /demo HTTP/1.1" 404 4110 "-" "-"
23.132.164.43 - - [05/Dec/2025:23:18:02 +0800] "GET /home HTTP/1.1" 404 4110 "-" "-"
23.132.164.43 - - [05/Dec/2025:23:18:03 +0800] "GET /tmp HTTP/1.1" 404 4110 "-" "-"
23.132.164.43 - - [05/Dec/2025:23:18:03 +0800] "GET /dev HTTP/1.1" 404 4110 "-" "-"
23.132.164.43 - - [05/Dec/2025:23:18:03 +0800] "GET /cms HTTP/1.1" 404 4110 "-" "-"
23.132.164.43 - - [05/Dec/2025:23:18:04 +0800] "GET /portal HTTP/1.1" 404 4110 "-" "-"
23.132.164.43 - - [05/Dec/2025:23:18:04 +0800] "GET /web HTTP/1.1" 404 4110 "-" "-"
154.7.177.124 - - [06/Dec/2025:00:10:09 +0800] "GET / HTTP/1.1" 200 4758 "-" "libcurl/7.81.0 r-curl/6.0.1 httr/1.4.7"
154.7.177.124 - - [06/Dec/2025:00:10:10 +0800] "GET / HTTP/2.0" 200 4741 "-" "libcurl/7.81.0 r-curl/6.0.1 httr/1.4.7"
154.7.177.124 - - [06/Dec/2025:01:10:21 +0800] "GET / HTTP/1.1" 200 4759 "-" "libcurl/7.81.0 r-curl/6.0.1 httr/1.4.7"
154.7.177.124 - - [06/Dec/2025:01:10:22 +0800] "GET / HTTP/2.0" 200 4740 "-" "libcurl/7.81.0 r-curl/6.0.1 httr/1.4.7"
123.58.198.151 - - [06/Dec/2025:01:48:03 +0800] "GET / HTTP/1.1" 200 19044 "https://blog.wumingai.com" "Mozilla/4.0 (compatible; MSIE 9.0; Windows NT 6.1)"
123.58.198.151 - - [06/Dec/2025:01:48:03 +0800] "GET / HTTP/1.1" 200 19044 "https://blog.wumingai.com" "Mozilla/4.0 (compatible; MSIE 9.0; Windows NT 6.1)"
123.58.198.151 - - [06/Dec/2025:01:48:04 +0800] "GET /page_6.html HTTP/1.1" 200 19322 "https://blog.wumingai.com/page_6.html" "Mozilla/4.0 (compatible; MSIE 9.0; Windows NT 6.1)"
123.58.198.151 - - [06/Dec/2025:01:48:04 +0800] "GET /page_2.html HTTP/1.1" 200 18571 "https://blog.wumingai.com/page_2.html" "Mozilla/4.0 (compatible; MSIE 9.0; Windows NT 6.1)"
123.58.198.151 - - [06/Dec/2025:01:48:04 +0800] "GET /post/63.html HTTP/1.1" 200 45826 "https://blog.wumingai.com/post/63.html" "Mozilla/4.0 (compatible; MSIE 9.0; Windows NT 6.1)"
123.58.198.151 - - [06/Dec/2025:01:48:05 +0800] "POST /zb_system/cmd.php?act=cmt&postid=63&key=c7859fbc8f4fd04755e8aaf0d651bd31 HTTP/1.1" 200 190 "https://blog.wumingai.com/zb_system/cmd.php?act=cmt&postid=63&key=c7859fbc8f4fd04755e8aaf0d651bd31" "Mozilla/4.0 (compatible; MSIE 9.0; Windows NT 6.1)"
113.44.98.191 - - [06/Dec/2025:01:48:44 +0800] "GET /post/7.html HTTP/2.0" 200 14732 "https://blog.wumingai.com/post/7.html" "Mozilla/5.0 (Macintosh; Intel Mac OS X 10_15_7) AppleWebKit/537.36 (KHTML, like Gecko) Chrome/131.0.0.0 Safari/537.36"
