1.92.217.227 - - [18/Nov/2025:04:01:21 +0800] "GET /post/9.html HTTP/2.0" 200 8906 "https://blog.wumingai.com/post/9.html" "Mozilla/5.0 (Windows NT 10.0; Win64; x64) AppleWebKit/537.36 (KHTML, like Gecko) Chrome/101.0.4951.64 Safari/537.36 Edg/101.0.1210.47"
116.204.40.66 - - [18/Nov/2025:04:49:25 +0800] "GET /post/3.html HTTP/2.0" 200 12608 "https://blog.wumingai.com/post/3.html" "Mozilla/5.0 (Windows NT 10.0; Win64; x64) AppleWebKit/537.36 (KHTML, like Gecko) Chrome/116.0.0.0 Safari/537.36"
154.12.55.32 - - [18/Nov/2025:05:01:07 +0800] "GET / HTTP/1.1" 200 4758 "-" "libcurl/7.81.0 r-curl/6.0.1 httr/1.4.7"
154.12.55.32 - - [18/Nov/2025:05:01:08 +0800] "GET / HTTP/2.0" 200 4739 "-" "libcurl/7.81.0 r-curl/6.0.1 httr/1.4.7"
116.204.77.152 - - [18/Nov/2025:05:13:05 +0800] "GET /post/48.html HTTP/2.0" 200 9200 "https://blog.wumingai.com/post/48.html" "Mozilla/5.0 (Macintosh; Intel Mac OS X 10_15_7) AppleWebKit/537.36 (KHTML, like Gecko) Chrome/119.0.0.0 Safari/537.36"
154.12.55.32 - - [18/Nov/2025:06:00:49 +0800] "GET / HTTP/1.1" 200 4758 "-" "libcurl/7.81.0 r-curl/6.0.1 httr/1.4.7"
154.12.55.32 - - [18/Nov/2025:06:00:50 +0800] "GET / HTTP/2.0" 200 4738 "-" "libcurl/7.81.0 r-curl/6.0.1 httr/1.4.7"
116.204.69.190 - - [18/Nov/2025:06:01:30 +0800] "GET /post/58.html HTTP/2.0" 200 6641 "https://blog.wumingai.com/post/58.html#cmt49" "Mozilla/5.0 (Macintosh; Intel Mac OS X 10_15_7) AppleWebKit/537.36 (KHTML, like Gecko) Chrome/131.0.0.0 Safari/537.36"
162.128.163.130 - - [18/Nov/2025:06:25:11 +0800] "GET /post/44.html HTTP/2.0" 200 7806 "https://blog.wumingai.com/post/44.html" "Mozilla/5.0 (Macintosh; Intel Mac OS X 10_15_7) AppleWebKit/537.36 (KHTML, like Gecko) Chrome/131.0.0.0 Safari/537.36"
121.37.106.181 - - [18/Nov/2025:06:49:05 +0800] "GET /post/49.html HTTP/2.0" 200 8778 "https://blog.wumingai.com/post/49.html" "Mozilla/5.0 (Macintosh; Intel Mac OS X 10_15_7) AppleWebKit/537.36 (KHTML, like Gecko) Chrome/120.0.0.0 Safari/537.36"
154.12.55.32 - - [18/Nov/2025:07:01:23 +0800] "GET / HTTP/1.1" 200 4756 "-" "libcurl/7.81.0 r-curl/6.0.1 httr/1.4.7"
154.12.55.32 - - [18/Nov/2025:07:01:24 +0800] "GET / HTTP/2.0" 200 4737 "-" "libcurl/7.81.0 r-curl/6.0.1 httr/1.4.7"
1.92.201.185 - - [18/Nov/2025:07:13:14 +0800] "GET /post/28.html HTTP/2.0" 200 8224 "https://blog.wumingai.com/post/28.html" "Mozilla/5.0 (Macintosh; Intel Mac OS X 10_15_7) AppleWebKit/537.36 (KHTML, like Gecko) Chrome/131.0.0.0 Safari/537.36"
1.92.195.92 - - [18/Nov/2025:07:37:06 +0800] "GET /post/19.html HTTP/2.0" 200 8825 "https://blog.wumingai.com/post/19.html" "Mozilla/5.0 (Macintosh; Intel Mac OS X 10_15_7) AppleWebKit/537.36 (KHTML, like Gecko) Chrome/131.0.0.0 Safari/537.36"
123.58.198.151 - - [18/Nov/2025:07:49:54 +0800] "GET / HTTP/1.1" 200 18987 "https://blog.wumingai.com" "Mozilla/4.0 (compatible; MSIE 9.0; Windows NT 6.1)"
123.58.198.151 - - [18/Nov/2025:07:49:54 +0800] "GET / HTTP/1.1" 200 18987 "https://blog.wumingai.com" "Mozilla/4.0 (compatible; MSIE 9.0; Windows NT 6.1)"
123.58.198.151 - - [18/Nov/2025:07:49:54 +0800] "GET /post/64.html HTTP/1.1" 200 36444 "https://blog.wumingai.com/post/64.html" "Mozilla/4.0 (compatible; MSIE 9.0; Windows NT 6.1)"
123.58.198.151 - - [18/Nov/2025:07:49:54 +0800] "POST /zb_system/cmd.php?act=cmt&postid=64&key=71aa14beb9c0bd7d5ad33dfa7671f8e1 HTTP/1.1" 200 190 "https://blog.wumingai.com/zb_system/cmd.php?act=cmt&postid=64&key=71aa14beb9c0bd7d5ad33dfa7671f8e1" "Mozilla/4.0 (compatible; MSIE 9.0; Windows NT 6.1)"
154.12.55.32 - - [18/Nov/2025:08:01:22 +0800] "GET / HTTP/1.1" 200 4758 "-" "libcurl/7.81.0 r-curl/6.0.1 httr/1.4.7"
154.12.55.32 - - [18/Nov/2025:08:01:23 +0800] "GET / HTTP/2.0" 200 4738 "-" "libcurl/7.81.0 r-curl/6.0.1 httr/1.4.7"
1.92.198.208 - - [18/Nov/2025:08:01:39 +0800] "GET /post/17.html HTTP/2.0" 200 58301 "https://blog.wumingai.com/post/17.html" "Mozilla/5.0 (Windows NT 10.0; Win64; x64) AppleWebKit/537.36 (KHTML, like Gecko) Chrome/101.0.4951.64 Safari/537.36 Edg/101.0.1210.47"
1.92.202.58 - - [18/Nov/2025:08:25:08 +0800] "GET /post/43.html HTTP/2.0" 200 12179 "https://blog.wumingai.com/post/43.html" "Mozilla/5.0 (Macintosh; Intel Mac OS X 10_15_7) AppleWebKit/537.36 (KHTML, like Gecko) Chrome/120.0.0.0 Safari/537.36"
52.167.144.166 - - [18/Nov/2025:08:34:32 +0800] "GET /tags-26.html HTTP/2.0" 200 4162 "-" "Mozilla/5.0 AppleWebKit/537.36 (KHTML, like Gecko; compatible; bingbot/2.0; +http://www.bing.com/bingbot.htm) Chrome/116.0.1938.76 Safari/537.36"
116.204.39.159 - - [18/Nov/2025:08:49:07 +0800] "GET /post/50.html HTTP/2.0" 200 6002 "https://blog.wumingai.com/post/50.html" "Mozilla/5.0 (Macintosh; Intel Mac OS X 10_15_7) AppleWebKit/537.36 (KHTML, like Gecko) Chrome/123.0.0.0 Safari/537.36"
154.12.55.32 - - [18/Nov/2025:09:01:05 +0800] "GET / HTTP/1.1" 200 4757 "-" "libcurl/7.81.0 r-curl/6.0.1 httr/1.4.7"
154.12.55.32 - - [18/Nov/2025:09:01:06 +0800] "GET / HTTP/2.0" 200 4738 "-" "libcurl/7.81.0 r-curl/6.0.1 httr/1.4.7"
116.204.99.59 - - [18/Nov/2025:09:13:04 +0800] "GET /post/63.html HTTP/2.0" 200 8780 "https://blog.wumingai.com/post/63.html#cmt86" "Mozilla/5.0 (Macintosh; Intel Mac OS X 10_15_7) AppleWebKit/537.36 (KHTML, like Gecko) Chrome/119.0.0.0 Safari/537.36"
104.210.140.128 - - [18/Nov/2025:09:52:52 +0800] "GET /robots.txt HTTP/2.0" 404 1457 "-" "Mozilla/5.0 (Macintosh; Intel Mac OS X 10_15_7) AppleWebKit/537.36 (KHTML, like Gecko) Chrome/131.0.0.0 Safari/537.36; compatible; OAI-SearchBot/1.0; +https://openai.com/searchbot"
104.210.140.134 - - [18/Nov/2025:09:52:54 +0800] "GET /robots.txt HTTP/1.1" 404 1473 "-" "Mozilla/5.0 (Macintosh; Intel Mac OS X 10_15_7) AppleWebKit/537.36 (KHTML, like Gecko) Chrome/131.0.0.0 Safari/537.36; compatible; OAI-SearchBot/1.0; +https://openai.com/searchbot"
154.12.55.32 - - [18/Nov/2025:10:01:04 +0800] "GET / HTTP/1.1" 200 4755 "-" "libcurl/7.81.0 r-curl/6.0.1 httr/1.4.7"
154.12.55.32 - - [18/Nov/2025:10:01:05 +0800] "GET / HTTP/2.0" 200 4737 "-" "libcurl/7.81.0 r-curl/6.0.1 httr/1.4.7"
154.12.55.32 - - [18/Nov/2025:11:01:23 +0800] "GET / HTTP/1.1" 200 4756 "-" "libcurl/7.81.0 r-curl/6.0.1 httr/1.4.7"
154.12.55.32 - - [18/Nov/2025:11:01:24 +0800] "GET / HTTP/2.0" 200 4737 "-" "libcurl/7.81.0 r-curl/6.0.1 httr/1.4.7"
1.92.208.139 - - [18/Nov/2025:11:18:40 +0800] "GET /post/57.html HTTP/2.0" 200 6973 "https://blog.wumingai.com/post/57.html#cmt76" "Mozilla/5.0 (Macintosh; Intel Mac OS X 10_15_7) AppleWebKit/537.36 (KHTML, like Gecko) Chrome/119.0.0.0 Safari/537.36"
116.204.99.59 - - [18/Nov/2025:11:18:40 +0800] "GET /post/25.html HTTP/2.0" 200 11064 "https://blog.wumingai.com/post/25.html" "Mozilla/5.0 (Windows NT 10.0; Win64; x64) AppleWebKit/537.36 (KHTML, like Gecko) Chrome/116.0.0.0 Safari/537.36"
121.37.96.100 - - [18/Nov/2025:11:18:41 +0800] "GET /post/40.html HTTP/2.0" 200 7592 "https://blog.wumingai.com/post/40.html" "Mozilla/5.0 (Windows NT 10.0; Win64; x64) AppleWebKit/537.36 (KHTML, like Gecko) Chrome/116.0.0.0 Safari/537.36"
154.12.55.32 - - [18/Nov/2025:12:01:12 +0800] "GET / HTTP/1.1" 200 4757 "-" "libcurl/7.81.0 r-curl/6.0.1 httr/1.4.7"
154.12.55.32 - - [18/Nov/2025:12:01:14 +0800] "GET / HTTP/2.0" 200 4738 "-" "libcurl/7.81.0 r-curl/6.0.1 httr/1.4.7"
123.58.198.151 - - [18/Nov/2025:12:10:07 +0800] "GET / HTTP/1.1" 200 18987 "https://blog.wumingai.com" "Mozilla/4.0 (compatible; MSIE 9.0; Windows NT 6.1)"
123.58.198.151 - - [18/Nov/2025:12:10:08 +0800] "GET / HTTP/1.1" 200 18987 "https://blog.wumingai.com" "Mozilla/4.0 (compatible; MSIE 9.0; Windows NT 6.1)"
123.58.198.151 - - [18/Nov/2025:12:10:08 +0800] "GET /post/56.html HTTP/1.1" 200 24885 "https://blog.wumingai.com/post/56.html" "Mozilla/4.0 (compatible; MSIE 9.0; Windows NT 6.1)"
123.58.198.151 - - [18/Nov/2025:12:10:08 +0800] "POST /zb_system/cmd.php?act=cmt&postid=56&key=26c77c16e39b7af15ca6e42b60c39b2c HTTP/1.1" 200 190 "https://blog.wumingai.com/zb_system/cmd.php?act=cmt&postid=56&key=26c77c16e39b7af15ca6e42b60c39b2c" "Mozilla/4.0 (compatible; MSIE 9.0; Windows NT 6.1)"
113.44.121.251 - - [18/Nov/2025:12:25:05 +0800] "GET /post/7.html HTTP/2.0" 200 14716 "https://blog.wumingai.com/post/7.html" "Mozilla/5.0 (Windows NT 10.0; Win64; x64) AppleWebKit/537.36 (KHTML, like Gecko) Chrome/116.0.0.0 Safari/537.36"
74.7.228.38 - - [18/Nov/2025:12:42:17 +0800] "GET /robots.txt HTTP/2.0" 404 1457 "-" "Mozilla/5.0 (Macintosh; Intel Mac OS X 10_15_7) AppleWebKit/537.36 (KHTML, like Gecko) Chrome/131.0.0.0 Safari/537.36; compatible; OAI-SearchBot/1.3; robots.txt; +https://openai.com/searchbot"
74.7.227.162 - - [18/Nov/2025:12:42:18 +0800] "GET / HTTP/1.1" 200 4755 "-" "Mozilla/5.0 AppleWebKit/537.36 (KHTML, like Gecko; compatible; GPTBot/1.3; +https://openai.com/gptbot)"
74.7.227.162 - - [18/Nov/2025:12:42:24 +0800] "GET /?id=2 HTTP/1.1" 302 64 "-" "Mozilla/5.0 AppleWebKit/537.36 (KHTML, like Gecko; compatible; GPTBot/1.3; +https://openai.com/gptbot)"
74.7.227.162 - - [18/Nov/2025:12:42:24 +0800] "GET /2.html HTTP/1.1" 200 2947 "-" "Mozilla/5.0 AppleWebKit/537.36 (KHTML, like Gecko; compatible; GPTBot/1.3; +https://openai.com/gptbot)"
116.204.101.149 - - [18/Nov/2025:12:49:10 +0800] "GET /post/8.html HTTP/2.0" 200 12080 "https://blog.wumingai.com/post/8.html" "Mozilla/5.0 (Macintosh; Intel Mac OS X 10_15_7) AppleWebKit/537.36 (KHTML, like Gecko) Chrome/123.0.0.0 Safari/537.36"
40.77.167.52 - - [18/Nov/2025:12:53:29 +0800] "GET /page_2.html HTTP/2.0" 200 4513 "-" "Mozilla/5.0 AppleWebKit/537.36 (KHTML, like Gecko; compatible; bingbot/2.0; +http://www.bing.com/bingbot.htm) Chrome/116.0.1938.76 Safari/537.36"
154.12.55.32 - - [18/Nov/2025:13:00:54 +0800] "GET / HTTP/1.1" 200 4758 "-" "libcurl/7.81.0 r-curl/6.0.1 httr/1.4.7"
154.12.55.32 - - [18/Nov/2025:13:00:56 +0800] "GET / HTTP/2.0" 200 4741 "-" "libcurl/7.81.0 r-curl/6.0.1 httr/1.4.7"
116.204.97.108 - - [18/Nov/2025:13:13:08 +0800] "GET /post/51.html HTTP/2.0" 200 7549 "https://blog.wumingai.com/post/51.html" "Mozilla/5.0 (Macintosh; Intel Mac OS X 10_15_7) AppleWebKit/537.36 (KHTML, like Gecko) Chrome/119.0.0.0 Safari/537.36"
113.44.96.17 - - [18/Nov/2025:13:37:06 +0800] "GET /post/53.html HTTP/2.0" 200 6002 "https://blog.wumingai.com/post/53.html" "Mozilla/5.0 (Windows NT 10.0; Win64; x64) AppleWebKit/537.36 (KHTML, like Gecko) Chrome/116.0.0.0 Safari/537.36"
113.44.114.2 - - [18/Nov/2025:13:58:58 +0800] "GET /post/27.html HTTP/2.0" 200 7443 "https://blog.wumingai.com/post/27.html" "Mozilla/5.0 (Macintosh; Intel Mac OS X 10_15_7) AppleWebKit/537.36 (KHTML, like Gecko) Chrome/120.0.0.0 Safari/537.36"
154.12.55.32 - - [18/Nov/2025:14:01:30 +0800] "GET / HTTP/1.1" 200 4760 "-" "libcurl/7.81.0 r-curl/6.0.1 httr/1.4.7"
154.12.55.32 - - [18/Nov/2025:14:01:31 +0800] "GET / HTTP/2.0" 200 4742 "-" "libcurl/7.81.0 r-curl/6.0.1 httr/1.4.7"
205.210.31.222 - - [18/Nov/2025:14:11:51 +0800] "GET / HTTP/1.1" 200 18987 "-" "Hello from Palo Alto Networks, find out more about our scans in https://docs-cortex.paloaltonetworks.com/r/1/Cortex-Xpanse/Scanning-activity"
113.44.127.63 - - [18/Nov/2025:14:20:36 +0800] "GET /post/47.html HTTP/2.0" 200 19439 "https://blog.wumingai.com/post/47.html" "Mozilla/5.0 (Windows NT 10.0; Win64; x64) AppleWebKit/537.36 (KHTML, like Gecko) Chrome/101.0.4951.64 Safari/537.36 Edg/101.0.1210.47"
52.167.144.166 - - [18/Nov/2025:14:39:09 +0800] "GET /tags-30.html HTTP/2.0" 200 2638 "-" "Mozilla/5.0 AppleWebKit/537.36 (KHTML, like Gecko; compatible; bingbot/2.0; +http://www.bing.com/bingbot.htm) Chrome/116.0.1938.76 Safari/537.36"
154.12.55.32 - - [18/Nov/2025:15:01:08 +0800] "GET / HTTP/1.1" 200 4759 "-" "libcurl/7.81.0 r-curl/6.0.1 httr/1.4.7"
154.12.55.32 - - [18/Nov/2025:15:01:09 +0800] "GET / HTTP/2.0" 200 4742 "-" "libcurl/7.81.0 r-curl/6.0.1 httr/1.4.7"
116.204.18.107 - - [18/Nov/2025:15:08:39 +0800] "GET /post/6.html HTTP/2.0" 200 9808 "https://blog.wumingai.com/post/6.html" "Mozilla/5.0 (Macintosh; Intel Mac OS X 10_15_7) AppleWebKit/537.36 (KHTML, like Gecko) Chrome/123.0.0.0 Safari/537.36"
180.97.218.71 - - [18/Nov/2025:15:16:02 +0800] "GET / HTTP/1.1" 200 18987 "https://blog.wumingai.com" "Mozilla/4.0 (compatible; MSIE 9.0; Windows NT 6.1)"
180.97.218.71 - - [18/Nov/2025:15:16:02 +0800] "GET / HTTP/1.1" 200 18987 "https://blog.wumingai.com" "Mozilla/4.0 (compatible; MSIE 9.0; Windows NT 6.1)"
180.97.218.71 - - [18/Nov/2025:15:16:02 +0800] "GET /page_7.html HTTP/1.1" 200 8477 "https://blog.wumingai.com/page_7.html" "Mozilla/4.0 (compatible; MSIE 9.0; Windows NT 6.1)"
180.97.218.71 - - [18/Nov/2025:15:16:02 +0800] "GET /page_7.html HTTP/1.1" 200 8477 "https://blog.wumingai.com/page_7.html" "Mozilla/4.0 (compatible; MSIE 9.0; Windows NT 6.1)"
180.97.218.71 - - [18/Nov/2025:15:16:02 +0800] "GET /page_2.html HTTP/1.1" 200 18517 "https://blog.wumingai.com/page_2.html" "Mozilla/4.0 (compatible; MSIE 9.0; Windows NT 6.1)"
180.97.218.71 - - [18/Nov/2025:15:16:02 +0800] "GET /post/55.html HTTP/1.1" 200 25611 "https://blog.wumingai.com/post/55.html" "Mozilla/4.0 (compatible; MSIE 9.0; Windows NT 6.1)"
180.97.218.71 - - [18/Nov/2025:15:16:02 +0800] "POST /zb_system/cmd.php?act=cmt&postid=55&key=844d1894a3daf12bb138616dc994ef2b HTTP/1.1" 200 1176 "https://blog.wumingai.com/zb_system/cmd.php?act=cmt&postid=55&key=844d1894a3daf12bb138616dc994ef2b" "Mozilla/4.0 (compatible; MSIE 9.0; Windows NT 6.1)"
116.204.25.169 - - [18/Nov/2025:15:32:41 +0800] "GET /post/29.html HTTP/2.0" 200 8750 "https://blog.wumingai.com/post/29.html" "Mozilla/5.0 (Macintosh; Intel Mac OS X 10_15_7) AppleWebKit/537.36 (KHTML, like Gecko) Chrome/123.0.0.0 Safari/537.36"
154.12.55.32 - - [18/Nov/2025:16:00:56 +0800] "GET / HTTP/1.1" 200 4764 "-" "libcurl/7.81.0 r-curl/6.0.1 httr/1.4.7"
154.12.55.32 - - [18/Nov/2025:16:00:57 +0800] "GET / HTTP/2.0" 200 4744 "-" "libcurl/7.81.0 r-curl/6.0.1 httr/1.4.7"
123.58.198.151 - - [18/Nov/2025:16:10:27 +0800] "GET / HTTP/1.1" 200 18999 "https://blog.wumingai.com" "Mozilla/4.0 (compatible; MSIE 9.0; Windows NT 6.1)"
123.58.198.151 - - [18/Nov/2025:16:10:27 +0800] "GET / HTTP/1.1" 200 18999 "https://blog.wumingai.com" "Mozilla/4.0 (compatible; MSIE 9.0; Windows NT 6.1)"
123.58.198.151 - - [18/Nov/2025:16:10:27 +0800] "GET /post/58.html HTTP/1.1" 200 24480 "https://blog.wumingai.com/post/58.html" "Mozilla/4.0 (compatible; MSIE 9.0; Windows NT 6.1)"
123.58.198.151 - - [18/Nov/2025:16:10:27 +0800] "POST /zb_system/cmd.php?act=cmt&postid=58&key=7adaf71caf9a4ce84faf4cbcb262a2db HTTP/1.1" 200 190 "https://blog.wumingai.com/zb_system/cmd.php?act=cmt&postid=58&key=7adaf71caf9a4ce84faf4cbcb262a2db" "Mozilla/4.0 (compatible; MSIE 9.0; Windows NT 6.1)"
116.204.77.150 - - [18/Nov/2025:16:20:45 +0800] "GET /post/60.html HTTP/2.0" 200 6643 "https://blog.wumingai.com/post/60.html#cmt78" "Mozilla/5.0 (Windows NT 10.0; Win64; x64) AppleWebKit/537.36 (KHTML, like Gecko) Chrome/116.0.0.0 Safari/537.36"
205.210.31.69 - - [18/Nov/2025:16:34:27 +0800] "GET / HTTP/1.1" 200 18921 "-" "Hello from Palo Alto Networks, find out more about our scans in https://docs-cortex.paloaltonetworks.com/r/1/Cortex-Xpanse/Scanning-activity"
116.204.77.150 - - [18/Nov/2025:16:44:34 +0800] "GET /post/13.html HTTP/2.0" 200 15411 "https://blog.wumingai.com/post/13.html" "Mozilla/5.0 (Macintosh; Intel Mac OS X 10_15_7) AppleWebKit/537.36 (KHTML, like Gecko) Chrome/119.0.0.0 Safari/537.36"
154.12.55.32 - - [18/Nov/2025:17:01:22 +0800] "GET / HTTP/1.1" 200 4759 "-" "libcurl/7.81.0 r-curl/6.0.1 httr/1.4.7"
154.12.55.32 - - [18/Nov/2025:17:01:23 +0800] "GET / HTTP/2.0" 200 4740 "-" "libcurl/7.81.0 r-curl/6.0.1 httr/1.4.7"
113.44.112.143 - - [18/Nov/2025:17:08:41 +0800] "GET /post/62.html HTTP/2.0" 200 8525 "https://blog.wumingai.com/post/62.html#cmt77" "Mozilla/5.0 (Macintosh; Intel Mac OS X 10_15_7) AppleWebKit/537.36 (KHTML, like Gecko) Chrome/119.0.0.0 Safari/537.36"
1.92.197.140 - - [18/Nov/2025:17:32:39 +0800] "GET /post/4.html HTTP/2.0" 200 13665 "https://blog.wumingai.com/post/4.html" "Mozilla/5.0 (Macintosh; Intel Mac OS X 10_15_7) AppleWebKit/537.36 (KHTML, like Gecko) Chrome/120.0.0.0 Safari/537.36"
116.204.102.126 - - [18/Nov/2025:17:56:51 +0800] "GET /post/14.html HTTP/2.0" 200 20024 "https://blog.wumingai.com/post/14.html" "Mozilla/5.0 (Macintosh; Intel Mac OS X 10_15_7) AppleWebKit/537.36 (KHTML, like Gecko) Chrome/119.0.0.0 Safari/537.36"
207.46.13.127 - - [18/Nov/2025:18:00:18 +0800] "GET /post/42.html HTTP/2.0" 200 8503 "-" "Mozilla/5.0 AppleWebKit/537.36 (KHTML, like Gecko; compatible; bingbot/2.0; +http://www.bing.com/bingbot.htm) Chrome/116.0.1938.76 Safari/537.36"
40.77.167.151 - - [18/Nov/2025:18:00:38 +0800] "GET /zb_system/script/c_html_js_add.php HTTP/2.0" 200 1805 "-" "Mozilla/5.0 AppleWebKit/537.36 (KHTML, like Gecko; compatible; bingbot/2.0; +http://www.bing.com/bingbot.htm) Chrome/116.0.1938.76 Safari/537.36"
154.12.55.32 - - [18/Nov/2025:18:01:22 +0800] "GET / HTTP/1.1" 200 4755 "-" "libcurl/7.81.0 r-curl/6.0.1 httr/1.4.7"
154.12.55.32 - - [18/Nov/2025:18:01:23 +0800] "GET / HTTP/2.0" 200 4737 "-" "libcurl/7.81.0 r-curl/6.0.1 httr/1.4.7"
65.55.210.87 - - [18/Nov/2025:18:16:25 +0800] "GET /zb_users/theme/tpure/style/fonts/iconfont.woff2 HTTP/2.0" 200 3612 "-" "Mozilla/5.0 AppleWebKit/537.36 (KHTML, like Gecko; compatible; bingbot/2.0; +http://www.bing.com/bingbot.htm) Chrome/100.0.4896.127 Safari/537.36"
74.7.228.38 - - [18/Nov/2025:18:20:20 +0800] "GET /robots.txt HTTP/2.0" 404 1457 "-" "Mozilla/5.0 (Macintosh; Intel Mac OS X 10_15_7) AppleWebKit/537.36 (KHTML, like Gecko) Chrome/131.0.0.0 Safari/537.36; compatible; OAI-SearchBot/1.3; robots.txt; +https://openai.com/searchbot"
116.204.107.236 - - [18/Nov/2025:18:44:55 +0800] "GET /post/12.html HTTP/2.0" 200 17724 "https://blog.wumingai.com/post/12.html" "Mozilla/5.0 (Windows NT 10.0; Win64; x64) AppleWebKit/537.36 (KHTML, like Gecko) Chrome/101.0.4951.64 Safari/537.36 Edg/101.0.1210.47"
140.143.99.63 - - [18/Nov/2025:18:50:48 +0800] "GET / HTTP/1.1" 200 4750 "-" "Mozilla/5.0 (Windows NT 10.0; Win64; x64) AppleWebKit/537.36 (KHTML, like Gecko) Chrome/133.0.0.0 Safari/537.36"
154.12.55.32 - - [18/Nov/2025:19:00:55 +0800] "GET / HTTP/1.1" 200 4756 "-" "libcurl/7.81.0 r-curl/6.0.1 httr/1.4.7"
154.12.55.32 - - [18/Nov/2025:19:00:56 +0800] "GET / HTTP/2.0" 200 4737 "-" "libcurl/7.81.0 r-curl/6.0.1 httr/1.4.7"
116.204.77.150 - - [18/Nov/2025:19:08:35 +0800] "GET /post/15.html HTTP/2.0" 200 13268 "https://blog.wumingai.com/post/15.html" "Mozilla/5.0 (Macintosh; Intel Mac OS X 10_15_7) AppleWebKit/537.36 (KHTML, like Gecko) Chrome/131.0.0.0 Safari/537.36"
113.44.115.157 - - [18/Nov/2025:19:32:37 +0800] "GET /post/42.html HTTP/2.0" 200 8430 "https://blog.wumingai.com/post/42.html" "Mozilla/5.0 (Macintosh; Intel Mac OS X 10_15_7) AppleWebKit/537.36 (KHTML, like Gecko) Chrome/119.0.0.0 Safari/537.36"
116.204.43.160 - - [18/Nov/2025:19:56:59 +0800] "GET /post/20.html HTTP/2.0" 200 7397 "https://blog.wumingai.com/post/20.html" "Mozilla/5.0 (Macintosh; Intel Mac OS X 10_15_7) AppleWebKit/537.36 (KHTML, like Gecko) Chrome/131.0.0.0 Safari/537.36"
45.148.10.165 - - [18/Nov/2025:19:57:18 +0800] "GET / HTTP/1.1" 200 4755 "-" "Mozilla/5.0 (Windows NT 10.0; Win64; x64) AppleWebKit/537.36"
45.148.10.165 - - [18/Nov/2025:19:57:18 +0800] "GET /http:/blog.wumingai.com/zb_system/script/zblogphp.js HTTP/1.1" 404 1473 "-" "Go-http-client/1.1"
45.148.10.165 - - [18/Nov/2025:19:57:18 +0800] "GET /http:/blog.wumingai.com/zb_system/script/c_html_js_add.php HTTP/1.1" 404 1473 "-" "Go-http-client/1.1"
45.148.10.165 - - [18/Nov/2025:19:57:19 +0800] "GET /http:/blog.wumingai.com/zb_users/theme/tpure/script/common.js HTTP/1.1" 404 1473 "-" "Go-http-client/1.1"
45.148.10.165 - - [18/Nov/2025:19:57:19 +0800] "GET /http:/blog.wumingai.com/feed.php HTTP/1.1" 404 1473 "-" "Go-http-client/1.1"
45.148.10.165 - - [18/Nov/2025:19:57:19 +0800] "GET /http:/blog.wumingai.com/zb_system/xml-rpc/wlwmanifest.xml HTTP/1.1" 404 1473 "-" "Go-http-client/1.1"
45.148.10.165 - - [18/Nov/2025:19:57:19 +0800] "GET /.env HTTP/1.1" 404 4110 "-" "Mozilla/5.0 (X11; Linux x86_64)"
45.148.10.165 - - [18/Nov/2025:19:57:20 +0800] "GET /app/.env HTTP/1.1" 404 4110 "-" "Mozilla/5.0 (X11; Linux x86_64)"
45.148.10.165 - - [18/Nov/2025:19:57:20 +0800] "GET /config/.env HTTP/1.1" 404 4110 "-" "Mozilla/5.0 (X11; Linux x86_64)"
45.148.10.165 - - [18/Nov/2025:19:57:21 +0800] "GET /api/.env HTTP/1.1" 404 4110 "-" "Mozilla/5.0 (X11; Linux x86_64)"
45.148.10.165 - - [18/Nov/2025:19:57:21 +0800] "GET /admin/.env HTTP/1.1" 404 4110 "-" "Mozilla/5.0 (X11; Linux x86_64)"
45.148.10.165 - - [18/Nov/2025:19:57:21 +0800] "GET /backend/.env HTTP/1.1" 404 4110 "-" "Mozilla/5.0 (X11; Linux x86_64)"
45.148.10.165 - - [18/Nov/2025:19:57:22 +0800] "GET /frontend/.env HTTP/1.1" 404 4110 "-" "Mozilla/5.0 (X11; Linux x86_64)"
154.12.55.32 - - [18/Nov/2025:20:01:10 +0800] "GET / HTTP/1.1" 200 4755 "-" "libcurl/7.81.0 r-curl/6.0.1 httr/1.4.7"
154.12.55.32 - - [18/Nov/2025:20:01:12 +0800] "GET / HTTP/2.0" 200 4736 "-" "libcurl/7.81.0 r-curl/6.0.1 httr/1.4.7"
121.37.103.146 - - [18/Nov/2025:20:20:41 +0800] "GET /post/39.html HTTP/2.0" 200 8717 "https://blog.wumingai.com/post/39.html" "Mozilla/5.0 (Windows NT 10.0; Win64; x64) AppleWebKit/537.36 (KHTML, like Gecko) Chrome/101.0.4951.64 Safari/537.36 Edg/101.0.1210.47"
123.58.198.151 - - [18/Nov/2025:20:26:40 +0800] "GET / HTTP/1.1" 200 18999 "https://blog.wumingai.com" "Mozilla/4.0 (compatible; MSIE 9.0; Windows NT 6.1)"
123.58.198.151 - - [18/Nov/2025:20:26:41 +0800] "GET / HTTP/1.1" 200 18999 "https://blog.wumingai.com" "Mozilla/4.0 (compatible; MSIE 9.0; Windows NT 6.1)"
123.58.198.151 - - [18/Nov/2025:20:26:41 +0800] "GET /page_7.html HTTP/1.1" 200 8489 "https://blog.wumingai.com/page_7.html" "Mozilla/4.0 (compatible; MSIE 9.0; Windows NT 6.1)"
123.58.198.151 - - [18/Nov/2025:20:26:41 +0800] "GET /post/57.html%23cmt87 HTTP/1.1" 404 4123 "https://blog.wumingai.com/post/57.html#cmt87" "Mozilla/4.0 (compatible; MSIE 9.0; Windows NT 6.1)"
123.58.198.151 - - [18/Nov/2025:20:26:41 +0800] "GET /page_2.html HTTP/1.1" 200 18529 "https://blog.wumingai.com/page_2.html" "Mozilla/4.0 (compatible; MSIE 9.0; Windows NT 6.1)"
123.58.198.151 - - [18/Nov/2025:20:26:42 +0800] "GET /post/62.html HTTP/1.1" 200 24440 "https://blog.wumingai.com/post/62.html" "Mozilla/4.0 (compatible; MSIE 9.0; Windows NT 6.1)"
123.58.198.151 - - [18/Nov/2025:20:26:42 +0800] "POST /zb_system/cmd.php?act=cmt&postid=62&key=a46782786a866755d7883b35759d613a HTTP/1.1" 200 190 "https://blog.wumingai.com/zb_system/cmd.php?act=cmt&postid=62&key=a46782786a866755d7883b35759d613a" "Mozilla/4.0 (compatible; MSIE 9.0; Windows NT 6.1)"
52.167.144.65 - - [18/Nov/2025:20:39:14 +0800] "GET /robots.txt HTTP/2.0" 404 1457 "-" "Mozilla/5.0 AppleWebKit/537.36 (KHTML, like Gecko; compatible; bingbot/2.0; +http://www.bing.com/bingbot.htm) Chrome/116.0.1938.76 Safari/537.36"
157.55.39.16 - - [18/Nov/2025:20:39:17 +0800] "GET /tags-15.html HTTP/2.0" 200 6949 "-" "Mozilla/5.0 AppleWebKit/537.36 (KHTML, like Gecko; compatible; bingbot/2.0; +http://www.bing.com/bingbot.htm) Chrome/116.0.1938.76 Safari/537.36"
121.37.97.83 - - [18/Nov/2025:21:08:44 +0800] "GET /post/10.html HTTP/2.0" 200 16008 "https://blog.wumingai.com/post/10.html" "Mozilla/5.0 (Macintosh; Intel Mac OS X 10_15_7) AppleWebKit/537.36 (KHTML, like Gecko) Chrome/131.0.0.0 Safari/537.36"
116.204.36.66 - - [18/Nov/2025:21:57:06 +0800] "GET /post/23.html HTTP/2.0" 200 8224 "https://blog.wumingai.com/post/23.html" "Mozilla/5.0 (Macintosh; Intel Mac OS X 10_15_7) AppleWebKit/537.36 (KHTML, like Gecko) Chrome/123.0.0.0 Safari/537.36"
154.12.55.32 - - [18/Nov/2025:22:00:51 +0800] "GET / HTTP/1.1" 200 4758 "-" "libcurl/7.81.0 r-curl/6.0.1 httr/1.4.7"
154.12.55.32 - - [18/Nov/2025:22:00:52 +0800] "GET / HTTP/2.0" 200 4739 "-" "libcurl/7.81.0 r-curl/6.0.1 httr/1.4.7"
1.92.199.35 - - [18/Nov/2025:22:20:38 +0800] "GET /post/36.html HTTP/2.0" 200 12867 "https://blog.wumingai.com/post/36.html" "Mozilla/5.0 (Macintosh; Intel Mac OS X 10_15_7) AppleWebKit/537.36 (KHTML, like Gecko) Chrome/119.0.0.0 Safari/537.36"
116.204.33.88 - - [18/Nov/2025:22:44:36 +0800] "GET /post/34.html HTTP/2.0" 200 9149 "https://blog.wumingai.com/post/34.html" "Mozilla/5.0 (Macintosh; Intel Mac OS X 10_15_7) AppleWebKit/537.36 (KHTML, like Gecko) Chrome/131.0.0.0 Safari/537.36"
1.92.221.231 - - [18/Nov/2025:23:08:35 +0800] "GET /post/38.html HTTP/2.0" 200 11131 "https://blog.wumingai.com/post/38.html" "Mozilla/5.0 (Windows NT 10.0; Win64; x64) AppleWebKit/537.36 (KHTML, like Gecko) Chrome/116.0.0.0 Safari/537.36"
154.12.55.32 - - [19/Nov/2025:00:01:08 +0800] "GET / HTTP/1.1" 200 4758 "-" "libcurl/7.81.0 r-curl/6.0.1 httr/1.4.7"
154.12.55.32 - - [19/Nov/2025:00:01:09 +0800] "GET / HTTP/2.0" 200 4739 "-" "libcurl/7.81.0 r-curl/6.0.1 httr/1.4.7"
123.58.198.151 - - [19/Nov/2025:00:33:24 +0800] "GET / HTTP/1.1" 200 18999 "https://blog.wumingai.com" "Mozilla/4.0 (compatible; MSIE 9.0; Windows NT 6.1)"
123.58.198.151 - - [19/Nov/2025:00:33:25 +0800] "GET / HTTP/1.1" 200 18999 "https://blog.wumingai.com" "Mozilla/4.0 (compatible; MSIE 9.0; Windows NT 6.1)"
123.58.198.151 - - [19/Nov/2025:00:33:25 +0800] "GET /page_5.html HTTP/1.1" 200 21848 "https://blog.wumingai.com/page_5.html" "Mozilla/4.0 (compatible; MSIE 9.0; Windows NT 6.1)"
123.58.198.151 - - [19/Nov/2025:00:33:25 +0800] "GET /post/57.html HTTP/1.1" 200 26535 "https://blog.wumingai.com/post/57.html" "Mozilla/4.0 (compatible; MSIE 9.0; Windows NT 6.1)"
123.58.198.151 - - [19/Nov/2025:00:33:26 +0800] "POST /zb_system/cmd.php?act=cmt&postid=57&key=9687e293d12b08a3fa30992c43a399de HTTP/1.1" 200 190 "https://blog.wumingai.com/zb_system/cmd.php?act=cmt&postid=57&key=9687e293d12b08a3fa30992c43a399de" "Mozilla/4.0 (compatible; MSIE 9.0; Windows NT 6.1)"
154.12.55.32 - - [19/Nov/2025:01:00:43 +0800] "GET / HTTP/1.1" 200 4760 "-" "libcurl/7.81.0 r-curl/6.0.1 httr/1.4.7"
154.12.55.32 - - [19/Nov/2025:01:00:45 +0800] "GET / HTTP/2.0" 200 4741 "-" "libcurl/7.81.0 r-curl/6.0.1 httr/1.4.7"
154.12.55.32 - - [19/Nov/2025:02:01:26 +0800] "GET / HTTP/1.1" 200 4759 "-" "libcurl/7.81.0 r-curl/6.0.1 httr/1.4.7"
154.12.55.32 - - [19/Nov/2025:02:01:27 +0800] "GET / HTTP/2.0" 200 4741 "-" "libcurl/7.81.0 r-curl/6.0.1 httr/1.4.7"
52.167.144.16 - - [19/Nov/2025:02:20:11 +0800] "GET /tags-29.html HTTP/2.0" 200 2640 "-" "Mozilla/5.0 AppleWebKit/537.36 (KHTML, like Gecko; compatible; bingbot/2.0; +http://www.bing.com/bingbot.htm) Chrome/116.0.1938.76 Safari/537.36"
154.12.55.32 - - [19/Nov/2025:03:01:21 +0800] "GET / HTTP/1.1" 200 4760 "-" "libcurl/7.81.0 r-curl/6.0.1 httr/1.4.7"
154.12.55.32 - - [19/Nov/2025:03:01:22 +0800] "GET / HTTP/2.0" 200 4740 "-" "libcurl/7.81.0 r-curl/6.0.1 httr/1.4.7"
204.76.203.25 - - [19/Nov/2025:03:04:54 +0800] "GET / HTTP/1.1" 200 19000 "-" "Mozilla/5.0 (Windows NT 10.0; Win64; x64) AppleWebKit/537.36 (KHTML, like Gecko) Chrome/134.0.0.0 Safari/537.3"
207.46.13.130 - - [19/Nov/2025:03:32:17 +0800] "GET /post/27.html HTTP/2.0" 200 7714 "-" "Mozilla/5.0 AppleWebKit/537.36 (KHTML, like Gecko; compatible; bingbot/2.0; +http://www.bing.com/bingbot.htm) Chrome/116.0.1938.76 Safari/537.36"
154.12.55.32 - - [19/Nov/2025:04:00:45 +0800] "GET / HTTP/1.1" 200 4759 "-" "libcurl/7.81.0 r-curl/6.0.1 httr/1.4.7"
154.12.55.32 - - [19/Nov/2025:04:00:46 +0800] "GET / HTTP/2.0" 200 4741 "-" "libcurl/7.81.0 r-curl/6.0.1 httr/1.4.7"
180.97.218.71 - - [19/Nov/2025:04:32:02 +0800] "GET / HTTP/1.1" 200 18999 "https://blog.wumingai.com" "Mozilla/4.0 (compatible; MSIE 9.0; Windows NT 6.1)"
180.97.218.71 - - [19/Nov/2025:04:32:02 +0800] "GET / HTTP/1.1" 200 18999 "https://blog.wumingai.com" "Mozilla/4.0 (compatible; MSIE 9.0; Windows NT 6.1)"
180.97.218.71 - - [19/Nov/2025:04:32:03 +0800] "GET /post/56.html HTTP/1.1" 200 24926 "https://blog.wumingai.com/post/56.html" "Mozilla/4.0 (compatible; MSIE 9.0; Windows NT 6.1)"
180.97.218.71 - - [19/Nov/2025:04:32:03 +0800] "POST /zb_system/cmd.php?act=cmt&postid=56&key=a7020ae9b0069d146c4742f914dab2ff HTTP/1.1" 200 1190 "https://blog.wumingai.com/zb_system/cmd.php?act=cmt&postid=56&key=a7020ae9b0069d146c4742f914dab2ff" "Mozilla/4.0 (compatible; MSIE 9.0; Windows NT 6.1)"
123.58.198.151 - - [19/Nov/2025:04:36:07 +0800] "GET / HTTP/1.1" 200 18993 "https://blog.wumingai.com" "Mozilla/4.0 (compatible; MSIE 9.0; Windows NT 6.1)"
123.58.198.151 - - [19/Nov/2025:04:36:07 +0800] "GET / HTTP/1.1" 200 18993 "https://blog.wumingai.com" "Mozilla/4.0 (compatible; MSIE 9.0; Windows NT 6.1)"
123.58.198.151 - - [19/Nov/2025:04:36:07 +0800] "GET /post/55.html%23cmt80 HTTP/1.1" 404 4123 "https://blog.wumingai.com/post/55.html#cmt80" "Mozilla/4.0 (compatible; MSIE 9.0; Windows NT 6.1)"
123.58.198.151 - - [19/Nov/2025:04:36:08 +0800] "GET /post/62.html%23cmt84 HTTP/1.1" 404 4123 "https://blog.wumingai.com/post/62.html#cmt84" "Mozilla/4.0 (compatible; MSIE 9.0; Windows NT 6.1)"
123.58.198.151 - - [19/Nov/2025:04:36:08 +0800] "GET /post/63.html HTTP/1.1" 200 39740 "https://blog.wumingai.com/post/63.html" "Mozilla/4.0 (compatible; MSIE 9.0; Windows NT 6.1)"
123.58.198.151 - - [19/Nov/2025:04:36:08 +0800] "POST /zb_system/cmd.php?act=cmt&postid=63&key=b8b1e29b40b3f2de64942bcf3820e4ae HTTP/1.1" 200 190 "https://blog.wumingai.com/zb_system/cmd.php?act=cmt&postid=63&key=b8b1e29b40b3f2de64942bcf3820e4ae" "Mozilla/4.0 (compatible; MSIE 9.0; Windows NT 6.1)"
154.12.55.32 - - [19/Nov/2025:05:01:15 +0800] "GET / HTTP/1.1" 200 4743 "-" "libcurl/7.81.0 r-curl/6.0.1 httr/1.4.7"
154.12.55.32 - - [19/Nov/2025:05:01:16 +0800] "GET / HTTP/2.0" 200 4725 "-" "libcurl/7.81.0 r-curl/6.0.1 httr/1.4.7"
40.113.19.56 - - [19/Nov/2025:05:45:09 +0800] "GET /wp-content/plugins/hellopress/wp_filemanager.php HTTP/1.1" 404 4110 "-" "-"
40.113.19.56 - - [19/Nov/2025:05:45:09 +0800] "GET /htaccess.php HTTP/1.1" 404 4110 "-" "-"
40.113.19.56 - - [19/Nov/2025:05:45:09 +0800] "GET /readme.php HTTP/1.1" 404 4110 "-" "-"
40.113.19.56 - - [19/Nov/2025:05:45:10 +0800] "GET /blurbs.php HTTP/1.1" 404 4110 "-" "-"
40.113.19.56 - - [19/Nov/2025:05:45:10 +0800] "GET /hob.php HTTP/1.1" 404 4110 "-" "-"
40.113.19.56 - - [19/Nov/2025:05:45:10 +0800] "GET /kal.php HTTP/1.1" 404 4110 "-" "-"
40.113.19.56 - - [19/Nov/2025:05:45:10 +0800] "GET /bitch.php HTTP/1.1" 404 4110 "-" "-"
40.113.19.56 - - [19/Nov/2025:05:45:11 +0800] "GET /as.php HTTP/1.1" 404 4110 "-" "-"
40.113.19.56 - - [19/Nov/2025:05:45:11 +0800] "GET /wsd.php HTTP/1.1" 404 4110 "-" "-"
40.113.19.56 - - [19/Nov/2025:05:45:11 +0800] "GET /403.php HTTP/1.1" 404 4110 "-" "-"
40.113.19.56 - - [19/Nov/2025:05:45:11 +0800] "GET /max.php HTTP/1.1" 404 4110 "-" "-"
40.113.19.56 - - [19/Nov/2025:05:45:12 +0800] "GET /m.php HTTP/1.1" 404 4110 "-" "-"
40.113.19.56 - - [19/Nov/2025:05:45:12 +0800] "GET /post.php HTTP/1.1" 404 4110 "-" "-"
40.113.19.56 - - [19/Nov/2025:05:45:12 +0800] "GET /themes.php HTTP/1.1" 404 4110 "-" "-"
40.113.19.56 - - [19/Nov/2025:05:45:12 +0800] "GET /wp-content/themes/astra/inc/ki1k.php HTTP/1.1" 404 4110 "-" "-"
40.113.19.56 - - [19/Nov/2025:05:45:13 +0800] "GET /ALFA_DATA/index.php HTTP/1.1" 404 4110 "-" "-"
40.113.19.56 - - [19/Nov/2025:05:45:13 +0800] "GET /wp-admin/maint/about.php HTTP/1.1" 404 4110 "-" "-"
40.113.19.56 - - [19/Nov/2025:05:45:13 +0800] "GET /wp-admin/network/wp-conflg.php?p= HTTP/1.1" 404 4110 "-" "-"
40.113.19.56 - - [19/Nov/2025:05:45:13 +0800] "GET /click.php HTTP/1.1" 404 4110 "-" "-"
40.113.19.56 - - [19/Nov/2025:05:45:14 +0800] "GET /install.php HTTP/1.1" 404 4110 "-" "-"
40.113.19.56 - - [19/Nov/2025:05:45:14 +0800] "GET /lv.php HTTP/1.1" 404 4110 "-" "-"
40.113.19.56 - - [19/Nov/2025:05:45:14 +0800] "GET /simple.php HTTP/1.1" 404 4110 "-" "-"
40.113.19.56 - - [19/Nov/2025:05:45:14 +0800] "GET /13k.php HTTP/1.1" 404 4110 "-" "-"
40.113.19.56 - - [19/Nov/2025:05:45:14 +0800] "GET /css.php HTTP/1.1" 404 4110 "-" "-"
40.113.19.56 - - [19/Nov/2025:05:45:15 +0800] "GET /up.php?x= HTTP/1.1" 404 4110 "-" "-"
40.113.19.56 - - [19/Nov/2025:05:45:15 +0800] "GET /cong.php HTTP/1.1" 404 4110 "-" "-"
40.113.19.56 - - [19/Nov/2025:05:45:15 +0800] "GET /fw.php HTTP/1.1" 404 4110 "-" "-"
40.113.19.56 - - [19/Nov/2025:05:45:15 +0800] "GET /bs1.php HTTP/1.1" 404 4110 "-" "-"
40.113.19.56 - - [19/Nov/2025:05:45:16 +0800] "GET /wp-includes/images/wp-login.php HTTP/1.1" 404 4110 "-" "-"
40.113.19.56 - - [19/Nov/2025:05:45:16 +0800] "GET /termps.php HTTP/1.1" 404 4110 "-" "-"
40.113.19.56 - - [19/Nov/2025:05:45:16 +0800] "GET /brand.php HTTP/1.1" 404 4110 "-" "-"
40.113.19.56 - - [19/Nov/2025:05:45:16 +0800] "GET /cong.php HTTP/1.1" 404 4110 "-" "-"
40.113.19.56 - - [19/Nov/2025:05:45:17 +0800] "GET /atomlib.php HTTP/1.1" 404 4110 "-" "-"
40.113.19.56 - - [19/Nov/2025:05:45:17 +0800] "GET /w.php HTTP/1.1" 404 4110 "-" "-"
40.113.19.56 - - [19/Nov/2025:05:45:17 +0800] "GET /404.php HTTP/1.1" 404 4110 "-" "-"
40.113.19.56 - - [19/Nov/2025:05:45:17 +0800] "GET /article.php HTTP/1.1" 404 4110 "-" "-"
40.113.19.56 - - [19/Nov/2025:05:45:18 +0800] "GET /wp-content/product.php HTTP/1.1" 404 4110 "-" "-"
40.113.19.56 - - [19/Nov/2025:05:45:18 +0800] "GET /wp-content/function.php HTTP/1.1" 404 4110 "-" "-"
40.113.19.56 - - [19/Nov/2025:05:45:18 +0800] "GET /0x.php HTTP/1.1" 404 4110 "-" "-"
40.113.19.56 - - [19/Nov/2025:05:45:18 +0800] "GET /css.php HTTP/1.1" 404 4110 "-" "-"
40.113.19.56 - - [19/Nov/2025:05:45:19 +0800] "GET /222.php HTTP/1.1" 404 4110 "-" "-"
40.113.19.56 - - [19/Nov/2025:05:45:19 +0800] "GET /wp-content/index.php HTTP/1.1" 404 4110 "-" "-"
40.113.19.56 - - [19/Nov/2025:05:45:19 +0800] "GET /1.php HTTP/1.1" 404 4110 "-" "-"
40.113.19.56 - - [19/Nov/2025:05:45:19 +0800] "GET /admin.php HTTP/1.1" 404 4110 "-" "-"
40.113.19.56 - - [19/Nov/2025:05:45:20 +0800] "GET /wp-admin/maint/maint.php HTTP/1.1" 404 4110 "-" "-"
40.113.19.56 - - [19/Nov/2025:05:45:20 +0800] "GET /classwithtostring.php HTTP/1.1" 404 4110 "-" "-"
40.113.19.56 - - [19/Nov/2025:05:45:20 +0800] "GET /dropdown.php HTTP/1.1" 404 4110 "-" "-"
40.113.19.56 - - [19/Nov/2025:05:45:20 +0800] "GET /moon.php HTTP/1.1" 404 4110 "-" "-"
40.113.19.56 - - [19/Nov/2025:05:45:21 +0800] "GET /0x.php HTTP/1.1" 404 4110 "-" "-"
40.113.19.56 - - [19/Nov/2025:05:45:21 +0800] "GET /moon.php?p= HTTP/1.1" 404 4110 "-" "-"
40.113.19.56 - - [19/Nov/2025:05:45:21 +0800] "GET /autoload_classmap.php?p= HTTP/1.1" 404 4110 "-" "-"
40.113.19.56 - - [19/Nov/2025:05:45:21 +0800] "GET /inputs.php HTTP/1.1" 404 4110 "-" "-"
40.113.19.56 - - [19/Nov/2025:05:45:22 +0800] "GET /default.php HTTP/1.1" 404 4110 "-" "-"
40.113.19.56 - - [19/Nov/2025:05:45:22 +0800] "GET /fm.php?p= HTTP/1.1" 404 4110 "-" "-"
40.113.19.56 - - [19/Nov/2025:05:45:22 +0800] "GET /about.php HTTP/1.1" 404 4110 "-" "-"
40.113.19.56 - - [19/Nov/2025:05:45:22 +0800] "GET /file.php? HTTP/1.1" 404 4110 "-" "-"
40.113.19.56 - - [19/Nov/2025:05:45:22 +0800] "GET /alfa.php HTTP/1.1" 404 4110 "-" "-"
40.113.19.56 - - [19/Nov/2025:05:45:23 +0800] "GET /buy.php HTTP/1.1" 404 4110 "-" "-"
40.113.19.56 - - [19/Nov/2025:05:45:23 +0800] "GET /themes/twentytwentytwo/index.php HTTP/1.1" 404 4110 "-" "-"
40.113.19.56 - - [19/Nov/2025:05:45:23 +0800] "GET /wp-admin/js/wp-conflg.php?p= HTTP/1.1" 404 4110 "-" "-"
40.113.19.56 - - [19/Nov/2025:05:45:23 +0800] "GET /wp-admin/wp-conflg.php?p= HTTP/1.1" 404 4110 "-" "-"
40.113.19.56 - - [19/Nov/2025:05:45:24 +0800] "GET /wp-admin/css/wp-conflg.php?p= HTTP/1.1" 404 4110 "-" "-"
40.113.19.56 - - [19/Nov/2025:05:45:24 +0800] "GET /manager.php?p= HTTP/1.1" 404 4110 "-" "-"
40.113.19.56 - - [19/Nov/2025:05:45:24 +0800] "GET /js/fm.php HTTP/1.1" 404 4110 "-" "-"
40.113.19.56 - - [19/Nov/2025:05:45:24 +0800] "GET /item.php HTTP/1.1" 404 4110 "-" "-"
40.113.19.56 - - [19/Nov/2025:05:45:25 +0800] "GET /plugins/Cache/footer.php HTTP/1.1" 404 4110 "-" "-"
40.113.19.56 - - [19/Nov/2025:05:45:25 +0800] "GET /404.php HTTP/1.1" 404 4110 "-" "-"
40.113.19.56 - - [19/Nov/2025:05:45:25 +0800] "GET /mail.php HTTP/1.1" 404 4110 "-" "-"
40.113.19.56 - - [19/Nov/2025:05:45:25 +0800] "GET /wp-content/plugins/index.php HTTP/1.1" 404 4110 "-" "-"
40.113.19.56 - - [19/Nov/2025:05:45:26 +0800] "GET /sx.php HTTP/1.1" 404 4110 "-" "-"
40.113.19.56 - - [19/Nov/2025:05:45:26 +0800] "GET /wp-admin/maint/admin.php HTTP/1.1" 404 4110 "-" "-"
40.113.19.56 - - [19/Nov/2025:05:45:26 +0800] "GET /article.php HTTP/1.1" 404 4110 "-" "-"
40.113.19.56 - - [19/Nov/2025:05:45:26 +0800] "GET /alfa.php HTTP/1.1" 404 4110 "-" "-"
40.113.19.56 - - [19/Nov/2025:05:45:27 +0800] "GET /1.php HTTP/1.1" 404 4110 "-" "-"
40.113.19.56 - - [19/Nov/2025:05:45:27 +0800] "GET /403.php HTTP/1.1" 404 4110 "-" "-"
40.113.19.56 - - [19/Nov/2025:05:45:27 +0800] "GET /link.php HTTP/1.1" 404 4110 "-" "-"
40.113.19.56 - - [19/Nov/2025:05:45:27 +0800] "GET /byp.php HTTP/1.1" 404 4110 "-" "-"
40.113.19.56 - - [19/Nov/2025:05:45:27 +0800] "GET /bak.php HTTP/1.1" 404 4110 "-" "-"
40.113.19.56 - - [19/Nov/2025:05:45:28 +0800] "GET /ini.php HTTP/1.1" 404 4110 "-" "-"
40.113.19.56 - - [19/Nov/2025:05:45:28 +0800] "GET /ws.php HTTP/1.1" 404 4110 "-" "-"
40.113.19.56 - - [19/Nov/2025:05:45:28 +0800] "GET /wp-trackback.php HTTP/1.1" 404 4110 "-" "-"
40.113.19.56 - - [19/Nov/2025:05:45:28 +0800] "GET /.well-known/index.php HTTP/1.1" 404 4110 "-" "-"
40.113.19.56 - - [19/Nov/2025:05:45:29 +0800] "GET /wp-includes/certificates/plugins.php HTTP/1.1" 404 4110 "-" "-"
40.113.19.56 - - [19/Nov/2025:05:45:29 +0800] "GET /wp-content/themes/seotheme/mar.php HTTP/1.1" 404 4110 "-" "-"
40.113.19.56 - - [19/Nov/2025:05:45:29 +0800] "GET /wp-admin/network/plugins.php HTTP/1.1" 404 4110 "-" "-"
40.113.19.56 - - [19/Nov/2025:05:45:29 +0800] "GET /wp-admin/about.php HTTP/1.1" 404 4110 "-" "-"
40.113.19.56 - - [19/Nov/2025:05:45:30 +0800] "GET /gmo.php HTTP/1.1" 404 4110 "-" "-"
40.113.19.56 - - [19/Nov/2025:05:45:30 +0800] "GET /wp-includes/ID3/about.php HTTP/1.1" 404 4110 "-" "-"
40.113.19.56 - - [19/Nov/2025:05:45:30 +0800] "GET /css/index.php HTTP/1.1" 404 4110 "-" "-"
40.113.19.56 - - [19/Nov/2025:05:45:30 +0800] "GET /wp-admin/includes/xmrlpc.php?p= HTTP/1.1" 404 4110 "-" "-"
40.113.19.56 - - [19/Nov/2025:05:45:31 +0800] "GET /wp-includes/SimplePie/wp-login.php HTTP/1.1" 404 4110 "-" "-"
40.113.19.56 - - [19/Nov/2025:05:45:31 +0800] "GET /wp-content/themes/about.php HTTP/1.1" 404 4110 "-" "-"
40.113.19.56 - - [19/Nov/2025:05:45:31 +0800] "GET /filemanager/dialog.php HTTP/1.1" 404 4110 "-" "-"
40.113.19.56 - - [19/Nov/2025:05:45:31 +0800] "GET /wp-admin/maint/index.php HTTP/1.1" 404 4110 "-" "-"
40.113.19.56 - - [19/Nov/2025:05:45:32 +0800] "GET /wp-includes/Requests/Text/admin.php HTTP/1.1" 404 4110 "-" "-"
40.113.19.56 - - [19/Nov/2025:05:45:32 +0800] "GET /wp-includes/customize/about.php HTTP/1.1" 404 4110 "-" "-"
40.113.19.56 - - [19/Nov/2025:05:45:32 +0800] "GET /index/function.php HTTP/1.1" 404 4110 "-" "-"
40.113.19.56 - - [19/Nov/2025:05:45:32 +0800] "GET /uploads/autoload_classmap.php HTTP/1.1" 404 4110 "-" "-"
40.113.19.56 - - [19/Nov/2025:05:45:33 +0800] "GET /wp-includes/css/dist/preferences/wp-login.php HTTP/1.1" 404 4110 "-" "-"
40.113.19.56 - - [19/Nov/2025:05:45:33 +0800] "GET /wp-includes/style-engine/about.php HTTP/1.1" 404 4110 "-" "-"
40.113.19.56 - - [19/Nov/2025:05:45:33 +0800] "GET /ww1.php HTTP/1.1" 404 4110 "-" "-"
40.113.19.56 - - [19/Nov/2025:05:45:33 +0800] "GET /qqq.php HTTP/1.1" 404 4110 "-" "-"
40.113.19.56 - - [19/Nov/2025:05:45:33 +0800] "GET /about/function.php HTTP/1.1" 404 4110 "-" "-"
40.113.19.56 - - [19/Nov/2025:05:45:34 +0800] "GET /wp-includes/theme-compat/chosen.php HTTP/1.1" 404 4110 "-" "-"
40.113.19.56 - - [19/Nov/2025:05:45:34 +0800] "GET /admin/function.php HTTP/1.1" 404 4110 "-" "-"
40.113.19.56 - - [19/Nov/2025:05:45:34 +0800] "GET /.well-known/acme-challenge/index.php HTTP/1.1" 404 4110 "-" "-"
40.113.19.56 - - [19/Nov/2025:05:45:34 +0800] "GET /css/colors/blue/index.php HTTP/1.1" 404 4110 "-" "-"
40.113.19.56 - - [19/Nov/2025:05:45:35 +0800] "GET /wp-content/plugins/pwnd/as.php HTTP/1.1" 404 4110 "-" "-"
40.113.19.56 - - [19/Nov/2025:05:45:35 +0800] "GET /wp-admin/setup-config.php HTTP/1.1" 404 4110 "-" "-"
40.113.19.56 - - [19/Nov/2025:05:45:35 +0800] "GET /wp-admin/user/about.php HTTP/1.1" 404 4110 "-" "-"
40.113.19.56 - - [19/Nov/2025:05:45:35 +0800] "GET /wp-admin/js/index.php HTTP/1.1" 404 4110 "-" "-"
40.113.19.56 - - [19/Nov/2025:05:45:36 +0800] "GET /wp-content/upgrade/about.php HTTP/1.1" 404 4110 "-" "-"
40.113.19.56 - - [19/Nov/2025:05:45:36 +0800] "GET /wp-includes/assets/index.php HTTP/1.1" 404 4110 "-" "-"
40.113.19.56 - - [19/Nov/2025:05:45:36 +0800] "GET /wp-content/radio.php HTTP/1.1" 404 4110 "-" "-"
40.113.19.56 - - [19/Nov/2025:05:45:36 +0800] "GET /wp-includes/fonts/index.php?p= HTTP/1.1" 404 4110 "-" "-"
40.113.19.56 - - [19/Nov/2025:05:45:37 +0800] "GET /.well-known/gecko-litespeed.php HTTP/1.1" 404 4110 "-" "-"
40.113.19.56 - - [19/Nov/2025:05:45:37 +0800] "GET /.well-known/admin.php HTTP/1.1" 404 4110 "-" "-"
40.113.19.56 - - [19/Nov/2025:05:45:37 +0800] "GET /wp-content/admin.php HTTP/1.1" 404 4110 "-" "-"
40.113.19.56 - - [19/Nov/2025:05:45:37 +0800] "GET /wp-content/plugins/admin.php HTTP/1.1" 404 4110 "-" "-"
40.113.19.56 - - [19/Nov/2025:05:45:38 +0800] "GET /wp-content/themes/twentytwentytwo/index.php?p= HTTP/1.1" 404 4110 "-" "-"
40.113.19.56 - - [19/Nov/2025:05:45:38 +0800] "GET /.well-known/log.php HTTP/1.1" 404 4110 "-" "-"
40.113.19.56 - - [19/Nov/2025:05:45:38 +0800] "GET /class.php HTTP/1.1" 404 4110 "-" "-"
40.113.19.56 - - [19/Nov/2025:05:45:38 +0800] "GET /bless.php HTTP/1.1" 404 4110 "-" "-"
40.113.19.56 - - [19/Nov/2025:05:45:39 +0800] "GET /wp-includes/js/codemirror/index.php HTTP/1.1" 404 4110 "-" "-"
40.113.19.56 - - [19/Nov/2025:05:45:39 +0800] "GET /wp-includes/block-patterns/index.php HTTP/1.1" 404 4110 "-" "-"
40.113.19.56 - - [19/Nov/2025:05:45:39 +0800] "GET /lock360.php HTTP/1.1" 404 4110 "-" "-"
40.113.19.56 - - [19/Nov/2025:05:45:39 +0800] "GET /bge.php HTTP/1.1" 404 4110 "-" "-"
40.113.19.56 - - [19/Nov/2025:05:45:40 +0800] "GET /ifm.php HTTP/1.1" 404 4110 "-" "-"
40.113.19.56 - - [19/Nov/2025:05:45:40 +0800] "GET /thxt.php HTTP/1.1" 404 4110 "-" "-"
40.113.19.56 - - [19/Nov/2025:05:45:40 +0800] "GET /kairolin.php HTTP/1.1" 404 4110 "-" "-"
40.113.19.56 - - [19/Nov/2025:05:45:40 +0800] "GET /siln.php HTTP/1.1" 404 4110 "-" "-"
154.12.55.32 - - [19/Nov/2025:06:00:54 +0800] "GET / HTTP/1.1" 200 4743 "-" "libcurl/7.81.0 r-curl/6.0.1 httr/1.4.7"
154.12.55.32 - - [19/Nov/2025:06:00:55 +0800] "GET / HTTP/2.0" 200 4725 "-" "libcurl/7.81.0 r-curl/6.0.1 httr/1.4.7"
154.12.55.32 - - [19/Nov/2025:07:00:47 +0800] "GET / HTTP/1.1" 200 4743 "-" "libcurl/7.81.0 r-curl/6.0.1 httr/1.4.7"
154.12.55.32 - - [19/Nov/2025:07:00:48 +0800] "GET / HTTP/2.0" 200 4725 "-" "libcurl/7.81.0 r-curl/6.0.1 httr/1.4.7"
104.210.140.141 - - [19/Nov/2025:07:56:25 +0800] "GET /robots.txt HTTP/2.0" 404 1457 "-" "Mozilla/5.0 (Macintosh; Intel Mac OS X 10_15_7) AppleWebKit/537.36 (KHTML, like Gecko) Chrome/131.0.0.0 Safari/537.36; compatible; OAI-SearchBot/1.0; +https://openai.com/searchbot"
104.210.140.130 - - [19/Nov/2025:07:56:26 +0800] "GET /robots.txt HTTP/1.1" 404 1473 "-" "Mozilla/5.0 (Macintosh; Intel Mac OS X 10_15_7) AppleWebKit/537.36 (KHTML, like Gecko) Chrome/131.0.0.0 Safari/537.36; compatible; OAI-SearchBot/1.0; +https://openai.com/searchbot"
154.12.55.32 - - [19/Nov/2025:08:01:27 +0800] "GET / HTTP/1.1" 200 4743 "-" "libcurl/7.81.0 r-curl/6.0.1 httr/1.4.7"
154.12.55.32 - - [19/Nov/2025:08:01:28 +0800] "GET / HTTP/2.0" 200 4725 "-" "libcurl/7.81.0 r-curl/6.0.1 httr/1.4.7"
123.58.198.151 - - [19/Nov/2025:08:38:37 +0800] "GET / HTTP/1.1" 200 18993 "https://blog.wumingai.com" "Mozilla/4.0 (compatible; MSIE 9.0; Windows NT 6.1)"
123.58.198.151 - - [19/Nov/2025:08:38:37 +0800] "GET / HTTP/1.1" 200 18993 "https://blog.wumingai.com" "Mozilla/4.0 (compatible; MSIE 9.0; Windows NT 6.1)"
123.58.198.151 - - [19/Nov/2025:08:38:37 +0800] "GET /post/62.html HTTP/1.1" 200 26777 "https://blog.wumingai.com/post/62.html" "Mozilla/4.0 (compatible; MSIE 9.0; Windows NT 6.1)"
123.58.198.151 - - [19/Nov/2025:08:38:37 +0800] "POST /zb_system/cmd.php?act=cmt&postid=62&key=d9ae7f0e9adb11350cfb92ca4814fbd3 HTTP/1.1" 200 190 "https://blog.wumingai.com/zb_system/cmd.php?act=cmt&postid=62&key=d9ae7f0e9adb11350cfb92ca4814fbd3" "Mozilla/4.0 (compatible; MSIE 9.0; Windows NT 6.1)"
154.12.55.32 - - [19/Nov/2025:09:01:18 +0800] "GET / HTTP/1.1" 200 4745 "-" "libcurl/7.81.0 r-curl/6.0.1 httr/1.4.7"
154.12.55.32 - - [19/Nov/2025:09:01:19 +0800] "GET / HTTP/2.0" 200 4727 "-" "libcurl/7.81.0 r-curl/6.0.1 httr/1.4.7"
154.12.55.32 - - [19/Nov/2025:10:01:26 +0800] "GET / HTTP/1.1" 200 4745 "-" "libcurl/7.81.0 r-curl/6.0.1 httr/1.4.7"
154.12.55.32 - - [19/Nov/2025:10:01:27 +0800] "GET / HTTP/2.0" 200 4728 "-" "libcurl/7.81.0 r-curl/6.0.1 httr/1.4.7"
154.12.55.32 - - [19/Nov/2025:11:01:17 +0800] "GET / HTTP/1.1" 200 4745 "-" "libcurl/7.81.0 r-curl/6.0.1 httr/1.4.7"
154.12.55.32 - - [19/Nov/2025:11:01:18 +0800] "GET / HTTP/2.0" 200 4727 "-" "libcurl/7.81.0 r-curl/6.0.1 httr/1.4.7"
154.12.55.32 - - [19/Nov/2025:12:01:33 +0800] "GET / HTTP/1.1" 200 4745 "-" "libcurl/7.81.0 r-curl/6.0.1 httr/1.4.7"
154.12.55.32 - - [19/Nov/2025:12:01:34 +0800] "GET / HTTP/2.0" 200 4727 "-" "libcurl/7.81.0 r-curl/6.0.1 httr/1.4.7"
123.58.198.151 - - [19/Nov/2025:12:24:04 +0800] "GET / HTTP/1.1" 200 18993 "https://blog.wumingai.com" "Mozilla/4.0 (compatible; MSIE 9.0; Windows NT 6.1)"
123.58.198.151 - - [19/Nov/2025:12:24:04 +0800] "GET / HTTP/1.1" 200 18993 "https://blog.wumingai.com" "Mozilla/4.0 (compatible; MSIE 9.0; Windows NT 6.1)"
123.58.198.151 - - [19/Nov/2025:12:24:04 +0800] "GET /post/57.html%23cmt82 HTTP/1.1" 404 4123 "https://blog.wumingai.com/post/57.html#cmt82" "Mozilla/4.0 (compatible; MSIE 9.0; Windows NT 6.1)"
123.58.198.151 - - [19/Nov/2025:12:24:05 +0800] "GET /page_4.html HTTP/1.1" 200 19377 "https://blog.wumingai.com/page_4.html" "Mozilla/4.0 (compatible; MSIE 9.0; Windows NT 6.1)"
123.58.198.151 - - [19/Nov/2025:12:24:05 +0800] "GET /page_3.html HTTP/1.1" 200 18316 "https://blog.wumingai.com/page_3.html" "Mozilla/4.0 (compatible; MSIE 9.0; Windows NT 6.1)"
123.58.198.151 - - [19/Nov/2025:12:24:05 +0800] "GET /post/56.html%23cmt90 HTTP/1.1" 404 4123 "https://blog.wumingai.com/post/56.html#cmt90" "Mozilla/4.0 (compatible; MSIE 9.0; Windows NT 6.1)"
123.58.198.151 - - [19/Nov/2025:12:24:05 +0800] "GET /post/63.html%23cmt86 HTTP/1.1" 404 4123 "https://blog.wumingai.com/post/63.html#cmt86" "Mozilla/4.0 (compatible; MSIE 9.0; Windows NT 6.1)"
123.58.198.151 - - [19/Nov/2025:12:24:05 +0800] "GET /post/61.html%23cmt88 HTTP/1.1" 404 4123 "https://blog.wumingai.com/post/61.html#cmt88" "Mozilla/4.0 (compatible; MSIE 9.0; Windows NT 6.1)"
123.58.198.151 - - [19/Nov/2025:12:24:05 +0800] "GET /page_2.html HTTP/1.1" 200 18523 "https://blog.wumingai.com/page_2.html" "Mozilla/4.0 (compatible; MSIE 9.0; Windows NT 6.1)"
123.58.198.151 - - [19/Nov/2025:12:24:05 +0800] "GET /post/55.html HTTP/1.1" 200 27046 "https://blog.wumingai.com/post/55.html" "Mozilla/4.0 (compatible; MSIE 9.0; Windows NT 6.1)"
123.58.198.151 - - [19/Nov/2025:12:24:06 +0800] "POST /zb_system/cmd.php?act=cmt&postid=55&key=e02546046271aba12eba769d9a4a5bab HTTP/1.1" 200 190 "https://blog.wumingai.com/zb_system/cmd.php?act=cmt&postid=55&key=e02546046271aba12eba769d9a4a5bab" "Mozilla/4.0 (compatible; MSIE 9.0; Windows NT 6.1)"
154.12.55.32 - - [19/Nov/2025:13:01:15 +0800] "GET / HTTP/1.1" 200 4745 "-" "libcurl/7.81.0 r-curl/6.0.1 httr/1.4.7"
154.12.55.32 - - [19/Nov/2025:13:01:16 +0800] "GET / HTTP/2.0" 200 4727 "-" "libcurl/7.81.0 r-curl/6.0.1 httr/1.4.7"
74.7.228.38 - - [19/Nov/2025:13:29:38 +0800] "GET /robots.txt HTTP/2.0" 404 1457 "-" "Mozilla/5.0 (Macintosh; Intel Mac OS X 10_15_7) AppleWebKit/537.36 (KHTML, like Gecko) Chrome/131.0.0.0 Safari/537.36; compatible; OAI-SearchBot/1.3; robots.txt; +https://openai.com/searchbot"
154.12.55.32 - - [19/Nov/2025:14:01:06 +0800] "GET / HTTP/1.1" 200 4745 "-" "libcurl/7.81.0 r-curl/6.0.1 httr/1.4.7"
154.12.55.32 - - [19/Nov/2025:14:01:07 +0800] "GET / HTTP/2.0" 200 4727 "-" "libcurl/7.81.0 r-curl/6.0.1 httr/1.4.7"
154.12.55.32 - - [19/Nov/2025:15:01:38 +0800] "GET / HTTP/1.1" 200 4745 "-" "libcurl/7.81.0 r-curl/6.0.1 httr/1.4.7"
154.12.55.32 - - [19/Nov/2025:15:01:39 +0800] "GET / HTTP/2.0" 200 4727 "-" "libcurl/7.81.0 r-curl/6.0.1 httr/1.4.7"
154.12.55.32 - - [19/Nov/2025:16:01:13 +0800] "GET / HTTP/1.1" 200 4745 "-" "libcurl/7.81.0 r-curl/6.0.1 httr/1.4.7"
154.12.55.32 - - [19/Nov/2025:16:01:14 +0800] "GET / HTTP/2.0" 200 4727 "-" "libcurl/7.81.0 r-curl/6.0.1 httr/1.4.7"
123.58.198.151 - - [19/Nov/2025:16:29:15 +0800] "GET / HTTP/1.1" 200 18993 "https://blog.wumingai.com" "Mozilla/4.0 (compatible; MSIE 9.0; Windows NT 6.1)"
123.58.198.151 - - [19/Nov/2025:16:29:15 +0800] "GET / HTTP/1.1" 200 18993 "https://blog.wumingai.com" "Mozilla/4.0 (compatible; MSIE 9.0; Windows NT 6.1)"
123.58.198.151 - - [19/Nov/2025:16:29:16 +0800] "GET /post/56.html HTTP/1.1" 200 25284 "https://blog.wumingai.com/post/56.html" "Mozilla/4.0 (compatible; MSIE 9.0; Windows NT 6.1)"
123.58.198.151 - - [19/Nov/2025:16:29:16 +0800] "POST /zb_system/cmd.php?act=cmt&postid=56&key=a7020ae9b0069d146c4742f914dab2ff HTTP/1.1" 200 190 "https://blog.wumingai.com/zb_system/cmd.php?act=cmt&postid=56&key=a7020ae9b0069d146c4742f914dab2ff" "Mozilla/4.0 (compatible; MSIE 9.0; Windows NT 6.1)"
52.167.144.161 - - [19/Nov/2025:16:39:44 +0800] "GET /tags-27.html HTTP/2.0" 200 2622 "-" "Mozilla/5.0 AppleWebKit/537.36 (KHTML, like Gecko; compatible; bingbot/2.0; +http://www.bing.com/bingbot.htm) Chrome/116.0.1938.76 Safari/537.36"
154.7.177.124 - - [19/Nov/2025:17:01:27 +0800] "GET / HTTP/1.1" 200 4745 "-" "libcurl/7.81.0 r-curl/6.0.1 httr/1.4.7"
154.7.177.124 - - [19/Nov/2025:17:01:28 +0800] "GET / HTTP/2.0" 200 4727 "-" "libcurl/7.81.0 r-curl/6.0.1 httr/1.4.7"
180.97.218.71 - - [19/Nov/2025:18:00:54 +0800] "GET / HTTP/1.1" 200 18993 "https://blog.wumingai.com" "Mozilla/4.0 (compatible; MSIE 9.0; Windows NT 6.1)"
180.97.218.71 - - [19/Nov/2025:18:00:54 +0800] "GET / HTTP/1.1" 200 18993 "https://blog.wumingai.com" "Mozilla/4.0 (compatible; MSIE 9.0; Windows NT 6.1)"
