1.92.215.116 - - [30/Nov/2025:02:29:25 +0800] "GET /post/9.html HTTP/2.0" 200 10597 "https://blog.wumingai.com/post/9.html" "Mozilla/5.0 (Windows NT 10.0; Win64; x64) AppleWebKit/537.36 (KHTML, like Gecko) Chrome/101.0.4951.64 Safari/537.36 Edg/101.0.1210.47"
116.204.72.222 - - [30/Nov/2025:02:31:05 +0800] "GET /post/7.html HTTP/2.0" 200 15845 "https://blog.wumingai.com/post/7.html" "Mozilla/5.0 (Macintosh; Intel Mac OS X 10_15_7) AppleWebKit/537.36 (KHTML, like Gecko) Chrome/119.0.0.0 Safari/537.36"
1.92.210.18 - - [30/Nov/2025:02:32:45 +0800] "GET /page_6.html HTTP/2.0" 200 5059 "https://blog.wumingai.com/page_6.html" "Mozilla/5.0 (Macintosh; Intel Mac OS X 10_15_7) AppleWebKit/537.36 (KHTML, like Gecko) Chrome/120.0.0.0 Safari/537.36"
154.7.177.124 - - [30/Nov/2025:03:06:11 +0800] "GET / HTTP/1.1" 200 4759 "-" "libcurl/7.81.0 r-curl/6.0.1 httr/1.4.7"
154.7.177.124 - - [30/Nov/2025:03:06:11 +0800] "GET / HTTP/2.0" 200 4743 "-" "libcurl/7.81.0 r-curl/6.0.1 httr/1.4.7"
180.97.218.71 - - [30/Nov/2025:03:50:52 +0800] "GET / HTTP/1.1" 200 19000 "https://blog.wumingai.com" "Mozilla/4.0 (compatible; MSIE 9.0; Windows NT 6.1)"
180.97.218.71 - - [30/Nov/2025:03:50:52 +0800] "GET / HTTP/1.1" 200 18999 "https://blog.wumingai.com" "Mozilla/4.0 (compatible; MSIE 9.0; Windows NT 6.1)"
180.97.218.71 - - [30/Nov/2025:03:50:53 +0800] "GET /post/55.html HTTP/1.1" 200 28124 "https://blog.wumingai.com/post/55.html" "Mozilla/4.0 (compatible; MSIE 9.0; Windows NT 6.1)"
180.97.218.71 - - [30/Nov/2025:03:50:54 +0800] "POST /zb_system/cmd.php?act=cmt&postid=55&key=2969b2242a9e5a521f54d8ae511d37a3 HTTP/1.1" 200 1187 "https://blog.wumingai.com/zb_system/cmd.php?act=cmt&postid=55&key=2969b2242a9e5a521f54d8ae511d37a3" "Mozilla/4.0 (compatible; MSIE 9.0; Windows NT 6.1)"
154.7.177.124 - - [30/Nov/2025:04:06:14 +0800] "GET / HTTP/1.1" 200 4723 "-" "libcurl/7.81.0 r-curl/6.0.1 httr/1.4.7"
154.7.177.124 - - [30/Nov/2025:04:06:15 +0800] "GET / HTTP/2.0" 200 4707 "-" "libcurl/7.81.0 r-curl/6.0.1 httr/1.4.7"
154.7.177.124 - - [30/Nov/2025:05:10:06 +0800] "GET / HTTP/1.1" 200 4725 "-" "libcurl/7.81.0 r-curl/6.0.1 httr/1.4.7"
154.7.177.124 - - [30/Nov/2025:05:10:07 +0800] "GET / HTTP/2.0" 200 4707 "-" "libcurl/7.81.0 r-curl/6.0.1 httr/1.4.7"
123.58.198.151 - - [30/Nov/2025:05:15:37 +0800] "GET / HTTP/1.1" 200 18971 "https://blog.wumingai.com" "Mozilla/4.0 (compatible; MSIE 9.0; Windows NT 6.1)"
123.58.198.151 - - [30/Nov/2025:05:15:37 +0800] "GET / HTTP/1.1" 200 18971 "https://blog.wumingai.com" "Mozilla/4.0 (compatible; MSIE 9.0; Windows NT 6.1)"
123.58.198.151 - - [30/Nov/2025:05:15:37 +0800] "GET /post/58.html HTTP/1.1" 200 28197 "https://blog.wumingai.com/post/58.html" "Mozilla/4.0 (compatible; MSIE 9.0; Windows NT 6.1)"
123.58.198.151 - - [30/Nov/2025:05:15:37 +0800] "POST /zb_system/cmd.php?act=cmt&postid=58&key=6b63e8aa3b417c44677c710fe81dc396 HTTP/1.1" 200 190 "https://blog.wumingai.com/zb_system/cmd.php?act=cmt&postid=58&key=6b63e8aa3b417c44677c710fe81dc396" "Mozilla/4.0 (compatible; MSIE 9.0; Windows NT 6.1)"
157.55.39.58 - - [30/Nov/2025:06:37:42 +0800] "GET /tags-24.html HTTP/2.0" 200 4117 "-" "Mozilla/5.0 AppleWebKit/537.36 (KHTML, like Gecko; compatible; bingbot/2.0; +http://www.bing.com/bingbot.htm) Chrome/116.0.1938.76 Safari/537.36"
154.7.177.124 - - [30/Nov/2025:07:06:21 +0800] "GET / HTTP/1.1" 200 4724 "-" "libcurl/7.81.0 r-curl/6.0.1 httr/1.4.7"
154.7.177.124 - - [30/Nov/2025:07:06:22 +0800] "GET / HTTP/2.0" 200 4708 "-" "libcurl/7.81.0 r-curl/6.0.1 httr/1.4.7"
154.7.177.124 - - [30/Nov/2025:08:06:15 +0800] "GET / HTTP/1.1" 200 4724 "-" "libcurl/7.81.0 r-curl/6.0.1 httr/1.4.7"
154.7.177.124 - - [30/Nov/2025:08:06:16 +0800] "GET / HTTP/2.0" 200 4706 "-" "libcurl/7.81.0 r-curl/6.0.1 httr/1.4.7"
154.7.177.124 - - [30/Nov/2025:09:06:19 +0800] "GET / HTTP/1.1" 200 4723 "-" "libcurl/7.81.0 r-curl/6.0.1 httr/1.4.7"
154.7.177.124 - - [30/Nov/2025:09:06:19 +0800] "GET / HTTP/2.0" 200 4706 "-" "libcurl/7.81.0 r-curl/6.0.1 httr/1.4.7"
123.58.198.151 - - [30/Nov/2025:09:17:40 +0800] "GET / HTTP/1.1" 200 18972 "https://blog.wumingai.com" "Mozilla/4.0 (compatible; MSIE 9.0; Windows NT 6.1)"
123.58.198.151 - - [30/Nov/2025:09:17:40 +0800] "GET / HTTP/1.1" 200 18971 "https://blog.wumingai.com" "Mozilla/4.0 (compatible; MSIE 9.0; Windows NT 6.1)"
123.58.198.151 - - [30/Nov/2025:09:17:41 +0800] "GET /post/58.html HTTP/1.1" 200 28321 "https://blog.wumingai.com/post/58.html" "Mozilla/4.0 (compatible; MSIE 9.0; Windows NT 6.1)"
123.58.198.151 - - [30/Nov/2025:09:17:41 +0800] "POST /zb_system/cmd.php?act=cmt&postid=58&key=6a1e8412b45dee75d73f550eec8f5a64 HTTP/1.1" 200 190 "https://blog.wumingai.com/zb_system/cmd.php?act=cmt&postid=58&key=6a1e8412b45dee75d73f550eec8f5a64" "Mozilla/4.0 (compatible; MSIE 9.0; Windows NT 6.1)"
34.171.65.56 - - [30/Nov/2025:09:58:14 +0800] "GET /.env HTTP/1.1" 404 4123 "-" "Python/3.14 aiohttp/3.13.2"
154.7.177.124 - - [30/Nov/2025:10:06:42 +0800] "GET / HTTP/1.1" 200 4725 "-" "libcurl/7.81.0 r-curl/6.0.1 httr/1.4.7"
154.7.177.124 - - [30/Nov/2025:10:06:43 +0800] "GET / HTTP/2.0" 200 4707 "-" "libcurl/7.81.0 r-curl/6.0.1 httr/1.4.7"
154.7.177.124 - - [30/Nov/2025:11:06:32 +0800] "GET / HTTP/1.1" 200 4724 "-" "libcurl/7.81.0 r-curl/6.0.1 httr/1.4.7"
154.7.177.124 - - [30/Nov/2025:11:06:32 +0800] "GET / HTTP/2.0" 200 4707 "-" "libcurl/7.81.0 r-curl/6.0.1 httr/1.4.7"
207.46.13.107 - - [30/Nov/2025:11:54:03 +0800] "GET /post/56.html HTTP/2.0" 200 7601 "-" "Mozilla/5.0 AppleWebKit/537.36 (KHTML, like Gecko; compatible; bingbot/2.0; +http://www.bing.com/bingbot.htm) Chrome/116.0.1938.76 Safari/537.36"
205.210.31.79 - - [30/Nov/2025:12:00:30 +0800] "GET /.well-known/security.txt HTTP/1.1" 404 4123 "-" "Hello from Palo Alto Networks, find out more about our scans in https://docs-cortex.paloaltonetworks.com/r/1/Cortex-Xpanse/Scanning-activity"
154.7.177.124 - - [30/Nov/2025:12:06:19 +0800] "GET / HTTP/1.1" 200 4724 "-" "libcurl/7.81.0 r-curl/6.0.1 httr/1.4.7"
154.7.177.124 - - [30/Nov/2025:12:06:20 +0800] "GET / HTTP/2.0" 200 4708 "-" "libcurl/7.81.0 r-curl/6.0.1 httr/1.4.7"
154.7.177.124 - - [30/Nov/2025:13:06:14 +0800] "GET / HTTP/1.1" 200 4724 "-" "libcurl/7.81.0 r-curl/6.0.1 httr/1.4.7"
154.7.177.124 - - [30/Nov/2025:13:06:15 +0800] "GET / HTTP/2.0" 200 4708 "-" "libcurl/7.81.0 r-curl/6.0.1 httr/1.4.7"
123.58.198.151 - - [30/Nov/2025:13:15:47 +0800] "GET / HTTP/1.1" 200 18971 "https://blog.wumingai.com" "Mozilla/4.0 (compatible; MSIE 9.0; Windows NT 6.1)"
123.58.198.151 - - [30/Nov/2025:13:15:48 +0800] "GET / HTTP/1.1" 200 18971 "https://blog.wumingai.com" "Mozilla/4.0 (compatible; MSIE 9.0; Windows NT 6.1)"
123.58.198.151 - - [30/Nov/2025:13:15:48 +0800] "GET /post/59.html HTTP/1.1" 200 27241 "https://blog.wumingai.com/post/59.html" "Mozilla/4.0 (compatible; MSIE 9.0; Windows NT 6.1)"
123.58.198.151 - - [30/Nov/2025:13:15:48 +0800] "POST /zb_system/cmd.php?act=cmt&postid=59&key=e494ad6f1e174a04ceb6fbd083793610 HTTP/1.1" 200 190 "https://blog.wumingai.com/zb_system/cmd.php?act=cmt&postid=59&key=e494ad6f1e174a04ceb6fbd083793610" "Mozilla/4.0 (compatible; MSIE 9.0; Windows NT 6.1)"
104.210.140.129 - - [30/Nov/2025:13:55:15 +0800] "GET /robots.txt HTTP/2.0" 404 1457 "-" "Mozilla/5.0 (Macintosh; Intel Mac OS X 10_15_7) AppleWebKit/537.36 (KHTML, like Gecko) Chrome/131.0.0.0 Safari/537.36; compatible; OAI-SearchBot/1.0; +https://openai.com/searchbot"
104.210.140.137 - - [30/Nov/2025:13:55:15 +0800] "GET /robots.txt HTTP/1.1" 404 1473 "-" "Mozilla/5.0 (Macintosh; Intel Mac OS X 10_15_7) AppleWebKit/537.36 (KHTML, like Gecko) Chrome/131.0.0.0 Safari/537.36; compatible; OAI-SearchBot/1.0; +https://openai.com/searchbot"
154.7.177.124 - - [30/Nov/2025:14:06:27 +0800] "GET / HTTP/1.1" 200 4723 "-" "libcurl/7.81.0 r-curl/6.0.1 httr/1.4.7"
154.7.177.124 - - [30/Nov/2025:14:06:28 +0800] "GET / HTTP/2.0" 200 4707 "-" "libcurl/7.81.0 r-curl/6.0.1 httr/1.4.7"
154.7.177.124 - - [30/Nov/2025:15:09:08 +0800] "GET / HTTP/1.1" 200 4723 "-" "libcurl/7.81.0 r-curl/6.0.1 httr/1.4.7"
154.7.177.124 - - [30/Nov/2025:15:09:09 +0800] "GET / HTTP/2.0" 200 4706 "-" "libcurl/7.81.0 r-curl/6.0.1 httr/1.4.7"
13.76.115.253 - - [30/Nov/2025:16:02:53 +0800] "GET /post/36.html HTTP/2.0" 200 12870 "-" "Mozilla/5.0 AppleWebKit/537.36 (KHTML, like Gecko); compatible; ChatGPT-User/1.0; +https://openai.com/bot"
104.210.140.137 - - [30/Nov/2025:16:03:48 +0800] "GET /robots.txt HTTP/2.0" 404 1457 "-" "Mozilla/5.0 (Macintosh; Intel Mac OS X 10_15_7) AppleWebKit/537.36 (KHTML, like Gecko) Chrome/131.0.0.0 Safari/537.36; compatible; OAI-SearchBot/1.0; +https://openai.com/searchbot"
104.210.140.128 - - [30/Nov/2025:16:03:48 +0800] "GET /robots.txt HTTP/1.1" 404 1473 "-" "Mozilla/5.0 (Macintosh; Intel Mac OS X 10_15_7) AppleWebKit/537.36 (KHTML, like Gecko) Chrome/131.0.0.0 Safari/537.36; compatible; OAI-SearchBot/1.0; +https://openai.com/searchbot"
154.7.177.124 - - [30/Nov/2025:16:06:23 +0800] "GET / HTTP/1.1" 200 4723 "-" "libcurl/7.81.0 r-curl/6.0.1 httr/1.4.7"
154.7.177.124 - - [30/Nov/2025:16:06:24 +0800] "GET / HTTP/2.0" 200 4708 "-" "libcurl/7.81.0 r-curl/6.0.1 httr/1.4.7"
93.123.109.7 - - [30/Nov/2025:16:19:37 +0800] "GET /.git/config HTTP/1.1" 404 4123 "-" "Mozilla/4.0 (compatible; MSIE 5.0; Series80/2.0 Nokia9500/4.51 Profile/MIDP-2.0 Configuration/CLDC-1.1)"
180.97.218.71 - - [30/Nov/2025:16:33:11 +0800] "GET / HTTP/1.1" 200 18971 "https://blog.wumingai.com" "Mozilla/4.0 (compatible; MSIE 9.0; Windows NT 6.1)"
180.97.218.71 - - [30/Nov/2025:16:33:11 +0800] "GET / HTTP/1.1" 200 18971 "https://blog.wumingai.com" "Mozilla/4.0 (compatible; MSIE 9.0; Windows NT 6.1)"
180.97.218.71 - - [30/Nov/2025:16:33:11 +0800] "GET /post/58.html%23cmt135 HTTP/1.1" 404 4123 "https://blog.wumingai.com/post/58.html#cmt135" "Mozilla/4.0 (compatible; MSIE 9.0; Windows NT 6.1)"
180.97.218.71 - - [30/Nov/2025:16:33:11 +0800] "GET /page_2.html HTTP/1.1" 200 18498 "https://blog.wumingai.com/page_2.html" "Mozilla/4.0 (compatible; MSIE 9.0; Windows NT 6.1)"
180.97.218.71 - - [30/Nov/2025:16:33:11 +0800] "GET /post/61.html HTTP/1.1" 200 27920 "https://blog.wumingai.com/post/61.html" "Mozilla/4.0 (compatible; MSIE 9.0; Windows NT 6.1)"
180.97.218.71 - - [30/Nov/2025:16:33:11 +0800] "POST /zb_system/cmd.php?act=cmt&postid=61&key=48b4e8ccefb1b1ad5264c4957d4bc65f HTTP/1.1" 200 1148 "https://blog.wumingai.com/zb_system/cmd.php?act=cmt&postid=61&key=48b4e8ccefb1b1ad5264c4957d4bc65f" "Mozilla/4.0 (compatible; MSIE 9.0; Windows NT 6.1)"
154.7.177.124 - - [30/Nov/2025:17:06:33 +0800] "GET / HTTP/1.1" 200 4722 "-" "libcurl/7.81.0 r-curl/6.0.1 httr/1.4.7"
154.7.177.124 - - [30/Nov/2025:17:06:34 +0800] "GET / HTTP/2.0" 200 4705 "-" "libcurl/7.81.0 r-curl/6.0.1 httr/1.4.7"
123.58.198.151 - - [30/Nov/2025:17:13:55 +0800] "GET / HTTP/1.1" 200 18966 "https://blog.wumingai.com" "Mozilla/4.0 (compatible; MSIE 9.0; Windows NT 6.1)"
123.58.198.151 - - [30/Nov/2025:17:13:55 +0800] "GET / HTTP/1.1" 200 18965 "https://blog.wumingai.com" "Mozilla/4.0 (compatible; MSIE 9.0; Windows NT 6.1)"
123.58.198.151 - - [30/Nov/2025:17:13:56 +0800] "GET /post/62.html HTTP/1.1" 200 29945 "https://blog.wumingai.com/post/62.html" "Mozilla/4.0 (compatible; MSIE 9.0; Windows NT 6.1)"
123.58.198.151 - - [30/Nov/2025:17:13:56 +0800] "POST /zb_system/cmd.php?act=cmt&postid=62&key=02ca4323f9389971ac141f8e547f6728 HTTP/1.1" 200 190 "https://blog.wumingai.com/zb_system/cmd.php?act=cmt&postid=62&key=02ca4323f9389971ac141f8e547f6728" "Mozilla/4.0 (compatible; MSIE 9.0; Windows NT 6.1)"
195.24.236.57 - - [30/Nov/2025:17:50:13 +0800] "GET /wp-login.php HTTP/1.1" 404 4110 "-" "Mozilla/5.0 (Macintosh; Intel Mac OS X 14_2) AppleWebKit/537.36 (KHTML, like Gecko) Chrome/120.0.0.0 Safari/537.36"
154.7.177.124 - - [30/Nov/2025:19:06:26 +0800] "GET / HTTP/1.1" 200 4724 "-" "libcurl/7.81.0 r-curl/6.0.1 httr/1.4.7"
154.7.177.124 - - [30/Nov/2025:19:06:27 +0800] "GET / HTTP/2.0" 200 4707 "-" "libcurl/7.81.0 r-curl/6.0.1 httr/1.4.7"
154.7.177.124 - - [30/Nov/2025:20:06:11 +0800] "GET / HTTP/1.1" 200 4724 "-" "libcurl/7.81.0 r-curl/6.0.1 httr/1.4.7"
154.7.177.124 - - [30/Nov/2025:20:06:12 +0800] "GET / HTTP/2.0" 200 4707 "-" "libcurl/7.81.0 r-curl/6.0.1 httr/1.4.7"
154.7.177.124 - - [30/Nov/2025:21:06:43 +0800] "GET / HTTP/1.1" 200 4724 "-" "libcurl/7.81.0 r-curl/6.0.1 httr/1.4.7"
154.7.177.124 - - [30/Nov/2025:21:06:44 +0800] "GET / HTTP/2.0" 200 4706 "-" "libcurl/7.81.0 r-curl/6.0.1 httr/1.4.7"
123.58.198.151 - - [30/Nov/2025:21:23:28 +0800] "GET / HTTP/1.1" 200 18965 "https://blog.wumingai.com" "Mozilla/4.0 (compatible; MSIE 9.0; Windows NT 6.1)"
123.58.198.151 - - [30/Nov/2025:21:23:28 +0800] "GET / HTTP/1.1" 200 18965 "https://blog.wumingai.com" "Mozilla/4.0 (compatible; MSIE 9.0; Windows NT 6.1)"
123.58.198.151 - - [30/Nov/2025:21:23:29 +0800] "GET /post/59.html HTTP/1.1" 200 27109 "https://blog.wumingai.com/post/59.html" "Mozilla/4.0 (compatible; MSIE 9.0; Windows NT 6.1)"
123.58.198.151 - - [30/Nov/2025:21:23:29 +0800] "POST /zb_system/cmd.php?act=cmt&postid=59&key=338617647599c1cfb2e5b85a68e28728 HTTP/1.1" 200 190 "https://blog.wumingai.com/zb_system/cmd.php?act=cmt&postid=59&key=338617647599c1cfb2e5b85a68e28728" "Mozilla/4.0 (compatible; MSIE 9.0; Windows NT 6.1)"
154.7.177.124 - - [30/Nov/2025:22:06:50 +0800] "GET / HTTP/1.1" 200 4723 "-" "libcurl/7.81.0 r-curl/6.0.1 httr/1.4.7"
154.7.177.124 - - [30/Nov/2025:22:06:51 +0800] "GET / HTTP/2.0" 200 4707 "-" "libcurl/7.81.0 r-curl/6.0.1 httr/1.4.7"
154.7.177.124 - - [30/Nov/2025:23:06:22 +0800] "GET / HTTP/1.1" 200 4723 "-" "libcurl/7.81.0 r-curl/6.0.1 httr/1.4.7"
154.7.177.124 - - [30/Nov/2025:23:06:22 +0800] "GET / HTTP/2.0" 200 4706 "-" "libcurl/7.81.0 r-curl/6.0.1 httr/1.4.7"
116.204.39.178 - - [01/Dec/2025:00:01:44 +0800] "GET /post/31.html HTTP/2.0" 200 15749 "https://blog.wumingai.com/post/31.html" "Mozilla/5.0 (Windows NT 10.0; Win64; x64) AppleWebKit/537.36 (KHTML, like Gecko) Chrome/101.0.4951.64 Safari/537.36 Edg/101.0.1210.47"
1.92.195.92 - - [01/Dec/2025:00:26:37 +0800] "GET /post/29.html HTTP/2.0" 200 8800 "https://blog.wumingai.com/post/29.html" "Mozilla/5.0 (Macintosh; Intel Mac OS X 10_15_7) AppleWebKit/537.36 (KHTML, like Gecko) Chrome/120.0.0.0 Safari/537.36"
1.92.222.154 - - [01/Dec/2025:00:52:48 +0800] "GET /post/10.html HTTP/2.0" 200 15995 "https://blog.wumingai.com/post/10.html" "Mozilla/5.0 (Macintosh; Intel Mac OS X 10_15_7) AppleWebKit/537.36 (KHTML, like Gecko) Chrome/119.0.0.0 Safari/537.36"
154.7.177.124 - - [01/Dec/2025:01:07:25 +0800] "GET / HTTP/1.1" 200 4724 "-" "libcurl/7.81.0 r-curl/6.0.1 httr/1.4.7"
154.7.177.124 - - [01/Dec/2025:01:07:26 +0800] "GET / HTTP/2.0" 200 4706 "-" "libcurl/7.81.0 r-curl/6.0.1 httr/1.4.7"
113.44.115.126 - - [01/Dec/2025:01:18:58 +0800] "GET /post/57.html HTTP/2.0" 200 6961 "https://blog.wumingai.com/post/57.html#cmt106" "Mozilla/5.0 (Windows NT 10.0; Win64; x64) AppleWebKit/537.36 (KHTML, like Gecko) Chrome/101.0.4951.64 Safari/537.36 Edg/101.0.1210.47"
121.37.101.80 - - [01/Dec/2025:01:45:09 +0800] "GET /post/17.html HTTP/2.0" 200 58447 "https://blog.wumingai.com/post/17.html" "Mozilla/5.0 (Macintosh; Intel Mac OS X 10_15_7) AppleWebKit/537.36 (KHTML, like Gecko) Chrome/119.0.0.0 Safari/537.36"
123.58.198.151 - - [01/Dec/2025:01:54:33 +0800] "GET / HTTP/1.1" 200 18965 "https://blog.wumingai.com" "Mozilla/4.0 (compatible; MSIE 9.0; Windows NT 6.1)"
123.58.198.151 - - [01/Dec/2025:01:54:34 +0800] "GET / HTTP/1.1" 200 18965 "https://blog.wumingai.com" "Mozilla/4.0 (compatible; MSIE 9.0; Windows NT 6.1)"
123.58.198.151 - - [01/Dec/2025:01:54:34 +0800] "GET /post/55.html HTTP/1.1" 200 28302 "https://blog.wumingai.com/post/55.html" "Mozilla/4.0 (compatible; MSIE 9.0; Windows NT 6.1)"
123.58.198.151 - - [01/Dec/2025:01:54:34 +0800] "POST /zb_system/cmd.php?act=cmt&postid=55&key=634a4cffc2a1a2b45800c79f48de31c9 HTTP/1.1" 200 190 "https://blog.wumingai.com/zb_system/cmd.php?act=cmt&postid=55&key=634a4cffc2a1a2b45800c79f48de31c9" "Mozilla/4.0 (compatible; MSIE 9.0; Windows NT 6.1)"
1.92.204.170 - - [01/Dec/2025:02:11:25 +0800] "GET /post/35.html HTTP/2.0" 200 6708 "https://blog.wumingai.com/post/35.html" "Mozilla/5.0 (Windows NT 10.0; Win64; x64) AppleWebKit/537.36 (KHTML, like Gecko) Chrome/101.0.4951.64 Safari/537.36 Edg/101.0.1210.47"
113.44.127.214 - - [01/Dec/2025:02:37:31 +0800] "GET /post/39.html HTTP/2.0" 200 8634 "https://blog.wumingai.com/post/39.html" "Mozilla/5.0 (Windows NT 10.0; Win64; x64) AppleWebKit/537.36 (KHTML, like Gecko) Chrome/116.0.0.0 Safari/537.36"
116.204.98.61 - - [01/Dec/2025:03:03:42 +0800] "GET /post/14.html HTTP/2.0" 200 18079 "https://blog.wumingai.com/post/14.html" "Mozilla/5.0 (Macintosh; Intel Mac OS X 10_15_7) AppleWebKit/537.36 (KHTML, like Gecko) Chrome/119.0.0.0 Safari/537.36"
154.7.177.124 - - [01/Dec/2025:03:06:58 +0800] "GET / HTTP/1.1" 200 4722 "-" "libcurl/7.81.0 r-curl/6.0.1 httr/1.4.7"
154.7.177.124 - - [01/Dec/2025:03:06:59 +0800] "GET / HTTP/2.0" 200 4705 "-" "libcurl/7.81.0 r-curl/6.0.1 httr/1.4.7"
116.204.5.170 - - [01/Dec/2025:03:29:53 +0800] "GET /post/16.html HTTP/2.0" 200 55789 "https://blog.wumingai.com/post/16.html" "Mozilla/5.0 (Windows NT 10.0; Win64; x64) AppleWebKit/537.36 (KHTML, like Gecko) Chrome/116.0.0.0 Safari/537.36"
121.37.107.50 - - [01/Dec/2025:03:56:04 +0800] "GET /post/19.html HTTP/2.0" 200 7197 "https://blog.wumingai.com/post/19.html" "Mozilla/5.0 (Windows NT 10.0; Win64; x64) AppleWebKit/537.36 (KHTML, like Gecko) Chrome/101.0.4951.64 Safari/537.36 Edg/101.0.1210.47"
154.7.177.124 - - [01/Dec/2025:04:07:42 +0800] "GET / HTTP/1.1" 200 4722 "-" "libcurl/7.81.0 r-curl/6.0.1 httr/1.4.7"
154.7.177.124 - - [01/Dec/2025:04:07:43 +0800] "GET / HTTP/2.0" 200 4705 "-" "libcurl/7.81.0 r-curl/6.0.1 httr/1.4.7"
121.37.104.33 - - [01/Dec/2025:04:22:18 +0800] "GET /post/7.html HTTP/2.0" 200 15804 "https://blog.wumingai.com/post/7.html" "Mozilla/5.0 (Macintosh; Intel Mac OS X 10_15_7) AppleWebKit/537.36 (KHTML, like Gecko) Chrome/123.0.0.0 Safari/537.36"
1.92.210.46 - - [01/Dec/2025:04:43:02 +0800] "GET /post/9.html HTTP/2.0" 200 10277 "https://blog.wumingai.com/post/9.html" "Mozilla/5.0 (Macintosh; Intel Mac OS X 10_15_7) AppleWebKit/537.36 (KHTML, like Gecko) Chrome/123.0.0.0 Safari/537.36"
162.128.159.70 - - [01/Dec/2025:04:50:58 +0800] "GET /post/18.html HTTP/2.0" 200 38285 "https://blog.wumingai.com/post/18.html" "Mozilla/5.0 (Windows NT 10.0; Win64; x64) AppleWebKit/537.36 (KHTML, like Gecko) Chrome/101.0.4951.64 Safari/537.36 Edg/101.0.1210.47"
154.7.177.124 - - [01/Dec/2025:05:07:05 +0800] "GET / HTTP/1.1" 200 4722 "-" "libcurl/7.81.0 r-curl/6.0.1 httr/1.4.7"
154.7.177.124 - - [01/Dec/2025:05:07:05 +0800] "GET / HTTP/2.0" 200 4705 "-" "libcurl/7.81.0 r-curl/6.0.1 httr/1.4.7"
180.97.218.71 - - [01/Dec/2025:05:28:34 +0800] "GET / HTTP/1.1" 200 18965 "https://blog.wumingai.com" "Mozilla/4.0 (compatible; MSIE 9.0; Windows NT 6.1)"
180.97.218.71 - - [01/Dec/2025:05:28:34 +0800] "GET / HTTP/1.1" 200 18965 "https://blog.wumingai.com" "Mozilla/4.0 (compatible; MSIE 9.0; Windows NT 6.1)"
180.97.218.71 - - [01/Dec/2025:05:28:35 +0800] "GET /post/60.html HTTP/1.1" 200 28654 "https://blog.wumingai.com/post/60.html" "Mozilla/4.0 (compatible; MSIE 9.0; Windows NT 6.1)"
180.97.218.71 - - [01/Dec/2025:05:28:35 +0800] "POST /zb_system/cmd.php?act=cmt&postid=60&key=11c562a1b41beedf8fb35ba6bacbd013 HTTP/1.1" 200 1240 "https://blog.wumingai.com/zb_system/cmd.php?act=cmt&postid=60&key=11c562a1b41beedf8fb35ba6bacbd013" "Mozilla/4.0 (compatible; MSIE 9.0; Windows NT 6.1)"
74.7.244.59 - - [01/Dec/2025:05:36:08 +0800] "GET /robots.txt HTTP/2.0" 404 1457 "-" "Mozilla/5.0 (Macintosh; Intel Mac OS X 10_15_7) AppleWebKit/537.36 (KHTML, like Gecko) Chrome/131.0.0.0 Safari/537.36; compatible; OAI-SearchBot/1.3; robots.txt; +https://openai.com/searchbot"
74.7.243.223 - - [01/Dec/2025:05:36:09 +0800] "GET / HTTP/2.0" 200 4711 "-" "Mozilla/5.0 AppleWebKit/537.36 (KHTML, like Gecko; compatible; GPTBot/1.3; +https://openai.com/gptbot)"
74.7.243.223 - - [01/Dec/2025:05:36:14 +0800] "GET /?id=2 HTTP/2.0" 302 53 "-" "Mozilla/5.0 AppleWebKit/537.36 (KHTML, like Gecko; compatible; GPTBot/1.3; +https://openai.com/gptbot)"
74.7.243.223 - - [01/Dec/2025:05:36:15 +0800] "GET /2.html HTTP/2.0" 200 2934 "-" "Mozilla/5.0 AppleWebKit/537.36 (KHTML, like Gecko; compatible; GPTBot/1.3; +https://openai.com/gptbot)"
1.92.203.250 - - [01/Dec/2025:05:49:08 +0800] "GET /post/8.html HTTP/2.0" 200 12080 "https://blog.wumingai.com/post/8.html" "Mozilla/5.0 (Windows NT 10.0; Win64; x64) AppleWebKit/537.36 (KHTML, like Gecko) Chrome/116.0.0.0 Safari/537.36"
154.7.177.124 - - [01/Dec/2025:06:06:37 +0800] "GET / HTTP/1.1" 200 4728 "-" "libcurl/7.81.0 r-curl/6.0.1 httr/1.4.7"
154.7.177.124 - - [01/Dec/2025:06:06:38 +0800] "GET / HTTP/2.0" 200 4711 "-" "libcurl/7.81.0 r-curl/6.0.1 httr/1.4.7"
123.58.198.151 - - [01/Dec/2025:06:13:47 +0800] "GET / HTTP/1.1" 200 18972 "https://blog.wumingai.com" "Mozilla/4.0 (compatible; MSIE 9.0; Windows NT 6.1)"
123.58.198.151 - - [01/Dec/2025:06:13:47 +0800] "GET / HTTP/1.1" 200 18972 "https://blog.wumingai.com" "Mozilla/4.0 (compatible; MSIE 9.0; Windows NT 6.1)"
123.58.198.151 - - [01/Dec/2025:06:13:48 +0800] "GET /post/60.html HTTP/1.1" 200 29718 "https://blog.wumingai.com/post/60.html" "Mozilla/4.0 (compatible; MSIE 9.0; Windows NT 6.1)"
123.58.198.151 - - [01/Dec/2025:06:13:48 +0800] "POST /zb_system/cmd.php?act=cmt&postid=60&key=fae5739ceea34c6773fcc894dc14e6f7 HTTP/1.1" 200 190 "https://blog.wumingai.com/zb_system/cmd.php?act=cmt&postid=60&key=fae5739ceea34c6773fcc894dc14e6f7" "Mozilla/4.0 (compatible; MSIE 9.0; Windows NT 6.1)"
116.204.76.75 - - [01/Dec/2025:06:56:48 +0800] "GET /post/62.html HTTP/2.0" 200 7001 "https://blog.wumingai.com/post/62.html#cmt139" "Mozilla/5.0 (Windows NT 10.0; Win64; x64) AppleWebKit/537.36 (KHTML, like Gecko) Chrome/101.0.4951.64 Safari/537.36 Edg/101.0.1210.47"
154.7.177.124 - - [01/Dec/2025:07:07:06 +0800] "GET / HTTP/1.1" 200 4729 "-" "libcurl/7.81.0 r-curl/6.0.1 httr/1.4.7"
154.7.177.124 - - [01/Dec/2025:07:07:07 +0800] "GET / HTTP/2.0" 200 4713 "-" "libcurl/7.81.0 r-curl/6.0.1 httr/1.4.7"
113.44.105.92 - - [01/Dec/2025:07:21:04 +0800] "GET /post/20.html HTTP/2.0" 200 7272 "https://blog.wumingai.com/post/20.html" "Mozilla/5.0 (Windows NT 10.0; Win64; x64) AppleWebKit/537.36 (KHTML, like Gecko) Chrome/101.0.4951.64 Safari/537.36 Edg/101.0.1210.47"
116.204.32.255 - - [01/Dec/2025:07:47:15 +0800] "GET /post/15.html HTTP/2.0" 200 13340 "https://blog.wumingai.com/post/15.html" "Mozilla/5.0 (Macintosh; Intel Mac OS X 10_15_7) AppleWebKit/537.36 (KHTML, like Gecko) Chrome/119.0.0.0 Safari/537.36"
154.7.177.124 - - [01/Dec/2025:08:07:04 +0800] "GET / HTTP/1.1" 200 4729 "-" "libcurl/7.81.0 r-curl/6.0.1 httr/1.4.7"
154.7.177.124 - - [01/Dec/2025:08:07:05 +0800] "GET / HTTP/2.0" 200 4712 "-" "libcurl/7.81.0 r-curl/6.0.1 httr/1.4.7"
116.204.25.169 - - [01/Dec/2025:08:13:25 +0800] "GET /post/38.html HTTP/2.0" 200 11123 "https://blog.wumingai.com/post/38.html" "Mozilla/5.0 (Windows NT 10.0; Win64; x64) AppleWebKit/537.36 (KHTML, like Gecko) Chrome/116.0.0.0 Safari/537.36"
120.48.251.219 - - [01/Dec/2025:08:15:02 +0800] "GET / HTTP/1.1" 200 4725 "-" "Mozilla/5.0 (Windows NT 10.0; Win64; x64) AppleWebKit/537.36 (KHTML, like Gecko) Chrome/133.0.0.0 Safari/537.36"
221.11.4.156 - - [01/Dec/2025:08:18:00 +0800] "GET /favicon.ico HTTP/1.1" 404 1469 "-" "Mozilla/5.077692140 Mozilla/5.0 (Windows NT 6.1; Trident/7.0; rv:11.0) like Gecko"
221.11.4.156 - - [01/Dec/2025:08:18:01 +0800] "GET / HTTP/1.1" 200 4726 "-" "Mozilla/5.051975669 Mozilla/5.0 (Macintosh; Intel Mac OS X 10_13_6) AppleWebKit/537.36 (KHTML, like Gecko) Chrome/68.0.3440.106 Safari/537.36"
120.48.251.219 - - [01/Dec/2025:08:33:07 +0800] "GET / HTTP/1.1" 302 138 "-" "Mozilla/5.0 (Windows NT 10.0; Win64; x64) AppleWebKit/537.36 (KHTML, like Gecko) Chrome/133.0.0.0 Safari/537.36"
120.48.251.219 - - [01/Dec/2025:08:33:08 +0800] "GET / HTTP/1.1" 200 4725 "http://blog.wumingai.com:443/" "Mozilla/5.0 (Windows NT 10.0; Win64; x64) AppleWebKit/537.36 (KHTML, like Gecko) Chrome/133.0.0.0 Safari/537.36"
113.44.114.2 - - [01/Dec/2025:08:39:40 +0800] "GET /post/23.html HTTP/2.0" 200 8376 "https://blog.wumingai.com/post/23.html" "Mozilla/5.0 (Macintosh; Intel Mac OS X 10_15_7) AppleWebKit/537.36 (KHTML, like Gecko) Chrome/123.0.0.0 Safari/537.36"
1.92.204.52 - - [01/Dec/2025:09:05:48 +0800] "GET /post/11.html HTTP/2.0" 200 11185 "https://blog.wumingai.com/post/11.html" "Mozilla/5.0 (Macintosh; Intel Mac OS X 10_15_7) AppleWebKit/537.36 (KHTML, like Gecko) Chrome/131.0.0.0 Safari/537.36"
154.7.177.124 - - [01/Dec/2025:09:06:59 +0800] "GET / HTTP/1.1" 200 4729 "-" "libcurl/7.81.0 r-curl/6.0.1 httr/1.4.7"
154.7.177.124 - - [01/Dec/2025:09:07:00 +0800] "GET / HTTP/2.0" 200 4712 "-" "libcurl/7.81.0 r-curl/6.0.1 httr/1.4.7"
116.204.45.254 - - [01/Dec/2025:09:31:59 +0800] "GET /post/21.html HTTP/2.0" 200 7752 "https://blog.wumingai.com/post/21.html" "Mozilla/5.0 (Macintosh; Intel Mac OS X 10_15_7) AppleWebKit/537.36 (KHTML, like Gecko) Chrome/119.0.0.0 Safari/537.36"
40.77.167.13 - - [01/Dec/2025:09:47:49 +0800] "GET /post/46.html HTTP/2.0" 200 11050 "-" "Mozilla/5.0 AppleWebKit/537.36 (KHTML, like Gecko; compatible; bingbot/2.0; +http://www.bing.com/bingbot.htm) Chrome/116.0.1938.76 Safari/537.36"
116.204.35.248 - - [01/Dec/2025:09:58:09 +0800] "GET /post/3.html HTTP/2.0" 200 13895 "https://blog.wumingai.com/post/3.html" "Mozilla/5.0 (Windows NT 10.0; Win64; x64) AppleWebKit/537.36 (KHTML, like Gecko) Chrome/116.0.0.0 Safari/537.36"
154.7.177.124 - - [01/Dec/2025:10:07:19 +0800] "GET / HTTP/1.1" 200 4729 "-" "libcurl/7.81.0 r-curl/6.0.1 httr/1.4.7"
154.7.177.124 - - [01/Dec/2025:10:07:19 +0800] "GET / HTTP/2.0" 200 4713 "-" "libcurl/7.81.0 r-curl/6.0.1 httr/1.4.7"
116.204.77.152 - - [01/Dec/2025:10:24:21 +0800] "GET /post/60.html HTTP/2.0" 200 7044 "https://blog.wumingai.com/post/60.html#cmt132" "Mozilla/5.0 (Windows NT 10.0; Win64; x64) AppleWebKit/537.36 (KHTML, like Gecko) Chrome/116.0.0.0 Safari/537.36"
123.58.198.151 - - [01/Dec/2025:10:28:50 +0800] "GET / HTTP/1.1" 200 18972 "https://blog.wumingai.com" "Mozilla/4.0 (compatible; MSIE 9.0; Windows NT 6.1)"
123.58.198.151 - - [01/Dec/2025:10:28:50 +0800] "GET / HTTP/1.1" 200 18972 "https://blog.wumingai.com" "Mozilla/4.0 (compatible; MSIE 9.0; Windows NT 6.1)"
123.58.198.151 - - [01/Dec/2025:10:28:50 +0800] "GET /post/57.html HTTP/1.1" 200 27992 "https://blog.wumingai.com/post/57.html" "Mozilla/4.0 (compatible; MSIE 9.0; Windows NT 6.1)"
123.58.198.151 - - [01/Dec/2025:10:28:51 +0800] "POST /zb_system/cmd.php?act=cmt&postid=57&key=61d4a87a28715c3588fb74b45e6db3f6 HTTP/1.1" 200 190 "https://blog.wumingai.com/zb_system/cmd.php?act=cmt&postid=57&key=61d4a87a28715c3588fb74b45e6db3f6" "Mozilla/4.0 (compatible; MSIE 9.0; Windows NT 6.1)"
116.204.65.95 - - [01/Dec/2025:10:50:36 +0800] "GET /post/12.html HTTP/2.0" 200 17854 "https://blog.wumingai.com/post/12.html" "Mozilla/5.0 (Macintosh; Intel Mac OS X 10_15_7) AppleWebKit/537.36 (KHTML, like Gecko) Chrome/120.0.0.0 Safari/537.36"
154.7.177.124 - - [01/Dec/2025:11:07:08 +0800] "GET / HTTP/1.1" 200 4728 "-" "libcurl/7.81.0 r-curl/6.0.1 httr/1.4.7"
154.7.177.124 - - [01/Dec/2025:11:07:09 +0800] "GET / HTTP/2.0" 200 4711 "-" "libcurl/7.81.0 r-curl/6.0.1 httr/1.4.7"
116.204.33.136 - - [01/Dec/2025:11:16:52 +0800] "GET /post/63.html HTTP/2.0" 200 9318 "https://blog.wumingai.com/post/63.html" "Mozilla/5.0 (Macintosh; Intel Mac OS X 10_15_7) AppleWebKit/537.36 (KHTML, like Gecko) Chrome/119.0.0.0 Safari/537.36"
52.167.144.156 - - [01/Dec/2025:11:41:41 +0800] "GET /post/56.html HTTP/2.0" 200 7621 "-" "Mozilla/5.0 AppleWebKit/537.36 (KHTML, like Gecko; compatible; bingbot/2.0; +http://www.bing.com/bingbot.htm) Chrome/116.0.1938.76 Safari/537.36"
116.204.35.248 - - [01/Dec/2025:11:42:53 +0800] "GET /post/13.html HTTP/2.0" 200 15241 "https://blog.wumingai.com/post/13.html" "Mozilla/5.0 (Windows NT 10.0; Win64; x64) AppleWebKit/537.36 (KHTML, like Gecko) Chrome/101.0.4951.64 Safari/537.36 Edg/101.0.1210.47"
154.7.177.124 - - [01/Dec/2025:12:07:32 +0800] "GET / HTTP/1.1" 200 4729 "-" "libcurl/7.81.0 r-curl/6.0.1 httr/1.4.7"
154.7.177.124 - - [01/Dec/2025:12:07:32 +0800] "GET / HTTP/2.0" 200 4712 "-" "libcurl/7.81.0 r-curl/6.0.1 httr/1.4.7"
113.44.121.179 - - [01/Dec/2025:12:09:04 +0800] "GET /post/45.html HTTP/2.0" 200 7637 "https://blog.wumingai.com/post/45.html" "Mozilla/5.0 (Macintosh; Intel Mac OS X 10_15_7) AppleWebKit/537.36 (KHTML, like Gecko) Chrome/119.0.0.0 Safari/537.36"
116.204.109.93 - - [01/Dec/2025:12:35:14 +0800] "GET /post/59.html HTTP/2.0" 200 7318 "https://blog.wumingai.com/post/59.html#cmt113" "Mozilla/5.0 (Windows NT 10.0; Win64; x64) AppleWebKit/537.36 (KHTML, like Gecko) Chrome/116.0.0.0 Safari/537.36"
1.92.203.250 - - [01/Dec/2025:13:01:30 +0800] "GET /post/6.html HTTP/2.0" 200 8610 "https://blog.wumingai.com/post/6.html" "Mozilla/5.0 (Macintosh; Intel Mac OS X 10_15_7) AppleWebKit/537.36 (KHTML, like Gecko) Chrome/123.0.0.0 Safari/537.36"
154.7.177.124 - - [01/Dec/2025:13:07:35 +0800] "GET / HTTP/1.1" 200 4728 "-" "libcurl/7.81.0 r-curl/6.0.1 httr/1.4.7"
154.7.177.124 - - [01/Dec/2025:13:07:36 +0800] "GET / HTTP/2.0" 200 4712 "-" "libcurl/7.81.0 r-curl/6.0.1 httr/1.4.7"
116.204.21.106 - - [01/Dec/2025:13:27:37 +0800] "GET /post/48.html HTTP/2.0" 200 9205 "https://blog.wumingai.com/post/48.html" "Mozilla/5.0 (Windows NT 10.0; Win64; x64) AppleWebKit/537.36 (KHTML, like Gecko) Chrome/101.0.4951.64 Safari/537.36 Edg/101.0.1210.47"
121.37.107.50 - - [01/Dec/2025:13:53:48 +0800] "GET /post/50.html HTTP/2.0" 200 6116 "https://blog.wumingai.com/post/50.html" "Mozilla/5.0 (Macintosh; Intel Mac OS X 10_15_7) AppleWebKit/537.36 (KHTML, like Gecko) Chrome/131.0.0.0 Safari/537.36"
154.7.177.124 - - [01/Dec/2025:14:07:10 +0800] "GET / HTTP/1.1" 200 4729 "-" "libcurl/7.81.0 r-curl/6.0.1 httr/1.4.7"
154.7.177.124 - - [01/Dec/2025:14:07:11 +0800] "GET / HTTP/2.0" 200 4712 "-" "libcurl/7.81.0 r-curl/6.0.1 httr/1.4.7"
113.44.125.55 - - [01/Dec/2025:14:19:59 +0800] "GET /post/27.html HTTP/2.0" 200 7451 "https://blog.wumingai.com/post/27.html" "Mozilla/5.0 (Windows NT 10.0; Win64; x64) AppleWebKit/537.36 (KHTML, like Gecko) Chrome/101.0.4951.64 Safari/537.36 Edg/101.0.1210.47"
104.210.140.141 - - [01/Dec/2025:14:20:38 +0800] "GET /robots.txt HTTP/2.0" 404 1457 "-" "Mozilla/5.0 (Macintosh; Intel Mac OS X 10_15_7) AppleWebKit/537.36 (KHTML, like Gecko) Chrome/131.0.0.0 Safari/537.36; compatible; OAI-SearchBot/1.0; +https://openai.com/searchbot"
104.210.140.131 - - [01/Dec/2025:14:20:39 +0800] "GET /robots.txt HTTP/1.1" 404 1473 "-" "Mozilla/5.0 (Macintosh; Intel Mac OS X 10_15_7) AppleWebKit/537.36 (KHTML, like Gecko) Chrome/131.0.0.0 Safari/537.36; compatible; OAI-SearchBot/1.0; +https://openai.com/searchbot"
123.58.198.151 - - [01/Dec/2025:14:28:41 +0800] "GET / HTTP/1.1" 200 18972 "https://blog.wumingai.com" "Mozilla/4.0 (compatible; MSIE 9.0; Windows NT 6.1)"
123.58.198.151 - - [01/Dec/2025:14:28:42 +0800] "GET / HTTP/1.1" 200 18972 "https://blog.wumingai.com" "Mozilla/4.0 (compatible; MSIE 9.0; Windows NT 6.1)"
123.58.198.151 - - [01/Dec/2025:14:28:42 +0800] "GET /post/56.html HTTP/1.1" 200 30942 "https://blog.wumingai.com/post/56.html" "Mozilla/4.0 (compatible; MSIE 9.0; Windows NT 6.1)"
123.58.198.151 - - [01/Dec/2025:14:28:42 +0800] "POST /zb_system/cmd.php?act=cmt&postid=56&key=bc79b8115721e768371494724695ff84 HTTP/1.1" 200 190 "https://blog.wumingai.com/zb_system/cmd.php?act=cmt&postid=56&key=bc79b8115721e768371494724695ff84" "Mozilla/4.0 (compatible; MSIE 9.0; Windows NT 6.1)"
116.204.77.150 - - [01/Dec/2025:14:46:10 +0800] "GET /post/34.html HTTP/2.0" 200 9171 "https://blog.wumingai.com/post/34.html" "Mozilla/5.0 (Macintosh; Intel Mac OS X 10_15_7) AppleWebKit/537.36 (KHTML, like Gecko) Chrome/123.0.0.0 Safari/537.36"
154.7.177.124 - - [01/Dec/2025:15:07:01 +0800] "GET / HTTP/1.1" 200 4728 "-" "libcurl/7.81.0 r-curl/6.0.1 httr/1.4.7"
154.7.177.124 - - [01/Dec/2025:15:07:02 +0800] "GET / HTTP/2.0" 200 4711 "-" "libcurl/7.81.0 r-curl/6.0.1 httr/1.4.7"
1.92.204.87 - - [01/Dec/2025:15:12:25 +0800] "GET /post/43.html HTTP/2.0" 200 10395 "https://blog.wumingai.com/post/43.html" "Mozilla/5.0 (Macintosh; Intel Mac OS X 10_15_7) AppleWebKit/537.36 (KHTML, like Gecko) Chrome/119.0.0.0 Safari/537.36"
162.128.159.101 - - [01/Dec/2025:15:38:31 +0800] "GET /post/30.html HTTP/2.0" 200 8846 "https://blog.wumingai.com/post/30.html" "Mozilla/5.0 (Macintosh; Intel Mac OS X 10_15_7) AppleWebKit/537.36 (KHTML, like Gecko) Chrome/131.0.0.0 Safari/537.36"
121.37.108.184 - - [01/Dec/2025:16:04:53 +0800] "GET /post/41.html HTTP/2.0" 200 7202 "https://blog.wumingai.com/post/41.html" "Mozilla/5.0 (Macintosh; Intel Mac OS X 10_15_7) AppleWebKit/537.36 (KHTML, like Gecko) Chrome/119.0.0.0 Safari/537.36"
154.7.177.124 - - [01/Dec/2025:16:07:28 +0800] "GET / HTTP/1.1" 200 4728 "-" "libcurl/7.81.0 r-curl/6.0.1 httr/1.4.7"
154.7.177.124 - - [01/Dec/2025:16:07:29 +0800] "GET / HTTP/2.0" 200 4711 "-" "libcurl/7.81.0 r-curl/6.0.1 httr/1.4.7"
162.128.159.17 - - [01/Dec/2025:16:30:53 +0800] "GET /post/4.html HTTP/2.0" 200 13404 "https://blog.wumingai.com/post/4.html" "Mozilla/5.0 (Windows NT 10.0; Win64; x64) AppleWebKit/537.36 (KHTML, like Gecko) Chrome/116.0.0.0 Safari/537.36"
116.204.106.239 - - [01/Dec/2025:16:57:03 +0800] "GET /post/53.html HTTP/2.0" 200 5954 "https://blog.wumingai.com/post/53.html" "Mozilla/5.0 (Macintosh; Intel Mac OS X 10_15_7) AppleWebKit/537.36 (KHTML, like Gecko) Chrome/120.0.0.0 Safari/537.36"
154.7.177.124 - - [01/Dec/2025:17:07:36 +0800] "GET / HTTP/1.1" 200 4729 "-" "libcurl/7.81.0 r-curl/6.0.1 httr/1.4.7"
154.7.177.124 - - [01/Dec/2025:17:07:37 +0800] "GET / HTTP/2.0" 200 4711 "-" "libcurl/7.81.0 r-curl/6.0.1 httr/1.4.7"
116.204.45.254 - - [01/Dec/2025:17:23:19 +0800] "GET /post/33.html HTTP/2.0" 200 9411 "https://blog.wumingai.com/post/33.html" "Mozilla/5.0 (Macintosh; Intel Mac OS X 10_15_7) AppleWebKit/537.36 (KHTML, like Gecko) Chrome/120.0.0.0 Safari/537.36"
52.167.144.65 - - [01/Dec/2025:17:45:03 +0800] "GET /robots.txt HTTP/2.0" 404 1457 "-" "Mozilla/5.0 AppleWebKit/537.36 (KHTML, like Gecko; compatible; bingbot/2.0; +http://www.bing.com/bingbot.htm) Chrome/116.0.1938.76 Safari/537.36"
180.97.218.71 - - [01/Dec/2025:18:04:02 +0800] "GET / HTTP/1.1" 200 18973 "https://blog.wumingai.com" "Mozilla/4.0 (compatible; MSIE 9.0; Windows NT 6.1)"
180.97.218.71 - - [01/Dec/2025:18:04:03 +0800] "GET / HTTP/1.1" 200 18972 "https://blog.wumingai.com" "Mozilla/4.0 (compatible; MSIE 9.0; Windows NT 6.1)"
180.97.218.71 - - [01/Dec/2025:18:04:03 +0800] "GET /post/62.html HTTP/1.1" 200 30400 "https://blog.wumingai.com/post/62.html" "Mozilla/4.0 (compatible; MSIE 9.0; Windows NT 6.1)"
180.97.218.71 - - [01/Dec/2025:18:04:04 +0800] "POST /zb_system/cmd.php?act=cmt&postid=62&key=878f747d9b0c4458957ec81fc1acaa54 HTTP/1.1" 200 1225 "https://blog.wumingai.com/zb_system/cmd.php?act=cmt&postid=62&key=878f747d9b0c4458957ec81fc1acaa54" "Mozilla/4.0 (compatible; MSIE 9.0; Windows NT 6.1)"
123.58.198.151 - - [01/Dec/2025:18:35:04 +0800] "GET / HTTP/1.1" 200 18979 "https://blog.wumingai.com" "Mozilla/4.0 (compatible; MSIE 9.0; Windows NT 6.1)"
123.58.198.151 - - [01/Dec/2025:18:35:04 +0800] "GET / HTTP/1.1" 200 18979 "https://blog.wumingai.com" "Mozilla/4.0 (compatible; MSIE 9.0; Windows NT 6.1)"
123.58.198.151 - - [01/Dec/2025:18:35:04 +0800] "GET /post/62.html HTTP/1.1" 200 31292 "https://blog.wumingai.com/post/62.html" "Mozilla/4.0 (compatible; MSIE 9.0; Windows NT 6.1)"
123.58.198.151 - - [01/Dec/2025:18:35:05 +0800] "POST /zb_system/cmd.php?act=cmt&postid=62&key=878f747d9b0c4458957ec81fc1acaa54 HTTP/1.1" 200 190 "https://blog.wumingai.com/zb_system/cmd.php?act=cmt&postid=62&key=878f747d9b0c4458957ec81fc1acaa54" "Mozilla/4.0 (compatible; MSIE 9.0; Windows NT 6.1)"
1.92.196.200 - - [01/Dec/2025:18:41:48 +0800] "GET /post/58.html HTTP/2.0" 200 7138 "https://blog.wumingai.com/post/58.html#cmt135" "Mozilla/5.0 (Macintosh; Intel Mac OS X 10_15_7) AppleWebKit/537.36 (KHTML, like Gecko) Chrome/123.0.0.0 Safari/537.36"
154.7.177.124 - - [01/Dec/2025:19:07:11 +0800] "GET / HTTP/1.1" 200 4732 "-" "libcurl/7.81.0 r-curl/6.0.1 httr/1.4.7"
154.7.177.124 - - [01/Dec/2025:19:07:12 +0800] "GET / HTTP/2.0" 200 4716 "-" "libcurl/7.81.0 r-curl/6.0.1 httr/1.4.7"
116.204.70.156 - - [01/Dec/2025:19:34:13 +0800] "GET /page_2.html HTTP/2.0" 200 4482 "https://blog.wumingai.com/page_2.html" "Mozilla/5.0 (Macintosh; Intel Mac OS X 10_15_7) AppleWebKit/537.36 (KHTML, like Gecko) Chrome/120.0.0.0 Safari/537.36"
104.244.74.39 - - [01/Dec/2025:19:47:26 +0800] "HEAD /.env HTTP/1.1" 404 0 "-" "Python/3.13 aiohttp/3.11.18"
104.244.74.39 - - [01/Dec/2025:19:47:27 +0800] "HEAD /.env.local HTTP/1.1" 404 0 "-" "Python/3.13 aiohttp/3.11.18"
104.244.74.39 - - [01/Dec/2025:19:47:28 +0800] "HEAD /.env.prod HTTP/1.1" 404 0 "-" "Python/3.13 aiohttp/3.11.18"
104.244.74.39 - - [01/Dec/2025:19:47:29 +0800] "HEAD /.env.dev HTTP/1.1" 404 0 "-" "Python/3.13 aiohttp/3.11.18"
205.169.39.20 - - [01/Dec/2025:19:47:33 +0800] "GET / HTTP/1.1" 200 4732 "-" "Mozilla/5.0 (Windows NT 10.0; Win64; x64) AppleWebKit/537.36 (KHTML, like Gecko) Chrome/117.0.5938.132 Safari/537.36"
205.169.39.20 - - [01/Dec/2025:19:47:33 +0800] "GET /zb_system/script/c_html_js_add.php HTTP/1.1" 200 1813 "http://blog.wumingai.com/" "Mozilla/5.0 (Windows NT 10.0; Win64; x64) AppleWebKit/537.36 (KHTML, like Gecko) Chrome/117.0.5938.132 Safari/537.36"
104.197.69.115 - - [01/Dec/2025:19:47:34 +0800] "GET / HTTP/1.1" 200 4785 "-" "Mozilla/5.0 (X11; Linux x86_64) AppleWebKit/537.36 (KHTML, like Gecko) Chrome/125.0.0.0 Safari/537.36"
205.169.39.20 - - [01/Dec/2025:19:47:34 +0800] "GET /zb_users/upload/2023/11/202311221700636671414140.webp HTTP/1.1" 200 25608 "http://blog.wumingai.com/" "Mozilla/5.0 (Windows NT 10.0; Win64; x64) AppleWebKit/537.36 (KHTML, like Gecko) Chrome/117.0.5938.132 Safari/537.36"
205.169.39.20 - - [01/Dec/2025:19:47:34 +0800] "GET /zb_users/theme/tpure/style/fonts/iconfont.woff2 HTTP/1.1" 200 3612 "http://blog.wumingai.com/zb_users/theme/tpure/style/style.css" "Mozilla/5.0 (Windows NT 10.0; Win64; x64) AppleWebKit/537.36 (KHTML, like Gecko) Chrome/117.0.5938.132 Safari/537.36"
34.122.147.229 - - [01/Dec/2025:19:47:34 +0800] "GET /zb_system/script/c_html_js_add.php HTTP/1.1" 200 1813 "http://blog.wumingai.com/" "Mozilla/5.0 (X11; Linux x86_64) AppleWebKit/537.36 (KHTML, like Gecko) Chrome/125.0.0.0 Safari/537.36"
205.169.39.20 - - [01/Dec/2025:19:47:35 +0800] "GET /zb_users/upload/2023/11/20231127143051170106665170726.webp HTTP/1.1" 200 420020 "http://blog.wumingai.com/" "Mozilla/5.0 (Windows NT 10.0; Win64; x64) AppleWebKit/537.36 (KHTML, like Gecko) Chrome/117.0.5938.132 Safari/537.36"
205.169.39.20 - - [01/Dec/2025:19:47:36 +0800] "GET /zb_users/upload/2023/11/20231114174352169995503270587.webp HTTP/1.1" 200 13690 "http://blog.wumingai.com/" "Mozilla/5.0 (Windows NT 10.0; Win64; x64) AppleWebKit/537.36 (KHTML, like Gecko) Chrome/117.0.5938.132 Safari/537.36"
34.123.170.104 - - [01/Dec/2025:19:47:40 +0800] "GET /zb_users/upload/2023/11/202311221700636671414140.webp HTTP/1.1" 200 25608 "http://blog.wumingai.com/" "Mozilla/5.0 (X11; Linux x86_64) AppleWebKit/537.36 (KHTML, like Gecko) Chrome/125.0.0.0 Safari/537.36"
34.122.147.229 - - [01/Dec/2025:19:47:40 +0800] "GET /zb_users/upload/2023/11/20231114174352169995503270587.webp HTTP/1.1" 200 13690 "http://blog.wumingai.com/" "Mozilla/5.0 (X11; Linux x86_64) AppleWebKit/537.36 (KHTML, like Gecko) Chrome/125.0.0.0 Safari/537.36"
34.122.147.229 - - [01/Dec/2025:19:47:41 +0800] "GET /zb_users/theme/tpure/style/fonts/iconfont.woff2 HTTP/1.1" 200 3612 "http://blog.wumingai.com/zb_users/theme/tpure/style/style.css" "Mozilla/5.0 (X11; Linux x86_64) AppleWebKit/537.36 (KHTML, like Gecko) Chrome/125.0.0.0 Safari/537.36"
104.197.69.115 - - [01/Dec/2025:19:47:43 +0800] "GET /zb_users/upload/2023/11/20231127143051170106665170726.webp HTTP/1.1" 200 420020 "http://blog.wumingai.com/" "Mozilla/5.0 (X11; Linux x86_64) AppleWebKit/537.36 (KHTML, like Gecko) Chrome/125.0.0.0 Safari/537.36"
205.169.39.203 - - [01/Dec/2025:19:47:47 +0800] "GET / HTTP/1.1" 200 4732 "-" "Mozilla/5.0 (Windows NT 6.1; Win64; x64) AppleWebKit/537.36 (KHTML, like Gecko) Chrome/83.0.4103.61 Safari/537.36"
164.90.208.56 - - [01/Dec/2025:19:47:47 +0800] "GET / HTTP/1.1" 200 18979 "-" "-"
164.90.208.56 - - [01/Dec/2025:19:47:48 +0800] "GET / HTTP/1.1" 200 18901 "-" "-"
205.169.39.57 - - [01/Dec/2025:19:47:52 +0800] "GET /zb%5fsystem/script/c%5fhtml%5fjs%5fadd.php HTTP/1.1" 200 1813 "-" "Mozilla/5.0 (Windows NT 10.0) AppleWebKit/537.36 (KHTML, like Gecko) Chrome/106.0.0.0 Safari/537.36"
205.169.39.203 - - [01/Dec/2025:19:47:53 +0800] "GET /zb_system/script/c_html_js_add.php HTTP/1.1" 200 1813 "http://blog.wumingai.com/" "Mozilla/5.0 (Windows NT 6.1; Win64; x64) AppleWebKit/537.36 (KHTML, like Gecko) Chrome/83.0.4103.61 Safari/537.36"
205.169.39.203 - - [01/Dec/2025:19:47:57 +0800] "GET / HTTP/1.1" 200 4732 "-" "Mozilla/5.0 (Windows NT 10.0; Win64; x64) AppleWebKit/537.36 (KHTML, like Gecko) Chrome/79.0.3945.79 Safari/537.36"
205.169.39.203 - - [01/Dec/2025:19:47:58 +0800] "GET /zb_system/script/c_html_js_add.php HTTP/1.1" 200 1813 "http://blog.wumingai.com/" "Mozilla/5.0 (Windows NT 10.0; Win64; x64) AppleWebKit/537.36 (KHTML, like Gecko) Chrome/79.0.3945.79 Safari/537.36"
205.169.39.203 - - [01/Dec/2025:19:48:04 +0800] "GET /zb_users/upload/2023/11/20231127143051170106665170726.webp HTTP/1.1" 200 420020 "http://blog.wumingai.com/" "Mozilla/5.0 (Windows NT 10.0; Win64; x64) AppleWebKit/537.36 (KHTML, like Gecko) Chrome/79.0.3945.79 Safari/537.36"
205.169.39.203 - - [01/Dec/2025:19:48:05 +0800] "GET /zb_users/upload/2023/11/202311221700636671414140.webp HTTP/1.1" 200 25608 "http://blog.wumingai.com/" "Mozilla/5.0 (Windows NT 10.0; Win64; x64) AppleWebKit/537.36 (KHTML, like Gecko) Chrome/79.0.3945.79 Safari/537.36"
205.169.39.203 - - [01/Dec/2025:19:48:05 +0800] "GET /zb_users/upload/2023/11/20231114174352169995503270587.webp HTTP/1.1" 200 13690 "http://blog.wumingai.com/" "Mozilla/5.0 (Windows NT 10.0; Win64; x64) AppleWebKit/537.36 (KHTML, like Gecko) Chrome/79.0.3945.79 Safari/537.36"
205.169.39.203 - - [01/Dec/2025:19:48:05 +0800] "GET /zb_users/theme/tpure/style/fonts/iconfont.woff2 HTTP/1.1" 200 3612 "http://blog.wumingai.com/zb_users/theme/tpure/style/style.css" "Mozilla/5.0 (Windows NT 10.0; Win64; x64) AppleWebKit/537.36 (KHTML, like Gecko) Chrome/79.0.3945.79 Safari/537.36"
164.90.208.56 - - [01/Dec/2025:19:48:06 +0800] "GET / HTTP/1.1" 200 18979 "-" "Mozilla/5.0 (l9scan/2.0.0393e2835313e2634313e2330313; +https://leakix.net)"
164.90.208.56 - - [01/Dec/2025:19:48:06 +0800] "GET / HTTP/1.1" 200 18901 "-" "Mozilla/5.0 (l9scan/2.0.0393e2835313e2634313e2330313; +https://leakix.net)"
164.90.208.56 - - [01/Dec/2025:19:48:08 +0800] "POST /graphql HTTP/1.1" 404 1473 "-" "Mozilla/5.0 (l9scan/2.0.0393e2835313e2634313e2330313; +https://leakix.net)"
164.90.208.56 - - [01/Dec/2025:19:48:08 +0800] "POST /graphql HTTP/1.1" 404 1469 "-" "Mozilla/5.0 (l9scan/2.0.0393e2835313e2634313e2330313; +https://leakix.net)"
164.90.208.56 - - [01/Dec/2025:19:48:09 +0800] "POST /api HTTP/1.1" 404 1473 "-" "Mozilla/5.0 (l9scan/2.0.0393e2835313e2634313e2330313; +https://leakix.net)"
164.90.208.56 - - [01/Dec/2025:19:48:09 +0800] "POST /api HTTP/1.1" 404 1469 "-" "Mozilla/5.0 (l9scan/2.0.0393e2835313e2634313e2330313; +https://leakix.net)"
164.90.208.56 - - [01/Dec/2025:19:48:10 +0800] "POST /api/graphql HTTP/1.1" 404 1473 "-" "Mozilla/5.0 (l9scan/2.0.0393e2835313e2634313e2330313; +https://leakix.net)"
164.90.208.56 - - [01/Dec/2025:19:48:11 +0800] "POST /graphql/api HTTP/1.1" 404 1473 "-" "Mozilla/5.0 (l9scan/2.0.0393e2835313e2634313e2330313; +https://leakix.net)"
164.90.208.56 - - [01/Dec/2025:19:48:11 +0800] "POST /api/graphql HTTP/1.1" 404 1469 "-" "Mozilla/5.0 (l9scan/2.0.0393e2835313e2634313e2330313; +https://leakix.net)"
164.90.208.56 - - [01/Dec/2025:19:48:12 +0800] "POST /api/gql HTTP/1.1" 404 1473 "-" "Mozilla/5.0 (l9scan/2.0.0393e2835313e2634313e2330313; +https://leakix.net)"
164.90.208.56 - - [01/Dec/2025:19:48:12 +0800] "GET /swagger-ui.html HTTP/1.1" 404 1473 "-" "Mozilla/5.0 (l9scan/2.0.0393e2835313e2634313e2330313; +https://leakix.net)"
164.90.208.56 - - [01/Dec/2025:19:48:12 +0800] "POST /graphql/api HTTP/1.1" 404 1469 "-" "Mozilla/5.0 (l9scan/2.0.0393e2835313e2634313e2330313; +https://leakix.net)"
164.90.208.56 - - [01/Dec/2025:19:48:13 +0800] "GET /swagger/index.html HTTP/1.1" 404 1473 "-" "Mozilla/5.0 (l9scan/2.0.0393e2835313e2634313e2330313; +https://leakix.net)"
164.90.208.56 - - [01/Dec/2025:19:48:14 +0800] "POST /api/gql HTTP/1.1" 404 1469 "-" "Mozilla/5.0 (l9scan/2.0.0393e2835313e2634313e2330313; +https://leakix.net)"
164.90.208.56 - - [01/Dec/2025:19:48:14 +0800] "GET /swagger/swagger-ui.html HTTP/1.1" 404 1473 "-" "Mozilla/5.0 (l9scan/2.0.0393e2835313e2634313e2330313; +https://leakix.net)"
164.90.208.56 - - [01/Dec/2025:19:48:15 +0800] "GET /swagger-ui.html HTTP/1.1" 404 1469 "-" "Mozilla/5.0 (l9scan/2.0.0393e2835313e2634313e2330313; +https://leakix.net)"
164.90.208.56 - - [01/Dec/2025:19:48:15 +0800] "GET /webjars/swagger-ui/index.html HTTP/1.1" 404 1473 "-" "Mozilla/5.0 (l9scan/2.0.0393e2835313e2634313e2330313; +https://leakix.net)"
164.90.208.56 - - [01/Dec/2025:19:48:16 +0800] "GET /swagger.json HTTP/1.1" 404 1473 "-" "Mozilla/5.0 (l9scan/2.0.0393e2835313e2634313e2330313; +https://leakix.net)"
164.90.208.56 - - [01/Dec/2025:19:48:16 +0800] "GET /swagger/index.html HTTP/1.1" 404 1469 "-" "Mozilla/5.0 (l9scan/2.0.0393e2835313e2634313e2330313; +https://leakix.net)"
164.90.208.56 - - [01/Dec/2025:19:48:16 +0800] "GET /swagger/v1/swagger.json HTTP/1.1" 404 1473 "-" "Mozilla/5.0 (l9scan/2.0.0393e2835313e2634313e2330313; +https://leakix.net)"
164.90.208.56 - - [01/Dec/2025:19:48:17 +0800] "GET /swagger/swagger-ui.html HTTP/1.1" 404 1469 "-" "Mozilla/5.0 (l9scan/2.0.0393e2835313e2634313e2330313; +https://leakix.net)"
164.90.208.56 - - [01/Dec/2025:19:48:17 +0800] "GET /v2/api-docs HTTP/1.1" 404 1473 "-" "Mozilla/5.0 (l9scan/2.0.0393e2835313e2634313e2330313; +https://leakix.net)"
164.90.208.56 - - [01/Dec/2025:19:48:18 +0800] "GET /v3/api-docs HTTP/1.1" 404 1473 "-" "Mozilla/5.0 (l9scan/2.0.0393e2835313e2634313e2330313; +https://leakix.net)"
164.90.208.56 - - [01/Dec/2025:19:48:18 +0800] "GET /webjars/swagger-ui/index.html HTTP/1.1" 404 1469 "-" "Mozilla/5.0 (l9scan/2.0.0393e2835313e2634313e2330313; +https://leakix.net)"
164.90.208.56 - - [01/Dec/2025:19:48:19 +0800] "GET /api-docs/swagger.json HTTP/1.1" 404 1473 "-" "Mozilla/5.0 (l9scan/2.0.0393e2835313e2634313e2330313; +https://leakix.net)"
164.90.208.56 - - [01/Dec/2025:19:48:19 +0800] "GET /swagger.json HTTP/1.1" 404 1469 "-" "Mozilla/5.0 (l9scan/2.0.0393e2835313e2634313e2330313; +https://leakix.net)"
164.90.208.56 - - [01/Dec/2025:19:48:20 +0800] "GET /api/swagger.json HTTP/1.1" 404 1473 "-" "Mozilla/5.0 (l9scan/2.0.0393e2835313e2634313e2330313; +https://leakix.net)"
164.90.208.56 - - [01/Dec/2025:19:48:20 +0800] "GET /swagger/v1/swagger.json HTTP/1.1" 404 1469 "-" "Mozilla/5.0 (l9scan/2.0.0393e2835313e2634313e2330313; +https://leakix.net)"
164.90.208.56 - - [01/Dec/2025:19:48:20 +0800] "GET /@vite/env HTTP/1.1" 404 1473 "-" "Mozilla/5.0 (l9scan/2.0.0393e2835313e2634313e2330313; +https://leakix.net)"
164.90.208.56 - - [01/Dec/2025:19:48:22 +0800] "GET /actuator/env HTTP/1.1" 404 1473 "-" "Mozilla/5.0 (l9scan/2.0.0393e2835313e2634313e2330313; +https://leakix.net)"
164.90.208.56 - - [01/Dec/2025:19:48:22 +0800] "GET /v2/api-docs HTTP/1.1" 404 1469 "-" "Mozilla/5.0 (l9scan/2.0.0393e2835313e2634313e2330313; +https://leakix.net)"
164.90.208.56 - - [01/Dec/2025:19:48:23 +0800] "GET /server HTTP/1.1" 404 1473 "-" "Mozilla/5.0 (l9scan/2.0.0393e2835313e2634313e2330313; +https://leakix.net)"
164.90.208.56 - - [01/Dec/2025:19:48:23 +0800] "GET /v3/api-docs HTTP/1.1" 404 1469 "-" "Mozilla/5.0 (l9scan/2.0.0393e2835313e2634313e2330313; +https://leakix.net)"
34.72.176.129 - - [01/Dec/2025:19:48:23 +0800] "GET / HTTP/1.1" 200 4785 "-" "Mozilla/5.0 (X11; Linux x86_64) AppleWebKit/537.36 (KHTML, like Gecko) Chrome/125.0.0.0 Safari/537.36"
164.90.208.56 - - [01/Dec/2025:19:48:23 +0800] "GET /.vscode/sftp.json HTTP/1.1" 404 1473 "-" "Mozilla/5.0 (l9scan/2.0.0393e2835313e2634313e2330313; +https://leakix.net)"
34.122.147.229 - - [01/Dec/2025:19:48:24 +0800] "GET /zb_system/script/c_html_js_add.php HTTP/1.1" 200 1813 "http://blog.wumingai.com/" "Mozilla/5.0 (X11; Linux x86_64) AppleWebKit/537.36 (KHTML, like Gecko) Chrome/125.0.0.0 Safari/537.36"
164.90.208.56 - - [01/Dec/2025:19:48:25 +0800] "GET /about HTTP/1.1" 404 1473 "-" "Mozilla/5.0 (l9scan/2.0.0393e2835313e2634313e2330313; +https://leakix.net)"
34.122.147.229 - - [01/Dec/2025:19:48:25 +0800] "GET /zb_users/upload/2023/11/202311221700636671414140.webp HTTP/1.1" 200 25608 "http://blog.wumingai.com/" "Mozilla/5.0 (X11; Linux x86_64) AppleWebKit/537.36 (KHTML, like Gecko) Chrome/125.0.0.0 Safari/537.36"
164.90.208.56 - - [01/Dec/2025:19:48:25 +0800] "GET /@vite/env HTTP/1.1" 404 1469 "-" "Mozilla/5.0 (l9scan/2.0.0393e2835313e2634313e2330313; +https://leakix.net)"
34.122.147.229 - - [01/Dec/2025:19:48:25 +0800] "GET /zb_users/theme/tpure/style/fonts/iconfont.woff2 HTTP/1.1" 200 3612 "http://blog.wumingai.com/zb_users/theme/tpure/style/style.css" "Mozilla/5.0 (X11; Linux x86_64) AppleWebKit/537.36 (KHTML, like Gecko) Chrome/125.0.0.0 Safari/537.36"
164.90.208.56 - - [01/Dec/2025:19:48:25 +0800] "GET /debug/default/view?panel=config HTTP/1.1" 404 1473 "-" "Mozilla/5.0 (l9scan/2.0.0393e2835313e2634313e2330313; +https://leakix.net)"
34.123.170.104 - - [01/Dec/2025:19:48:26 +0800] "GET /zb_users/upload/2023/11/20231114174352169995503270587.webp HTTP/1.1" 200 13690 "http://blog.wumingai.com/" "Mozilla/5.0 (X11; Linux x86_64) AppleWebKit/537.36 (KHTML, like Gecko) Chrome/125.0.0.0 Safari/537.36"
