218.76.214.42 - - [24/Nov/2025:20:14:50 +0800] "POST /zb_system/cmd.php?act=cmt&postid=64&key=9318d635493788b8c1396ba3fc25ce06 HTTP/1.1" 200 1353 "https://blog.wumingai.com/zb_system/cmd.php?act=cmt&postid=64&key=9318d635493788b8c1396ba3fc25ce06" "Mozilla/4.0 (compatible; MSIE 9.0; Windows NT 6.1)"
34.169.153.180 - - [24/Nov/2025:20:23:41 +0800] "GET / HTTP/1.1" 200 4805 "-" "Mozilla/5.0 (compatible; CMS-Checker/1.0; +https://example.com)"
121.37.107.50 - - [24/Nov/2025:20:38:28 +0800] "GET /post/51.html HTTP/2.0" 200 6111 "https://blog.wumingai.com/post/51.html" "Mozilla/5.0 (Windows NT 10.0; Win64; x64) AppleWebKit/537.36 (KHTML, like Gecko) Chrome/116.0.0.0 Safari/537.36"
103.133.214.127 - - [24/Nov/2025:20:43:50 +0800] "GET /.env HTTP/1.1" 404 1473 "-" "Mozilla/5.0 (X11; Linux x86_64) AppleWebKit/537.36 (KHTML, like Gecko) Chrome/81.0.4044.129 Safari/537.36"
103.133.214.127 - - [24/Nov/2025:20:43:51 +0800] "POST / HTTP/1.1" 200 4858 "-" "Mozilla/5.0 (X11; Linux x86_64) AppleWebKit/537.36 (KHTML, like Gecko) Chrome/81.0.4044.129 Safari/537.36"
154.7.177.124 - - [24/Nov/2025:21:03:26 +0800] "GET / HTTP/1.1" 200 4805 "-" "libcurl/7.81.0 r-curl/6.0.1 httr/1.4.7"
154.7.177.124 - - [24/Nov/2025:21:03:27 +0800] "GET / HTTP/2.0" 200 4790 "-" "libcurl/7.81.0 r-curl/6.0.1 httr/1.4.7"
1.92.215.90 - - [24/Nov/2025:21:03:44 +0800] "GET /post/38.html HTTP/2.0" 200 10986 "https://blog.wumingai.com/post/38.html" "Mozilla/5.0 (Macintosh; Intel Mac OS X 10_15_7) AppleWebKit/537.36 (KHTML, like Gecko) Chrome/120.0.0.0 Safari/537.36"
123.58.198.151 - - [24/Nov/2025:21:25:10 +0800] "GET / HTTP/1.1" 200 19115 "https://blog.wumingai.com" "Mozilla/4.0 (compatible; MSIE 9.0; Windows NT 6.1)"
123.58.198.151 - - [24/Nov/2025:21:25:10 +0800] "GET / HTTP/1.1" 200 19115 "https://blog.wumingai.com" "Mozilla/4.0 (compatible; MSIE 9.0; Windows NT 6.1)"
123.58.198.151 - - [24/Nov/2025:21:25:11 +0800] "GET /post/59.html HTTP/1.1" 200 30082 "https://blog.wumingai.com/post/59.html" "Mozilla/4.0 (compatible; MSIE 9.0; Windows NT 6.1)"
123.58.198.151 - - [24/Nov/2025:21:25:11 +0800] "POST /zb_system/cmd.php?act=cmt&postid=59&key=e06208fab5b7db9bba72b06da0b98682 HTTP/1.1" 200 190 "https://blog.wumingai.com/zb_system/cmd.php?act=cmt&postid=59&key=e06208fab5b7db9bba72b06da0b98682" "Mozilla/4.0 (compatible; MSIE 9.0; Windows NT 6.1)"
1.92.216.203 - - [24/Nov/2025:21:29:02 +0800] "GET /post/13.html HTTP/2.0" 200 16971 "https://blog.wumingai.com/post/13.html" "Mozilla/5.0 (Macintosh; Intel Mac OS X 10_15_7) AppleWebKit/537.36 (KHTML, like Gecko) Chrome/123.0.0.0 Safari/537.36"
116.204.8.240 - - [24/Nov/2025:21:54:15 +0800] "GET /post/48.html HTTP/2.0" 200 9213 "https://blog.wumingai.com/post/48.html" "Mozilla/5.0 (Windows NT 10.0; Win64; x64) AppleWebKit/537.36 (KHTML, like Gecko) Chrome/116.0.0.0 Safari/537.36"
104.210.140.131 - - [24/Nov/2025:21:58:10 +0800] "GET /robots.txt HTTP/2.0" 404 1457 "-" "Mozilla/5.0 (Macintosh; Intel Mac OS X 10_15_7) AppleWebKit/537.36 (KHTML, like Gecko) Chrome/131.0.0.0 Safari/537.36; compatible; OAI-SearchBot/1.0; +https://openai.com/searchbot"
104.210.140.134 - - [24/Nov/2025:21:58:10 +0800] "GET /robots.txt HTTP/1.1" 404 1473 "-" "Mozilla/5.0 (Macintosh; Intel Mac OS X 10_15_7) AppleWebKit/537.36 (KHTML, like Gecko) Chrome/131.0.0.0 Safari/537.36; compatible; OAI-SearchBot/1.0; +https://openai.com/searchbot"
154.7.177.124 - - [24/Nov/2025:22:03:14 +0800] "GET / HTTP/1.1" 200 4807 "-" "libcurl/7.81.0 r-curl/6.0.1 httr/1.4.7"
154.7.177.124 - - [24/Nov/2025:22:03:15 +0800] "GET / HTTP/2.0" 200 4791 "-" "libcurl/7.81.0 r-curl/6.0.1 httr/1.4.7"
1.92.206.5 - - [24/Nov/2025:22:19:32 +0800] "GET /post/50.html HTTP/2.0" 200 6314 "https://blog.wumingai.com/post/50.html" "Mozilla/5.0 (Macintosh; Intel Mac OS X 10_15_7) AppleWebKit/537.36 (KHTML, like Gecko) Chrome/123.0.0.0 Safari/537.36"
121.37.101.6 - - [24/Nov/2025:22:44:49 +0800] "GET /post/4.html HTTP/2.0" 200 13498 "https://blog.wumingai.com/post/4.html" "Mozilla/5.0 (Macintosh; Intel Mac OS X 10_15_7) AppleWebKit/537.36 (KHTML, like Gecko) Chrome/123.0.0.0 Safari/537.36"
154.7.177.124 - - [24/Nov/2025:23:02:55 +0800] "GET / HTTP/1.1" 200 4806 "-" "libcurl/7.81.0 r-curl/6.0.1 httr/1.4.7"
154.7.177.124 - - [24/Nov/2025:23:02:56 +0800] "GET / HTTP/2.0" 200 4791 "-" "libcurl/7.81.0 r-curl/6.0.1 httr/1.4.7"
116.204.65.95 - - [24/Nov/2025:23:10:04 +0800] "GET /post/25.html HTTP/2.0" 200 9611 "https://blog.wumingai.com/post/25.html" "Mozilla/5.0 (Windows NT 10.0; Win64; x64) AppleWebKit/537.36 (KHTML, like Gecko) Chrome/116.0.0.0 Safari/537.36"
116.204.23.220 - - [24/Nov/2025:23:35:19 +0800] "GET /post/18.html HTTP/2.0" 200 38524 "https://blog.wumingai.com/post/18.html" "Mozilla/5.0 (Macintosh; Intel Mac OS X 10_15_7) AppleWebKit/537.36 (KHTML, like Gecko) Chrome/123.0.0.0 Safari/537.36"
154.7.177.124 - - [25/Nov/2025:00:03:52 +0800] "GET / HTTP/1.1" 200 4807 "-" "libcurl/7.81.0 r-curl/6.0.1 httr/1.4.7"
154.7.177.124 - - [25/Nov/2025:00:03:53 +0800] "GET / HTTP/2.0" 200 4791 "-" "libcurl/7.81.0 r-curl/6.0.1 httr/1.4.7"
154.7.177.124 - - [25/Nov/2025:01:03:35 +0800] "GET / HTTP/1.1" 200 4807 "-" "libcurl/7.81.0 r-curl/6.0.1 httr/1.4.7"
154.7.177.124 - - [25/Nov/2025:01:03:36 +0800] "GET / HTTP/2.0" 200 4791 "-" "libcurl/7.81.0 r-curl/6.0.1 httr/1.4.7"
218.76.214.42 - - [25/Nov/2025:01:16:18 +0800] "GET / HTTP/1.1" 200 19115 "https://blog.wumingai.com" "Mozilla/4.0 (compatible; MSIE 9.0; Windows NT 6.1)"
218.76.214.42 - - [25/Nov/2025:01:16:18 +0800] "GET / HTTP/1.1" 200 19115 "https://blog.wumingai.com" "Mozilla/4.0 (compatible; MSIE 9.0; Windows NT 6.1)"
218.76.214.42 - - [25/Nov/2025:01:16:18 +0800] "GET /post/58.html HTTP/1.1" 200 26694 "https://blog.wumingai.com/post/58.html" "Mozilla/4.0 (compatible; MSIE 9.0; Windows NT 6.1)"
218.76.214.42 - - [25/Nov/2025:01:16:18 +0800] "POST /zb_system/cmd.php?act=cmt&postid=58&key=a5b9428764ef17d85750b37fbf48a3e7 HTTP/1.1" 200 1242 "https://blog.wumingai.com/zb_system/cmd.php?act=cmt&postid=58&key=a5b9428764ef17d85750b37fbf48a3e7" "Mozilla/4.0 (compatible; MSIE 9.0; Windows NT 6.1)"
3.86.214.214 - - [25/Nov/2025:01:23:17 +0800] "GET /.git/config HTTP/1.1" 404 1469 "-" "Opera/9.60 (J2ME/MIDP; Opera Mini/4.1.11320/608; U; en) Presto/2.2.0"
123.58.198.151 - - [25/Nov/2025:01:34:21 +0800] "GET / HTTP/1.1" 200 19106 "https://blog.wumingai.com" "Mozilla/4.0 (compatible; MSIE 9.0; Windows NT 6.1)"
123.58.198.151 - - [25/Nov/2025:01:34:21 +0800] "GET / HTTP/1.1" 200 19106 "https://blog.wumingai.com" "Mozilla/4.0 (compatible; MSIE 9.0; Windows NT 6.1)"
123.58.198.151 - - [25/Nov/2025:01:34:22 +0800] "GET /post/56.html HTTP/1.1" 200 29342 "https://blog.wumingai.com/post/56.html" "Mozilla/4.0 (compatible; MSIE 9.0; Windows NT 6.1)"
123.58.198.151 - - [25/Nov/2025:01:34:22 +0800] "POST /zb_system/cmd.php?act=cmt&postid=56&key=c18bb63522540ef67312cad00763fb02 HTTP/1.1" 200 190 "https://blog.wumingai.com/zb_system/cmd.php?act=cmt&postid=56&key=c18bb63522540ef67312cad00763fb02" "Mozilla/4.0 (compatible; MSIE 9.0; Windows NT 6.1)"
154.7.177.124 - - [25/Nov/2025:02:03:20 +0800] "GET / HTTP/1.1" 200 4796 "-" "libcurl/7.81.0 r-curl/6.0.1 httr/1.4.7"
154.7.177.124 - - [25/Nov/2025:02:03:21 +0800] "GET / HTTP/2.0" 200 4780 "-" "libcurl/7.81.0 r-curl/6.0.1 httr/1.4.7"
154.7.177.124 - - [25/Nov/2025:03:03:20 +0800] "GET / HTTP/1.1" 200 4796 "-" "libcurl/7.81.0 r-curl/6.0.1 httr/1.4.7"
154.7.177.124 - - [25/Nov/2025:03:03:21 +0800] "GET / HTTP/2.0" 200 4781 "-" "libcurl/7.81.0 r-curl/6.0.1 httr/1.4.7"
154.7.177.124 - - [25/Nov/2025:04:03:48 +0800] "GET / HTTP/1.1" 200 4796 "-" "libcurl/7.81.0 r-curl/6.0.1 httr/1.4.7"
154.7.177.124 - - [25/Nov/2025:04:03:49 +0800] "GET / HTTP/2.0" 200 4779 "-" "libcurl/7.81.0 r-curl/6.0.1 httr/1.4.7"
154.7.177.124 - - [25/Nov/2025:05:04:14 +0800] "GET / HTTP/1.1" 200 4796 "-" "libcurl/7.81.0 r-curl/6.0.1 httr/1.4.7"
154.7.177.124 - - [25/Nov/2025:05:04:15 +0800] "GET / HTTP/2.0" 200 4779 "-" "libcurl/7.81.0 r-curl/6.0.1 httr/1.4.7"
178.128.239.239 - - [25/Nov/2025:05:28:37 +0800] "GET / HTTP/1.1" 200 4848 "-" "Mozilla/5.0 (X11; Linux x86_64) AppleWebKit/537.36 (KHTML, like Gecko) Chrome/139.0.0.0 Safari/537.36"
178.128.239.239 - - [25/Nov/2025:05:28:39 +0800] "GET / HTTP/1.1" 200 4847 "-" "Mozilla/5.0 (X11; Linux x86_64) AppleWebKit/537.36 (KHTML, like Gecko) Chrome/139.0.0.0 Safari/537.36"
218.76.214.42 - - [25/Nov/2025:05:43:14 +0800] "GET / HTTP/1.1" 200 19106 "https://blog.wumingai.com" "Mozilla/4.0 (compatible; MSIE 9.0; Windows NT 6.1)"
218.76.214.42 - - [25/Nov/2025:05:43:14 +0800] "GET / HTTP/1.1" 200 19106 "https://blog.wumingai.com" "Mozilla/4.0 (compatible; MSIE 9.0; Windows NT 6.1)"
218.76.214.42 - - [25/Nov/2025:05:43:14 +0800] "GET /post/56.html HTTP/1.1" 200 32130 "https://blog.wumingai.com/post/56.html" "Mozilla/4.0 (compatible; MSIE 9.0; Windows NT 6.1)"
218.76.214.42 - - [25/Nov/2025:05:43:14 +0800] "POST /zb_system/cmd.php?act=cmt&postid=56&key=4b3e9c3f541f2332caef5fe0645e74f2 HTTP/1.1" 200 1343 "https://blog.wumingai.com/zb_system/cmd.php?act=cmt&postid=56&key=4b3e9c3f541f2332caef5fe0645e74f2" "Mozilla/4.0 (compatible; MSIE 9.0; Windows NT 6.1)"
123.58.198.151 - - [25/Nov/2025:05:43:27 +0800] "GET / HTTP/1.1" 200 19128 "https://blog.wumingai.com" "Mozilla/4.0 (compatible; MSIE 9.0; Windows NT 6.1)"
123.58.198.151 - - [25/Nov/2025:05:43:27 +0800] "GET / HTTP/1.1" 200 19128 "https://blog.wumingai.com" "Mozilla/4.0 (compatible; MSIE 9.0; Windows NT 6.1)"
123.58.198.151 - - [25/Nov/2025:05:43:27 +0800] "GET /post/55.html HTTP/1.1" 200 28642 "https://blog.wumingai.com/post/55.html" "Mozilla/4.0 (compatible; MSIE 9.0; Windows NT 6.1)"
123.58.198.151 - - [25/Nov/2025:05:43:27 +0800] "POST /zb_system/cmd.php?act=cmt&postid=55&key=d7a732c368b4a271507602741a97ea0e HTTP/1.1" 200 190 "https://blog.wumingai.com/zb_system/cmd.php?act=cmt&postid=55&key=d7a732c368b4a271507602741a97ea0e" "Mozilla/4.0 (compatible; MSIE 9.0; Windows NT 6.1)"
180.97.218.71 - - [25/Nov/2025:05:55:04 +0800] "GET / HTTP/1.1" 200 19128 "https://blog.wumingai.com" "Mozilla/4.0 (compatible; MSIE 9.0; Windows NT 6.1)"
180.97.218.71 - - [25/Nov/2025:05:55:04 +0800] "GET / HTTP/1.1" 200 19128 "https://blog.wumingai.com" "Mozilla/4.0 (compatible; MSIE 9.0; Windows NT 6.1)"
180.97.218.71 - - [25/Nov/2025:05:55:04 +0800] "GET /post/63.html HTTP/1.1" 200 41966 "https://blog.wumingai.com/post/63.html" "Mozilla/4.0 (compatible; MSIE 9.0; Windows NT 6.1)"
180.97.218.71 - - [25/Nov/2025:05:55:05 +0800] "POST /zb_system/cmd.php?act=cmt&postid=63&key=b7ed972e6df5d99819f9d8740d2edf52 HTTP/1.1" 200 1177 "https://blog.wumingai.com/zb_system/cmd.php?act=cmt&postid=63&key=b7ed972e6df5d99819f9d8740d2edf52" "Mozilla/4.0 (compatible; MSIE 9.0; Windows NT 6.1)"
154.7.177.124 - - [25/Nov/2025:06:05:14 +0800] "GET / HTTP/1.1" 200 4818 "-" "libcurl/7.81.0 r-curl/6.0.1 httr/1.4.7"
154.7.177.124 - - [25/Nov/2025:06:05:15 +0800] "GET / HTTP/2.0" 200 4802 "-" "libcurl/7.81.0 r-curl/6.0.1 httr/1.4.7"
154.7.177.124 - - [25/Nov/2025:07:03:44 +0800] "GET / HTTP/1.1" 200 4817 "-" "libcurl/7.81.0 r-curl/6.0.1 httr/1.4.7"
154.7.177.124 - - [25/Nov/2025:07:03:45 +0800] "GET / HTTP/2.0" 200 4802 "-" "libcurl/7.81.0 r-curl/6.0.1 httr/1.4.7"
154.7.177.124 - - [25/Nov/2025:08:06:14 +0800] "GET / HTTP/1.1" 200 4817 "-" "libcurl/7.81.0 r-curl/6.0.1 httr/1.4.7"
154.7.177.124 - - [25/Nov/2025:08:06:15 +0800] "GET / HTTP/2.0" 200 4802 "-" "libcurl/7.81.0 r-curl/6.0.1 httr/1.4.7"
162.128.159.49 - - [25/Nov/2025:08:40:43 +0800] "GET /post/64.html HTTP/2.0" 200 8198 "https://blog.wumingai.com/post/64.html" "Mozilla/5.0 (Macintosh; Intel Mac OS X 10_15_7) AppleWebKit/537.36 (KHTML, like Gecko) Chrome/120.0.0.0 Safari/537.36"
154.7.177.124 - - [25/Nov/2025:09:05:50 +0800] "GET / HTTP/1.1" 200 4818 "-" "libcurl/7.81.0 r-curl/6.0.1 httr/1.4.7"
154.7.177.124 - - [25/Nov/2025:09:05:52 +0800] "GET / HTTP/2.0" 200 4803 "-" "libcurl/7.81.0 r-curl/6.0.1 httr/1.4.7"
123.58.198.151 - - [25/Nov/2025:09:53:43 +0800] "GET / HTTP/1.1" 200 19118 "https://blog.wumingai.com" "Mozilla/4.0 (compatible; MSIE 9.0; Windows NT 6.1)"
123.58.198.151 - - [25/Nov/2025:09:53:43 +0800] "GET / HTTP/1.1" 200 19118 "https://blog.wumingai.com" "Mozilla/4.0 (compatible; MSIE 9.0; Windows NT 6.1)"
123.58.198.151 - - [25/Nov/2025:09:53:44 +0800] "GET /post/64.html HTTP/1.1" 200 39119 "https://blog.wumingai.com/post/64.html" "Mozilla/4.0 (compatible; MSIE 9.0; Windows NT 6.1)"
123.58.198.151 - - [25/Nov/2025:09:53:44 +0800] "POST /zb_system/cmd.php?act=cmt&postid=64&key=2ea2ceef6bbf989c893ec35599619ef2 HTTP/1.1" 200 190 "https://blog.wumingai.com/zb_system/cmd.php?act=cmt&postid=64&key=2ea2ceef6bbf989c893ec35599619ef2" "Mozilla/4.0 (compatible; MSIE 9.0; Windows NT 6.1)"
154.7.177.124 - - [25/Nov/2025:10:05:43 +0800] "GET / HTTP/1.1" 200 4816 "-" "libcurl/7.81.0 r-curl/6.0.1 httr/1.4.7"
154.7.177.124 - - [25/Nov/2025:10:05:44 +0800] "GET / HTTP/2.0" 200 4801 "-" "libcurl/7.81.0 r-curl/6.0.1 httr/1.4.7"
52.167.144.65 - - [25/Nov/2025:10:57:32 +0800] "GET /robots.txt HTTP/2.0" 404 1457 "-" "Mozilla/5.0 AppleWebKit/537.36 (KHTML, like Gecko; compatible; bingbot/2.0; +http://www.bing.com/bingbot.htm) Chrome/116.0.1938.76 Safari/537.36"
154.7.177.124 - - [25/Nov/2025:11:03:56 +0800] "GET / HTTP/1.1" 200 4817 "-" "libcurl/7.81.0 r-curl/6.0.1 httr/1.4.7"
154.7.177.124 - - [25/Nov/2025:11:03:57 +0800] "GET / HTTP/2.0" 200 4801 "-" "libcurl/7.81.0 r-curl/6.0.1 httr/1.4.7"
154.7.177.124 - - [25/Nov/2025:12:03:44 +0800] "GET / HTTP/1.1" 200 4817 "-" "libcurl/7.81.0 r-curl/6.0.1 httr/1.4.7"
154.7.177.124 - - [25/Nov/2025:12:03:45 +0800] "GET / HTTP/2.0" 200 4801 "-" "libcurl/7.81.0 r-curl/6.0.1 httr/1.4.7"
154.7.177.124 - - [25/Nov/2025:13:04:09 +0800] "GET / HTTP/1.1" 200 4816 "-" "libcurl/7.81.0 r-curl/6.0.1 httr/1.4.7"
154.7.177.124 - - [25/Nov/2025:13:04:10 +0800] "GET / HTTP/2.0" 200 4801 "-" "libcurl/7.81.0 r-curl/6.0.1 httr/1.4.7"
154.7.177.124 - - [25/Nov/2025:14:03:39 +0800] "GET / HTTP/1.1" 200 4817 "-" "libcurl/7.81.0 r-curl/6.0.1 httr/1.4.7"
154.7.177.124 - - [25/Nov/2025:14:03:40 +0800] "GET / HTTP/2.0" 200 4801 "-" "libcurl/7.81.0 r-curl/6.0.1 httr/1.4.7"
123.58.198.151 - - [25/Nov/2025:14:17:45 +0800] "GET / HTTP/1.1" 200 19118 "https://blog.wumingai.com" "Mozilla/4.0 (compatible; MSIE 9.0; Windows NT 6.1)"
123.58.198.151 - - [25/Nov/2025:14:17:45 +0800] "GET / HTTP/1.1" 200 19118 "https://blog.wumingai.com" "Mozilla/4.0 (compatible; MSIE 9.0; Windows NT 6.1)"
123.58.198.151 - - [25/Nov/2025:14:17:45 +0800] "GET /post/62.html HTTP/1.1" 200 29359 "https://blog.wumingai.com/post/62.html" "Mozilla/4.0 (compatible; MSIE 9.0; Windows NT 6.1)"
123.58.198.151 - - [25/Nov/2025:14:17:46 +0800] "POST /zb_system/cmd.php?act=cmt&postid=62&key=e2e5ec4cc5de32d54ad4d95a3b6e7010 HTTP/1.1" 200 190 "https://blog.wumingai.com/zb_system/cmd.php?act=cmt&postid=62&key=e2e5ec4cc5de32d54ad4d95a3b6e7010" "Mozilla/4.0 (compatible; MSIE 9.0; Windows NT 6.1)"
154.7.177.124 - - [25/Nov/2025:15:04:14 +0800] "GET / HTTP/1.1" 200 4817 "-" "libcurl/7.81.0 r-curl/6.0.1 httr/1.4.7"
154.7.177.124 - - [25/Nov/2025:15:04:15 +0800] "GET / HTTP/2.0" 200 4801 "-" "libcurl/7.81.0 r-curl/6.0.1 httr/1.4.7"
154.7.177.124 - - [25/Nov/2025:16:04:11 +0800] "GET / HTTP/1.1" 200 4818 "-" "libcurl/7.81.0 r-curl/6.0.1 httr/1.4.7"
154.7.177.124 - - [25/Nov/2025:16:04:12 +0800] "GET / HTTP/2.0" 200 4802 "-" "libcurl/7.81.0 r-curl/6.0.1 httr/1.4.7"
144.217.135.148 - - [25/Nov/2025:16:29:35 +0800] "GET / HTTP/1.1" 200 19041 "-" "Mozilla/5.0 (compatible; Dataprovider.com)"
144.217.135.148 - - [25/Nov/2025:16:29:36 +0800] "GET /robots.txt HTTP/1.1" 404 4110 "-" "Mozilla/5.0 (compatible; Dataprovider.com)"
144.217.135.148 - - [25/Nov/2025:16:29:36 +0800] "GET /sitemap.xml HTTP/1.1" 404 4110 "-" "Mozilla/5.0 (compatible; Dataprovider.com)"
144.217.135.148 - - [25/Nov/2025:16:29:38 +0800] "GET / HTTP/1.1" 200 19118 "-" "Mozilla/5.0 (compatible; Dataprovider.com)"
144.217.135.148 - - [25/Nov/2025:16:29:38 +0800] "GET / HTTP/1.1" 200 19040 "-" "Mozilla/5.0 (compatible; Dataprovider.com)"
144.217.135.148 - - [25/Nov/2025:16:29:39 +0800] "GET /?id=2 HTTP/1.1" 302 64 "-" "Mozilla/5.0 (compatible; Dataprovider.com)"
144.217.135.148 - - [25/Nov/2025:16:29:39 +0800] "GET /2.html HTTP/1.1" 200 9830 "http://blog.wumingai.com/?id=2" "Mozilla/5.0 (compatible; Dataprovider.com)"
144.217.135.148 - - [25/Nov/2025:16:29:40 +0800] "GET /post/64.html HTTP/1.1" 200 39153 "-" "Mozilla/5.0 (compatible; Dataprovider.com)"
144.217.135.148 - - [25/Nov/2025:16:29:41 +0800] "GET /post/63.html HTTP/1.1" 200 42161 "-" "Mozilla/5.0 (compatible; Dataprovider.com)"
144.217.135.148 - - [25/Nov/2025:16:29:42 +0800] "GET /post/62.html HTTP/1.1" 200 29462 "-" "Mozilla/5.0 (compatible; Dataprovider.com)"
144.217.135.148 - - [25/Nov/2025:16:29:43 +0800] "GET /post/61.html HTTP/1.1" 200 27473 "-" "Mozilla/5.0 (compatible; Dataprovider.com)"
144.217.135.148 - - [25/Nov/2025:16:29:44 +0800] "GET /post/60.html HTTP/1.1" 200 27759 "-" "Mozilla/5.0 (compatible; Dataprovider.com)"
144.217.135.148 - - [25/Nov/2025:16:29:45 +0800] "GET /post/59.html HTTP/1.1" 200 27698 "-" "Mozilla/5.0 (compatible; Dataprovider.com)"
144.217.135.148 - - [25/Nov/2025:16:29:46 +0800] "GET /post/58.html HTTP/1.1" 200 26678 "-" "Mozilla/5.0 (compatible; Dataprovider.com)"
144.217.135.148 - - [25/Nov/2025:16:29:47 +0800] "GET /llms.txt HTTP/1.1" 404 4110 "-" "Mozilla/5.0 (compatible; Dataprovider.com)"
144.217.135.148 - - [25/Nov/2025:16:29:47 +0800] "GET /humans.txt HTTP/1.1" 404 4110 "-" "Mozilla/5.0 (compatible; Dataprovider.com)"
144.217.135.148 - - [25/Nov/2025:16:29:48 +0800] "GET /ads.txt HTTP/1.1" 404 4110 "-" "Mozilla/5.0 (compatible; Dataprovider.com)"
144.217.135.148 - - [25/Nov/2025:16:29:48 +0800] "GET /security.txt HTTP/1.1" 404 4110 "-" "Mozilla/5.0 (compatible; Dataprovider.com)"
144.217.135.148 - - [25/Nov/2025:16:29:48 +0800] "GET /.well-known/security.txt HTTP/1.1" 404 4110 "-" "Mozilla/5.0 (compatible; Dataprovider.com)"
144.217.135.148 - - [25/Nov/2025:16:29:49 +0800] "GET / HTTP/1.1" 200 19720 "-" "Mozilla/5.0 (Linux; Android 10; SM-G981B) AppleWebKit/537.36 (KHTML, like Gecko) Chrome/80.0.3987.162 Mobile Safari/537.36"
149.56.150.247 - - [25/Nov/2025:16:30:00 +0800] "GET / HTTP/1.1" 200 4818 "-" "Mozilla/5.0 (compatible; Dataprovider.com)"
149.56.150.247 - - [25/Nov/2025:16:30:01 +0800] "GET /zb_system/script/c_html_js_add.php HTTP/1.1" 200 1813 "http://blog.wumingai.com/" "Mozilla/5.0 (compatible; Dataprovider.com)"
149.56.150.247 - - [25/Nov/2025:16:30:02 +0800] "GET /zb_users/theme/tpure/style/fonts/iconfont.woff2 HTTP/1.1" 200 3612 "http://blog.wumingai.com/zb_users/theme/tpure/style/style.css" "Mozilla/5.0 (compatible; Dataprovider.com)"
149.56.150.247 - - [25/Nov/2025:16:30:03 +0800] "GET /zb_users/upload/2023/11/202311221700636671414140.webp HTTP/1.1" 200 25608 "http://blog.wumingai.com/" "Mozilla/5.0 (compatible; Dataprovider.com)"
149.56.150.247 - - [25/Nov/2025:16:30:03 +0800] "GET /zb_users/upload/2023/11/20231127143051170106665170726.webp HTTP/1.1" 200 420020 "http://blog.wumingai.com/" "Mozilla/5.0 (compatible; Dataprovider.com)"
149.56.150.247 - - [25/Nov/2025:16:30:03 +0800] "GET /zb_users/upload/2023/11/20231114174352169995503270587.webp HTTP/1.1" 200 13690 "http://blog.wumingai.com/" "Mozilla/5.0 (compatible; Dataprovider.com)"
149.56.150.247 - - [25/Nov/2025:16:30:08 +0800] "GET / HTTP/1.1" 200 4813 "-" "Mozilla/5.0 (compatible; Dataprovider.com)"
149.56.150.247 - - [25/Nov/2025:16:30:09 +0800] "GET /robots.txt HTTP/1.1" 404 1469 "-" "Mozilla/5.0 (compatible; Dataprovider.com)"
149.56.150.247 - - [25/Nov/2025:16:30:10 +0800] "OPTIONS / HTTP/1.1" 200 4813 "-" "Mozilla/5.0 (compatible; Dataprovider.com)"
85.11.167.4 - - [25/Nov/2025:17:00:06 +0800] "GET / HTTP/1.1" 200 4818 "-" "Mozilla/5.0 (Windows NT 10.0; Win64; x64) AppleWebKit/537.36 (KHTML, like Gecko) Chrome/58.0.3029.110 Safari/537.3"
85.11.167.4 - - [25/Nov/2025:17:00:08 +0800] "GET /feed.php HTTP/1.1" 200 41967 "-" "python-httpx/0.28.1"
85.11.167.4 - - [25/Nov/2025:17:00:10 +0800] "GET /zb_system/script/c_html_js_add.php HTTP/1.1" 200 1813 "-" "python-httpx/0.28.1"
85.11.167.4 - - [25/Nov/2025:17:00:11 +0800] "GET /zb_system/xml-rpc/wlwmanifest.xml HTTP/1.1" 200 1131 "-" "python-httpx/0.28.1"
85.11.167.4 - - [25/Nov/2025:17:00:17 +0800] "GET /phpinfo.php HTTP/1.1" 404 1473 "-" "Mozilla/5.0 (Windows NT 10.0; Win64; x64) AppleWebKit/537.36 (KHTML, like Gecko) Chrome/58.0.3029.110 Safari/537.3"
85.11.167.4 - - [25/Nov/2025:17:00:18 +0800] "GET /info.php HTTP/1.1" 404 1473 "-" "Mozilla/5.0 (Windows NT 10.0; Win64; x64) AppleWebKit/537.36 (KHTML, like Gecko) Chrome/58.0.3029.110 Safari/537.3"
85.11.167.4 - - [25/Nov/2025:17:00:18 +0800] "GET /phpinfo HTTP/1.1" 404 1473 "-" "Mozilla/5.0 (Windows NT 10.0; Win64; x64) AppleWebKit/537.36 (KHTML, like Gecko) Chrome/58.0.3029.110 Safari/537.3"
85.11.167.4 - - [25/Nov/2025:17:00:19 +0800] "GET /php_info.php HTTP/1.1" 404 1473 "-" "Mozilla/5.0 (Windows NT 10.0; Win64; x64) AppleWebKit/537.36 (KHTML, like Gecko) Chrome/58.0.3029.110 Safari/537.3"
85.11.167.4 - - [25/Nov/2025:17:00:19 +0800] "GET /test.php HTTP/1.1" 404 1473 "-" "Mozilla/5.0 (Windows NT 10.0; Win64; x64) AppleWebKit/537.36 (KHTML, like Gecko) Chrome/58.0.3029.110 Safari/537.3"
85.11.167.4 - - [25/Nov/2025:17:00:20 +0800] "GET /_profiler/phpinfo HTTP/1.1" 404 1473 "-" "Mozilla/5.0 (Windows NT 10.0; Win64; x64) AppleWebKit/537.36 (KHTML, like Gecko) Chrome/58.0.3029.110 Safari/537.3"
85.11.167.4 - - [25/Nov/2025:17:00:20 +0800] "GET /.env HTTP/1.1" 404 1473 "-" "Mozilla/5.0 (Windows NT 10.0; Win64; x64) AppleWebKit/537.36 (KHTML, like Gecko) Chrome/58.0.3029.110 Safari/537.3"
85.11.167.4 - - [25/Nov/2025:17:00:31 +0800] "GET /config/.env HTTP/1.1" 404 1473 "-" "Mozilla/5.0 (Windows NT 10.0; Win64; x64) AppleWebKit/537.36 (KHTML, like Gecko) Chrome/58.0.3029.110 Safari/537.3"
85.11.167.4 - - [25/Nov/2025:17:00:31 +0800] "GET /.env.production HTTP/1.1" 404 1473 "-" "Mozilla/5.0 (Windows NT 10.0; Win64; x64) AppleWebKit/537.36 (KHTML, like Gecko) Chrome/58.0.3029.110 Safari/537.3"
85.11.167.4 - - [25/Nov/2025:17:01:01 +0800] "GET /api/shared/config/config.env HTTP/1.1" 404 1473 "-" "Mozilla/5.0 (Windows NT 10.0; Win64; x64) AppleWebKit/537.36 (KHTML, like Gecko) Chrome/58.0.3029.110 Safari/537.3"
85.11.167.4 - - [25/Nov/2025:17:01:05 +0800] "GET /api/.env HTTP/1.1" 404 1473 "-" "Mozilla/5.0 (Windows NT 10.0; Win64; x64) AppleWebKit/537.36 (KHTML, like Gecko) Chrome/58.0.3029.110 Safari/537.3"
85.11.167.4 - - [25/Nov/2025:17:01:11 +0800] "GET / HTTP/1.1" 200 4818 "-" "Mozilla/5.0 (Windows NT 10.0; Win64; x64) AppleWebKit/537.36 (KHTML, like Gecko) Chrome/58.0.3029.110 Safari/537.3"
154.7.177.124 - - [25/Nov/2025:17:04:12 +0800] "GET / HTTP/1.1" 200 4818 "-" "libcurl/7.81.0 r-curl/6.0.1 httr/1.4.7"
154.7.177.124 - - [25/Nov/2025:17:04:13 +0800] "GET / HTTP/2.0" 200 4801 "-" "libcurl/7.81.0 r-curl/6.0.1 httr/1.4.7"
74.7.244.59 - - [25/Nov/2025:17:47:22 +0800] "GET /robots.txt HTTP/2.0" 404 1457 "-" "Mozilla/5.0 (Macintosh; Intel Mac OS X 10_15_7) AppleWebKit/537.36 (KHTML, like Gecko) Chrome/131.0.0.0 Safari/537.36; compatible; OAI-SearchBot/1.3; robots.txt; +https://openai.com/searchbot"
154.7.177.124 - - [25/Nov/2025:18:03:54 +0800] "GET / HTTP/1.1" 200 4818 "-" "libcurl/7.81.0 r-curl/6.0.1 httr/1.4.7"
154.7.177.124 - - [25/Nov/2025:18:03:55 +0800] "GET / HTTP/2.0" 200 4800 "-" "libcurl/7.81.0 r-curl/6.0.1 httr/1.4.7"
123.58.198.151 - - [25/Nov/2025:18:30:01 +0800] "GET / HTTP/1.1" 200 19118 "https://blog.wumingai.com" "Mozilla/4.0 (compatible; MSIE 9.0; Windows NT 6.1)"
123.58.198.151 - - [25/Nov/2025:18:30:01 +0800] "GET / HTTP/1.1" 200 19118 "https://blog.wumingai.com" "Mozilla/4.0 (compatible; MSIE 9.0; Windows NT 6.1)"
123.58.198.151 - - [25/Nov/2025:18:30:02 +0800] "GET /post/60.html HTTP/1.1" 200 27384 "https://blog.wumingai.com/post/60.html" "Mozilla/4.0 (compatible; MSIE 9.0; Windows NT 6.1)"
123.58.198.151 - - [25/Nov/2025:18:30:02 +0800] "POST /zb_system/cmd.php?act=cmt&postid=60&key=cee2d7d2b33b4db2c3eb12bdbabfe69e HTTP/1.1" 200 190 "https://blog.wumingai.com/zb_system/cmd.php?act=cmt&postid=60&key=cee2d7d2b33b4db2c3eb12bdbabfe69e" "Mozilla/4.0 (compatible; MSIE 9.0; Windows NT 6.1)"
154.7.177.124 - - [25/Nov/2025:19:04:02 +0800] "GET / HTTP/1.1" 200 4813 "-" "libcurl/7.81.0 r-curl/6.0.1 httr/1.4.7"
154.7.177.124 - - [25/Nov/2025:19:04:03 +0800] "GET / HTTP/2.0" 200 4796 "-" "libcurl/7.81.0 r-curl/6.0.1 httr/1.4.7"
180.97.218.71 - - [25/Nov/2025:19:48:47 +0800] "GET / HTTP/1.1" 200 19118 "https://blog.wumingai.com" "Mozilla/4.0 (compatible; MSIE 9.0; Windows NT 6.1)"
180.97.218.71 - - [25/Nov/2025:19:48:48 +0800] "GET / HTTP/1.1" 200 19118 "https://blog.wumingai.com" "Mozilla/4.0 (compatible; MSIE 9.0; Windows NT 6.1)"
180.97.218.71 - - [25/Nov/2025:19:48:48 +0800] "GET /post/60.html HTTP/1.1" 200 28307 "https://blog.wumingai.com/post/60.html" "Mozilla/4.0 (compatible; MSIE 9.0; Windows NT 6.1)"
180.97.218.71 - - [25/Nov/2025:19:48:48 +0800] "POST /zb_system/cmd.php?act=cmt&postid=60&key=33754d42edd7fc21c0954c1bc1c94387 HTTP/1.1" 200 1196 "https://blog.wumingai.com/zb_system/cmd.php?act=cmt&postid=60&key=33754d42edd7fc21c0954c1bc1c94387" "Mozilla/4.0 (compatible; MSIE 9.0; Windows NT 6.1)"
52.167.144.161 - - [25/Nov/2025:20:01:01 +0800] "GET /category-2_6.html HTTP/2.0" 200 5138 "-" "Mozilla/5.0 AppleWebKit/537.36 (KHTML, like Gecko; compatible; bingbot/2.0; +http://www.bing.com/bingbot.htm) Chrome/116.0.1938.76 Safari/537.36"
154.7.177.124 - - [25/Nov/2025:20:03:42 +0800] "GET / HTTP/1.1" 200 4830 "-" "libcurl/7.81.0 r-curl/6.0.1 httr/1.4.7"
154.7.177.124 - - [25/Nov/2025:20:03:43 +0800] "GET / HTTP/2.0" 200 4814 "-" "libcurl/7.81.0 r-curl/6.0.1 httr/1.4.7"
154.7.177.124 - - [25/Nov/2025:21:04:06 +0800] "GET / HTTP/1.1" 200 4830 "-" "libcurl/7.81.0 r-curl/6.0.1 httr/1.4.7"
154.7.177.124 - - [25/Nov/2025:21:04:07 +0800] "GET / HTTP/2.0" 200 4814 "-" "libcurl/7.81.0 r-curl/6.0.1 httr/1.4.7"
104.210.140.128 - - [25/Nov/2025:21:09:27 +0800] "GET /robots.txt HTTP/2.0" 404 1457 "-" "Mozilla/5.0 (Macintosh; Intel Mac OS X 10_15_7) AppleWebKit/537.36 (KHTML, like Gecko) Chrome/131.0.0.0 Safari/537.36; compatible; OAI-SearchBot/1.0; +https://openai.com/searchbot"
104.210.140.129 - - [25/Nov/2025:21:09:27 +0800] "GET /robots.txt HTTP/1.1" 404 1473 "-" "Mozilla/5.0 (Macintosh; Intel Mac OS X 10_15_7) AppleWebKit/537.36 (KHTML, like Gecko) Chrome/131.0.0.0 Safari/537.36; compatible; OAI-SearchBot/1.0; +https://openai.com/searchbot"
154.7.177.124 - - [25/Nov/2025:22:04:04 +0800] "GET / HTTP/1.1" 200 4829 "-" "libcurl/7.81.0 r-curl/6.0.1 httr/1.4.7"
154.7.177.124 - - [25/Nov/2025:22:04:05 +0800] "GET / HTTP/2.0" 200 4814 "-" "libcurl/7.81.0 r-curl/6.0.1 httr/1.4.7"
123.58.198.151 - - [25/Nov/2025:22:43:53 +0800] "GET / HTTP/1.1" 200 19112 "https://blog.wumingai.com" "Mozilla/4.0 (compatible; MSIE 9.0; Windows NT 6.1)"
123.58.198.151 - - [25/Nov/2025:22:43:53 +0800] "GET / HTTP/1.1" 200 19112 "https://blog.wumingai.com" "Mozilla/4.0 (compatible; MSIE 9.0; Windows NT 6.1)"
123.58.198.151 - - [25/Nov/2025:22:43:53 +0800] "GET /post/62.html HTTP/1.1" 200 29604 "https://blog.wumingai.com/post/62.html" "Mozilla/4.0 (compatible; MSIE 9.0; Windows NT 6.1)"
123.58.198.151 - - [25/Nov/2025:22:43:53 +0800] "POST /zb_system/cmd.php?act=cmt&postid=62&key=8f7ed0292d8a6de2309215e2af5c0a9b HTTP/1.1" 200 190 "https://blog.wumingai.com/zb_system/cmd.php?act=cmt&postid=62&key=8f7ed0292d8a6de2309215e2af5c0a9b" "Mozilla/4.0 (compatible; MSIE 9.0; Windows NT 6.1)"
154.7.177.124 - - [25/Nov/2025:23:04:25 +0800] "GET / HTTP/1.1" 200 4829 "-" "libcurl/7.81.0 r-curl/6.0.1 httr/1.4.7"
154.7.177.124 - - [25/Nov/2025:23:04:26 +0800] "GET / HTTP/2.0" 200 4813 "-" "libcurl/7.81.0 r-curl/6.0.1 httr/1.4.7"
154.7.177.124 - - [26/Nov/2025:00:04:48 +0800] "GET / HTTP/1.1" 200 4829 "-" "libcurl/7.81.0 r-curl/6.0.1 httr/1.4.7"
154.7.177.124 - - [26/Nov/2025:00:04:49 +0800] "GET / HTTP/2.0" 200 4813 "-" "libcurl/7.81.0 r-curl/6.0.1 httr/1.4.7"
154.7.177.124 - - [26/Nov/2025:01:04:26 +0800] "GET / HTTP/1.1" 200 4829 "-" "libcurl/7.81.0 r-curl/6.0.1 httr/1.4.7"
154.7.177.124 - - [26/Nov/2025:01:04:27 +0800] "GET / HTTP/2.0" 200 4813 "-" "libcurl/7.81.0 r-curl/6.0.1 httr/1.4.7"
154.7.177.124 - - [26/Nov/2025:02:04:47 +0800] "GET / HTTP/1.1" 200 4829 "-" "libcurl/7.81.0 r-curl/6.0.1 httr/1.4.7"
154.7.177.124 - - [26/Nov/2025:02:04:48 +0800] "GET / HTTP/2.0" 200 4813 "-" "libcurl/7.81.0 r-curl/6.0.1 httr/1.4.7"
154.7.177.124 - - [26/Nov/2025:03:04:25 +0800] "GET / HTTP/1.1" 200 4829 "-" "libcurl/7.81.0 r-curl/6.0.1 httr/1.4.7"
154.7.177.124 - - [26/Nov/2025:03:04:26 +0800] "GET / HTTP/2.0" 200 4813 "-" "libcurl/7.81.0 r-curl/6.0.1 httr/1.4.7"
121.37.104.33 - - [26/Nov/2025:03:14:59 +0800] "GET /?id=2 HTTP/2.0" 302 53 "https://blog.wumingai.com/?id=2" "Mozilla/5.0 (Macintosh; Intel Mac OS X 10_15_7) AppleWebKit/537.36 (KHTML, like Gecko) Chrome/119.0.0.0 Safari/537.36"
121.37.104.33 - - [26/Nov/2025:03:14:59 +0800] "GET /2.html HTTP/2.0" 200 2935 "https://blog.wumingai.com/2.html" "Mozilla/5.0 (Macintosh; Intel Mac OS X 10_15_7) AppleWebKit/537.36 (KHTML, like Gecko) Chrome/119.0.0.0 Safari/537.36"
123.58.198.151 - - [26/Nov/2025:03:15:59 +0800] "GET / HTTP/1.1" 200 19112 "https://blog.wumingai.com" "Mozilla/4.0 (compatible; MSIE 9.0; Windows NT 6.1)"
123.58.198.151 - - [26/Nov/2025:03:16:00 +0800] "GET / HTTP/1.1" 200 19112 "https://blog.wumingai.com" "Mozilla/4.0 (compatible; MSIE 9.0; Windows NT 6.1)"
123.58.198.151 - - [26/Nov/2025:03:16:00 +0800] "GET /post/64.html HTTP/1.1" 200 42094 "https://blog.wumingai.com/post/64.html" "Mozilla/4.0 (compatible; MSIE 9.0; Windows NT 6.1)"
123.58.198.151 - - [26/Nov/2025:03:16:00 +0800] "POST /zb_system/cmd.php?act=cmt&postid=64&key=05b6a17a3ee986b84e2ee8824e0926fb HTTP/1.1" 200 190 "https://blog.wumingai.com/zb_system/cmd.php?act=cmt&postid=64&key=05b6a17a3ee986b84e2ee8824e0926fb" "Mozilla/4.0 (compatible; MSIE 9.0; Windows NT 6.1)"
154.7.177.124 - - [26/Nov/2025:04:04:14 +0800] "GET / HTTP/1.1" 200 4830 "-" "libcurl/7.81.0 r-curl/6.0.1 httr/1.4.7"
154.7.177.124 - - [26/Nov/2025:04:04:15 +0800] "GET / HTTP/2.0" 200 4813 "-" "libcurl/7.81.0 r-curl/6.0.1 httr/1.4.7"
121.37.98.64 - - [26/Nov/2025:04:51:21 +0800] "GET /2.html HTTP/2.0" 200 2938 "https://blog.wumingai.com/2.html" "Mozilla/5.0 (Windows NT 10.0; Win64; x64) AppleWebKit/537.36 (KHTML, like Gecko) Chrome/101.0.4951.64 Safari/537.36 Edg/101.0.1210.47"
154.7.177.124 - - [26/Nov/2025:05:04:40 +0800] "GET / HTTP/1.1" 200 4828 "-" "libcurl/7.81.0 r-curl/6.0.1 httr/1.4.7"
154.7.177.124 - - [26/Nov/2025:05:04:41 +0800] "GET / HTTP/2.0" 200 4813 "-" "libcurl/7.81.0 r-curl/6.0.1 httr/1.4.7"
154.7.177.124 - - [26/Nov/2025:06:04:27 +0800] "GET / HTTP/1.1" 200 4828 "-" "libcurl/7.81.0 r-curl/6.0.1 httr/1.4.7"
154.7.177.124 - - [26/Nov/2025:06:04:28 +0800] "GET / HTTP/2.0" 200 4813 "-" "libcurl/7.81.0 r-curl/6.0.1 httr/1.4.7"
154.7.177.124 - - [26/Nov/2025:07:04:29 +0800] "GET / HTTP/1.1" 200 4828 "-" "libcurl/7.81.0 r-curl/6.0.1 httr/1.4.7"
154.7.177.124 - - [26/Nov/2025:07:04:30 +0800] "GET / HTTP/2.0" 200 4813 "-" "libcurl/7.81.0 r-curl/6.0.1 httr/1.4.7"
123.58.198.151 - - [26/Nov/2025:07:24:23 +0800] "GET / HTTP/1.1" 200 19113 "https://blog.wumingai.com" "Mozilla/4.0 (compatible; MSIE 9.0; Windows NT 6.1)"
123.58.198.151 - - [26/Nov/2025:07:24:24 +0800] "GET / HTTP/1.1" 200 19113 "https://blog.wumingai.com" "Mozilla/4.0 (compatible; MSIE 9.0; Windows NT 6.1)"
123.58.198.151 - - [26/Nov/2025:07:24:24 +0800] "GET /post/63.html HTTP/1.1" 200 42557 "https://blog.wumingai.com/post/63.html" "Mozilla/4.0 (compatible; MSIE 9.0; Windows NT 6.1)"
123.58.198.151 - - [26/Nov/2025:07:24:24 +0800] "POST /zb_system/cmd.php?act=cmt&postid=63&key=b25a5d8142c2c42dabb31f272542cead HTTP/1.1" 200 190 "https://blog.wumingai.com/zb_system/cmd.php?act=cmt&postid=63&key=b25a5d8142c2c42dabb31f272542cead" "Mozilla/4.0 (compatible; MSIE 9.0; Windows NT 6.1)"
154.7.177.124 - - [26/Nov/2025:08:04:59 +0800] "GET / HTTP/1.1" 200 4831 "-" "libcurl/7.81.0 r-curl/6.0.1 httr/1.4.7"
154.7.177.124 - - [26/Nov/2025:08:05:00 +0800] "GET / HTTP/2.0" 200 4815 "-" "libcurl/7.81.0 r-curl/6.0.1 httr/1.4.7"
147.185.40.116 - - [26/Nov/2025:08:21:00 +0800] "GET /.git/config HTTP/1.1" 404 1469 "-" "Mozilla/5.0 (X11; Linux x86_64) AppleWebKit/537.36 (KHTML, like Gecko) Chrome/68.0.3440.75 Safari/537.36"
180.97.218.71 - - [26/Nov/2025:08:28:05 +0800] "GET / HTTP/1.1" 200 19113 "https://blog.wumingai.com" "Mozilla/4.0 (compatible; MSIE 9.0; Windows NT 6.1)"
180.97.218.71 - - [26/Nov/2025:08:28:05 +0800] "GET / HTTP/1.1" 200 19113 "https://blog.wumingai.com" "Mozilla/4.0 (compatible; MSIE 9.0; Windows NT 6.1)"
180.97.218.71 - - [26/Nov/2025:08:28:05 +0800] "GET /post/55.html%23cmt126 HTTP/1.1" 404 4123 "https://blog.wumingai.com/post/55.html#cmt126" "Mozilla/4.0 (compatible; MSIE 9.0; Windows NT 6.1)"
180.97.218.71 - - [26/Nov/2025:08:28:05 +0800] "GET /page_5.html HTTP/1.1" 200 21959 "https://blog.wumingai.com/page_5.html" "Mozilla/4.0 (compatible; MSIE 9.0; Windows NT 6.1)"
180.97.218.71 - - [26/Nov/2025:08:28:05 +0800] "GET /post/63.html HTTP/1.1" 200 42445 "https://blog.wumingai.com/post/63.html" "Mozilla/4.0 (compatible; MSIE 9.0; Windows NT 6.1)"
180.97.218.71 - - [26/Nov/2025:08:28:06 +0800] "POST /zb_system/cmd.php?act=cmt&postid=63&key=8a8a822e0b25b34b90a4b288692c3a55 HTTP/1.1" 200 1185 "https://blog.wumingai.com/zb_system/cmd.php?act=cmt&postid=63&key=8a8a822e0b25b34b90a4b288692c3a55" "Mozilla/4.0 (compatible; MSIE 9.0; Windows NT 6.1)"
154.7.177.124 - - [26/Nov/2025:09:04:50 +0800] "GET / HTTP/1.1" 200 4829 "-" "libcurl/7.81.0 r-curl/6.0.1 httr/1.4.7"
154.7.177.124 - - [26/Nov/2025:09:04:51 +0800] "GET / HTTP/2.0" 200 4813 "-" "libcurl/7.81.0 r-curl/6.0.1 httr/1.4.7"
154.7.177.124 - - [26/Nov/2025:10:04:28 +0800] "GET / HTTP/1.1" 200 4829 "-" "libcurl/7.81.0 r-curl/6.0.1 httr/1.4.7"
154.7.177.124 - - [26/Nov/2025:10:04:29 +0800] "GET / HTTP/2.0" 200 4812 "-" "libcurl/7.81.0 r-curl/6.0.1 httr/1.4.7"
154.7.177.124 - - [26/Nov/2025:11:04:55 +0800] "GET / HTTP/1.1" 200 4829 "-" "libcurl/7.81.0 r-curl/6.0.1 httr/1.4.7"
154.7.177.124 - - [26/Nov/2025:11:04:56 +0800] "GET / HTTP/2.0" 200 4813 "-" "libcurl/7.81.0 r-curl/6.0.1 httr/1.4.7"
123.58.198.151 - - [26/Nov/2025:11:21:42 +0800] "GET / HTTP/1.1" 200 19091 "https://blog.wumingai.com" "Mozilla/4.0 (compatible; MSIE 9.0; Windows NT 6.1)"
123.58.198.151 - - [26/Nov/2025:11:21:42 +0800] "GET / HTTP/1.1" 200 19091 "https://blog.wumingai.com" "Mozilla/4.0 (compatible; MSIE 9.0; Windows NT 6.1)"
123.58.198.151 - - [26/Nov/2025:11:21:42 +0800] "GET /post/58.html HTTP/1.1" 200 26576 "https://blog.wumingai.com/post/58.html" "Mozilla/4.0 (compatible; MSIE 9.0; Windows NT 6.1)"
123.58.198.151 - - [26/Nov/2025:11:21:43 +0800] "POST /zb_system/cmd.php?act=cmt&postid=58&key=7e398d7d7b6cceb74adb3274edcd9aca HTTP/1.1" 200 190 "https://blog.wumingai.com/zb_system/cmd.php?act=cmt&postid=58&key=7e398d7d7b6cceb74adb3274edcd9aca" "Mozilla/4.0 (compatible; MSIE 9.0; Windows NT 6.1)"
154.7.177.124 - - [26/Nov/2025:12:05:07 +0800] "GET / HTTP/1.1" 200 4829 "-" "libcurl/7.81.0 r-curl/6.0.1 httr/1.4.7"
154.7.177.124 - - [26/Nov/2025:12:05:08 +0800] "GET / HTTP/2.0" 200 4811 "-" "libcurl/7.81.0 r-curl/6.0.1 httr/1.4.7"
74.7.244.59 - - [26/Nov/2025:12:49:29 +0800] "GET /robots.txt HTTP/2.0" 404 1457 "-" "Mozilla/5.0 (Macintosh; Intel Mac OS X 10_15_7) AppleWebKit/537.36 (KHTML, like Gecko) Chrome/131.0.0.0 Safari/537.36; compatible; OAI-SearchBot/1.3; robots.txt; +https://openai.com/searchbot"
154.7.177.124 - - [26/Nov/2025:13:05:00 +0800] "GET / HTTP/1.1" 200 4828 "-" "libcurl/7.81.0 r-curl/6.0.1 httr/1.4.7"
154.7.177.124 - - [26/Nov/2025:13:05:01 +0800] "GET / HTTP/2.0" 200 4811 "-" "libcurl/7.81.0 r-curl/6.0.1 httr/1.4.7"
154.7.177.124 - - [26/Nov/2025:14:04:52 +0800] "GET / HTTP/1.1" 200 4829 "-" "libcurl/7.81.0 r-curl/6.0.1 httr/1.4.7"
154.7.177.124 - - [26/Nov/2025:14:04:53 +0800] "GET / HTTP/2.0" 200 4812 "-" "libcurl/7.81.0 r-curl/6.0.1 httr/1.4.7"
128.14.188.216 - - [26/Nov/2025:14:59:40 +0800] "GET /robots.txt HTTP/1.1" 404 1469 "-" "Mozilla/5.0 (Macintosh; Intel Mac OS X 10_9_4) AppleWebKit/537.36 (KHTML, like Gecko) Chrome/36.0.1985.125 Safari/537.36"
217.198.191.215 - - [26/Nov/2025:14:59:47 +0800] "GET /robots.txt HTTP/1.1" 404 1473 "-" "Mozilla/5.0 (Macintosh; Intel Mac OS X 10_9_4) AppleWebKit/537.36 (KHTML, like Gecko) Chrome/36.0.1985.125 Safari/537.36"
128.14.188.216 - - [26/Nov/2025:14:59:48 +0800] "GET / HTTP/1.1" 200 4824 "-" "Mozilla/5.0 (Macintosh; Intel Mac OS X 10_9_4) AppleWebKit/537.36 (KHTML, like Gecko) Chrome/36.0.1985.125 Safari/537.36"
128.14.188.216 - - [26/Nov/2025:14:59:52 +0800] "GET /test_404_page/ HTTP/1.1" 404 1469 "-" "Mozilla/5.0 (Macintosh; Intel Mac OS X 10_9_4) AppleWebKit/537.36 (KHTML, like Gecko) Chrome/36.0.1985.125 Safari/537.36"
217.198.191.215 - - [26/Nov/2025:14:59:54 +0800] "GET / HTTP/1.1" 200 4829 "-" "Mozilla/5.0 (Macintosh; Intel Mac OS X 10_9_4) AppleWebKit/537.36 (KHTML, like Gecko) Chrome/36.0.1985.125 Safari/537.36"
128.14.188.216 - - [26/Nov/2025:14:59:55 +0800] "GET /feed.asp HTTP/1.1" 404 1469 "-" "Mozilla/5.0 (Macintosh; Intel Mac OS X 10_9_4) AppleWebKit/537.36 (KHTML, like Gecko) Chrome/36.0.1985.125 Safari/537.36"
217.198.191.215 - - [26/Nov/2025:15:00:03 +0800] "GET /test_404_page/ HTTP/1.1" 404 1473 "-" "Mozilla/5.0 (Macintosh; Intel Mac OS X 10_9_4) AppleWebKit/537.36 (KHTML, like Gecko) Chrome/36.0.1985.125 Safari/537.36"
217.198.191.215 - - [26/Nov/2025:15:00:07 +0800] "GET /feed.asp HTTP/1.1" 404 1473 "-" "Mozilla/5.0 (Macintosh; Intel Mac OS X 10_9_4) AppleWebKit/537.36 (KHTML, like Gecko) Chrome/36.0.1985.125 Safari/537.36"
154.7.177.124 - - [26/Nov/2025:15:05:08 +0800] "GET / HTTP/1.1" 200 4828 "-" "libcurl/7.81.0 r-curl/6.0.1 httr/1.4.7"
154.7.177.124 - - [26/Nov/2025:15:05:08 +0800] "GET / HTTP/2.0" 200 4812 "-" "libcurl/7.81.0 r-curl/6.0.1 httr/1.4.7"
123.58.198.151 - - [26/Nov/2025:15:25:07 +0800] "GET / HTTP/1.1" 200 19091 "https://blog.wumingai.com" "Mozilla/4.0 (compatible; MSIE 9.0; Windows NT 6.1)"
123.58.198.151 - - [26/Nov/2025:15:25:07 +0800] "GET / HTTP/1.1" 200 19091 "https://blog.wumingai.com" "Mozilla/4.0 (compatible; MSIE 9.0; Windows NT 6.1)"
123.58.198.151 - - [26/Nov/2025:15:25:08 +0800] "GET /post/56.html HTTP/1.1" 200 30164 "https://blog.wumingai.com/post/56.html" "Mozilla/4.0 (compatible; MSIE 9.0; Windows NT 6.1)"
123.58.198.151 - - [26/Nov/2025:15:25:08 +0800] "POST /zb_system/cmd.php?act=cmt&postid=56&key=87a19cb17db39e11dd8c9a6933a81199 HTTP/1.1" 200 190 "https://blog.wumingai.com/zb_system/cmd.php?act=cmt&postid=56&key=87a19cb17db39e11dd8c9a6933a81199" "Mozilla/4.0 (compatible; MSIE 9.0; Windows NT 6.1)"
154.7.177.124 - - [26/Nov/2025:16:04:36 +0800] "GET / HTTP/1.1" 200 4830 "-" "libcurl/7.81.0 r-curl/6.0.1 httr/1.4.7"
154.7.177.124 - - [26/Nov/2025:16:04:37 +0800] "GET / HTTP/2.0" 200 4813 "-" "libcurl/7.81.0 r-curl/6.0.1 httr/1.4.7"
154.7.177.124 - - [26/Nov/2025:17:05:13 +0800] "GET / HTTP/1.1" 200 4830 "-" "libcurl/7.81.0 r-curl/6.0.1 httr/1.4.7"
154.7.177.124 - - [26/Nov/2025:17:05:14 +0800] "GET / HTTP/2.0" 200 4813 "-" "libcurl/7.81.0 r-curl/6.0.1 httr/1.4.7"
154.28.229.130 - - [26/Nov/2025:17:28:10 +0800] "GET / HTTP/1.1" 200 4826 "-" "Mozilla/5.0 (Macintosh; Intel Mac OS X 10_15_7) AppleWebKit/537.36 (KHTML, like Gecko) Chrome/116.0.0.0 Safari/537.36"
104.164.126.184 - - [26/Nov/2025:17:28:12 +0800] "GET / HTTP/1.1" 200 4877 "-" "Mozilla/5.0 (X11; Linux x86_64) AppleWebKit/537.36 (KHTML, like Gecko) Chrome/116.0.0.0 Safari/537.36"
154.28.229.130 - - [26/Nov/2025:17:28:15 +0800] "GET / HTTP/1.1" 200 4826 "-" "Mozilla/5.0 (Macintosh; Intel Mac OS X 10_15_7) AppleWebKit/537.36 (KHTML, like Gecko) Chrome/117.0.0.0 Safari/537.36"
154.7.177.124 - - [26/Nov/2025:18:05:10 +0800] "GET / HTTP/1.1" 200 4830 "-" "libcurl/7.81.0 r-curl/6.0.1 httr/1.4.7"
154.7.177.124 - - [26/Nov/2025:18:05:11 +0800] "GET / HTTP/2.0" 200 4813 "-" "libcurl/7.81.0 r-curl/6.0.1 httr/1.4.7"
154.7.177.124 - - [26/Nov/2025:19:04:55 +0800] "GET / HTTP/1.1" 200 4830 "-" "libcurl/7.81.0 r-curl/6.0.1 httr/1.4.7"
154.7.177.124 - - [26/Nov/2025:19:04:56 +0800] "GET / HTTP/2.0" 200 4813 "-" "libcurl/7.81.0 r-curl/6.0.1 httr/1.4.7"
123.58.198.151 - - [26/Nov/2025:19:35:25 +0800] "GET / HTTP/1.1" 200 19091 "https://blog.wumingai.com" "Mozilla/4.0 (compatible; MSIE 9.0; Windows NT 6.1)"
123.58.198.151 - - [26/Nov/2025:19:35:25 +0800] "GET / HTTP/1.1" 200 19091 "https://blog.wumingai.com" "Mozilla/4.0 (compatible; MSIE 9.0; Windows NT 6.1)"
123.58.198.151 - - [26/Nov/2025:19:35:25 +0800] "GET /post/56.html HTTP/1.1" 200 30674 "https://blog.wumingai.com/post/56.html" "Mozilla/4.0 (compatible; MSIE 9.0; Windows NT 6.1)"
123.58.198.151 - - [26/Nov/2025:19:35:26 +0800] "POST /zb_system/cmd.php?act=cmt&postid=56&key=77be815ce4420e39a708990f5d4558b7 HTTP/1.1" 200 190 "https://blog.wumingai.com/zb_system/cmd.php?act=cmt&postid=56&key=77be815ce4420e39a708990f5d4558b7" "Mozilla/4.0 (compatible; MSIE 9.0; Windows NT 6.1)"
154.7.177.124 - - [26/Nov/2025:20:05:05 +0800] "GET / HTTP/1.1" 200 4828 "-" "libcurl/7.81.0 r-curl/6.0.1 httr/1.4.7"
154.7.177.124 - - [26/Nov/2025:20:05:06 +0800] "GET / HTTP/2.0" 200 4811 "-" "libcurl/7.81.0 r-curl/6.0.1 httr/1.4.7"
104.210.140.138 - - [26/Nov/2025:20:26:20 +0800] "GET /robots.txt HTTP/2.0" 404 1457 "-" "Mozilla/5.0 (Macintosh; Intel Mac OS X 10_15_7) AppleWebKit/537.36 (KHTML, like Gecko) Chrome/131.0.0.0 Safari/537.36; compatible; OAI-SearchBot/1.0; +https://openai.com/searchbot"
104.210.140.134 - - [26/Nov/2025:20:26:22 +0800] "GET /robots.txt HTTP/1.1" 404 1473 "-" "Mozilla/5.0 (Macintosh; Intel Mac OS X 10_15_7) AppleWebKit/537.36 (KHTML, like Gecko) Chrome/131.0.0.0 Safari/537.36; compatible; OAI-SearchBot/1.0; +https://openai.com/searchbot"
154.7.177.124 - - [26/Nov/2025:21:05:02 +0800] "GET / HTTP/1.1" 200 4828 "-" "libcurl/7.81.0 r-curl/6.0.1 httr/1.4.7"
154.7.177.124 - - [26/Nov/2025:21:05:03 +0800] "GET / HTTP/2.0" 200 4812 "-" "libcurl/7.81.0 r-curl/6.0.1 httr/1.4.7"
154.7.177.124 - - [26/Nov/2025:22:04:47 +0800] "GET / HTTP/1.1" 200 4829 "-" "libcurl/7.81.0 r-curl/6.0.1 httr/1.4.7"
154.7.177.124 - - [26/Nov/2025:22:04:48 +0800] "GET / HTTP/2.0" 200 4812 "-" "libcurl/7.81.0 r-curl/6.0.1 httr/1.4.7"
1.92.192.203 - - [26/Nov/2025:22:26:58 +0800] "GET /post/ HTTP/2.0" 404 1457 "https://blog.wumingai.com/post/#comment" "Mozilla/5.0 (Windows NT 10.0; Win64; x64) AppleWebKit/537.36 (KHTML, like Gecko) Chrome/101.0.4951.64 Safari/537.36 Edg/101.0.1210.47"
34.11.17.142 - - [26/Nov/2025:22:28:58 +0800] "GET / HTTP/1.1" 200 19013 "-" "Mozilla/5.0 (Windows NT 10.0; Win64; x64) AppleWebKit/537.36 (KHTML, like Gecko) Chrome/88.0.4240.193 Safari/537.36"
34.11.17.142 - - [26/Nov/2025:22:28:59 +0800] "GET / HTTP/1.1" 200 19013 "-" "Mozilla/5.0 (Windows NT 10.0; Win64; x64) AppleWebKit/537.36 (KHTML, like Gecko) Chrome/88.0.4240.193 Safari/537.36"
34.11.17.142 - - [26/Nov/2025:22:28:59 +0800] "GET /wp-includes/wlwmanifest.xml HTTP/1.1" 404 4110 "-" "Mozilla/5.0 (Windows NT 10.0; Win64; x64) AppleWebKit/537.36 (KHTML, like Gecko) Chrome/88.0.4240.193 Safari/537.36"
34.11.17.142 - - [26/Nov/2025:22:29:00 +0800] "GET /xmlrpc.php?rsd HTTP/1.1" 404 4110 "-" "Mozilla/5.0 (Windows NT 10.0; Win64; x64) AppleWebKit/537.36 (KHTML, like Gecko) Chrome/88.0.4240.193 Safari/537.36"
34.11.17.142 - - [26/Nov/2025:22:29:00 +0800] "GET / HTTP/1.1" 200 19013 "-" "Mozilla/5.0 (Windows NT 10.0; Win64; x64) AppleWebKit/537.36 (KHTML, like Gecko) Chrome/88.0.4240.193 Safari/537.36"
34.11.17.142 - - [26/Nov/2025:22:29:01 +0800] "GET /blog/wp-includes/wlwmanifest.xml HTTP/1.1" 404 4110 "-" "Mozilla/5.0 (Windows NT 10.0; Win64; x64) AppleWebKit/537.36 (KHTML, like Gecko) Chrome/88.0.4240.193 Safari/537.36"
34.11.17.142 - - [26/Nov/2025:22:29:01 +0800] "GET /web/wp-includes/wlwmanifest.xml HTTP/1.1" 404 4110 "-" "Mozilla/5.0 (Windows NT 10.0; Win64; x64) AppleWebKit/537.36 (KHTML, like Gecko) Chrome/88.0.4240.193 Safari/537.36"
34.11.17.142 - - [26/Nov/2025:22:29:02 +0800] "GET /wordpress/wp-includes/wlwmanifest.xml HTTP/1.1" 404 4110 "-" "Mozilla/5.0 (Windows NT 10.0; Win64; x64) AppleWebKit/537.36 (KHTML, like Gecko) Chrome/88.0.4240.193 Safari/537.36"
34.11.17.142 - - [26/Nov/2025:22:29:02 +0800] "GET /website/wp-includes/wlwmanifest.xml HTTP/1.1" 404 4110 "-" "Mozilla/5.0 (Windows NT 10.0; Win64; x64) AppleWebKit/537.36 (KHTML, like Gecko) Chrome/88.0.4240.193 Safari/537.36"
34.11.17.142 - - [26/Nov/2025:22:29:03 +0800] "GET /wp/wp-includes/wlwmanifest.xml HTTP/1.1" 404 4110 "-" "Mozilla/5.0 (Windows NT 10.0; Win64; x64) AppleWebKit/537.36 (KHTML, like Gecko) Chrome/88.0.4240.193 Safari/537.36"
34.11.17.142 - - [26/Nov/2025:22:29:03 +0800] "GET /news/wp-includes/wlwmanifest.xml HTTP/1.1" 404 4110 "-" "Mozilla/5.0 (Windows NT 10.0; Win64; x64) AppleWebKit/537.36 (KHTML, like Gecko) Chrome/88.0.4240.193 Safari/537.36"
34.11.17.142 - - [26/Nov/2025:22:29:03 +0800] "GET /2020/wp-includes/wlwmanifest.xml HTTP/1.1" 404 4110 "-" "Mozilla/5.0 (Windows NT 10.0; Win64; x64) AppleWebKit/537.36 (KHTML, like Gecko) Chrome/88.0.4240.193 Safari/537.36"
34.11.17.142 - - [26/Nov/2025:22:29:04 +0800] "GET /2019/wp-includes/wlwmanifest.xml HTTP/1.1" 404 4110 "-" "Mozilla/5.0 (Windows NT 10.0; Win64; x64) AppleWebKit/537.36 (KHTML, like Gecko) Chrome/88.0.4240.193 Safari/537.36"
34.11.17.142 - - [26/Nov/2025:22:29:04 +0800] "GET /shop/wp-includes/wlwmanifest.xml HTTP/1.1" 404 4110 "-" "Mozilla/5.0 (Windows NT 10.0; Win64; x64) AppleWebKit/537.36 (KHTML, like Gecko) Chrome/88.0.4240.193 Safari/537.36"
34.11.17.142 - - [26/Nov/2025:22:29:05 +0800] "GET /wp1/wp-includes/wlwmanifest.xml HTTP/1.1" 404 4110 "-" "Mozilla/5.0 (Windows NT 10.0; Win64; x64) AppleWebKit/537.36 (KHTML, like Gecko) Chrome/88.0.4240.193 Safari/537.36"
34.11.17.142 - - [26/Nov/2025:22:29:05 +0800] "GET /test/wp-includes/wlwmanifest.xml HTTP/1.1" 404 4110 "-" "Mozilla/5.0 (Windows NT 10.0; Win64; x64) AppleWebKit/537.36 (KHTML, like Gecko) Chrome/88.0.4240.193 Safari/537.36"
34.11.17.142 - - [26/Nov/2025:22:29:06 +0800] "GET /wp2/wp-includes/wlwmanifest.xml HTTP/1.1" 404 4110 "-" "Mozilla/5.0 (Windows NT 10.0; Win64; x64) AppleWebKit/537.36 (KHTML, like Gecko) Chrome/88.0.4240.193 Safari/537.36"
34.11.17.142 - - [26/Nov/2025:22:29:06 +0800] "GET /site/wp-includes/wlwmanifest.xml HTTP/1.1" 404 4110 "-" "Mozilla/5.0 (Windows NT 10.0; Win64; x64) AppleWebKit/537.36 (KHTML, like Gecko) Chrome/88.0.4240.193 Safari/537.36"
34.11.17.142 - - [26/Nov/2025:22:29:07 +0800] "GET /cms/wp-includes/wlwmanifest.xml HTTP/1.1" 404 4110 "-" "Mozilla/5.0 (Windows NT 10.0; Win64; x64) AppleWebKit/537.36 (KHTML, like Gecko) Chrome/88.0.4240.193 Safari/537.36"
34.11.17.142 - - [26/Nov/2025:22:29:07 +0800] "GET /sito/wp-includes/wlwmanifest.xml HTTP/1.1" 404 4110 "-" "Mozilla/5.0 (Windows NT 10.0; Win64; x64) AppleWebKit/537.36 (KHTML, like Gecko) Chrome/88.0.4240.193 Safari/537.36"
180.97.218.71 - - [26/Nov/2025:22:35:28 +0800] "GET / HTTP/1.1" 200 19091 "https://blog.wumingai.com" "Mozilla/4.0 (compatible; MSIE 9.0; Windows NT 6.1)"
180.97.218.71 - - [26/Nov/2025:22:35:28 +0800] "GET / HTTP/1.1" 200 19091 "https://blog.wumingai.com" "Mozilla/4.0 (compatible; MSIE 9.0; Windows NT 6.1)"
180.97.218.71 - - [26/Nov/2025:22:35:29 +0800] "GET /post/62.html%23cmt127 HTTP/1.1" 404 4123 "https://blog.wumingai.com/post/62.html#cmt127" "Mozilla/4.0 (compatible; MSIE 9.0; Windows NT 6.1)"
180.97.218.71 - - [26/Nov/2025:22:35:29 +0800] "GET /post/63.html HTTP/1.1" 200 43001 "https://blog.wumingai.com/post/63.html" "Mozilla/4.0 (compatible; MSIE 9.0; Windows NT 6.1)"
180.97.218.71 - - [26/Nov/2025:22:35:29 +0800] "POST /zb_system/cmd.php?act=cmt&postid=63&key=e93942a4b98c58ab748bc1f8ae732077 HTTP/1.1" 200 1188 "https://blog.wumingai.com/zb_system/cmd.php?act=cmt&postid=63&key=e93942a4b98c58ab748bc1f8ae732077" "Mozilla/4.0 (compatible; MSIE 9.0; Windows NT 6.1)"
154.7.177.124 - - [26/Nov/2025:23:04:45 +0800] "GET / HTTP/1.1" 200 4830 "-" "libcurl/7.81.0 r-curl/6.0.1 httr/1.4.7"
154.7.177.124 - - [26/Nov/2025:23:04:46 +0800] "GET / HTTP/2.0" 200 4812 "-" "libcurl/7.81.0 r-curl/6.0.1 httr/1.4.7"
123.58.198.151 - - [26/Nov/2025:23:45:02 +0800] "GET / HTTP/1.1" 200 19071 "https://blog.wumingai.com" "Mozilla/4.0 (compatible; MSIE 9.0; Windows NT 6.1)"
123.58.198.151 - - [26/Nov/2025:23:45:03 +0800] "GET / HTTP/1.1" 200 19071 "https://blog.wumingai.com" "Mozilla/4.0 (compatible; MSIE 9.0; Windows NT 6.1)"
123.58.198.151 - - [26/Nov/2025:23:45:03 +0800] "GET /post/64.html HTTP/1.1" 200 39086 "https://blog.wumingai.com/post/64.html" "Mozilla/4.0 (compatible; MSIE 9.0; Windows NT 6.1)"
123.58.198.151 - - [26/Nov/2025:23:45:04 +0800] "POST /zb_system/cmd.php?act=cmt&postid=64&key=e582ab34732a1e7e65963a6120e7aecc HTTP/1.1" 200 190 "https://blog.wumingai.com/zb_system/cmd.php?act=cmt&postid=64&key=e582ab34732a1e7e65963a6120e7aecc" "Mozilla/4.0 (compatible; MSIE 9.0; Windows NT 6.1)"
154.7.177.124 - - [27/Nov/2025:00:05:16 +0800] "GET / HTTP/1.1" 200 4829 "-" "libcurl/7.81.0 r-curl/6.0.1 httr/1.4.7"
154.7.177.124 - - [27/Nov/2025:00:05:17 +0800] "GET / HTTP/2.0" 200 4812 "-" "libcurl/7.81.0 r-curl/6.0.1 httr/1.4.7"
116.204.35.248 - - [27/Nov/2025:00:14:58 +0800] "GET /post/47.html HTTP/2.0" 200 19708 "https://blog.wumingai.com/post/47.html" "Mozilla/5.0 (Windows NT 10.0; Win64; x64) AppleWebKit/537.36 (KHTML, like Gecko) Chrome/101.0.4951.64 Safari/537.36 Edg/101.0.1210.47"
119.8.59.33 - - [27/Nov/2025:00:48:10 +0800] "GET /post/49.html HTTP/2.0" 200 9078 "https://blog.wumingai.com/post/49.html" "Mozilla/5.0 (Windows NT 10.0; Win64; x64) AppleWebKit/537.36 (KHTML, like Gecko) Chrome/101.0.4951.64 Safari/537.36 Edg/101.0.1210.47"
150.40.253.190 - - [27/Nov/2025:00:49:12 +0800] "GET /post/41.html HTTP/2.0" 200 7263 "https://blog.wumingai.com/post/41.html" "Mozilla/5.0 (Macintosh; Intel Mac OS X 10_15_7) AppleWebKit/537.36 (KHTML, like Gecko) Chrome/131.0.0.0 Safari/537.36"
