180.97.218.71 - - [19/Nov/2025:18:00:54 +0800] "GET /post/64.html HTTP/1.1" 200 36383 "https://blog.wumingai.com/post/64.html" "Mozilla/4.0 (compatible; MSIE 9.0; Windows NT 6.1)"
180.97.218.71 - - [19/Nov/2025:18:00:55 +0800] "POST /zb_system/cmd.php?act=cmt&postid=64&key=ff642b62cdcd1a839411177e2c8dd79d HTTP/1.1" 200 1227 "https://blog.wumingai.com/zb_system/cmd.php?act=cmt&postid=64&key=ff642b62cdcd1a839411177e2c8dd79d" "Mozilla/4.0 (compatible; MSIE 9.0; Windows NT 6.1)"
154.7.177.124 - - [19/Nov/2025:18:01:53 +0800] "GET / HTTP/1.1" 200 4753 "-" "libcurl/7.81.0 r-curl/6.0.1 httr/1.4.7"
154.7.177.124 - - [19/Nov/2025:18:01:54 +0800] "GET / HTTP/2.0" 200 4738 "-" "libcurl/7.81.0 r-curl/6.0.1 httr/1.4.7"
154.7.177.124 - - [19/Nov/2025:19:01:25 +0800] "GET / HTTP/1.1" 200 4753 "-" "libcurl/7.81.0 r-curl/6.0.1 httr/1.4.7"
154.7.177.124 - - [19/Nov/2025:19:01:26 +0800] "GET / HTTP/2.0" 200 4738 "-" "libcurl/7.81.0 r-curl/6.0.1 httr/1.4.7"
154.7.177.124 - - [19/Nov/2025:20:01:25 +0800] "GET / HTTP/1.1" 200 4753 "-" "libcurl/7.81.0 r-curl/6.0.1 httr/1.4.7"
154.7.177.124 - - [19/Nov/2025:20:01:26 +0800] "GET / HTTP/2.0" 200 4738 "-" "libcurl/7.81.0 r-curl/6.0.1 httr/1.4.7"
123.58.198.151 - - [19/Nov/2025:20:27:20 +0800] "GET / HTTP/1.1" 200 19008 "https://blog.wumingai.com" "Mozilla/4.0 (compatible; MSIE 9.0; Windows NT 6.1)"
123.58.198.151 - - [19/Nov/2025:20:27:21 +0800] "GET / HTTP/1.1" 200 19008 "https://blog.wumingai.com" "Mozilla/4.0 (compatible; MSIE 9.0; Windows NT 6.1)"
123.58.198.151 - - [19/Nov/2025:20:27:21 +0800] "GET /post/64.html HTTP/1.1" 200 37086 "https://blog.wumingai.com/post/64.html" "Mozilla/4.0 (compatible; MSIE 9.0; Windows NT 6.1)"
123.58.198.151 - - [19/Nov/2025:20:27:21 +0800] "POST /zb_system/cmd.php?act=cmt&postid=64&key=b9992e65c93fd4b9cfdda44f0d2ba0ef HTTP/1.1" 200 190 "https://blog.wumingai.com/zb_system/cmd.php?act=cmt&postid=64&key=b9992e65c93fd4b9cfdda44f0d2ba0ef" "Mozilla/4.0 (compatible; MSIE 9.0; Windows NT 6.1)"
154.7.177.124 - - [19/Nov/2025:21:01:24 +0800] "GET / HTTP/1.1" 200 4754 "-" "libcurl/7.81.0 r-curl/6.0.1 httr/1.4.7"
154.7.177.124 - - [19/Nov/2025:21:01:25 +0800] "GET / HTTP/2.0" 200 4738 "-" "libcurl/7.81.0 r-curl/6.0.1 httr/1.4.7"
154.7.177.124 - - [19/Nov/2025:22:01:28 +0800] "GET / HTTP/1.1" 200 4754 "-" "libcurl/7.81.0 r-curl/6.0.1 httr/1.4.7"
154.7.177.124 - - [19/Nov/2025:22:01:29 +0800] "GET / HTTP/2.0" 200 4738 "-" "libcurl/7.81.0 r-curl/6.0.1 httr/1.4.7"
113.109.55.100 - - [19/Nov/2025:22:50:42 +0800] "GET /xmlrpc.php HTTP/1.1" 404 1469 "-" "Mozilla/5.0 (Windows NT 6.1; WOW64; rv:45.0) Gecko/20100101 Firefox/45.0"
154.7.177.124 - - [19/Nov/2025:23:01:20 +0800] "GET / HTTP/1.1" 200 4754 "-" "libcurl/7.81.0 r-curl/6.0.1 httr/1.4.7"
154.7.177.124 - - [19/Nov/2025:23:01:21 +0800] "GET / HTTP/2.0" 200 4738 "-" "libcurl/7.81.0 r-curl/6.0.1 httr/1.4.7"
154.7.177.124 - - [20/Nov/2025:00:01:35 +0800] "GET / HTTP/1.1" 200 4754 "-" "libcurl/7.81.0 r-curl/6.0.1 httr/1.4.7"
154.7.177.124 - - [20/Nov/2025:00:01:37 +0800] "GET / HTTP/2.0" 200 4738 "-" "libcurl/7.81.0 r-curl/6.0.1 httr/1.4.7"
1.92.211.48 - - [20/Nov/2025:00:05:37 +0800] "GET /post/28.html HTTP/2.0" 200 8215 "https://blog.wumingai.com/post/28.html" "Mozilla/5.0 (Macintosh; Intel Mac OS X 10_15_7) AppleWebKit/537.36 (KHTML, like Gecko) Chrome/120.0.0.0 Safari/537.36"
123.58.198.151 - - [20/Nov/2025:00:18:23 +0800] "GET / HTTP/1.1" 200 19008 "https://blog.wumingai.com" "Mozilla/4.0 (compatible; MSIE 9.0; Windows NT 6.1)"
123.58.198.151 - - [20/Nov/2025:00:18:24 +0800] "GET / HTTP/1.1" 200 19008 "https://blog.wumingai.com" "Mozilla/4.0 (compatible; MSIE 9.0; Windows NT 6.1)"
123.58.198.151 - - [20/Nov/2025:00:18:24 +0800] "GET /page_2.html HTTP/1.1" 200 18538 "https://blog.wumingai.com/page_2.html" "Mozilla/4.0 (compatible; MSIE 9.0; Windows NT 6.1)"
123.58.198.151 - - [20/Nov/2025:00:18:24 +0800] "GET /post/63.html HTTP/1.1" 200 39156 "https://blog.wumingai.com/post/63.html" "Mozilla/4.0 (compatible; MSIE 9.0; Windows NT 6.1)"
123.58.198.151 - - [20/Nov/2025:00:18:24 +0800] "POST /zb_system/cmd.php?act=cmt&postid=63&key=57d9c4d0c248ca339a3ab56e4c3caf0a HTTP/1.1" 200 190 "https://blog.wumingai.com/zb_system/cmd.php?act=cmt&postid=63&key=57d9c4d0c248ca339a3ab56e4c3caf0a" "Mozilla/4.0 (compatible; MSIE 9.0; Windows NT 6.1)"
154.7.177.124 - - [20/Nov/2025:01:01:45 +0800] "GET / HTTP/1.1" 200 4753 "-" "libcurl/7.81.0 r-curl/6.0.1 httr/1.4.7"
154.7.177.124 - - [20/Nov/2025:01:01:46 +0800] "GET / HTTP/2.0" 200 4737 "-" "libcurl/7.81.0 r-curl/6.0.1 httr/1.4.7"
154.7.177.124 - - [20/Nov/2025:02:01:12 +0800] "GET / HTTP/1.1" 200 4753 "-" "libcurl/7.81.0 r-curl/6.0.1 httr/1.4.7"
154.7.177.124 - - [20/Nov/2025:02:01:13 +0800] "GET / HTTP/2.0" 200 4737 "-" "libcurl/7.81.0 r-curl/6.0.1 httr/1.4.7"
45.148.10.143 - - [20/Nov/2025:02:37:23 +0800] "GET / HTTP/1.1" 200 18930 "-" "-"
45.148.10.143 - - [20/Nov/2025:02:37:28 +0800] "GET / HTTP/1.1" 200 18930 "-" "-"
45.148.10.143 - - [20/Nov/2025:02:37:35 +0800] "GET / HTTP/1.1" 200 18930 "-" "-"
154.7.177.124 - - [20/Nov/2025:03:01:06 +0800] "GET / HTTP/1.1" 200 4753 "-" "libcurl/7.81.0 r-curl/6.0.1 httr/1.4.7"
154.7.177.124 - - [20/Nov/2025:03:01:07 +0800] "GET / HTTP/2.0" 200 4737 "-" "libcurl/7.81.0 r-curl/6.0.1 httr/1.4.7"
113.44.122.113 - - [20/Nov/2025:03:26:36 +0800] "GET /post/17.html HTTP/2.0" 200 58296 "https://blog.wumingai.com/post/17.html" "Mozilla/5.0 (Macintosh; Intel Mac OS X 10_15_7) AppleWebKit/537.36 (KHTML, like Gecko) Chrome/120.0.0.0 Safari/537.36"
154.7.177.124 - - [20/Nov/2025:04:01:36 +0800] "GET / HTTP/1.1" 200 4753 "-" "libcurl/7.81.0 r-curl/6.0.1 httr/1.4.7"
154.7.177.124 - - [20/Nov/2025:04:01:37 +0800] "GET / HTTP/2.0" 200 4737 "-" "libcurl/7.81.0 r-curl/6.0.1 httr/1.4.7"
123.58.198.151 - - [20/Nov/2025:04:08:07 +0800] "GET / HTTP/1.1" 200 19008 "https://blog.wumingai.com" "Mozilla/4.0 (compatible; MSIE 9.0; Windows NT 6.1)"
123.58.198.151 - - [20/Nov/2025:04:08:07 +0800] "GET / HTTP/1.1" 200 19008 "https://blog.wumingai.com" "Mozilla/4.0 (compatible; MSIE 9.0; Windows NT 6.1)"
123.58.198.151 - - [20/Nov/2025:04:08:07 +0800] "GET /post/57.html HTTP/1.1" 200 26499 "https://blog.wumingai.com/post/57.html" "Mozilla/4.0 (compatible; MSIE 9.0; Windows NT 6.1)"
123.58.198.151 - - [20/Nov/2025:04:08:08 +0800] "POST /zb_system/cmd.php?act=cmt&postid=57&key=74f69b412508b3e1005027790070ead6 HTTP/1.1" 200 190 "https://blog.wumingai.com/zb_system/cmd.php?act=cmt&postid=57&key=74f69b412508b3e1005027790070ead6" "Mozilla/4.0 (compatible; MSIE 9.0; Windows NT 6.1)"
154.7.177.124 - - [20/Nov/2025:05:01:18 +0800] "GET / HTTP/1.1" 200 4750 "-" "libcurl/7.81.0 r-curl/6.0.1 httr/1.4.7"
154.7.177.124 - - [20/Nov/2025:05:01:19 +0800] "GET / HTTP/2.0" 200 4735 "-" "libcurl/7.81.0 r-curl/6.0.1 httr/1.4.7"
180.97.218.71 - - [20/Nov/2025:05:31:18 +0800] "GET / HTTP/1.1" 200 19008 "https://blog.wumingai.com" "Mozilla/4.0 (compatible; MSIE 9.0; Windows NT 6.1)"
180.97.218.71 - - [20/Nov/2025:05:31:18 +0800] "GET / HTTP/1.1" 200 19008 "https://blog.wumingai.com" "Mozilla/4.0 (compatible; MSIE 9.0; Windows NT 6.1)"
180.97.218.71 - - [20/Nov/2025:05:31:19 +0800] "GET /page_7.html HTTP/1.1" 200 8498 "https://blog.wumingai.com/page_7.html" "Mozilla/4.0 (compatible; MSIE 9.0; Windows NT 6.1)"
180.97.218.71 - - [20/Nov/2025:05:31:19 +0800] "GET /post/64.html%23cmt91 HTTP/1.1" 404 4123 "https://blog.wumingai.com/post/64.html#cmt91" "Mozilla/4.0 (compatible; MSIE 9.0; Windows NT 6.1)"
180.97.218.71 - - [20/Nov/2025:05:31:19 +0800] "GET /post/62.html HTTP/1.1" 200 26685 "https://blog.wumingai.com/post/62.html" "Mozilla/4.0 (compatible; MSIE 9.0; Windows NT 6.1)"
180.97.218.71 - - [20/Nov/2025:05:31:19 +0800] "POST /zb_system/cmd.php?act=cmt&postid=62&key=faf8d262ab7c7768479846984fed0ba7 HTTP/1.1" 200 1170 "https://blog.wumingai.com/zb_system/cmd.php?act=cmt&postid=62&key=faf8d262ab7c7768479846984fed0ba7" "Mozilla/4.0 (compatible; MSIE 9.0; Windows NT 6.1)"
52.167.144.19 - - [20/Nov/2025:05:51:36 +0800] "GET /post/13.html HTTP/2.0" 200 15513 "-" "Mozilla/5.0 AppleWebKit/537.36 (KHTML, like Gecko; compatible; bingbot/2.0; +http://www.bing.com/bingbot.htm) Chrome/116.0.1938.76 Safari/537.36"
154.7.177.124 - - [20/Nov/2025:06:01:12 +0800] "GET / HTTP/1.1" 200 4765 "-" "libcurl/7.81.0 r-curl/6.0.1 httr/1.4.7"
154.7.177.124 - - [20/Nov/2025:06:01:13 +0800] "GET / HTTP/2.0" 200 4747 "-" "libcurl/7.81.0 r-curl/6.0.1 httr/1.4.7"
116.204.104.217 - - [20/Nov/2025:06:52:16 +0800] "GET /post/45.html HTTP/2.0" 200 7588 "https://blog.wumingai.com/post/45.html" "Mozilla/5.0 (Macintosh; Intel Mac OS X 10_15_7) AppleWebKit/537.36 (KHTML, like Gecko) Chrome/131.0.0.0 Safari/537.36"
154.7.177.124 - - [20/Nov/2025:07:01:36 +0800] "GET / HTTP/1.1" 200 4766 "-" "libcurl/7.81.0 r-curl/6.0.1 httr/1.4.7"
154.7.177.124 - - [20/Nov/2025:07:01:37 +0800] "GET / HTTP/2.0" 200 4746 "-" "libcurl/7.81.0 r-curl/6.0.1 httr/1.4.7"
104.210.140.137 - - [20/Nov/2025:07:26:32 +0800] "GET /robots.txt HTTP/2.0" 404 1457 "-" "Mozilla/5.0 (Macintosh; Intel Mac OS X 10_15_7) AppleWebKit/537.36 (KHTML, like Gecko) Chrome/131.0.0.0 Safari/537.36; compatible; OAI-SearchBot/1.0; +https://openai.com/searchbot"
104.210.140.138 - - [20/Nov/2025:07:26:33 +0800] "GET /robots.txt HTTP/1.1" 404 1473 "-" "Mozilla/5.0 (Macintosh; Intel Mac OS X 10_15_7) AppleWebKit/537.36 (KHTML, like Gecko) Chrome/131.0.0.0 Safari/537.36; compatible; OAI-SearchBot/1.0; +https://openai.com/searchbot"
123.58.198.151 - - [20/Nov/2025:07:48:15 +0800] "GET / HTTP/1.1" 200 19010 "https://blog.wumingai.com" "Mozilla/4.0 (compatible; MSIE 9.0; Windows NT 6.1)"
123.58.198.151 - - [20/Nov/2025:07:48:16 +0800] "GET / HTTP/1.1" 200 19010 "https://blog.wumingai.com" "Mozilla/4.0 (compatible; MSIE 9.0; Windows NT 6.1)"
123.58.198.151 - - [20/Nov/2025:07:48:16 +0800] "GET /post/59.html HTTP/1.1" 200 22951 "https://blog.wumingai.com/post/59.html" "Mozilla/4.0 (compatible; MSIE 9.0; Windows NT 6.1)"
123.58.198.151 - - [20/Nov/2025:07:48:16 +0800] "POST /zb_system/cmd.php?act=cmt&postid=59&key=042b5406155460266386f539ef553276 HTTP/1.1" 200 190 "https://blog.wumingai.com/zb_system/cmd.php?act=cmt&postid=59&key=042b5406155460266386f539ef553276" "Mozilla/4.0 (compatible; MSIE 9.0; Windows NT 6.1)"
154.7.177.124 - - [20/Nov/2025:08:01:34 +0800] "GET / HTTP/1.1" 200 4765 "-" "libcurl/7.81.0 r-curl/6.0.1 httr/1.4.7"
154.7.177.124 - - [20/Nov/2025:08:01:35 +0800] "GET / HTTP/2.0" 200 4748 "-" "libcurl/7.81.0 r-curl/6.0.1 httr/1.4.7"
74.7.228.5 - - [20/Nov/2025:08:19:19 +0800] "GET /robots.txt HTTP/2.0" 404 1457 "-" "Mozilla/5.0 (Macintosh; Intel Mac OS X 10_15_7) AppleWebKit/537.36 (KHTML, like Gecko) Chrome/131.0.0.0 Safari/537.36; compatible; OAI-SearchBot/1.3; robots.txt; +https://openai.com/searchbot"
154.7.177.124 - - [20/Nov/2025:09:01:37 +0800] "GET / HTTP/1.1" 200 4766 "-" "libcurl/7.81.0 r-curl/6.0.1 httr/1.4.7"
154.7.177.124 - - [20/Nov/2025:09:01:38 +0800] "GET / HTTP/2.0" 200 4748 "-" "libcurl/7.81.0 r-curl/6.0.1 httr/1.4.7"
154.7.177.124 - - [20/Nov/2025:10:01:38 +0800] "GET / HTTP/1.1" 200 4766 "-" "libcurl/7.81.0 r-curl/6.0.1 httr/1.4.7"
154.7.177.124 - - [20/Nov/2025:10:01:39 +0800] "GET / HTTP/2.0" 200 4748 "-" "libcurl/7.81.0 r-curl/6.0.1 httr/1.4.7"
154.7.177.124 - - [20/Nov/2025:11:01:35 +0800] "GET / HTTP/1.1" 200 4765 "-" "libcurl/7.81.0 r-curl/6.0.1 httr/1.4.7"
154.7.177.124 - - [20/Nov/2025:11:01:36 +0800] "GET / HTTP/2.0" 200 4748 "-" "libcurl/7.81.0 r-curl/6.0.1 httr/1.4.7"
134.209.230.234 - - [20/Nov/2025:11:15:55 +0800] "GET / HTTP/1.1" 200 18933 "-" "-"
134.209.230.234 - - [20/Nov/2025:11:15:56 +0800] "GET /wordpress HTTP/1.1" 404 4110 "-" "-"
134.209.230.234 - - [20/Nov/2025:11:15:56 +0800] "GET /wp-admin/setup-config.php HTTP/1.1" 404 4110 "-" "-"
134.209.230.234 - - [20/Nov/2025:11:15:56 +0800] "GET /wp-admin/install.php HTTP/1.1" 404 4110 "-" "-"
134.209.230.234 - - [20/Nov/2025:11:15:56 +0800] "GET /wp HTTP/1.1" 404 4110 "-" "-"
134.209.230.234 - - [20/Nov/2025:11:15:57 +0800] "GET /blog HTTP/1.1" 404 4110 "-" "-"
134.209.230.234 - - [20/Nov/2025:11:15:57 +0800] "GET /new HTTP/1.1" 404 4110 "-" "-"
134.209.230.234 - - [20/Nov/2025:11:15:57 +0800] "GET /old HTTP/1.1" 404 4110 "-" "-"
134.209.230.234 - - [20/Nov/2025:11:15:57 +0800] "GET /newsite HTTP/1.1" 404 4110 "-" "-"
134.209.230.234 - - [20/Nov/2025:11:15:58 +0800] "GET /test HTTP/1.1" 404 4110 "-" "-"
134.209.230.234 - - [20/Nov/2025:11:15:58 +0800] "GET /main HTTP/1.1" 404 4110 "-" "-"
134.209.230.234 - - [20/Nov/2025:11:15:58 +0800] "GET /testing HTTP/1.1" 404 4110 "-" "-"
134.209.230.234 - - [20/Nov/2025:11:15:59 +0800] "GET /site HTTP/1.1" 404 4110 "-" "-"
134.209.230.234 - - [20/Nov/2025:11:16:01 +0800] "GET /backup HTTP/1.1" 404 4110 "-" "-"
134.209.230.234 - - [20/Nov/2025:11:16:02 +0800] "GET /demo HTTP/1.1" 404 4110 "-" "-"
134.209.230.234 - - [20/Nov/2025:11:16:02 +0800] "GET /home HTTP/1.1" 404 4110 "-" "-"
134.209.230.234 - - [20/Nov/2025:11:16:03 +0800] "GET /tmp HTTP/1.1" 404 4110 "-" "-"
134.209.230.234 - - [20/Nov/2025:11:16:03 +0800] "GET /dev HTTP/1.1" 404 4110 "-" "-"
134.209.230.234 - - [20/Nov/2025:11:16:04 +0800] "GET /cms HTTP/1.1" 404 4110 "-" "-"
134.209.230.234 - - [20/Nov/2025:11:16:05 +0800] "GET /portal HTTP/1.1" 404 4110 "-" "-"
134.209.230.234 - - [20/Nov/2025:11:16:06 +0800] "GET /web HTTP/1.1" 404 4110 "-" "-"
123.58.198.151 - - [20/Nov/2025:11:24:59 +0800] "GET / HTTP/1.1" 200 19010 "https://blog.wumingai.com" "Mozilla/4.0 (compatible; MSIE 9.0; Windows NT 6.1)"
123.58.198.151 - - [20/Nov/2025:11:25:00 +0800] "GET / HTTP/1.1" 200 19010 "https://blog.wumingai.com" "Mozilla/4.0 (compatible; MSIE 9.0; Windows NT 6.1)"
123.58.198.151 - - [20/Nov/2025:11:25:01 +0800] "GET /post/55.html HTTP/1.1" 200 27213 "https://blog.wumingai.com/post/55.html" "Mozilla/4.0 (compatible; MSIE 9.0; Windows NT 6.1)"
123.58.198.151 - - [20/Nov/2025:11:25:05 +0800] "POST /zb_system/cmd.php?act=cmt&postid=55&key=a64fe4b8d55f2506a42129f2215ecb34 HTTP/1.1" 200 190 "https://blog.wumingai.com/zb_system/cmd.php?act=cmt&postid=55&key=a64fe4b8d55f2506a42129f2215ecb34" "Mozilla/4.0 (compatible; MSIE 9.0; Windows NT 6.1)"
134.209.230.234 - - [20/Nov/2025:11:50:58 +0800] "GET / HTTP/1.1" 200 18933 "-" "-"
154.7.177.124 - - [20/Nov/2025:12:01:25 +0800] "GET / HTTP/1.1" 200 4765 "-" "libcurl/7.81.0 r-curl/6.0.1 httr/1.4.7"
154.7.177.124 - - [20/Nov/2025:12:01:26 +0800] "GET / HTTP/2.0" 200 4748 "-" "libcurl/7.81.0 r-curl/6.0.1 httr/1.4.7"
74.7.228.5 - - [20/Nov/2025:12:27:35 +0800] "GET /robots.txt HTTP/2.0" 404 1457 "-" "Mozilla/5.0 (Macintosh; Intel Mac OS X 10_15_7) AppleWebKit/537.36 (KHTML, like Gecko) Chrome/131.0.0.0 Safari/537.36; compatible; OAI-SearchBot/1.3; robots.txt; +https://openai.com/searchbot"
154.7.177.124 - - [20/Nov/2025:13:01:39 +0800] "GET / HTTP/1.1" 200 4765 "-" "libcurl/7.81.0 r-curl/6.0.1 httr/1.4.7"
154.7.177.124 - - [20/Nov/2025:13:01:40 +0800] "GET / HTTP/2.0" 200 4749 "-" "libcurl/7.81.0 r-curl/6.0.1 httr/1.4.7"
98.88.137.2 - - [20/Nov/2025:13:25:43 +0800] "GET / HTTP/1.1" 200 4761 "-" "RecordedFuture Global Inventory Crawler"
1.92.203.250 - - [20/Nov/2025:13:43:40 +0800] "GET /?id=2 HTTP/2.0" 302 53 "https://blog.wumingai.com/?id=2" "Mozilla/5.0 (Windows NT 10.0; Win64; x64) AppleWebKit/537.36 (KHTML, like Gecko) Chrome/101.0.4951.64 Safari/537.36 Edg/101.0.1210.47"
1.92.203.250 - - [20/Nov/2025:13:43:41 +0800] "GET /2.html HTTP/2.0" 200 2935 "https://blog.wumingai.com/2.html" "Mozilla/5.0 (Windows NT 10.0; Win64; x64) AppleWebKit/537.36 (KHTML, like Gecko) Chrome/101.0.4951.64 Safari/537.36 Edg/101.0.1210.47"
42.85.232.178 - - [20/Nov/2025:13:45:34 +0800] "GET / HTTP/1.1" 200 19010 "https://blog.wumingai.com" "Mozilla/4.0 (compatible; MSIE 9.0; Windows NT 6.1)"
42.85.232.178 - - [20/Nov/2025:13:45:34 +0800] "GET / HTTP/1.1" 200 19010 "https://blog.wumingai.com" "Mozilla/4.0 (compatible; MSIE 9.0; Windows NT 6.1)"
42.85.232.178 - - [20/Nov/2025:13:45:35 +0800] "GET /post/62.html HTTP/1.1" 200 25487 "https://blog.wumingai.com/post/62.html" "Mozilla/4.0 (compatible; MSIE 9.0; Windows NT 6.1)"
42.85.232.178 - - [20/Nov/2025:13:45:35 +0800] "POST /zb_system/cmd.php?act=cmt&postid=62&key=6c89e98b66da3a1735b36fb2344cf7eb HTTP/1.1" 200 1175 "https://blog.wumingai.com/zb_system/cmd.php?act=cmt&postid=62&key=6c89e98b66da3a1735b36fb2344cf7eb" "Mozilla/4.0 (compatible; MSIE 9.0; Windows NT 6.1)"
154.7.177.124 - - [20/Nov/2025:14:00:59 +0800] "GET / HTTP/1.1" 200 4772 "-" "libcurl/7.81.0 r-curl/6.0.1 httr/1.4.7"
154.7.177.124 - - [20/Nov/2025:14:01:00 +0800] "GET / HTTP/2.0" 200 4756 "-" "libcurl/7.81.0 r-curl/6.0.1 httr/1.4.7"
154.7.177.124 - - [20/Nov/2025:15:01:42 +0800] "GET / HTTP/1.1" 200 4773 "-" "libcurl/7.81.0 r-curl/6.0.1 httr/1.4.7"
154.7.177.124 - - [20/Nov/2025:15:01:43 +0800] "GET / HTTP/2.0" 200 4757 "-" "libcurl/7.81.0 r-curl/6.0.1 httr/1.4.7"
123.58.198.151 - - [20/Nov/2025:15:20:30 +0800] "GET / HTTP/1.1" 200 19004 "https://blog.wumingai.com" "Mozilla/4.0 (compatible; MSIE 9.0; Windows NT 6.1)"
123.58.198.151 - - [20/Nov/2025:15:20:30 +0800] "GET / HTTP/1.1" 200 19004 "https://blog.wumingai.com" "Mozilla/4.0 (compatible; MSIE 9.0; Windows NT 6.1)"
123.58.198.151 - - [20/Nov/2025:15:20:31 +0800] "GET /page_3.html HTTP/1.1" 200 18327 "https://blog.wumingai.com/page_3.html" "Mozilla/4.0 (compatible; MSIE 9.0; Windows NT 6.1)"
123.58.198.151 - - [20/Nov/2025:15:20:31 +0800] "GET /post/60.html HTTP/1.1" 200 28822 "https://blog.wumingai.com/post/60.html" "Mozilla/4.0 (compatible; MSIE 9.0; Windows NT 6.1)"
123.58.198.151 - - [20/Nov/2025:15:20:31 +0800] "POST /zb_system/cmd.php?act=cmt&postid=60&key=c9b968583624da84091fd1c60438984f HTTP/1.1" 200 190 "https://blog.wumingai.com/zb_system/cmd.php?act=cmt&postid=60&key=c9b968583624da84091fd1c60438984f" "Mozilla/4.0 (compatible; MSIE 9.0; Windows NT 6.1)"
154.7.177.124 - - [20/Nov/2025:16:01:33 +0800] "GET / HTTP/1.1" 200 4772 "-" "libcurl/7.81.0 r-curl/6.0.1 httr/1.4.7"
154.7.177.124 - - [20/Nov/2025:16:01:34 +0800] "GET / HTTP/2.0" 200 4754 "-" "libcurl/7.81.0 r-curl/6.0.1 httr/1.4.7"
154.7.177.124 - - [20/Nov/2025:17:01:49 +0800] "GET / HTTP/1.1" 200 4772 "-" "libcurl/7.81.0 r-curl/6.0.1 httr/1.4.7"
154.7.177.124 - - [20/Nov/2025:17:01:50 +0800] "GET / HTTP/2.0" 200 4756 "-" "libcurl/7.81.0 r-curl/6.0.1 httr/1.4.7"
116.204.9.84 - - [20/Nov/2025:17:09:22 +0800] "GET /post/ HTTP/2.0" 404 1457 "https://blog.wumingai.com/post/#comment" "Mozilla/5.0 (Macintosh; Intel Mac OS X 10_15_7) AppleWebKit/537.36 (KHTML, like Gecko) Chrome/119.0.0.0 Safari/537.36"
180.97.218.71 - - [20/Nov/2025:17:47:31 +0800] "GET / HTTP/1.1" 200 19004 "https://blog.wumingai.com" "Mozilla/4.0 (compatible; MSIE 9.0; Windows NT 6.1)"
180.97.218.71 - - [20/Nov/2025:17:47:32 +0800] "GET / HTTP/1.1" 200 19004 "https://blog.wumingai.com" "Mozilla/4.0 (compatible; MSIE 9.0; Windows NT 6.1)"
180.97.218.71 - - [20/Nov/2025:17:47:32 +0800] "GET /post/61.html HTTP/1.1" 200 24442 "https://blog.wumingai.com/post/61.html" "Mozilla/4.0 (compatible; MSIE 9.0; Windows NT 6.1)"
180.97.218.71 - - [20/Nov/2025:17:47:32 +0800] "POST /zb_system/cmd.php?act=cmt&postid=61&key=49562ccf9602cb1fa34e087ec83f174b HTTP/1.1" 200 1219 "https://blog.wumingai.com/zb_system/cmd.php?act=cmt&postid=61&key=49562ccf9602cb1fa34e087ec83f174b" "Mozilla/4.0 (compatible; MSIE 9.0; Windows NT 6.1)"
154.7.177.124 - - [20/Nov/2025:18:02:05 +0800] "GET / HTTP/1.1" 200 4770 "-" "libcurl/7.81.0 r-curl/6.0.1 httr/1.4.7"
154.7.177.124 - - [20/Nov/2025:18:02:06 +0800] "GET / HTTP/2.0" 200 4753 "-" "libcurl/7.81.0 r-curl/6.0.1 httr/1.4.7"
35.170.13.97 - - [20/Nov/2025:18:59:03 +0800] "GET / HTTP/1.1" 200 4767 "-" "Mozilla/5.0 (Windows NT 10.0; Win64; x64) AppleWebKit/537.36 (KHTML, like Gecko) Chrome/133.0.0.0 Safari/537.36"
154.7.177.124 - - [20/Nov/2025:19:02:28 +0800] "GET / HTTP/1.1" 200 4770 "-" "libcurl/7.81.0 r-curl/6.0.1 httr/1.4.7"
154.7.177.124 - - [20/Nov/2025:19:02:29 +0800] "GET / HTTP/2.0" 200 4754 "-" "libcurl/7.81.0 r-curl/6.0.1 httr/1.4.7"
123.58.198.151 - - [20/Nov/2025:19:17:17 +0800] "GET / HTTP/1.1" 200 19007 "https://blog.wumingai.com" "Mozilla/4.0 (compatible; MSIE 9.0; Windows NT 6.1)"
123.58.198.151 - - [20/Nov/2025:19:17:18 +0800] "GET / HTTP/1.1" 200 19007 "https://blog.wumingai.com" "Mozilla/4.0 (compatible; MSIE 9.0; Windows NT 6.1)"
123.58.198.151 - - [20/Nov/2025:19:17:18 +0800] "GET /page_3.html HTTP/1.1" 200 18330 "https://blog.wumingai.com/page_3.html" "Mozilla/4.0 (compatible; MSIE 9.0; Windows NT 6.1)"
123.58.198.151 - - [20/Nov/2025:19:17:18 +0800] "GET /page_6.html HTTP/1.1" 200 19288 "https://blog.wumingai.com/page_6.html" "Mozilla/4.0 (compatible; MSIE 9.0; Windows NT 6.1)"
123.58.198.151 - - [20/Nov/2025:19:17:18 +0800] "GET /post/61.html HTTP/1.1" 200 27960 "https://blog.wumingai.com/post/61.html" "Mozilla/4.0 (compatible; MSIE 9.0; Windows NT 6.1)"
123.58.198.151 - - [20/Nov/2025:19:17:19 +0800] "POST /zb_system/cmd.php?act=cmt&postid=61&key=aef96d317b4a7a37068050efa002e607 HTTP/1.1" 200 190 "https://blog.wumingai.com/zb_system/cmd.php?act=cmt&postid=61&key=aef96d317b4a7a37068050efa002e607" "Mozilla/4.0 (compatible; MSIE 9.0; Windows NT 6.1)"
106.75.23.247 - - [20/Nov/2025:19:44:28 +0800] "GET /robots.txt HTTP/1.1" 404 1473 "-" "Mozilla/5.0 (Macintosh; Intel Mac OS X 10_9_4) AppleWebKit/537.36 (KHTML, like Gecko) Chrome/36.0.1985.125 Safari/537.36"
106.75.23.247 - - [20/Nov/2025:19:44:29 +0800] "GET / HTTP/1.1" 200 4774 "-" "Mozilla/5.0 (Macintosh; Intel Mac OS X 10_9_4) AppleWebKit/537.36 (KHTML, like Gecko) Chrome/36.0.1985.125 Safari/537.36"
106.75.23.247 - - [20/Nov/2025:19:44:30 +0800] "GET /test_404_page/ HTTP/1.1" 404 1473 "-" "Mozilla/5.0 (Macintosh; Intel Mac OS X 10_9_4) AppleWebKit/537.36 (KHTML, like Gecko) Chrome/36.0.1985.125 Safari/537.36"
106.75.23.247 - - [20/Nov/2025:19:44:39 +0800] "GET /feed.asp HTTP/1.1" 404 1473 "-" "Mozilla/5.0 (Macintosh; Intel Mac OS X 10_9_4) AppleWebKit/537.36 (KHTML, like Gecko) Chrome/36.0.1985.125 Safari/537.36"
106.75.23.243 - - [20/Nov/2025:19:45:41 +0800] "GET /robots.txt HTTP/1.1" 404 1469 "-" "Mozilla/5.0 (Macintosh; Intel Mac OS X 10_9_4) AppleWebKit/537.36 (KHTML, like Gecko) Chrome/36.0.1985.125 Safari/537.36"
106.75.23.243 - - [20/Nov/2025:19:45:43 +0800] "GET / HTTP/1.1" 200 4769 "-" "Mozilla/5.0 (Macintosh; Intel Mac OS X 10_9_4) AppleWebKit/537.36 (KHTML, like Gecko) Chrome/36.0.1985.125 Safari/537.36"
106.75.23.243 - - [20/Nov/2025:19:45:52 +0800] "GET /test_404_page/ HTTP/1.1" 404 1469 "-" "Mozilla/5.0 (Macintosh; Intel Mac OS X 10_9_4) AppleWebKit/537.36 (KHTML, like Gecko) Chrome/36.0.1985.125 Safari/537.36"
106.75.23.243 - - [20/Nov/2025:19:45:54 +0800] "GET /feed.asp HTTP/1.1" 404 1469 "-" "Mozilla/5.0 (Macintosh; Intel Mac OS X 10_9_4) AppleWebKit/537.36 (KHTML, like Gecko) Chrome/36.0.1985.125 Safari/537.36"
154.7.177.124 - - [20/Nov/2025:20:01:45 +0800] "GET / HTTP/1.1" 200 4775 "-" "libcurl/7.81.0 r-curl/6.0.1 httr/1.4.7"
154.7.177.124 - - [20/Nov/2025:20:01:46 +0800] "GET / HTTP/2.0" 200 4756 "-" "libcurl/7.81.0 r-curl/6.0.1 httr/1.4.7"
42.85.232.178 - - [20/Nov/2025:20:15:28 +0800] "GET / HTTP/1.1" 200 19007 "https://blog.wumingai.com" "Mozilla/4.0 (compatible; MSIE 9.0; Windows NT 6.1)"
42.85.232.178 - - [20/Nov/2025:20:15:31 +0800] "GET / HTTP/1.1" 200 19007 "https://blog.wumingai.com" "Mozilla/4.0 (compatible; MSIE 9.0; Windows NT 6.1)"
42.85.232.178 - - [20/Nov/2025:20:15:33 +0800] "GET /page_2.html HTTP/1.1" 200 18537 "https://blog.wumingai.com/page_2.html" "Mozilla/4.0 (compatible; MSIE 9.0; Windows NT 6.1)"
42.85.232.178 - - [20/Nov/2025:20:15:34 +0800] "GET /post/59.html HTTP/1.1" 200 23037 "https://blog.wumingai.com/post/59.html" "Mozilla/4.0 (compatible; MSIE 9.0; Windows NT 6.1)"
42.85.232.178 - - [20/Nov/2025:20:15:36 +0800] "POST /zb_system/cmd.php?act=cmt&postid=59&key=659f243a688b781be00d0c4b717d6fdf HTTP/1.1" 200 1228 "https://blog.wumingai.com/zb_system/cmd.php?act=cmt&postid=59&key=659f243a688b781be00d0c4b717d6fdf" "Mozilla/4.0 (compatible; MSIE 9.0; Windows NT 6.1)"
1.92.203.95 - - [20/Nov/2025:20:35:05 +0800] "GET /2.html HTTP/2.0" 200 2936 "https://blog.wumingai.com/2.html" "Mozilla/5.0 (Windows NT 10.0; Win64; x64) AppleWebKit/537.36 (KHTML, like Gecko) Chrome/101.0.4951.64 Safari/537.36 Edg/101.0.1210.47"
154.7.177.124 - - [20/Nov/2025:21:01:45 +0800] "GET / HTTP/1.1" 200 4753 "-" "libcurl/7.81.0 r-curl/6.0.1 httr/1.4.7"
154.7.177.124 - - [20/Nov/2025:21:01:46 +0800] "GET / HTTP/2.0" 200 4737 "-" "libcurl/7.81.0 r-curl/6.0.1 httr/1.4.7"
154.7.177.124 - - [20/Nov/2025:22:01:36 +0800] "GET / HTTP/1.1" 200 4753 "-" "libcurl/7.81.0 r-curl/6.0.1 httr/1.4.7"
154.7.177.124 - - [20/Nov/2025:22:01:37 +0800] "GET / HTTP/2.0" 200 4737 "-" "libcurl/7.81.0 r-curl/6.0.1 httr/1.4.7"
154.7.177.124 - - [20/Nov/2025:23:01:44 +0800] "GET / HTTP/1.1" 200 4753 "-" "libcurl/7.81.0 r-curl/6.0.1 httr/1.4.7"
154.7.177.124 - - [20/Nov/2025:23:01:45 +0800] "GET / HTTP/2.0" 200 4737 "-" "libcurl/7.81.0 r-curl/6.0.1 httr/1.4.7"
123.58.198.151 - - [20/Nov/2025:23:28:45 +0800] "GET / HTTP/1.1" 200 18998 "https://blog.wumingai.com" "Mozilla/4.0 (compatible; MSIE 9.0; Windows NT 6.1)"
123.58.198.151 - - [20/Nov/2025:23:28:46 +0800] "GET / HTTP/1.1" 200 18998 "https://blog.wumingai.com" "Mozilla/4.0 (compatible; MSIE 9.0; Windows NT 6.1)"
123.58.198.151 - - [20/Nov/2025:23:28:46 +0800] "GET /post/55.html HTTP/1.1" 200 26434 "https://blog.wumingai.com/post/55.html" "Mozilla/4.0 (compatible; MSIE 9.0; Windows NT 6.1)"
123.58.198.151 - - [20/Nov/2025:23:28:47 +0800] "POST /zb_system/cmd.php?act=cmt&postid=55&key=a64fe4b8d55f2506a42129f2215ecb34 HTTP/1.1" 200 190 "https://blog.wumingai.com/zb_system/cmd.php?act=cmt&postid=55&key=a64fe4b8d55f2506a42129f2215ecb34" "Mozilla/4.0 (compatible; MSIE 9.0; Windows NT 6.1)"
52.167.144.65 - - [20/Nov/2025:23:55:54 +0800] "GET /robots.txt HTTP/2.0" 404 1457 "-" "Mozilla/5.0 AppleWebKit/537.36 (KHTML, like Gecko; compatible; bingbot/2.0; +http://www.bing.com/bingbot.htm) Chrome/116.0.1938.76 Safari/537.36"
52.167.144.172 - - [20/Nov/2025:23:55:59 +0800] "GET /post/50.html HTTP/2.0" 200 5896 "-" "Mozilla/5.0 AppleWebKit/537.36 (KHTML, like Gecko; compatible; bingbot/2.0; +http://www.bing.com/bingbot.htm) Chrome/116.0.1938.76 Safari/537.36"
154.7.177.124 - - [21/Nov/2025:00:01:43 +0800] "GET / HTTP/1.1" 200 4754 "-" "libcurl/7.81.0 r-curl/6.0.1 httr/1.4.7"
154.7.177.124 - - [21/Nov/2025:00:01:44 +0800] "GET / HTTP/2.0" 200 4738 "-" "libcurl/7.81.0 r-curl/6.0.1 httr/1.4.7"
154.7.177.124 - - [21/Nov/2025:01:01:20 +0800] "GET / HTTP/1.1" 200 4754 "-" "libcurl/7.81.0 r-curl/6.0.1 httr/1.4.7"
154.7.177.124 - - [21/Nov/2025:01:01:21 +0800] "GET / HTTP/2.0" 200 4739 "-" "libcurl/7.81.0 r-curl/6.0.1 httr/1.4.7"
154.7.177.124 - - [21/Nov/2025:02:01:51 +0800] "GET / HTTP/1.1" 200 4753 "-" "libcurl/7.81.0 r-curl/6.0.1 httr/1.4.7"
154.7.177.124 - - [21/Nov/2025:02:01:52 +0800] "GET / HTTP/2.0" 200 4737 "-" "libcurl/7.81.0 r-curl/6.0.1 httr/1.4.7"
154.7.177.124 - - [21/Nov/2025:03:01:25 +0800] "GET / HTTP/1.1" 200 4754 "-" "libcurl/7.81.0 r-curl/6.0.1 httr/1.4.7"
154.7.177.124 - - [21/Nov/2025:03:01:26 +0800] "GET / HTTP/2.0" 200 4737 "-" "libcurl/7.81.0 r-curl/6.0.1 httr/1.4.7"
113.237.14.1 - - [21/Nov/2025:03:24:40 +0800] "GET / HTTP/1.1" 200 18998 "https://blog.wumingai.com" "Mozilla/4.0 (compatible; MSIE 9.0; Windows NT 6.1)"
113.237.14.1 - - [21/Nov/2025:03:24:41 +0800] "GET / HTTP/1.1" 200 18998 "https://blog.wumingai.com" "Mozilla/4.0 (compatible; MSIE 9.0; Windows NT 6.1)"
113.237.14.1 - - [21/Nov/2025:03:24:41 +0800] "GET /post/55.html HTTP/1.1" 200 26334 "https://blog.wumingai.com/post/55.html" "Mozilla/4.0 (compatible; MSIE 9.0; Windows NT 6.1)"
113.237.14.1 - - [21/Nov/2025:03:24:42 +0800] "POST /zb_system/cmd.php?act=cmt&postid=55&key=cb933c638395d13fa9086db6a4ac0a70 HTTP/1.1" 200 1237 "https://blog.wumingai.com/zb_system/cmd.php?act=cmt&postid=55&key=cb933c638395d13fa9086db6a4ac0a70" "Mozilla/4.0 (compatible; MSIE 9.0; Windows NT 6.1)"
154.7.177.124 - - [21/Nov/2025:04:01:26 +0800] "GET / HTTP/1.1" 200 4759 "-" "libcurl/7.81.0 r-curl/6.0.1 httr/1.4.7"
154.7.177.124 - - [21/Nov/2025:04:01:27 +0800] "GET / HTTP/2.0" 200 4741 "-" "libcurl/7.81.0 r-curl/6.0.1 httr/1.4.7"
123.58.198.151 - - [21/Nov/2025:04:03:59 +0800] "GET / HTTP/1.1" 200 19007 "https://blog.wumingai.com" "Mozilla/4.0 (compatible; MSIE 9.0; Windows NT 6.1)"
123.58.198.151 - - [21/Nov/2025:04:03:59 +0800] "GET / HTTP/1.1" 200 19007 "https://blog.wumingai.com" "Mozilla/4.0 (compatible; MSIE 9.0; Windows NT 6.1)"
123.58.198.151 - - [21/Nov/2025:04:03:59 +0800] "GET /post/55.html%23cmt96 HTTP/1.1" 404 4123 "https://blog.wumingai.com/post/55.html#cmt96" "Mozilla/4.0 (compatible; MSIE 9.0; Windows NT 6.1)"
123.58.198.151 - - [21/Nov/2025:04:03:59 +0800] "GET /post/61.html HTTP/1.1" 200 25576 "https://blog.wumingai.com/post/61.html" "Mozilla/4.0 (compatible; MSIE 9.0; Windows NT 6.1)"
123.58.198.151 - - [21/Nov/2025:04:03:59 +0800] "POST /zb_system/cmd.php?act=cmt&postid=61&key=8e50176b7c178b649378a559b9ab16cb HTTP/1.1" 200 190 "https://blog.wumingai.com/zb_system/cmd.php?act=cmt&postid=61&key=8e50176b7c178b649378a559b9ab16cb" "Mozilla/4.0 (compatible; MSIE 9.0; Windows NT 6.1)"
154.7.177.124 - - [21/Nov/2025:05:01:52 +0800] "GET / HTTP/1.1" 200 4757 "-" "libcurl/7.81.0 r-curl/6.0.1 httr/1.4.7"
154.7.177.124 - - [21/Nov/2025:05:01:53 +0800] "GET / HTTP/2.0" 200 4741 "-" "libcurl/7.81.0 r-curl/6.0.1 httr/1.4.7"
207.154.198.35 - - [21/Nov/2025:05:10:27 +0800] "GET / HTTP/1.1" 200 18929 "-" "-"
154.7.177.124 - - [21/Nov/2025:06:01:52 +0800] "GET / HTTP/1.1" 200 4756 "-" "libcurl/7.81.0 r-curl/6.0.1 httr/1.4.7"
154.7.177.124 - - [21/Nov/2025:06:01:53 +0800] "GET / HTTP/2.0" 200 4741 "-" "libcurl/7.81.0 r-curl/6.0.1 httr/1.4.7"
104.210.140.128 - - [21/Nov/2025:06:08:41 +0800] "GET /robots.txt HTTP/2.0" 404 1457 "-" "Mozilla/5.0 (Macintosh; Intel Mac OS X 10_15_7) AppleWebKit/537.36 (KHTML, like Gecko) Chrome/131.0.0.0 Safari/537.36; compatible; OAI-SearchBot/1.0; +https://openai.com/searchbot"
104.210.140.131 - - [21/Nov/2025:06:08:42 +0800] "GET /robots.txt HTTP/1.1" 404 1473 "-" "Mozilla/5.0 (Macintosh; Intel Mac OS X 10_15_7) AppleWebKit/537.36 (KHTML, like Gecko) Chrome/131.0.0.0 Safari/537.36; compatible; OAI-SearchBot/1.0; +https://openai.com/searchbot"
180.97.218.71 - - [21/Nov/2025:06:49:11 +0800] "GET / HTTP/1.1" 200 19007 "https://blog.wumingai.com" "Mozilla/4.0 (compatible; MSIE 9.0; Windows NT 6.1)"
180.97.218.71 - - [21/Nov/2025:06:49:11 +0800] "GET / HTTP/1.1" 200 19007 "https://blog.wumingai.com" "Mozilla/4.0 (compatible; MSIE 9.0; Windows NT 6.1)"
180.97.218.71 - - [21/Nov/2025:06:49:11 +0800] "GET /post/59.html HTTP/1.1" 200 23597 "https://blog.wumingai.com/post/59.html" "Mozilla/4.0 (compatible; MSIE 9.0; Windows NT 6.1)"
180.97.218.71 - - [21/Nov/2025:06:49:11 +0800] "POST /zb_system/cmd.php?act=cmt&postid=59&key=ee2c243724665e2c1100afa9c2824dbf HTTP/1.1" 200 1220 "https://blog.wumingai.com/zb_system/cmd.php?act=cmt&postid=59&key=ee2c243724665e2c1100afa9c2824dbf" "Mozilla/4.0 (compatible; MSIE 9.0; Windows NT 6.1)"
154.7.177.124 - - [21/Nov/2025:07:01:55 +0800] "GET / HTTP/1.1" 200 4750 "-" "libcurl/7.81.0 r-curl/6.0.1 httr/1.4.7"
154.7.177.124 - - [21/Nov/2025:07:01:56 +0800] "GET / HTTP/2.0" 200 4733 "-" "libcurl/7.81.0 r-curl/6.0.1 httr/1.4.7"
154.7.177.124 - - [21/Nov/2025:08:01:54 +0800] "GET / HTTP/1.1" 200 4750 "-" "libcurl/7.81.0 r-curl/6.0.1 httr/1.4.7"
154.7.177.124 - - [21/Nov/2025:08:01:55 +0800] "GET / HTTP/2.0" 200 4734 "-" "libcurl/7.81.0 r-curl/6.0.1 httr/1.4.7"
52.167.144.189 - - [21/Nov/2025:08:02:55 +0800] "GET /tags-7_2.html HTTP/2.0" 200 3292 "-" "Mozilla/5.0 AppleWebKit/537.36 (KHTML, like Gecko; compatible; bingbot/2.0; +http://www.bing.com/bingbot.htm) Chrome/116.0.1938.76 Safari/537.36"
123.58.198.151 - - [21/Nov/2025:08:19:29 +0800] "GET / HTTP/1.1" 200 19000 "https://blog.wumingai.com" "Mozilla/4.0 (compatible; MSIE 9.0; Windows NT 6.1)"
123.58.198.151 - - [21/Nov/2025:08:19:29 +0800] "GET / HTTP/1.1" 200 19000 "https://blog.wumingai.com" "Mozilla/4.0 (compatible; MSIE 9.0; Windows NT 6.1)"
123.58.198.151 - - [21/Nov/2025:08:19:29 +0800] "GET /post/61.html HTTP/1.1" 200 25552 "https://blog.wumingai.com/post/61.html" "Mozilla/4.0 (compatible; MSIE 9.0; Windows NT 6.1)"
123.58.198.151 - - [21/Nov/2025:08:19:29 +0800] "POST /zb_system/cmd.php?act=cmt&postid=61&key=bd4d7c550e35f7deff7b4993756f0203 HTTP/1.1" 200 190 "https://blog.wumingai.com/zb_system/cmd.php?act=cmt&postid=61&key=bd4d7c550e35f7deff7b4993756f0203" "Mozilla/4.0 (compatible; MSIE 9.0; Windows NT 6.1)"
154.7.177.124 - - [21/Nov/2025:09:01:56 +0800] "GET / HTTP/1.1" 200 4746 "-" "libcurl/7.81.0 r-curl/6.0.1 httr/1.4.7"
154.7.177.124 - - [21/Nov/2025:09:01:57 +0800] "GET / HTTP/2.0" 200 4729 "-" "libcurl/7.81.0 r-curl/6.0.1 httr/1.4.7"
42.85.232.178 - - [21/Nov/2025:09:18:47 +0800] "GET / HTTP/1.1" 200 19000 "https://blog.wumingai.com" "Mozilla/4.0 (compatible; MSIE 9.0; Windows NT 6.1)"
42.85.232.178 - - [21/Nov/2025:09:18:48 +0800] "GET / HTTP/1.1" 200 19000 "https://blog.wumingai.com" "Mozilla/4.0 (compatible; MSIE 9.0; Windows NT 6.1)"
42.85.232.178 - - [21/Nov/2025:09:18:48 +0800] "GET /post/62.html HTTP/1.1" 200 26066 "https://blog.wumingai.com/post/62.html" "Mozilla/4.0 (compatible; MSIE 9.0; Windows NT 6.1)"
42.85.232.178 - - [21/Nov/2025:09:18:49 +0800] "POST /zb_system/cmd.php?act=cmt&postid=62&key=84fde53b4805a0cd32ff4c36136023b6 HTTP/1.1" 200 1215 "https://blog.wumingai.com/zb_system/cmd.php?act=cmt&postid=62&key=84fde53b4805a0cd32ff4c36136023b6" "Mozilla/4.0 (compatible; MSIE 9.0; Windows NT 6.1)"
154.7.177.124 - - [21/Nov/2025:10:01:51 +0800] "GET / HTTP/1.1" 200 4755 "-" "libcurl/7.81.0 r-curl/6.0.1 httr/1.4.7"
154.7.177.124 - - [21/Nov/2025:10:01:52 +0800] "GET / HTTP/2.0" 200 4739 "-" "libcurl/7.81.0 r-curl/6.0.1 httr/1.4.7"
104.131.171.214 - - [21/Nov/2025:10:46:07 +0800] "GET / HTTP/1.1" 200 4807 "-" "Mozilla/5.0 (X11; Linux x86_64) AppleWebKit/537.36 (KHTML, like Gecko) Chrome/139.0.0.0 Safari/537.36"
104.131.171.214 - - [21/Nov/2025:10:46:10 +0800] "GET / HTTP/1.1" 200 4804 "-" "Mozilla/5.0 (X11; Linux x86_64) AppleWebKit/537.36 (KHTML, like Gecko) Chrome/139.0.0.0 Safari/537.36"
154.7.177.124 - - [21/Nov/2025:11:01:42 +0800] "GET / HTTP/1.1" 200 4754 "-" "libcurl/7.81.0 r-curl/6.0.1 httr/1.4.7"
154.7.177.124 - - [21/Nov/2025:11:01:43 +0800] "GET / HTTP/2.0" 200 4740 "-" "libcurl/7.81.0 r-curl/6.0.1 httr/1.4.7"
154.7.177.124 - - [21/Nov/2025:12:02:02 +0800] "GET / HTTP/1.1" 200 4754 "-" "libcurl/7.81.0 r-curl/6.0.1 httr/1.4.7"
154.7.177.124 - - [21/Nov/2025:12:02:03 +0800] "GET / HTTP/2.0" 200 4739 "-" "libcurl/7.81.0 r-curl/6.0.1 httr/1.4.7"
123.58.198.151 - - [21/Nov/2025:12:15:58 +0800] "GET / HTTP/1.1" 200 19003 "https://blog.wumingai.com" "Mozilla/4.0 (compatible; MSIE 9.0; Windows NT 6.1)"
123.58.198.151 - - [21/Nov/2025:12:15:58 +0800] "GET / HTTP/1.1" 200 19003 "https://blog.wumingai.com" "Mozilla/4.0 (compatible; MSIE 9.0; Windows NT 6.1)"
123.58.198.151 - - [21/Nov/2025:12:15:58 +0800] "GET /post/60.html HTTP/1.1" 200 26044 "https://blog.wumingai.com/post/60.html" "Mozilla/4.0 (compatible; MSIE 9.0; Windows NT 6.1)"
123.58.198.151 - - [21/Nov/2025:12:15:59 +0800] "POST /zb_system/cmd.php?act=cmt&postid=60&key=47d128a578556c2aeabfa0f92a62f60e HTTP/1.1" 200 190 "https://blog.wumingai.com/zb_system/cmd.php?act=cmt&postid=60&key=47d128a578556c2aeabfa0f92a62f60e" "Mozilla/4.0 (compatible; MSIE 9.0; Windows NT 6.1)"
154.7.177.124 - - [21/Nov/2025:13:01:39 +0800] "GET / HTTP/1.1" 200 4752 "-" "libcurl/7.81.0 r-curl/6.0.1 httr/1.4.7"
154.7.177.124 - - [21/Nov/2025:13:01:40 +0800] "GET / HTTP/2.0" 200 4739 "-" "libcurl/7.81.0 r-curl/6.0.1 httr/1.4.7"
154.7.177.124 - - [21/Nov/2025:14:01:47 +0800] "GET / HTTP/1.1" 200 4755 "-" "libcurl/7.81.0 r-curl/6.0.1 httr/1.4.7"
154.7.177.124 - - [21/Nov/2025:14:01:48 +0800] "GET / HTTP/2.0" 200 4740 "-" "libcurl/7.81.0 r-curl/6.0.1 httr/1.4.7"
154.7.177.124 - - [21/Nov/2025:15:02:00 +0800] "GET / HTTP/1.1" 200 4755 "-" "libcurl/7.81.0 r-curl/6.0.1 httr/1.4.7"
154.7.177.124 - - [21/Nov/2025:15:02:01 +0800] "GET / HTTP/2.0" 200 4739 "-" "libcurl/7.81.0 r-curl/6.0.1 httr/1.4.7"
42.85.232.178 - - [21/Nov/2025:15:50:03 +0800] "GET / HTTP/1.1" 200 19003 "https://blog.wumingai.com" "Mozilla/4.0 (compatible; MSIE 9.0; Windows NT 6.1)"
42.85.232.178 - - [21/Nov/2025:15:50:04 +0800] "GET / HTTP/1.1" 200 19003 "https://blog.wumingai.com" "Mozilla/4.0 (compatible; MSIE 9.0; Windows NT 6.1)"
42.85.232.178 - - [21/Nov/2025:15:50:04 +0800] "GET /post/63.html HTTP/1.1" 200 39518 "https://blog.wumingai.com/post/63.html" "Mozilla/4.0 (compatible; MSIE 9.0; Windows NT 6.1)"
42.85.232.178 - - [21/Nov/2025:15:50:04 +0800] "POST /zb_system/cmd.php?act=cmt&postid=63&key=e873f9128e18b0c89f38ad5eba95ca61 HTTP/1.1" 200 1237 "https://blog.wumingai.com/zb_system/cmd.php?act=cmt&postid=63&key=e873f9128e18b0c89f38ad5eba95ca61" "Mozilla/4.0 (compatible; MSIE 9.0; Windows NT 6.1)"
154.7.177.124 - - [21/Nov/2025:16:01:33 +0800] "GET / HTTP/1.1" 200 4771 "-" "libcurl/7.81.0 r-curl/6.0.1 httr/1.4.7"
154.7.177.124 - - [21/Nov/2025:16:01:34 +0800] "GET / HTTP/2.0" 200 4754 "-" "libcurl/7.81.0 r-curl/6.0.1 httr/1.4.7"
123.58.198.151 - - [21/Nov/2025:16:15:03 +0800] "GET / HTTP/1.1" 200 19018 "https://blog.wumingai.com" "Mozilla/4.0 (compatible; MSIE 9.0; Windows NT 6.1)"
123.58.198.151 - - [21/Nov/2025:16:15:04 +0800] "GET / HTTP/1.1" 200 19018 "https://blog.wumingai.com" "Mozilla/4.0 (compatible; MSIE 9.0; Windows NT 6.1)"
123.58.198.151 - - [21/Nov/2025:16:15:04 +0800] "GET /post/59.html%23cmt95 HTTP/1.1" 404 4123 "https://blog.wumingai.com/post/59.html#cmt95" "Mozilla/4.0 (compatible; MSIE 9.0; Windows NT 6.1)"
123.58.198.151 - - [21/Nov/2025:16:15:04 +0800] "GET /post/63.html HTTP/1.1" 200 40174 "https://blog.wumingai.com/post/63.html" "Mozilla/4.0 (compatible; MSIE 9.0; Windows NT 6.1)"
123.58.198.151 - - [21/Nov/2025:16:15:05 +0800] "POST /zb_system/cmd.php?act=cmt&postid=63&key=9b5756882e0094c9cb3d95bd3fe3d196 HTTP/1.1" 200 190 "https://blog.wumingai.com/zb_system/cmd.php?act=cmt&postid=63&key=9b5756882e0094c9cb3d95bd3fe3d196" "Mozilla/4.0 (compatible; MSIE 9.0; Windows NT 6.1)"
154.7.177.124 - - [21/Nov/2025:17:01:37 +0800] "GET / HTTP/1.1" 200 4768 "-" "libcurl/7.81.0 r-curl/6.0.1 httr/1.4.7"
154.7.177.124 - - [21/Nov/2025:17:01:38 +0800] "GET / HTTP/2.0" 200 4752 "-" "libcurl/7.81.0 r-curl/6.0.1 httr/1.4.7"
40.77.167.62 - - [21/Nov/2025:17:36:58 +0800] "GET /tags-25.html HTTP/2.0" 200 4181 "-" "Mozilla/5.0 AppleWebKit/537.36 (KHTML, like Gecko; compatible; bingbot/2.0; +http://www.bing.com/bingbot.htm) Chrome/116.0.1938.76 Safari/537.36"
154.7.177.124 - - [21/Nov/2025:18:01:35 +0800] "GET / HTTP/1.1" 200 4768 "-" "libcurl/7.81.0 r-curl/6.0.1 httr/1.4.7"
154.7.177.124 - - [21/Nov/2025:18:01:36 +0800] "GET / HTTP/2.0" 200 4753 "-" "libcurl/7.81.0 r-curl/6.0.1 httr/1.4.7"
154.7.177.124 - - [21/Nov/2025:19:01:52 +0800] "GET / HTTP/1.1" 200 4768 "-" "libcurl/7.81.0 r-curl/6.0.1 httr/1.4.7"
154.7.177.124 - - [21/Nov/2025:19:01:53 +0800] "GET / HTTP/2.0" 200 4752 "-" "libcurl/7.81.0 r-curl/6.0.1 httr/1.4.7"
154.7.177.124 - - [21/Nov/2025:20:01:30 +0800] "GET / HTTP/1.1" 200 4768 "-" "libcurl/7.81.0 r-curl/6.0.1 httr/1.4.7"
154.7.177.124 - - [21/Nov/2025:20:01:31 +0800] "GET / HTTP/2.0" 200 4752 "-" "libcurl/7.81.0 r-curl/6.0.1 httr/1.4.7"
123.58.198.151 - - [21/Nov/2025:20:37:45 +0800] "GET / HTTP/1.1" 200 19018 "https://blog.wumingai.com" "Mozilla/4.0 (compatible; MSIE 9.0; Windows NT 6.1)"
123.58.198.151 - - [21/Nov/2025:20:37:46 +0800] "GET / HTTP/1.1" 200 19018 "https://blog.wumingai.com" "Mozilla/4.0 (compatible; MSIE 9.0; Windows NT 6.1)"
123.58.198.151 - - [21/Nov/2025:20:37:46 +0800] "GET /post/55.html HTTP/1.1" 200 27126 "https://blog.wumingai.com/post/55.html" "Mozilla/4.0 (compatible; MSIE 9.0; Windows NT 6.1)"
123.58.198.151 - - [21/Nov/2025:20:37:47 +0800] "POST /zb_system/cmd.php?act=cmt&postid=55&key=96c5fe3442bd614b8a2500aee07158c0 HTTP/1.1" 200 190 "https://blog.wumingai.com/zb_system/cmd.php?act=cmt&postid=55&key=96c5fe3442bd614b8a2500aee07158c0" "Mozilla/4.0 (compatible; MSIE 9.0; Windows NT 6.1)"
180.97.218.71 - - [21/Nov/2025:20:49:34 +0800] "GET / HTTP/1.1" 200 19018 "https://blog.wumingai.com" "Mozilla/4.0 (compatible; MSIE 9.0; Windows NT 6.1)"
180.97.218.71 - - [21/Nov/2025:20:49:34 +0800] "GET / HTTP/1.1" 200 19018 "https://blog.wumingai.com" "Mozilla/4.0 (compatible; MSIE 9.0; Windows NT 6.1)"
180.97.218.71 - - [21/Nov/2025:20:49:35 +0800] "GET /post/58.html HTTP/1.1" 200 24435 "https://blog.wumingai.com/post/58.html" "Mozilla/4.0 (compatible; MSIE 9.0; Windows NT 6.1)"
180.97.218.71 - - [21/Nov/2025:20:49:35 +0800] "POST /zb_system/cmd.php?act=cmt&postid=58&key=865446f557b956e0cd93a95657d9237f HTTP/1.1" 200 1523 "https://blog.wumingai.com/zb_system/cmd.php?act=cmt&postid=58&key=865446f557b956e0cd93a95657d9237f" "Mozilla/4.0 (compatible; MSIE 9.0; Windows NT 6.1)"
154.7.177.124 - - [21/Nov/2025:21:02:04 +0800] "GET / HTTP/1.1" 200 4839 "-" "libcurl/7.81.0 r-curl/6.0.1 httr/1.4.7"
154.7.177.124 - - [21/Nov/2025:21:02:06 +0800] "GET / HTTP/2.0" 200 4824 "-" "libcurl/7.81.0 r-curl/6.0.1 httr/1.4.7"
154.7.177.124 - - [21/Nov/2025:22:01:56 +0800] "GET / HTTP/1.1" 200 4839 "-" "libcurl/7.81.0 r-curl/6.0.1 httr/1.4.7"
154.7.177.124 - - [21/Nov/2025:22:01:57 +0800] "GET / HTTP/2.0" 200 4823 "-" "libcurl/7.81.0 r-curl/6.0.1 httr/1.4.7"
42.85.232.178 - - [21/Nov/2025:22:55:33 +0800] "GET / HTTP/1.1" 200 19101 "https://blog.wumingai.com" "Mozilla/4.0 (compatible; MSIE 9.0; Windows NT 6.1)"
42.85.232.178 - - [21/Nov/2025:22:55:33 +0800] "GET / HTTP/1.1" 200 19101 "https://blog.wumingai.com" "Mozilla/4.0 (compatible; MSIE 9.0; Windows NT 6.1)"
42.85.232.178 - - [21/Nov/2025:22:55:34 +0800] "GET /post/59.html%23cmt97 HTTP/1.1" 404 4123 "https://blog.wumingai.com/post/59.html#cmt97" "Mozilla/4.0 (compatible; MSIE 9.0; Windows NT 6.1)"
42.85.232.178 - - [21/Nov/2025:22:55:34 +0800] "GET /post/62.html HTTP/1.1" 200 26909 "https://blog.wumingai.com/post/62.html" "Mozilla/4.0 (compatible; MSIE 9.0; Windows NT 6.1)"
42.85.232.178 - - [21/Nov/2025:22:55:34 +0800] "POST /zb_system/cmd.php?act=cmt&postid=62&key=7d241d19ab6c77d6ef98016561b5e0b4 HTTP/1.1" 200 1219 "https://blog.wumingai.com/zb_system/cmd.php?act=cmt&postid=62&key=7d241d19ab6c77d6ef98016561b5e0b4" "Mozilla/4.0 (compatible; MSIE 9.0; Windows NT 6.1)"
154.7.177.124 - - [21/Nov/2025:23:01:50 +0800] "GET / HTTP/1.1" 200 4823 "-" "libcurl/7.81.0 r-curl/6.0.1 httr/1.4.7"
154.7.177.124 - - [21/Nov/2025:23:01:51 +0800] "GET / HTTP/2.0" 200 4807 "-" "libcurl/7.81.0 r-curl/6.0.1 httr/1.4.7"
154.7.177.124 - - [22/Nov/2025:00:02:01 +0800] "GET / HTTP/1.1" 200 4824 "-" "libcurl/7.81.0 r-curl/6.0.1 httr/1.4.7"
154.7.177.124 - - [22/Nov/2025:00:02:02 +0800] "GET / HTTP/2.0" 200 4806 "-" "libcurl/7.81.0 r-curl/6.0.1 httr/1.4.7"
154.7.177.124 - - [22/Nov/2025:01:02:03 +0800] "GET / HTTP/1.1" 200 4823 "-" "libcurl/7.81.0 r-curl/6.0.1 httr/1.4.7"
154.7.177.124 - - [22/Nov/2025:01:02:04 +0800] "GET / HTTP/2.0" 200 4806 "-" "libcurl/7.81.0 r-curl/6.0.1 httr/1.4.7"
123.58.198.151 - - [22/Nov/2025:01:10:17 +0800] "GET / HTTP/1.1" 200 19099 "https://blog.wumingai.com" "Mozilla/4.0 (compatible; MSIE 9.0; Windows NT 6.1)"
123.58.198.151 - - [22/Nov/2025:01:10:17 +0800] "GET / HTTP/1.1" 200 19099 "https://blog.wumingai.com" "Mozilla/4.0 (compatible; MSIE 9.0; Windows NT 6.1)"
123.58.198.151 - - [22/Nov/2025:01:10:18 +0800] "GET /post/55.html HTTP/1.1" 200 27418 "https://blog.wumingai.com/post/55.html" "Mozilla/4.0 (compatible; MSIE 9.0; Windows NT 6.1)"
123.58.198.151 - - [22/Nov/2025:01:10:18 +0800] "POST /zb_system/cmd.php?act=cmt&postid=55&key=e1b268ae1dbf4cf8536f994376a39af3 HTTP/1.1" 200 190 "https://blog.wumingai.com/zb_system/cmd.php?act=cmt&postid=55&key=e1b268ae1dbf4cf8536f994376a39af3" "Mozilla/4.0 (compatible; MSIE 9.0; Windows NT 6.1)"
154.7.177.124 - - [22/Nov/2025:02:01:51 +0800] "GET / HTTP/1.1" 200 4822 "-" "libcurl/7.81.0 r-curl/6.0.1 httr/1.4.7"
154.7.177.124 - - [22/Nov/2025:02:01:52 +0800] "GET / HTTP/2.0" 200 4804 "-" "libcurl/7.81.0 r-curl/6.0.1 httr/1.4.7"
113.44.104.107 - - [22/Nov/2025:02:02:59 +0800] "GET /post/15.html HTTP/2.0" 200 13549 "https://blog.wumingai.com/post/15.html" "Mozilla/5.0 (Macintosh; Intel Mac OS X 10_15_7) AppleWebKit/537.36 (KHTML, like Gecko) Chrome/123.0.0.0 Safari/537.36"
154.7.177.124 - - [22/Nov/2025:03:01:36 +0800] "GET / HTTP/1.1" 200 4822 "-" "libcurl/7.81.0 r-curl/6.0.1 httr/1.4.7"
154.7.177.124 - - [22/Nov/2025:03:01:37 +0800] "GET / HTTP/2.0" 200 4805 "-" "libcurl/7.81.0 r-curl/6.0.1 httr/1.4.7"
154.7.177.124 - - [22/Nov/2025:04:02:12 +0800] "GET / HTTP/1.1" 200 4821 "-" "libcurl/7.81.0 r-curl/6.0.1 httr/1.4.7"
154.7.177.124 - - [22/Nov/2025:04:02:13 +0800] "GET / HTTP/2.0" 200 4805 "-" "libcurl/7.81.0 r-curl/6.0.1 httr/1.4.7"
104.210.140.138 - - [22/Nov/2025:04:26:31 +0800] "GET /robots.txt HTTP/2.0" 404 1457 "-" "Mozilla/5.0 (Macintosh; Intel Mac OS X 10_15_7) AppleWebKit/537.36 (KHTML, like Gecko) Chrome/131.0.0.0 Safari/537.36; compatible; OAI-SearchBot/1.0; +https://openai.com/searchbot"
104.210.140.138 - - [22/Nov/2025:04:26:31 +0800] "GET /robots.txt HTTP/1.1" 404 1473 "-" "Mozilla/5.0 (Macintosh; Intel Mac OS X 10_15_7) AppleWebKit/537.36 (KHTML, like Gecko) Chrome/131.0.0.0 Safari/537.36; compatible; OAI-SearchBot/1.0; +https://openai.com/searchbot"
154.7.177.124 - - [22/Nov/2025:05:02:12 +0800] "GET / HTTP/1.1" 200 4821 "-" "libcurl/7.81.0 r-curl/6.0.1 httr/1.4.7"
154.7.177.124 - - [22/Nov/2025:05:02:13 +0800] "GET / HTTP/2.0" 200 4805 "-" "libcurl/7.81.0 r-curl/6.0.1 httr/1.4.7"
123.58.198.151 - - [22/Nov/2025:05:19:09 +0800] "GET / HTTP/1.1" 200 19099 "https://blog.wumingai.com" "Mozilla/4.0 (compatible; MSIE 9.0; Windows NT 6.1)"
123.58.198.151 - - [22/Nov/2025:05:19:09 +0800] "GET / HTTP/1.1" 200 19099 "https://blog.wumingai.com" "Mozilla/4.0 (compatible; MSIE 9.0; Windows NT 6.1)"
123.58.198.151 - - [22/Nov/2025:05:19:10 +0800] "GET /post/56.html HTTP/1.1" 200 26464 "https://blog.wumingai.com/post/56.html" "Mozilla/4.0 (compatible; MSIE 9.0; Windows NT 6.1)"
123.58.198.151 - - [22/Nov/2025:05:19:10 +0800] "POST /zb_system/cmd.php?act=cmt&postid=56&key=669067ecf82deadf855948a72cab2294 HTTP/1.1" 200 190 "https://blog.wumingai.com/zb_system/cmd.php?act=cmt&postid=56&key=669067ecf82deadf855948a72cab2294" "Mozilla/4.0 (compatible; MSIE 9.0; Windows NT 6.1)"
113.237.14.1 - - [22/Nov/2025:05:30:46 +0800] "GET / HTTP/1.1" 200 19099 "https://blog.wumingai.com" "Mozilla/4.0 (compatible; MSIE 9.0; Windows NT 6.1)"
113.237.14.1 - - [22/Nov/2025:05:30:46 +0800] "GET / HTTP/1.1" 200 19099 "https://blog.wumingai.com" "Mozilla/4.0 (compatible; MSIE 9.0; Windows NT 6.1)"
113.237.14.1 - - [22/Nov/2025:05:30:46 +0800] "GET /post/61.html%23cmt94 HTTP/1.1" 404 4123 "https://blog.wumingai.com/post/61.html#cmt94" "Mozilla/4.0 (compatible; MSIE 9.0; Windows NT 6.1)"
113.237.14.1 - - [22/Nov/2025:05:30:47 +0800] "GET /post/64.html HTTP/1.1" 200 37061 "https://blog.wumingai.com/post/64.html" "Mozilla/4.0 (compatible; MSIE 9.0; Windows NT 6.1)"
113.237.14.1 - - [22/Nov/2025:05:30:47 +0800] "POST /zb_system/cmd.php?act=cmt&postid=64&key=91c3afb707a45f67951f50d1d93e76a7 HTTP/1.1" 200 1210 "https://blog.wumingai.com/zb_system/cmd.php?act=cmt&postid=64&key=91c3afb707a45f67951f50d1d93e76a7" "Mozilla/4.0 (compatible; MSIE 9.0; Windows NT 6.1)"
154.7.177.124 - - [22/Nov/2025:06:01:56 +0800] "GET / HTTP/1.1" 200 4827 "-" "libcurl/7.81.0 r-curl/6.0.1 httr/1.4.7"
154.7.177.124 - - [22/Nov/2025:06:01:57 +0800] "GET / HTTP/2.0" 200 4809 "-" "libcurl/7.81.0 r-curl/6.0.1 httr/1.4.7"
52.167.144.173 - - [22/Nov/2025:06:29:58 +0800] "GET /post/23.html HTTP/2.0" 200 8463 "-" "Mozilla/5.0 AppleWebKit/537.36 (KHTML, like Gecko; compatible; bingbot/2.0; +http://www.bing.com/bingbot.htm) Chrome/116.0.1938.76 Safari/537.36"
154.7.177.124 - - [22/Nov/2025:07:02:19 +0800] "GET / HTTP/1.1" 200 4827 "-" "libcurl/7.81.0 r-curl/6.0.1 httr/1.4.7"
154.7.177.124 - - [22/Nov/2025:07:02:20 +0800] "GET / HTTP/2.0" 200 4809 "-" "libcurl/7.81.0 r-curl/6.0.1 httr/1.4.7"
154.7.177.124 - - [22/Nov/2025:08:02:14 +0800] "GET / HTTP/1.1" 200 4827 "-" "libcurl/7.81.0 r-curl/6.0.1 httr/1.4.7"
154.7.177.124 - - [22/Nov/2025:08:02:15 +0800] "GET / HTTP/2.0" 200 4810 "-" "libcurl/7.81.0 r-curl/6.0.1 httr/1.4.7"
154.7.177.124 - - [22/Nov/2025:09:02:00 +0800] "GET / HTTP/1.1" 200 4827 "-" "libcurl/7.81.0 r-curl/6.0.1 httr/1.4.7"
154.7.177.124 - - [22/Nov/2025:09:02:01 +0800] "GET / HTTP/2.0" 200 4810 "-" "libcurl/7.81.0 r-curl/6.0.1 httr/1.4.7"
74.7.244.59 - - [22/Nov/2025:09:24:01 +0800] "GET /robots.txt HTTP/2.0" 404 1457 "-" "Mozilla/5.0 (Macintosh; Intel Mac OS X 10_15_7) AppleWebKit/537.36 (KHTML, like Gecko) Chrome/131.0.0.0 Safari/537.36; compatible; OAI-SearchBot/1.3; robots.txt; +https://openai.com/searchbot"
74.7.243.223 - - [22/Nov/2025:09:24:02 +0800] "GET / HTTP/2.0" 200 4810 "-" "Mozilla/5.0 AppleWebKit/537.36 (KHTML, like Gecko; compatible; GPTBot/1.3; +https://openai.com/gptbot)"
74.7.243.223 - - [22/Nov/2025:09:24:05 +0800] "GET /?id=2 HTTP/2.0" 302 53 "-" "Mozilla/5.0 AppleWebKit/537.36 (KHTML, like Gecko; compatible; GPTBot/1.3; +https://openai.com/gptbot)"
74.7.243.223 - - [22/Nov/2025:09:24:05 +0800] "GET /2.html HTTP/2.0" 200 2934 "-" "Mozilla/5.0 AppleWebKit/537.36 (KHTML, like Gecko; compatible; GPTBot/1.3; +https://openai.com/gptbot)"
123.58.198.151 - - [22/Nov/2025:09:49:02 +0800] "GET / HTTP/1.1" 200 19109 "https://blog.wumingai.com" "Mozilla/4.0 (compatible; MSIE 9.0; Windows NT 6.1)"
123.58.198.151 - - [22/Nov/2025:09:49:02 +0800] "GET / HTTP/1.1" 200 19109 "https://blog.wumingai.com" "Mozilla/4.0 (compatible; MSIE 9.0; Windows NT 6.1)"
123.58.198.151 - - [22/Nov/2025:09:49:02 +0800] "GET /post/63.html%23cmt99 HTTP/1.1" 404 4123 "https://blog.wumingai.com/post/63.html#cmt99" "Mozilla/4.0 (compatible; MSIE 9.0; Windows NT 6.1)"
