120.77.33.104 - - [16/Oct/2025:05:27:54 +0800] "GET /miningpool/index HTTP/1.1" 404 1473 "-" "Mozilla/5.0 (iPhone; CPU iPhone OS 10_3 like Mac OS X) AppleWebKit/602.1.50 (KHTML, like Gecko) CriOS/56.0.2924.75 Mobile/14E5239e Safari/602.1"
120.77.33.104 - - [16/Oct/2025:05:27:54 +0800] "GET /admin/login/look.html?id=1 HTTP/1.1" 404 1473 "-" "Mozilla/5.0 (iPhone; CPU iPhone OS 10_3 like Mac OS X) AppleWebKit/602.1.50 (KHTML, like Gecko) CriOS/56.0.2924.75 Mobile/14E5239e Safari/602.1"
120.77.33.104 - - [16/Oct/2025:05:27:54 +0800] "POST /home/main/getConfig.do HTTP/1.1" 404 1473 "-" "Mozilla/5.0 (iPhone; CPU iPhone OS 10_3 like Mac OS X) AppleWebKit/602.1.50 (KHTML, like Gecko) CriOS/56.0.2924.75 Mobile/14E5239e Safari/602.1"
154.12.55.32 - - [16/Oct/2025:06:01:07 +0800] "GET / HTTP/1.1" 200 4387 "-" "libcurl/7.81.0 r-curl/6.0.1 httr/1.4.7"
154.12.55.32 - - [16/Oct/2025:06:01:09 +0800] "GET / HTTP/2.0" 200 4372 "-" "libcurl/7.81.0 r-curl/6.0.1 httr/1.4.7"
104.210.140.132 - - [16/Oct/2025:06:28:02 +0800] "GET /robots.txt HTTP/2.0" 404 1457 "-" "Mozilla/5.0 (Macintosh; Intel Mac OS X 10_15_7) AppleWebKit/537.36 (KHTML, like Gecko) Chrome/131.0.0.0 Safari/537.36; compatible; OAI-SearchBot/1.0; +https://openai.com/searchbot"
104.210.140.128 - - [16/Oct/2025:06:28:03 +0800] "GET /robots.txt HTTP/1.1" 404 1473 "-" "Mozilla/5.0 (Macintosh; Intel Mac OS X 10_15_7) AppleWebKit/537.36 (KHTML, like Gecko) Chrome/131.0.0.0 Safari/537.36; compatible; OAI-SearchBot/1.0; +https://openai.com/searchbot"
106.75.23.247 - - [16/Oct/2025:06:34:02 +0800] "GET /robots.txt HTTP/1.1" 404 1473 "-" "Mozilla/5.0 (Macintosh; Intel Mac OS X 10_9_4) AppleWebKit/537.36 (KHTML, like Gecko) Chrome/36.0.1985.125 Safari/537.36"
106.75.23.247 - - [16/Oct/2025:06:34:02 +0800] "GET / HTTP/1.1" 200 4387 "-" "Mozilla/5.0 (Macintosh; Intel Mac OS X 10_9_4) AppleWebKit/537.36 (KHTML, like Gecko) Chrome/36.0.1985.125 Safari/537.36"
106.75.23.247 - - [16/Oct/2025:06:34:02 +0800] "GET /test_404_page/ HTTP/1.1" 404 1473 "-" "Mozilla/5.0 (Macintosh; Intel Mac OS X 10_9_4) AppleWebKit/537.36 (KHTML, like Gecko) Chrome/36.0.1985.125 Safari/537.36"
106.75.23.247 - - [16/Oct/2025:06:34:03 +0800] "GET /feed.asp HTTP/1.1" 404 1473 "-" "Mozilla/5.0 (Macintosh; Intel Mac OS X 10_9_4) AppleWebKit/537.36 (KHTML, like Gecko) Chrome/36.0.1985.125 Safari/537.36"
106.75.23.243 - - [16/Oct/2025:06:34:13 +0800] "GET /robots.txt HTTP/1.1" 404 1469 "-" "Mozilla/5.0 (Macintosh; Intel Mac OS X 10_9_4) AppleWebKit/537.36 (KHTML, like Gecko) Chrome/36.0.1985.125 Safari/537.36"
106.75.23.243 - - [16/Oct/2025:06:34:13 +0800] "GET / HTTP/1.1" 200 4386 "-" "Mozilla/5.0 (Macintosh; Intel Mac OS X 10_9_4) AppleWebKit/537.36 (KHTML, like Gecko) Chrome/36.0.1985.125 Safari/537.36"
106.75.23.243 - - [16/Oct/2025:06:34:15 +0800] "GET /test_404_page/ HTTP/1.1" 404 1469 "-" "Mozilla/5.0 (Macintosh; Intel Mac OS X 10_9_4) AppleWebKit/537.36 (KHTML, like Gecko) Chrome/36.0.1985.125 Safari/537.36"
106.75.23.243 - - [16/Oct/2025:06:34:20 +0800] "GET /feed.asp HTTP/1.1" 404 1469 "-" "Mozilla/5.0 (Macintosh; Intel Mac OS X 10_9_4) AppleWebKit/537.36 (KHTML, like Gecko) Chrome/36.0.1985.125 Safari/537.36"
154.12.55.32 - - [16/Oct/2025:07:01:32 +0800] "GET / HTTP/1.1" 200 4387 "-" "libcurl/7.81.0 r-curl/6.0.1 httr/1.4.7"
154.12.55.32 - - [16/Oct/2025:07:01:34 +0800] "GET / HTTP/2.0" 200 4373 "-" "libcurl/7.81.0 r-curl/6.0.1 httr/1.4.7"
154.12.55.32 - - [16/Oct/2025:08:01:32 +0800] "GET / HTTP/1.1" 200 4388 "-" "libcurl/7.81.0 r-curl/6.0.1 httr/1.4.7"
154.12.55.32 - - [16/Oct/2025:08:01:34 +0800] "GET / HTTP/2.0" 200 4373 "-" "libcurl/7.81.0 r-curl/6.0.1 httr/1.4.7"
154.12.55.32 - - [16/Oct/2025:09:01:14 +0800] "GET / HTTP/1.1" 200 4388 "-" "libcurl/7.81.0 r-curl/6.0.1 httr/1.4.7"
154.12.55.32 - - [16/Oct/2025:09:01:16 +0800] "GET / HTTP/2.0" 200 4373 "-" "libcurl/7.81.0 r-curl/6.0.1 httr/1.4.7"
154.12.55.32 - - [16/Oct/2025:10:01:38 +0800] "GET / HTTP/1.1" 200 4388 "-" "libcurl/7.81.0 r-curl/6.0.1 httr/1.4.7"
154.12.55.32 - - [16/Oct/2025:10:01:40 +0800] "GET / HTTP/2.0" 200 4373 "-" "libcurl/7.81.0 r-curl/6.0.1 httr/1.4.7"
154.12.55.32 - - [16/Oct/2025:11:01:42 +0800] "GET / HTTP/1.1" 200 4387 "-" "libcurl/7.81.0 r-curl/6.0.1 httr/1.4.7"
154.12.55.32 - - [16/Oct/2025:11:01:44 +0800] "GET / HTTP/2.0" 200 4373 "-" "libcurl/7.81.0 r-curl/6.0.1 httr/1.4.7"
154.12.55.32 - - [16/Oct/2025:12:01:54 +0800] "GET / HTTP/1.1" 200 4387 "-" "libcurl/7.81.0 r-curl/6.0.1 httr/1.4.7"
154.12.55.32 - - [16/Oct/2025:12:01:56 +0800] "GET / HTTP/2.0" 200 4373 "-" "libcurl/7.81.0 r-curl/6.0.1 httr/1.4.7"
154.12.55.32 - - [16/Oct/2025:13:01:13 +0800] "GET / HTTP/1.1" 200 4387 "-" "libcurl/7.81.0 r-curl/6.0.1 httr/1.4.7"
154.12.55.32 - - [16/Oct/2025:13:01:15 +0800] "GET / HTTP/2.0" 200 4373 "-" "libcurl/7.81.0 r-curl/6.0.1 httr/1.4.7"
154.12.55.32 - - [16/Oct/2025:14:02:09 +0800] "GET / HTTP/1.1" 200 4388 "-" "libcurl/7.81.0 r-curl/6.0.1 httr/1.4.7"
154.12.55.32 - - [16/Oct/2025:14:02:11 +0800] "GET / HTTP/2.0" 200 4373 "-" "libcurl/7.81.0 r-curl/6.0.1 httr/1.4.7"
180.97.218.71 - - [16/Oct/2025:14:43:32 +0800] "GET / HTTP/1.1" 200 17581 "https://blog.wumingai.com" "Mozilla/4.0 (compatible; MSIE 9.0; Windows NT 6.1)"
180.97.218.71 - - [16/Oct/2025:14:43:32 +0800] "GET / HTTP/1.1" 200 17581 "https://blog.wumingai.com" "Mozilla/4.0 (compatible; MSIE 9.0; Windows NT 6.1)"
180.97.218.71 - - [16/Oct/2025:14:43:32 +0800] "GET /post/56.html HTTP/1.1" 200 18694 "https://blog.wumingai.com/post/56.html" "Mozilla/4.0 (compatible; MSIE 9.0; Windows NT 6.1)"
180.97.218.71 - - [16/Oct/2025:14:43:32 +0800] "POST /zb_system/cmd.php?act=cmt&postid=56&key=26cf254054ac0048be0ee0ed866a1847 HTTP/1.1" 200 1239 "https://blog.wumingai.com/zb_system/cmd.php?act=cmt&postid=56&key=26cf254054ac0048be0ee0ed866a1847" "Mozilla/4.0 (compatible; MSIE 9.0; Windows NT 6.1)"
154.12.55.32 - - [16/Oct/2025:15:01:52 +0800] "GET / HTTP/1.1" 200 4456 "-" "libcurl/7.81.0 r-curl/6.0.1 httr/1.4.7"
154.12.55.32 - - [16/Oct/2025:15:01:54 +0800] "GET / HTTP/2.0" 200 4441 "-" "libcurl/7.81.0 r-curl/6.0.1 httr/1.4.7"
154.12.55.32 - - [16/Oct/2025:16:02:02 +0800] "GET / HTTP/1.1" 200 4456 "-" "libcurl/7.81.0 r-curl/6.0.1 httr/1.4.7"
154.12.55.32 - - [16/Oct/2025:16:02:04 +0800] "GET / HTTP/2.0" 200 4441 "-" "libcurl/7.81.0 r-curl/6.0.1 httr/1.4.7"
154.12.55.32 - - [16/Oct/2025:17:01:44 +0800] "GET / HTTP/1.1" 200 4456 "-" "libcurl/7.81.0 r-curl/6.0.1 httr/1.4.7"
154.12.55.32 - - [16/Oct/2025:17:01:46 +0800] "GET / HTTP/2.0" 200 4441 "-" "libcurl/7.81.0 r-curl/6.0.1 httr/1.4.7"
154.12.55.32 - - [16/Oct/2025:18:01:47 +0800] "GET / HTTP/1.1" 200 4456 "-" "libcurl/7.81.0 r-curl/6.0.1 httr/1.4.7"
154.12.55.32 - - [16/Oct/2025:18:01:49 +0800] "GET / HTTP/2.0" 200 4440 "-" "libcurl/7.81.0 r-curl/6.0.1 httr/1.4.7"
44.249.196.9 - - [16/Oct/2025:18:58:17 +0800] "GET /robots.txt HTTP/2.0" 404 1457 "-" "Mozilla/5.0 (compatible; wpbot/1.3; +https://forms.gle/ajBaxygz9jSR8p8G9)"
44.249.196.9 - - [16/Oct/2025:18:58:17 +0800] "GET / HTTP/2.0" 200 4440 "-" "Mozilla/5.0 (compatible; wpbot/1.3; +https://forms.gle/ajBaxygz9jSR8p8G9)"
154.12.55.32 - - [16/Oct/2025:19:01:45 +0800] "GET / HTTP/1.1" 200 4456 "-" "libcurl/7.81.0 r-curl/6.0.1 httr/1.4.7"
154.12.55.32 - - [16/Oct/2025:19:01:47 +0800] "GET / HTTP/2.0" 200 4440 "-" "libcurl/7.81.0 r-curl/6.0.1 httr/1.4.7"
154.12.55.32 - - [16/Oct/2025:20:02:08 +0800] "GET / HTTP/1.1" 200 4456 "-" "libcurl/7.81.0 r-curl/6.0.1 httr/1.4.7"
154.12.55.32 - - [16/Oct/2025:20:02:10 +0800] "GET / HTTP/2.0" 200 4440 "-" "libcurl/7.81.0 r-curl/6.0.1 httr/1.4.7"
40.77.167.235 - - [16/Oct/2025:20:35:03 +0800] "GET /tags-6.html HTTP/2.0" 200 6604 "-" "Mozilla/5.0 AppleWebKit/537.36 (KHTML, like Gecko; compatible; bingbot/2.0; +http://www.bing.com/bingbot.htm) Chrome/116.0.1938.76 Safari/537.36"
154.12.55.32 - - [16/Oct/2025:21:02:09 +0800] "GET / HTTP/1.1" 200 4456 "-" "libcurl/7.81.0 r-curl/6.0.1 httr/1.4.7"
154.12.55.32 - - [16/Oct/2025:21:02:11 +0800] "GET / HTTP/2.0" 200 4440 "-" "libcurl/7.81.0 r-curl/6.0.1 httr/1.4.7"
154.12.55.32 - - [16/Oct/2025:22:02:04 +0800] "GET / HTTP/1.1" 200 4456 "-" "libcurl/7.81.0 r-curl/6.0.1 httr/1.4.7"
154.12.55.32 - - [16/Oct/2025:22:02:06 +0800] "GET / HTTP/2.0" 200 4441 "-" "libcurl/7.81.0 r-curl/6.0.1 httr/1.4.7"
154.12.55.32 - - [16/Oct/2025:23:02:05 +0800] "GET / HTTP/1.1" 200 4456 "-" "libcurl/7.81.0 r-curl/6.0.1 httr/1.4.7"
154.12.55.32 - - [16/Oct/2025:23:02:08 +0800] "GET / HTTP/2.0" 200 4441 "-" "libcurl/7.81.0 r-curl/6.0.1 httr/1.4.7"
154.12.55.32 - - [17/Oct/2025:00:02:03 +0800] "GET / HTTP/1.1" 200 4456 "-" "libcurl/7.81.0 r-curl/6.0.1 httr/1.4.7"
154.12.55.32 - - [17/Oct/2025:00:02:05 +0800] "GET / HTTP/2.0" 200 4440 "-" "libcurl/7.81.0 r-curl/6.0.1 httr/1.4.7"
154.12.55.32 - - [17/Oct/2025:01:02:03 +0800] "GET / HTTP/1.1" 200 4456 "-" "libcurl/7.81.0 r-curl/6.0.1 httr/1.4.7"
154.12.55.32 - - [17/Oct/2025:01:02:05 +0800] "GET / HTTP/2.0" 200 4441 "-" "libcurl/7.81.0 r-curl/6.0.1 httr/1.4.7"
154.12.55.32 - - [17/Oct/2025:02:01:59 +0800] "GET / HTTP/1.1" 200 4456 "-" "libcurl/7.81.0 r-curl/6.0.1 httr/1.4.7"
154.12.55.32 - - [17/Oct/2025:02:02:01 +0800] "GET / HTTP/2.0" 200 4440 "-" "libcurl/7.81.0 r-curl/6.0.1 httr/1.4.7"
154.12.55.32 - - [17/Oct/2025:03:01:46 +0800] "GET / HTTP/1.1" 200 4456 "-" "libcurl/7.81.0 r-curl/6.0.1 httr/1.4.7"
154.12.55.32 - - [17/Oct/2025:03:01:48 +0800] "GET / HTTP/2.0" 200 4440 "-" "libcurl/7.81.0 r-curl/6.0.1 httr/1.4.7"
180.97.218.71 - - [17/Oct/2025:03:35:56 +0800] "GET / HTTP/1.1" 200 17749 "https://blog.wumingai.com" "Mozilla/4.0 (compatible; MSIE 9.0; Windows NT 6.1)"
180.97.218.71 - - [17/Oct/2025:03:35:56 +0800] "GET / HTTP/1.1" 200 17748 "https://blog.wumingai.com" "Mozilla/4.0 (compatible; MSIE 9.0; Windows NT 6.1)"
180.97.218.71 - - [17/Oct/2025:03:35:56 +0800] "GET /post/61.html HTTP/1.1" 200 18170 "https://blog.wumingai.com/post/61.html" "Mozilla/4.0 (compatible; MSIE 9.0; Windows NT 6.1)"
180.97.218.71 - - [17/Oct/2025:03:35:57 +0800] "POST /zb_system/cmd.php?act=cmt&postid=61&key=fae747346e48116768b93d05f4682b18 HTTP/1.1" 200 230 "https://blog.wumingai.com/zb_system/cmd.php?act=cmt&postid=61&key=fae747346e48116768b93d05f4682b18" "Mozilla/4.0 (compatible; MSIE 9.0; Windows NT 6.1)"
154.12.55.32 - - [17/Oct/2025:04:02:30 +0800] "GET / HTTP/1.1" 200 4453 "-" "libcurl/7.81.0 r-curl/6.0.1 httr/1.4.7"
154.12.55.32 - - [17/Oct/2025:04:02:31 +0800] "GET / HTTP/2.0" 200 4437 "-" "libcurl/7.81.0 r-curl/6.0.1 httr/1.4.7"
154.12.55.32 - - [17/Oct/2025:05:02:02 +0800] "GET / HTTP/1.1" 200 4452 "-" "libcurl/7.81.0 r-curl/6.0.1 httr/1.4.7"
154.12.55.32 - - [17/Oct/2025:05:02:04 +0800] "GET / HTTP/2.0" 200 4437 "-" "libcurl/7.81.0 r-curl/6.0.1 httr/1.4.7"
154.12.55.32 - - [17/Oct/2025:06:02:29 +0800] "GET / HTTP/1.1" 200 4453 "-" "libcurl/7.81.0 r-curl/6.0.1 httr/1.4.7"
154.12.55.32 - - [17/Oct/2025:06:02:31 +0800] "GET / HTTP/2.0" 200 4437 "-" "libcurl/7.81.0 r-curl/6.0.1 httr/1.4.7"
154.12.55.32 - - [17/Oct/2025:07:02:50 +0800] "GET / HTTP/1.1" 200 4453 "-" "libcurl/7.81.0 r-curl/6.0.1 httr/1.4.7"
154.12.55.32 - - [17/Oct/2025:07:02:51 +0800] "GET / HTTP/2.0" 200 4437 "-" "libcurl/7.81.0 r-curl/6.0.1 httr/1.4.7"
154.12.55.32 - - [17/Oct/2025:08:02:38 +0800] "GET / HTTP/1.1" 200 4453 "-" "libcurl/7.81.0 r-curl/6.0.1 httr/1.4.7"
154.12.55.32 - - [17/Oct/2025:08:02:40 +0800] "GET / HTTP/2.0" 200 4437 "-" "libcurl/7.81.0 r-curl/6.0.1 httr/1.4.7"
154.12.55.32 - - [17/Oct/2025:09:02:59 +0800] "GET / HTTP/1.1" 200 4453 "-" "libcurl/7.81.0 r-curl/6.0.1 httr/1.4.7"
154.12.55.32 - - [17/Oct/2025:09:03:01 +0800] "GET / HTTP/2.0" 200 4437 "-" "libcurl/7.81.0 r-curl/6.0.1 httr/1.4.7"
39.156.172.227 - - [17/Oct/2025:09:36:28 +0800] "GET /tags-7_2.html HTTP/1.1" 200 2999 "-" "Mozilla/5.0 (Windows NT 10.0; Win64; x64) AppleWebKit/537.36 (KHTML, like Gecko) Chrome/121.0.0.0 Safari/537.36 Edg/121.0.0.0"
114.250.44.242 - - [17/Oct/2025:09:37:20 +0800] "GET /post/4.html HTTP/1.1" 200 13452 "-" "Mozilla/5.0 (Windows NT 10.0; Win64; x64) AppleWebKit/537.36 (KHTML, like Gecko) Chrome/121.0.0.0 Safari/537.36 Edg/121.0.0.0"
106.38.188.49 - - [17/Oct/2025:09:37:46 +0800] "GET /category-2_6.html HTTP/1.1" 200 4783 "-" "Mozilla/5.0 (Macintosh; Intel Mac OS X 10_15_7) AppleWebKit/605.1.15 (KHTML, like Gecko) Version/17.0 Safari/605.1.15"
39.156.172.48 - - [17/Oct/2025:09:38:23 +0800] "GET /post/32.html HTTP/1.1" 200 8895 "-" "Mozilla/5.0 (Windows NT 10.0; Win64; x64) AppleWebKit/537.36 (KHTML, like Gecko) Chrome/121.0.0.0 Safari/537.36 Edg/121.0.0.0"
106.38.180.72 - - [17/Oct/2025:09:38:47 +0800] "GET /post/51.html HTTP/1.1" 200 7319 "-" "Mozilla/5.0 (Windows NT 10.0; Win64; x64) AppleWebKit/537.36 (KHTML, like Gecko) Chrome/121.0.0.0 Safari/537.36 Edg/121.0.0.0"
39.156.168.86 - - [17/Oct/2025:09:38:59 +0800] "GET /post/60.html HTTP/1.1" 200 5851 "-" "Mozilla/5.0 (iPhone; CPU iPhone OS 17_2 like Mac OS X) AppleWebKit/605.1.15 (KHTML, like Gecko) EdgiOS/119.0.2151.96 Version/17.0 Mobile/15E148 Safari/604.1"
114.250.59.94 - - [17/Oct/2025:09:39:13 +0800] "GET /post/56.html HTTP/1.1" 200 7927 "-" "Mozilla/5.0 (Linux; Android 8.1.0; Moto G (4)) AppleWebKit/537.36 (KHTML, like Gecko) Chrome/122.0.0.0 Mobile Safari/537.36 PTST/240201.144844"
111.13.116.190 - - [17/Oct/2025:09:39:18 +0800] "GET /post/16.html HTTP/1.1" 200 57394 "-" "Mozilla/5.0 (Windows NT 10.0; Win64; x64) AppleWebKit/537.36 (KHTML, like Gecko) Chrome/121.0.0.0 Safari/537.36 Edg/121.0.0.0"
49.7.88.164 - - [17/Oct/2025:09:39:28 +0800] "GET /post/57.html HTTP/1.1" 200 5740 "-" "Mozilla/5.0 (Linux; Android 10; K) AppleWebKit/537.36 (KHTML, like Gecko) Chrome/122.0.0.0 Mobile Safari/537.36"
114.250.48.137 - - [17/Oct/2025:09:39:56 +0800] "GET /post/62.html HTTP/1.1" 200 5805 "-" "Mozilla/5.0 (Windows NT 10.0; Win64; x64) AppleWebKit/537.36 (KHTML, like Gecko) Chrome/121.0.0.0 Safari/537.36 Edg/121.0.0.0"
49.7.88.57 - - [17/Oct/2025:09:40:07 +0800] "GET /tags-4_2.html HTTP/1.1" 200 2997 "-" "Mozilla/5.0 (Linux; Android 10; K) AppleWebKit/537.36 (KHTML, like Gecko) Chrome/122.0.0.0 Mobile Safari/537.36"
39.156.172.211 - - [17/Oct/2025:09:40:21 +0800] "GET /category-2_5.html HTTP/1.1" 200 6218 "-" "Mozilla/5.0 (iPhone; CPU iPhone OS 17_2 like Mac OS X) AppleWebKit/605.1.15 (KHTML, like Gecko) EdgiOS/120.0.2210.126 Version/17.0 Mobile/15E148 Safari/604.1"
49.7.88.209 - - [17/Oct/2025:09:40:26 +0800] "GET /post/33.html HTTP/1.1" 200 8976 "-" "Mozilla/5.0 (Windows NT 10.0; Win64; x64) AppleWebKit/537.36 (KHTML, like Gecko) Chrome/121.0.0.0 Safari/537.36 Edg/121.0.0.0"
39.156.172.190 - - [17/Oct/2025:09:40:39 +0800] "GET /post/18.html HTTP/1.1" 200 37926 "-" "Mozilla/5.0 (Windows NT 10.0; Win64; x64) AppleWebKit/537.36 (KHTML, like Gecko) Chrome/121.0.0.0 Safari/537.36 Edg/121.0.0.0 Trailer/92.3.3357.27"
220.181.90.202 - - [17/Oct/2025:09:40:48 +0800] "GET /post/54.html HTTP/1.1" 200 6459 "-" "Mozilla/5.0 (Windows NT 10.0; Win64; x64) AppleWebKit/537.36 (KHTML, like Gecko) Chrome/121.0.0.0 Safari/537.36 Edg/121.0.0.0 GLS/100.10.9979.100"
49.7.89.44 - - [17/Oct/2025:09:41:04 +0800] "GET /post/37.html HTTP/1.1" 200 6473 "-" "Mozilla/5.0 (Linux; Android 10; K) AppleWebKit/537.36 (KHTML, like Gecko) Chrome/122.0.0.0 Mobile Safari/537.36"
114.250.44.150 - - [17/Oct/2025:09:41:19 +0800] "GET /page_5.html HTTP/1.1" 200 6161 "-" "Mozilla/5.0 (Windows NT 10.0; Win64; x64) AppleWebKit/537.36 (KHTML, like Gecko) Chrome/121.0.0.0 Safari/537.36 Edg/121.0.0.0"
114.250.44.74 - - [17/Oct/2025:09:41:32 +0800] "GET /category-2_4.html HTTP/1.1" 200 4718 "-" "Mozilla/5.0 (iPhone; CPU iPhone OS 17_1 like Mac OS X) AppleWebKit/605.1.15 (KHTML, like Gecko) EdgiOS/118.0.2088.68 Version/17.0 Mobile/15E148 Safari/604.1"
39.156.172.108 - - [17/Oct/2025:09:41:55 +0800] "GET /post/46.html HTTP/1.1" 200 10758 "-" "Mozilla/5.0 (iPhone; CPU iPhone OS 17_1 like Mac OS X) AppleWebKit/605.1.15 (KHTML, like Gecko) EdgiOS/118.0.2088.68 Version/17.0 Mobile/15E148 Safari/604.1"
39.156.173.41 - - [17/Oct/2025:09:41:58 +0800] "GET /page_4.html HTTP/1.1" 200 4716 "-" "Mozilla/5.0 (iPhone; CPU iPhone OS 17_0 like Mac OS X) AppleWebKit/605.1.15 (KHTML, like Gecko) EdgiOS/116.0.1938.79 Version/17.0 Mobile/15E148 Safari/604.1"
111.13.117.76 - - [17/Oct/2025:09:42:07 +0800] "GET /post/12.html HTTP/1.1" 200 17520 "-" "Mozilla/5.0 (iPhone; CPU iPhone OS 17_0_3 like Mac OS X) AppleWebKit/605.1.15 (KHTML, like Gecko) Version/17.0.3 Mobile/15E148 Safari/604.1 RDDocuments/8.7.2.978"
111.13.117.32 - - [17/Oct/2025:09:42:24 +0800] "GET /post/29.html HTTP/1.1" 200 8704 "-" "Mozilla/5.0 (Linux; Android 10; K) AppleWebKit/537.36 (KHTML, like Gecko) Chrome/121.0.0.0 Mobile Safari/537.36 EdgA/121.0.0.0"
111.13.117.27 - - [17/Oct/2025:09:42:32 +0800] "GET /post/7.html HTTP/1.1" 200 14562 "-" "Mozilla/5.0 (iPhone; CPU iPhone OS 17_3 like Mac OS X) AppleWebKit/605.1.15 (KHTML, like Gecko) EdgiOS/120.0.2210.150 Version/17.0 Mobile/15E148 Safari/604.1"
114.250.44.147 - - [17/Oct/2025:09:42:47 +0800] "GET /tags-3_2.html HTTP/1.1" 200 3458 "-" "Mozilla/5.0 (Windows NT 10.0; Win64; x64) AppleWebKit/537.36 (KHTML, like Gecko) Chrome/122.0.0.0 Safari/537.36"
49.7.150.239 - - [17/Oct/2025:09:42:57 +0800] "GET /post/42.html HTTP/1.1" 200 8067 "-" "Mozilla/5.0 (Macintosh; Intel Mac OS X 10_15) AppleWebKit/605.1.15 (KHTML, like Gecko) Version/17.0 DuckDuckGo/7 Safari/605.1.15"
220.181.90.210 - - [17/Oct/2025:09:43:08 +0800] "GET /post/43.html HTTP/1.1" 200 10133 "-" "Mozilla/5.0 (Windows NT 10.0; Win64; x64) AppleWebKit/537.36 (KHTML, like Gecko) Chrome/121.0.0.0 Safari/537.36 Edg/121.0.0.0"
39.156.173.140 - - [17/Oct/2025:09:43:15 +0800] "GET /page_7.html HTTP/1.1" 200 2352 "-" "Mozilla/5.0 (Windows NT 10.0; Win64; x64) AppleWebKit/537.36 (KHTML, like Gecko) Chrome/122.0.0.0 Safari/537.36"
106.38.188.77 - - [17/Oct/2025:09:43:20 +0800] "GET /post/50.html HTTP/1.1" 200 5565 "-" "Mozilla/5.0 (iPhone; CPU iPhone OS 17_2 like Mac OS X) AppleWebKit/605.1.15 (KHTML, like Gecko) EdgiOS/120.0.2210.105 Version/17.0 Mobile/15E148 Safari/604.1"
114.250.49.103 - - [17/Oct/2025:09:43:31 +0800] "GET /post/14.html HTTP/1.1" 200 18016 "-" "Mozilla/5.0 (Windows NT 10.0; Win64; x64) AppleWebKit/537.36 (KHTML, like Gecko) Chrome/121.0.0.0 Safari/537.36 Edg/121.0.0.0"
114.250.44.98 - - [17/Oct/2025:09:43:43 +0800] "GET /page_6.html HTTP/1.1" 200 4832 "-" "Mozilla/5.0 (iPhone; CPU iPhone OS 17_1 like Mac OS X) AppleWebKit/605.1.15 (KHTML, like Gecko) EdgiOS/118.0.2088.68 Version/17.0 Mobile/15E148 Safari/604.1"
39.156.168.144 - - [17/Oct/2025:09:44:08 +0800] "GET /tags-12_2.html HTTP/1.1" 200 3262 "-" "Mozilla/5.0 (Windows NT 10.0; Win64; x64) AppleWebKit/537.36 (KHTML, like Gecko) Chrome/121.0.0.0 Safari/537.36 Edg/121.0.0.0"
114.250.48.183 - - [17/Oct/2025:09:44:15 +0800] "GET /post/15.html HTTP/1.1" 200 13128 "-" "Mozilla/5.0 (Windows NT 10.0; Win64; x64) AppleWebKit/537.36 (KHTML, like Gecko) Chrome/122.0.0.0 Safari/537.36"
39.156.168.28 - - [17/Oct/2025:09:44:16 +0800] "GET /page_3.html HTTP/1.1" 200 3828 "-" "Mozilla/5.0 (Windows NT 10.0; Win64; x64) AppleWebKit/537.36 (KHTML, like Gecko) Chrome/121.0.0.0 Safari/537.36 Edg/121.0.0.0 GLS/100.10.9979.100"
114.250.44.252 - - [17/Oct/2025:09:44:29 +0800] "GET /post/22.html HTTP/1.1" 200 7052 "-" "Mozilla/5.0 (iPhone; CPU iPhone OS 17_0 like Mac OS X) AppleWebKit/605.1.15 (KHTML, like Gecko) Version/17.0 Mobile/15E148 Safari/604.1"
114.250.49.62 - - [17/Oct/2025:09:44:36 +0800] "GET /post/58.html HTTP/1.1" 200 6110 "-" "Mozilla/5.0 (iPhone; CPU iPhone OS 17_2 like Mac OS X) AppleWebKit/605.1.15 (KHTML, like Gecko) EdgiOS/120.0.2210.105 Version/17.0 Mobile/15E148 Safari/604.1"
114.250.48.214 - - [17/Oct/2025:09:44:42 +0800] "GET /post/13.html HTTP/1.1" 200 16713 "-" "Mozilla/5.0 (iPhone; CPU iPhone OS 17_0 like Mac OS X) AppleWebKit/605.1.15 (KHTML, like Gecko) Version/17.0 Mobile/15E148 Safari/604.1 RDDocuments/8.4.8.940"
106.38.180.22 - - [17/Oct/2025:09:44:56 +0800] "GET /post/5.html HTTP/1.1" 200 10195 "-" "Mozilla/5.0 (Windows NT 10.0; Win64; x64) AppleWebKit/537.36 (KHTML, like Gecko) Chrome/121.0.0.0 Safari/537.36 Edg/121.0.0.0"
106.38.188.100 - - [17/Oct/2025:09:45:01 +0800] "GET /tags-28.html HTTP/1.1" 200 2327 "-" "Mozilla/5.0 (iPhone; CPU iPhone OS 17_0 like Mac OS X) AppleWebKit/605.1.15 (KHTML, like Gecko) Version/17.0 Mobile/15E148 Safari/604.1 OPX/2.1.0"
114.250.59.13 - - [17/Oct/2025:09:45:12 +0800] "GET /post/3.html HTTP/1.1" 200 12274 "-" "Mozilla/5.0 (iPhone; CPU iPhone OS 17_0_3 like Mac OS X) AppleWebKit/605.1.15 (KHTML, like Gecko) Version/17.0 Mobile/15E148 Safari/604.1 OPX/2.2.0"
111.13.223.182 - - [17/Oct/2025:09:45:16 +0800] "GET /post/20.html HTTP/1.1" 200 7053 "-" "Mozilla/5.0 (iPhone; CPU iPhone OS 17_0_2 like Mac OS X) AppleWebKit/605.1.15 (KHTML, like Gecko) Version/17.0 Mobile/15E148 Safari/604.1"
114.250.59.31 - - [17/Oct/2025:09:45:25 +0800] "GET /post/30.html HTTP/1.1" 200 8567 "-" "Mozilla/5.0 (Windows NT 10.0; Win64; x64; rv:123.0) Gecko/20100101 Firefox/123.0 Config/91.2.2121.13"
111.13.117.71 - - [17/Oct/2025:09:45:29 +0800] "GET /post/47.html HTTP/1.1" 200 19100 "-" "Mozilla/5.0 (Windows NT 10.0; Win64; x64) AppleWebKit/537.36 (KHTML, like Gecko) Chrome/121.0.0.0 Safari/537.36 Edg/121.0.0.0"
111.13.116.125 - - [17/Oct/2025:09:45:40 +0800] "GET /category-2_2.html HTTP/1.1" 200 4220 "-" "Mozilla/5.0 (Windows NT 10.0; Win64; x64; rv:123.0) Gecko/20100101 Firefox/123.0"
114.250.49.145 - - [17/Oct/2025:09:45:46 +0800] "GET /tags-14_2.html HTTP/1.1" 200 2701 "-" "Mozilla/5.0 (iPhone; CPU iPhone OS 17_0_2 like Mac OS X) AppleWebKit/605.1.15 (KHTML, like Gecko) Version/17.0 Mobile/15E148 Safari/604.1"
114.250.59.40 - - [17/Oct/2025:09:45:56 +0800] "GET /post/41.html HTTP/1.1" 200 7108 "-" "Mozilla/5.0 (Windows NT 10.0; Win64; x64) AppleWebKit/537.36 (KHTML, like Gecko) Chrome/122.0.0.0 Safari/537.36"
114.250.44.221 - - [17/Oct/2025:09:46:16 +0800] "GET /tags-27.html HTTP/1.1" 200 2329 "-" "Mozilla/5.0 (Linux; Android 10; K) AppleWebKit/537.36 (KHTML, like Gecko) Chrome/122.0.0.0 Mobile Safari/537.36"
114.250.48.16 - - [17/Oct/2025:09:46:26 +0800] "GET /post/52.html HTTP/1.1" 200 7319 "-" "Mozilla/5.0 (iPhone; CPU iPhone OS 17_0 like Mac OS X) AppleWebKit/605.1.15 (KHTML, like Gecko) EdgiOS/117.0.2045.48 Version/17.0 Mobile/15E148 Safari/604.1"
39.156.168.105 - - [17/Oct/2025:09:46:31 +0800] "GET /post/49.html HTTP/1.1" 200 8363 "-" "Mozilla/5.0 (Macintosh; Intel Mac OS X 10_15_7) AppleWebKit/605.1.15 (KHTML, like Gecko) Version/17.0 Safari/605.1.15"
39.156.169.36 - - [17/Oct/2025:09:46:42 +0800] "GET /tags-5_2.html HTTP/1.1" 200 3191 "-" "Mozilla/5.0 (Linux; Android 10; K) AppleWebKit/537.36 (KHTML, like Gecko) Chrome/122.0.0.0 Mobile Safari/537.36"
106.38.188.58 - - [17/Oct/2025:09:46:50 +0800] "GET /post/28.html HTTP/1.1" 200 7933 "-" "Mozilla/5.0 (Linux; Android 10; K) AppleWebKit/537.36 (KHTML, like Gecko) Chrome/122.0.0.0 Mobile Safari/537.36"
106.38.188.92 - - [17/Oct/2025:09:46:52 +0800] "GET /tags-29.html HTTP/1.1" 200 2328 "-" "Mozilla/5.0 (iPhone; CPU iPhone OS 17_2 like Mac OS X) AppleWebKit/605.1.15 (KHTML, like Gecko) EdgiOS/120.0.2210.105 Version/17.0 Mobile/15E148 Safari/604.1"
220.181.90.141 - - [17/Oct/2025:09:46:57 +0800] "GET /category-2_3.html HTTP/1.1" 200 3885 "-" "Mozilla/5.0 (Linux; Android 10; K) AppleWebKit/537.36 (KHTML, like Gecko) Chrome/122.0.0.0 Mobile Safari/537.36"
39.156.173.14 - - [17/Oct/2025:09:47:03 +0800] "GET /page_2.html HTTP/1.1" 200 4214 "-" "Mozilla/5.0 (Windows NT 10.0; Win64; x64; rv:123.0) Gecko/20100101 Firefox/123.0"
114.250.50.250 - - [17/Oct/2025:09:47:07 +0800] "GET /post/9.html HTTP/1.1" 200 8509 "-" "Mozilla/5.0 (Windows NT 10.0; Win64; x64) AppleWebKit/537.36 (KHTML, like Gecko) Chrome/121.0.0.0 Safari/537.36 Edg/121.0.0.0"
114.250.59.36 - - [17/Oct/2025:09:47:15 +0800] "GET /post/8.html HTTP/1.1" 200 13257 "-" "Mozilla/5.0 (Windows NT 10.0; Win64; x64) AppleWebKit/537.36 (KHTML, like Gecko) Chrome/122.0.0.0 Safari/537.36"
106.38.180.72 - - [17/Oct/2025:09:47:21 +0800] "GET /post/17.html HTTP/1.1" 200 56250 "-" "Mozilla/5.0 (iPhone; CPU iPhone OS 17_3_1 like Mac OS X) AppleWebKit/605.1.15 (KHTML, like Gecko) Version/17.0 EdgiOS/121.2277.107 Mobile/15E148 Safari/605.1.15"
49.7.149.15 - - [17/Oct/2025:09:47:27 +0800] "GET /tags-30.html HTTP/1.1" 200 2339 "-" "Mozilla/5.0 (Windows NT 10.0; Win64; x64; rv:123.0) Gecko/20100101 Firefox/123.0"
150.255.49.157 - - [17/Oct/2025:09:47:32 +0800] "GET / HTTP/1.1" 200 17748 "-" "Go-http-client/1.1"
114.250.49.139 - - [17/Oct/2025:09:47:36 +0800] "GET /tags-6_2.html HTTP/1.1" 200 2709 "-" "Mozilla/5.0 (Windows NT 10.0; Win64; x64) AppleWebKit/537.36 (KHTML, like Gecko) Chrome/121.0.0.0 Safari/537.36 Edg/121.0.0.0 GLS/100.10.9979.100"
114.250.44.250 - - [17/Oct/2025:09:47:39 +0800] "GET /tags-10_2.html HTTP/1.1" 200 2901 "-" "Mozilla/5.0 (Windows NT 10.0; Win64; x64) AppleWebKit/537.36 (KHTML, like Gecko) Chrome/121.0.0.0 Safari/537.36 Edg/121.0.0.0"
114.250.59.27 - - [17/Oct/2025:09:47:44 +0800] "GET /post/27.html HTTP/1.1" 200 7167 "-" "Mozilla/5.0 (Windows NT 10.0; Win64; x64) AppleWebKit/537.36 (KHTML, like Gecko) Chrome/121.0.0.0 Safari/537.36 Edg/121.0.0.0"
39.156.168.155 - - [17/Oct/2025:09:47:50 +0800] "GET /tags-11_2.html HTTP/1.1" 200 2396 "-" "Mozilla/5.0 (iPhone; CPU iPhone OS 17_2 like Mac OS X) AppleWebKit/605.1.15 (KHTML, like Gecko) EdgiOS/120.0.2210.86 Version/17.0 Mobile/15E148 Safari/604.1"
49.7.245.54 - - [17/Oct/2025:09:48:12 +0800] "GET /post/6.html HTTP/1.1" 200 9890 "-" "Mozilla/5.0 (Windows NT 10.0; Win64; x64) AppleWebKit/537.36 (KHTML, like Gecko) Chrome/121.0.0.0 Safari/537.36 Edg/121.0.0.0 GLS/100.10.9415.94"
49.7.149.57 - - [17/Oct/2025:09:48:17 +0800] "GET /post/59.html HTTP/1.1" 200 6194 "-" "Mozilla/5.0 (iPhone; CPU iPhone OS 17_0 like Mac OS X) AppleWebKit/605.1.15 (KHTML, like Gecko) Version/17.0 Mobile/15E148 Safari/604.1 OPX/2.1.0"
114.250.59.6 - - [17/Oct/2025:09:48:19 +0800] "GET /post/45.html HTTP/1.1" 200 7223 "-" "Mozilla/5.0 (iPhone; CPU iPhone OS 17_1 like Mac OS X) AppleWebKit/605.1.15 (KHTML, like Gecko) EdgiOS/119.0.2151.65 Version/17.0 Mobile/15E148 Safari/604.1"
111.206.206.93 - - [17/Oct/2025:09:48:24 +0800] "GET /post/63.html HTTP/1.1" 200 7454 "-" "Mozilla/5.0 (Linux; Android 10; K) AppleWebKit/537.36 (KHTML, like Gecko) Chrome/122.0.0.0 Mobile Safari/537.36"
154.12.55.32 - - [17/Oct/2025:10:03:36 +0800] "GET / HTTP/1.1" 200 4453 "-" "libcurl/7.81.0 r-curl/6.0.1 httr/1.4.7"
154.12.55.32 - - [17/Oct/2025:10:03:37 +0800] "GET / HTTP/2.0" 200 4438 "-" "libcurl/7.81.0 r-curl/6.0.1 httr/1.4.7"
154.12.55.32 - - [17/Oct/2025:11:03:32 +0800] "GET / HTTP/1.1" 200 4453 "-" "libcurl/7.81.0 r-curl/6.0.1 httr/1.4.7"
154.12.55.32 - - [17/Oct/2025:11:03:33 +0800] "GET / HTTP/2.0" 200 4438 "-" "libcurl/7.81.0 r-curl/6.0.1 httr/1.4.7"
154.12.55.32 - - [17/Oct/2025:12:03:45 +0800] "GET / HTTP/1.1" 200 4453 "-" "libcurl/7.81.0 r-curl/6.0.1 httr/1.4.7"
154.12.55.32 - - [17/Oct/2025:12:03:47 +0800] "GET / HTTP/2.0" 200 4438 "-" "libcurl/7.81.0 r-curl/6.0.1 httr/1.4.7"
52.167.144.161 - - [17/Oct/2025:12:34:06 +0800] "GET /post/57.html HTTP/2.0" 200 5634 "-" "Mozilla/5.0 AppleWebKit/537.36 (KHTML, like Gecko; compatible; bingbot/2.0; +http://www.bing.com/bingbot.htm) Chrome/116.0.1938.76 Safari/537.36"
154.12.55.32 - - [17/Oct/2025:13:03:26 +0800] "GET / HTTP/1.1" 200 4456 "-" "libcurl/7.81.0 r-curl/6.0.1 httr/1.4.7"
154.12.55.32 - - [17/Oct/2025:13:03:28 +0800] "GET / HTTP/2.0" 200 4440 "-" "libcurl/7.81.0 r-curl/6.0.1 httr/1.4.7"
154.12.55.32 - - [17/Oct/2025:14:03:30 +0800] "GET / HTTP/1.1" 200 4455 "-" "libcurl/7.81.0 r-curl/6.0.1 httr/1.4.7"
154.12.55.32 - - [17/Oct/2025:14:03:31 +0800] "GET / HTTP/2.0" 200 4440 "-" "libcurl/7.81.0 r-curl/6.0.1 httr/1.4.7"
154.12.55.32 - - [17/Oct/2025:15:03:19 +0800] "GET / HTTP/1.1" 200 4455 "-" "libcurl/7.81.0 r-curl/6.0.1 httr/1.4.7"
154.12.55.32 - - [17/Oct/2025:15:03:21 +0800] "GET / HTTP/2.0" 200 4440 "-" "libcurl/7.81.0 r-curl/6.0.1 httr/1.4.7"
180.97.218.71 - - [17/Oct/2025:16:21:20 +0800] "GET / HTTP/1.1" 200 17749 "https://blog.wumingai.com" "Mozilla/4.0 (compatible; MSIE 9.0; Windows NT 6.1)"
180.97.218.71 - - [17/Oct/2025:16:21:20 +0800] "GET / HTTP/1.1" 200 17748 "https://blog.wumingai.com" "Mozilla/4.0 (compatible; MSIE 9.0; Windows NT 6.1)"
180.97.218.71 - - [17/Oct/2025:16:21:20 +0800] "GET /post/57.html HTTP/1.1" 200 18767 "https://blog.wumingai.com/post/57.html" "Mozilla/4.0 (compatible; MSIE 9.0; Windows NT 6.1)"
180.97.218.71 - - [17/Oct/2025:16:21:21 +0800] "POST /zb_system/cmd.php?act=cmt&postid=57&key=3c1a944421a711436a6fe4ed07b4899f HTTP/1.1" 200 1193 "https://blog.wumingai.com/zb_system/cmd.php?act=cmt&postid=57&key=3c1a944421a711436a6fe4ed07b4899f" "Mozilla/4.0 (compatible; MSIE 9.0; Windows NT 6.1)"
154.12.55.32 - - [17/Oct/2025:17:03:45 +0800] "GET / HTTP/1.1" 200 4494 "-" "libcurl/7.81.0 r-curl/6.0.1 httr/1.4.7"
154.12.55.32 - - [17/Oct/2025:17:03:47 +0800] "GET / HTTP/2.0" 200 4478 "-" "libcurl/7.81.0 r-curl/6.0.1 httr/1.4.7"
154.12.55.32 - - [17/Oct/2025:18:03:21 +0800] "GET / HTTP/1.1" 200 4494 "-" "libcurl/7.81.0 r-curl/6.0.1 httr/1.4.7"
154.12.55.32 - - [17/Oct/2025:18:03:22 +0800] "GET / HTTP/2.0" 200 4478 "-" "libcurl/7.81.0 r-curl/6.0.1 httr/1.4.7"
154.12.55.32 - - [17/Oct/2025:19:03:26 +0800] "GET / HTTP/1.1" 200 4494 "-" "libcurl/7.81.0 r-curl/6.0.1 httr/1.4.7"
154.12.55.32 - - [17/Oct/2025:19:03:27 +0800] "GET / HTTP/2.0" 200 4478 "-" "libcurl/7.81.0 r-curl/6.0.1 httr/1.4.7"
154.12.55.32 - - [17/Oct/2025:20:03:18 +0800] "GET / HTTP/1.1" 200 4494 "-" "libcurl/7.81.0 r-curl/6.0.1 httr/1.4.7"
154.12.55.32 - - [17/Oct/2025:20:03:20 +0800] "GET / HTTP/2.0" 200 4478 "-" "libcurl/7.81.0 r-curl/6.0.1 httr/1.4.7"
154.12.55.32 - - [17/Oct/2025:21:03:27 +0800] "GET / HTTP/1.1" 200 4494 "-" "libcurl/7.81.0 r-curl/6.0.1 httr/1.4.7"
154.12.55.32 - - [17/Oct/2025:21:03:28 +0800] "GET / HTTP/2.0" 200 4479 "-" "libcurl/7.81.0 r-curl/6.0.1 httr/1.4.7"
154.12.55.32 - - [17/Oct/2025:22:03:50 +0800] "GET / HTTP/1.1" 200 4494 "-" "libcurl/7.81.0 r-curl/6.0.1 httr/1.4.7"
154.12.55.32 - - [17/Oct/2025:22:03:52 +0800] "GET / HTTP/2.0" 200 4478 "-" "libcurl/7.81.0 r-curl/6.0.1 httr/1.4.7"
154.12.55.32 - - [17/Oct/2025:23:03:59 +0800] "GET / HTTP/1.1" 200 4494 "-" "libcurl/7.81.0 r-curl/6.0.1 httr/1.4.7"
154.12.55.32 - - [17/Oct/2025:23:04:01 +0800] "GET / HTTP/2.0" 200 4478 "-" "libcurl/7.81.0 r-curl/6.0.1 httr/1.4.7"
104.210.140.133 - - [17/Oct/2025:23:28:40 +0800] "GET /robots.txt HTTP/2.0" 404 1457 "-" "Mozilla/5.0 (Macintosh; Intel Mac OS X 10_15_7) AppleWebKit/537.36 (KHTML, like Gecko) Chrome/131.0.0.0 Safari/537.36; compatible; OAI-SearchBot/1.0; +https://openai.com/searchbot"
104.210.140.130 - - [17/Oct/2025:23:28:41 +0800] "GET /robots.txt HTTP/1.1" 404 1473 "-" "Mozilla/5.0 (Macintosh; Intel Mac OS X 10_15_7) AppleWebKit/537.36 (KHTML, like Gecko) Chrome/131.0.0.0 Safari/537.36; compatible; OAI-SearchBot/1.0; +https://openai.com/searchbot"
154.12.55.32 - - [18/Oct/2025:00:04:05 +0800] "GET / HTTP/1.1" 200 4494 "-" "libcurl/7.81.0 r-curl/6.0.1 httr/1.4.7"
154.12.55.32 - - [18/Oct/2025:00:04:06 +0800] "GET / HTTP/2.0" 200 4478 "-" "libcurl/7.81.0 r-curl/6.0.1 httr/1.4.7"
154.12.55.32 - - [18/Oct/2025:01:03:17 +0800] "GET / HTTP/1.1" 200 4494 "-" "libcurl/7.81.0 r-curl/6.0.1 httr/1.4.7"
154.12.55.32 - - [18/Oct/2025:01:03:19 +0800] "GET / HTTP/2.0" 200 4478 "-" "libcurl/7.81.0 r-curl/6.0.1 httr/1.4.7"
40.77.167.51 - - [18/Oct/2025:01:28:41 +0800] "GET /post/64.html HTTP/2.0" 200 6469 "-" "Mozilla/5.0 AppleWebKit/537.36 (KHTML, like Gecko; compatible; bingbot/2.0; +http://www.bing.com/bingbot.htm) Chrome/116.0.1938.76 Safari/537.36"
154.12.55.32 - - [18/Oct/2025:02:03:36 +0800] "GET / HTTP/1.1" 200 4495 "-" "libcurl/7.81.0 r-curl/6.0.1 httr/1.4.7"
154.12.55.32 - - [18/Oct/2025:02:03:37 +0800] "GET / HTTP/2.0" 200 4480 "-" "libcurl/7.81.0 r-curl/6.0.1 httr/1.4.7"
154.12.55.32 - - [18/Oct/2025:03:03:31 +0800] "GET / HTTP/1.1" 200 4494 "-" "libcurl/7.81.0 r-curl/6.0.1 httr/1.4.7"
154.12.55.32 - - [18/Oct/2025:03:03:32 +0800] "GET / HTTP/2.0" 200 4479 "-" "libcurl/7.81.0 r-curl/6.0.1 httr/1.4.7"
154.12.55.32 - - [18/Oct/2025:04:03:25 +0800] "GET / HTTP/1.1" 200 4495 "-" "libcurl/7.81.0 r-curl/6.0.1 httr/1.4.7"
154.12.55.32 - - [18/Oct/2025:04:03:27 +0800] "GET / HTTP/2.0" 200 4480 "-" "libcurl/7.81.0 r-curl/6.0.1 httr/1.4.7"
154.12.55.32 - - [18/Oct/2025:05:03:35 +0800] "GET / HTTP/1.1" 200 4494 "-" "libcurl/7.81.0 r-curl/6.0.1 httr/1.4.7"
154.12.55.32 - - [18/Oct/2025:05:03:36 +0800] "GET / HTTP/2.0" 200 4479 "-" "libcurl/7.81.0 r-curl/6.0.1 httr/1.4.7"
180.97.218.71 - - [18/Oct/2025:05:04:11 +0800] "GET / HTTP/1.1" 200 17903 "https://blog.wumingai.com" "Mozilla/4.0 (compatible; MSIE 9.0; Windows NT 6.1)"
180.97.218.71 - - [18/Oct/2025:05:04:11 +0800] "GET / HTTP/1.1" 200 17903 "https://blog.wumingai.com" "Mozilla/4.0 (compatible; MSIE 9.0; Windows NT 6.1)"
180.97.218.71 - - [18/Oct/2025:05:04:11 +0800] "GET /page_7.html HTTP/1.1" 200 7397 "https://blog.wumingai.com/page_7.html" "Mozilla/4.0 (compatible; MSIE 9.0; Windows NT 6.1)"
180.97.218.71 - - [18/Oct/2025:05:04:12 +0800] "GET /post/59.html HTTP/1.1" 200 19942 "https://blog.wumingai.com/post/59.html" "Mozilla/4.0 (compatible; MSIE 9.0; Windows NT 6.1)"
180.97.218.71 - - [18/Oct/2025:05:04:12 +0800] "POST /zb_system/cmd.php?act=cmt&postid=59&key=0a012bfa1fcc57ae1fb986836d657452 HTTP/1.1" 200 1134 "https://blog.wumingai.com/zb_system/cmd.php?act=cmt&postid=59&key=0a012bfa1fcc57ae1fb986836d657452" "Mozilla/4.0 (compatible; MSIE 9.0; Windows NT 6.1)"
154.12.55.32 - - [18/Oct/2025:06:04:37 +0800] "GET / HTTP/1.1" 200 4531 "-" "libcurl/7.81.0 r-curl/6.0.1 httr/1.4.7"
154.12.55.32 - - [18/Oct/2025:06:04:38 +0800] "GET / HTTP/2.0" 200 4515 "-" "libcurl/7.81.0 r-curl/6.0.1 httr/1.4.7"
154.12.55.32 - - [18/Oct/2025:07:03:41 +0800] "GET / HTTP/1.1" 200 4531 "-" "libcurl/7.81.0 r-curl/6.0.1 httr/1.4.7"
154.12.55.32 - - [18/Oct/2025:07:03:42 +0800] "GET / HTTP/2.0" 200 4515 "-" "libcurl/7.81.0 r-curl/6.0.1 httr/1.4.7"
154.12.55.32 - - [18/Oct/2025:08:04:39 +0800] "GET / HTTP/1.1" 200 4531 "-" "libcurl/7.81.0 r-curl/6.0.1 httr/1.4.7"
154.12.55.32 - - [18/Oct/2025:08:04:40 +0800] "GET / HTTP/2.0" 200 4515 "-" "libcurl/7.81.0 r-curl/6.0.1 httr/1.4.7"
154.12.55.32 - - [18/Oct/2025:09:04:47 +0800] "GET / HTTP/1.1" 200 4531 "-" "libcurl/7.81.0 r-curl/6.0.1 httr/1.4.7"
154.12.55.32 - - [18/Oct/2025:09:04:49 +0800] "GET / HTTP/2.0" 200 4515 "-" "libcurl/7.81.0 r-curl/6.0.1 httr/1.4.7"
154.12.55.32 - - [18/Oct/2025:10:04:55 +0800] "GET / HTTP/1.1" 200 4530 "-" "libcurl/7.81.0 r-curl/6.0.1 httr/1.4.7"
154.12.55.32 - - [18/Oct/2025:10:04:57 +0800] "GET / HTTP/2.0" 200 4515 "-" "libcurl/7.81.0 r-curl/6.0.1 httr/1.4.7"
154.12.55.32 - - [18/Oct/2025:11:05:47 +0800] "GET / HTTP/1.1" 200 4531 "-" "libcurl/7.81.0 r-curl/6.0.1 httr/1.4.7"
154.12.55.32 - - [18/Oct/2025:11:05:49 +0800] "GET / HTTP/2.0" 200 4515 "-" "libcurl/7.81.0 r-curl/6.0.1 httr/1.4.7"
220.202.199.246 - - [18/Oct/2025:11:18:34 +0800] "GET /zb_system/login.php HTTP/1.1" 200 2118 "blog.wumingai.com" "Mozilla/5.0 (Windows NT 10.0; Win64; x64) AppleWebKit/537.36 (KHTML, like Gecko) Chrome/92.0.4515.159 Safari/537.36"
154.12.55.32 - - [18/Oct/2025:12:04:57 +0800] "GET / HTTP/1.1" 200 4531 "-" "libcurl/7.81.0 r-curl/6.0.1 httr/1.4.7"
154.12.55.32 - - [18/Oct/2025:12:04:58 +0800] "GET / HTTP/2.0" 200 4515 "-" "libcurl/7.81.0 r-curl/6.0.1 httr/1.4.7"
52.167.144.59 - - [18/Oct/2025:12:10:04 +0800] "GET /robots.txt HTTP/2.0" 404 1457 "-" "Mozilla/5.0 AppleWebKit/537.36 (KHTML, like Gecko; compatible; bingbot/2.0; +http://www.bing.com/bingbot.htm) Chrome/116.0.1938.76 Safari/537.36"
40.77.167.121 - - [18/Oct/2025:12:10:11 +0800] "GET /tags-22.html HTTP/2.0" 200 2382 "-" "Mozilla/5.0 AppleWebKit/537.36 (KHTML, like Gecko; compatible; bingbot/2.0; +http://www.bing.com/bingbot.htm) Chrome/116.0.1938.76 Safari/537.36"
154.12.55.32 - - [18/Oct/2025:13:06:12 +0800] "GET / HTTP/1.1" 200 4530 "-" "libcurl/7.81.0 r-curl/6.0.1 httr/1.4.7"
154.12.55.32 - - [18/Oct/2025:13:06:13 +0800] "GET / HTTP/2.0" 200 4516 "-" "libcurl/7.81.0 r-curl/6.0.1 httr/1.4.7"
220.202.199.246 - - [18/Oct/2025:13:36:43 +0800] "GET /zb_system/login.php HTTP/1.1" 200 2119 "-" "Mozilla/5.0 (Windows NT 10.0; Win64; x64)"
154.12.55.32 - - [18/Oct/2025:14:05:16 +0800] "GET / HTTP/1.1" 200 4531 "-" "libcurl/7.81.0 r-curl/6.0.1 httr/1.4.7"
154.12.55.32 - - [18/Oct/2025:14:05:18 +0800] "GET / HTTP/2.0" 200 4515 "-" "libcurl/7.81.0 r-curl/6.0.1 httr/1.4.7"
154.12.55.32 - - [18/Oct/2025:15:05:12 +0800] "GET / HTTP/1.1" 200 4530 "-" "libcurl/7.81.0 r-curl/6.0.1 httr/1.4.7"
154.12.55.32 - - [18/Oct/2025:15:05:14 +0800] "GET / HTTP/2.0" 200 4515 "-" "libcurl/7.81.0 r-curl/6.0.1 httr/1.4.7"
154.12.55.32 - - [18/Oct/2025:16:05:43 +0800] "GET / HTTP/1.1" 200 4530 "-" "libcurl/7.81.0 r-curl/6.0.1 httr/1.4.7"
154.12.55.32 - - [18/Oct/2025:16:05:44 +0800] "GET / HTTP/2.0" 200 4515 "-" "libcurl/7.81.0 r-curl/6.0.1 httr/1.4.7"
154.12.55.32 - - [18/Oct/2025:17:05:24 +0800] "GET / HTTP/1.1" 200 4530 "-" "libcurl/7.81.0 r-curl/6.0.1 httr/1.4.7"
154.12.55.32 - - [18/Oct/2025:17:05:25 +0800] "GET / HTTP/2.0" 200 4515 "-" "libcurl/7.81.0 r-curl/6.0.1 httr/1.4.7"
180.97.218.71 - - [18/Oct/2025:17:52:01 +0800] "GET / HTTP/1.1" 200 18046 "https://blog.wumingai.com" "Mozilla/4.0 (compatible; MSIE 9.0; Windows NT 6.1)"
180.97.218.71 - - [18/Oct/2025:17:52:01 +0800] "GET / HTTP/1.1" 200 18046 "https://blog.wumingai.com" "Mozilla/4.0 (compatible; MSIE 9.0; Windows NT 6.1)"
180.97.218.71 - - [18/Oct/2025:17:52:02 +0800] "GET /post/61.html HTTP/1.1" 200 20848 "https://blog.wumingai.com/post/61.html" "Mozilla/4.0 (compatible; MSIE 9.0; Windows NT 6.1)"
180.97.218.71 - - [18/Oct/2025:17:52:02 +0800] "POST /zb_system/cmd.php?act=cmt&postid=61&key=c99c3d1164991713d07123b6b24a1518 HTTP/1.1" 200 230 "https://blog.wumingai.com/zb_system/cmd.php?act=cmt&postid=61&key=c99c3d1164991713d07123b6b24a1518" "Mozilla/4.0 (compatible; MSIE 9.0; Windows NT 6.1)"
154.12.55.32 - - [18/Oct/2025:18:06:18 +0800] "GET / HTTP/1.1" 200 4528 "-" "libcurl/7.81.0 r-curl/6.0.1 httr/1.4.7"
154.12.55.32 - - [18/Oct/2025:18:06:25 +0800] "GET / HTTP/2.0" 200 4512 "-" "libcurl/7.81.0 r-curl/6.0.1 httr/1.4.7"
154.12.55.32 - - [18/Oct/2025:19:06:05 +0800] "GET / HTTP/1.1" 200 4527 "-" "libcurl/7.81.0 r-curl/6.0.1 httr/1.4.7"
154.12.55.32 - - [18/Oct/2025:19:06:07 +0800] "GET / HTTP/2.0" 200 4512 "-" "libcurl/7.81.0 r-curl/6.0.1 httr/1.4.7"
116.162.94.115 - - [18/Oct/2025:19:11:38 +0800] "GET /zb_system/login.php HTTP/1.1" 200 2119 "-" "Mozilla/5.0 (Windows NT 10.0; Win64; x64)"
154.12.55.32 - - [18/Oct/2025:20:06:27 +0800] "GET / HTTP/1.1" 200 4527 "-" "libcurl/7.81.0 r-curl/6.0.1 httr/1.4.7"
154.12.55.32 - - [18/Oct/2025:20:06:29 +0800] "GET / HTTP/2.0" 200 4512 "-" "libcurl/7.81.0 r-curl/6.0.1 httr/1.4.7"
85.204.70.106 - - [18/Oct/2025:20:18:41 +0800] "GET / HTTP/1.1" 200 17974 "-" "Mozilla/5.0 (Windows NT 10.0; Win64; x64) AppleWebKit/537.36 (KHTML, like Gecko) Chrome/95.0.4638.69 Safari/537.36"
85.204.70.106 - - [18/Oct/2025:20:18:42 +0800] "GET /wp-includes/ID3/license.txt HTTP/1.1" 404 4110 "-" "Mozilla/5.0 (Windows NT 10.0; Win64; x64) AppleWebKit/537.36 (KHTML, like Gecko) Chrome/95.0.4638.69 Safari/537.36"
85.204.70.106 - - [18/Oct/2025:20:18:43 +0800] "GET /feed/ HTTP/1.1" 404 4110 "-" "Mozilla/5.0 (Windows NT 10.0; Win64; x64) AppleWebKit/537.36 (KHTML, like Gecko) Chrome/95.0.4638.69 Safari/537.36"
85.204.70.106 - - [18/Oct/2025:20:18:43 +0800] "GET /xmlrpc.php?rsd HTTP/1.1" 404 4110 "-" "Mozilla/5.0 (Windows NT 10.0; Win64; x64) AppleWebKit/537.36 (KHTML, like Gecko) Chrome/95.0.4638.69 Safari/537.36"
85.204.70.106 - - [18/Oct/2025:20:18:44 +0800] "GET /blog/wp-includes/wlwmanifest.xml HTTP/1.1" 404 4110 "-" "Mozilla/5.0 (Windows NT 10.0; Win64; x64) AppleWebKit/537.36 (KHTML, like Gecko) Chrome/95.0.4638.69 Safari/537.36"
85.204.70.106 - - [18/Oct/2025:20:18:44 +0800] "GET /web/wp-includes/wlwmanifest.xml HTTP/1.1" 404 4110 "-" "Mozilla/5.0 (Windows NT 10.0; Win64; x64) AppleWebKit/537.36 (KHTML, like Gecko) Chrome/95.0.4638.69 Safari/537.36"
85.204.70.106 - - [18/Oct/2025:20:18:45 +0800] "GET /wordpress/wp-includes/wlwmanifest.xml HTTP/1.1" 404 4110 "-" "Mozilla/5.0 (Windows NT 10.0; Win64; x64) AppleWebKit/537.36 (KHTML, like Gecko) Chrome/95.0.4638.69 Safari/537.36"
85.204.70.106 - - [18/Oct/2025:20:18:45 +0800] "GET /wp/wp-includes/wlwmanifest.xml HTTP/1.1" 404 4110 "-" "Mozilla/5.0 (Windows NT 10.0; Win64; x64) AppleWebKit/537.36 (KHTML, like Gecko) Chrome/95.0.4638.69 Safari/537.36"
85.204.70.106 - - [18/Oct/2025:20:18:46 +0800] "GET /2020/wp-includes/wlwmanifest.xml HTTP/1.1" 404 4110 "-" "Mozilla/5.0 (Windows NT 10.0; Win64; x64) AppleWebKit/537.36 (KHTML, like Gecko) Chrome/95.0.4638.69 Safari/537.36"
85.204.70.106 - - [18/Oct/2025:20:18:46 +0800] "GET /2019/wp-includes/wlwmanifest.xml HTTP/1.1" 404 4110 "-" "Mozilla/5.0 (Windows NT 10.0; Win64; x64) AppleWebKit/537.36 (KHTML, like Gecko) Chrome/95.0.4638.69 Safari/537.36"
85.204.70.106 - - [18/Oct/2025:20:18:47 +0800] "GET /2021/wp-includes/wlwmanifest.xml HTTP/1.1" 404 4110 "-" "Mozilla/5.0 (Windows NT 10.0; Win64; x64) AppleWebKit/537.36 (KHTML, like Gecko) Chrome/95.0.4638.69 Safari/537.36"
85.204.70.106 - - [18/Oct/2025:20:18:47 +0800] "GET /shop/wp-includes/wlwmanifest.xml HTTP/1.1" 404 4110 "-" "Mozilla/5.0 (Windows NT 10.0; Win64; x64) AppleWebKit/537.36 (KHTML, like Gecko) Chrome/95.0.4638.69 Safari/537.36"
85.204.70.106 - - [18/Oct/2025:20:18:48 +0800] "GET /wp1/wp-includes/wlwmanifest.xml HTTP/1.1" 404 4110 "-" "Mozilla/5.0 (Windows NT 10.0; Win64; x64) AppleWebKit/537.36 (KHTML, like Gecko) Chrome/95.0.4638.69 Safari/537.36"
85.204.70.106 - - [18/Oct/2025:20:18:48 +0800] "GET /test/wp-includes/wlwmanifest.xml HTTP/1.1" 404 4110 "-" "Mozilla/5.0 (Windows NT 10.0; Win64; x64) AppleWebKit/537.36 (KHTML, like Gecko) Chrome/95.0.4638.69 Safari/537.36"
85.204.70.106 - - [18/Oct/2025:20:18:49 +0800] "GET /site/wp-includes/wlwmanifest.xml HTTP/1.1" 404 4110 "-" "Mozilla/5.0 (Windows NT 10.0; Win64; x64) AppleWebKit/537.36 (KHTML, like Gecko) Chrome/95.0.4638.69 Safari/537.36"
85.204.70.106 - - [18/Oct/2025:20:18:49 +0800] "GET /cms/wp-includes/wlwmanifest.xml HTTP/1.1" 404 4110 "-" "Mozilla/5.0 (Windows NT 10.0; Win64; x64) AppleWebKit/537.36 (KHTML, like Gecko) Chrome/95.0.4638.69 Safari/537.36"
116.162.94.115 - - [18/Oct/2025:20:51:00 +0800] "GET /zb_system/login.php HTTP/1.1" 200 2118 "-" "Mozilla/5.0 (Windows NT 10.0; Win64; x64)"
47.93.121.137 - - [18/Oct/2025:21:04:29 +0800] "GET /post/21.html HTTP/1.1" 200 7496 "-" "Mozilla/5.0 (Windows NT 10.0; Win64; x64) AppleWebKit/537.36 (KHTML, like Gecko) Chrome/121.0.0.0 Safari/537.36 Edg/121.0.0.0"
114.250.49.76 - - [18/Oct/2025:21:05:38 +0800] "GET /post/34.html HTTP/1.1" 200 8939 "-" "Mozilla/5.0 (Windows NT 10.0; Win64; x64) AppleWebKit/537.36 (KHTML, like Gecko) Chrome/121.0.0.0 Safari/537.36 Edg/121.0.0.0"
154.12.55.32 - - [18/Oct/2025:21:06:21 +0800] "GET / HTTP/1.1" 200 4527 "-" "libcurl/7.81.0 r-curl/6.0.1 httr/1.4.7"
154.12.55.32 - - [18/Oct/2025:21:06:23 +0800] "GET / HTTP/2.0" 200 4513 "-" "libcurl/7.81.0 r-curl/6.0.1 httr/1.4.7"
154.12.55.32 - - [18/Oct/2025:22:06:01 +0800] "GET / HTTP/1.1" 200 4527 "-" "libcurl/7.81.0 r-curl/6.0.1 httr/1.4.7"
154.12.55.32 - - [18/Oct/2025:22:06:02 +0800] "GET / HTTP/2.0" 200 4512 "-" "libcurl/7.81.0 r-curl/6.0.1 httr/1.4.7"
116.162.94.115 - - [18/Oct/2025:22:41:32 +0800] "GET /zb_system/login.php HTTP/1.1" 200 2119 "-" "Mozilla/5.0 (Windows NT 10.0; Win64; x64)"
154.12.55.32 - - [18/Oct/2025:23:06:14 +0800] "GET / HTTP/1.1" 200 4527 "-" "libcurl/7.81.0 r-curl/6.0.1 httr/1.4.7"
154.12.55.32 - - [18/Oct/2025:23:06:16 +0800] "GET / HTTP/2.0" 200 4512 "-" "libcurl/7.81.0 r-curl/6.0.1 httr/1.4.7"
40.77.167.1 - - [18/Oct/2025:23:36:04 +0800] "GET /post/12.html HTTP/2.0" 200 15883 "-" "Mozilla/5.0 AppleWebKit/537.36 (KHTML, like Gecko; compatible; bingbot/2.0; +http://www.bing.com/bingbot.htm) Chrome/116.0.1938.76 Safari/537.36"
154.12.55.32 - - [19/Oct/2025:00:07:07 +0800] "GET / HTTP/1.1" 200 4527 "-" "libcurl/7.81.0 r-curl/6.0.1 httr/1.4.7"
154.12.55.32 - - [19/Oct/2025:00:07:09 +0800] "GET / HTTP/2.0" 200 4512 "-" "libcurl/7.81.0 r-curl/6.0.1 httr/1.4.7"
154.12.55.32 - - [19/Oct/2025:01:06:25 +0800] "GET / HTTP/1.1" 200 4527 "-" "libcurl/7.81.0 r-curl/6.0.1 httr/1.4.7"
154.12.55.32 - - [19/Oct/2025:01:06:27 +0800] "GET / HTTP/2.0" 200 4512 "-" "libcurl/7.81.0 r-curl/6.0.1 httr/1.4.7"
154.12.55.32 - - [19/Oct/2025:02:05:53 +0800] "GET / HTTP/1.1" 200 4527 "-" "libcurl/7.81.0 r-curl/6.0.1 httr/1.4.7"
154.12.55.32 - - [19/Oct/2025:02:05:55 +0800] "GET / HTTP/2.0" 200 4512 "-" "libcurl/7.81.0 r-curl/6.0.1 httr/1.4.7"
116.162.94.115 - - [19/Oct/2025:02:18:57 +0800] "GET /zb_system/login.php HTTP/1.1" 200 2118 "-" "Mozilla/5.0 (Windows NT 10.0; Win64; x64)"
94.228.114.75 - - [19/Oct/2025:02:50:53 +0800] "GET /adminer.php HTTP/1.1" 404 4110 "-" "Mozilla/5.0 (Windows NT 10.0; Win64; x64) AppleWebKit/537.36 (KHTML, like Gecko) Chrome/138.0.0.0 YaBrowser/25.8.0.0 Safari/537.36"
154.12.55.32 - - [19/Oct/2025:03:06:02 +0800] "GET / HTTP/1.1" 200 4527 "-" "libcurl/7.81.0 r-curl/6.0.1 httr/1.4.7"
154.12.55.32 - - [19/Oct/2025:03:06:03 +0800] "GET / HTTP/2.0" 200 4512 "-" "libcurl/7.81.0 r-curl/6.0.1 httr/1.4.7"
220.202.199.246 - - [19/Oct/2025:03:50:01 +0800] "GET /zb_system/login.php HTTP/1.1" 200 2119 "-" "Mozilla/5.0 (Windows NT 10.0; Win64; x64)"
154.12.55.32 - - [19/Oct/2025:04:06:17 +0800] "GET / HTTP/1.1" 200 4527 "-" "libcurl/7.81.0 r-curl/6.0.1 httr/1.4.7"
154.12.55.32 - - [19/Oct/2025:04:06:18 +0800] "GET / HTTP/2.0" 200 4512 "-" "libcurl/7.81.0 r-curl/6.0.1 httr/1.4.7"
154.12.55.32 - - [19/Oct/2025:05:06:52 +0800] "GET / HTTP/1.1" 200 4527 "-" "libcurl/7.81.0 r-curl/6.0.1 httr/1.4.7"
154.12.55.32 - - [19/Oct/2025:05:06:54 +0800] "GET / HTTP/2.0" 200 4513 "-" "libcurl/7.81.0 r-curl/6.0.1 httr/1.4.7"
154.12.55.32 - - [19/Oct/2025:06:05:52 +0800] "GET / HTTP/1.1" 200 4527 "-" "libcurl/7.81.0 r-curl/6.0.1 httr/1.4.7"
154.12.55.32 - - [19/Oct/2025:06:05:54 +0800] "GET / HTTP/2.0" 200 4512 "-" "libcurl/7.81.0 r-curl/6.0.1 httr/1.4.7"
180.97.218.71 - - [19/Oct/2025:06:24:58 +0800] "GET / HTTP/1.1" 200 18046 "https://blog.wumingai.com" "Mozilla/4.0 (compatible; MSIE 9.0; Windows NT 6.1)"
180.97.218.71 - - [19/Oct/2025:06:24:59 +0800] "GET / HTTP/1.1" 200 18046 "https://blog.wumingai.com" "Mozilla/4.0 (compatible; MSIE 9.0; Windows NT 6.1)"
180.97.218.71 - - [19/Oct/2025:06:24:59 +0800] "GET /post/63.html HTTP/1.1" 200 28179 "https://blog.wumingai.com/post/63.html" "Mozilla/4.0 (compatible; MSIE 9.0; Windows NT 6.1)"
180.97.218.71 - - [19/Oct/2025:06:25:00 +0800] "POST /zb_system/cmd.php?act=cmt&postid=63&key=3858e78659a6c70fe34eaaee1bf083ec HTTP/1.1" 200 1236 "https://blog.wumingai.com/zb_system/cmd.php?act=cmt&postid=63&key=3858e78659a6c70fe34eaaee1bf083ec" "Mozilla/4.0 (compatible; MSIE 9.0; Windows NT 6.1)"
154.12.55.32 - - [19/Oct/2025:07:06:19 +0800] "GET / HTTP/1.1" 200 4580 "-" "libcurl/7.81.0 r-curl/6.0.1 httr/1.4.7"
154.12.55.32 - - [19/Oct/2025:07:06:20 +0800] "GET / HTTP/2.0" 200 4565 "-" "libcurl/7.81.0 r-curl/6.0.1 httr/1.4.7"
154.12.55.32 - - [19/Oct/2025:08:06:30 +0800] "GET / HTTP/1.1" 200 4579 "-" "libcurl/7.81.0 r-curl/6.0.1 httr/1.4.7"
154.12.55.32 - - [19/Oct/2025:08:06:32 +0800] "GET / HTTP/2.0" 200 4565 "-" "libcurl/7.81.0 r-curl/6.0.1 httr/1.4.7"
154.12.55.32 - - [19/Oct/2025:09:06:39 +0800] "GET / HTTP/1.1" 200 4579 "-" "libcurl/7.81.0 r-curl/6.0.1 httr/1.4.7"
154.12.55.32 - - [19/Oct/2025:09:06:40 +0800] "GET / HTTP/2.0" 200 4565 "-" "libcurl/7.81.0 r-curl/6.0.1 httr/1.4.7"
154.12.55.32 - - [19/Oct/2025:11:07:26 +0800] "GET / HTTP/1.1" 200 4579 "-" "libcurl/7.81.0 r-curl/6.0.1 httr/1.4.7"
154.12.55.32 - - [19/Oct/2025:11:07:28 +0800] "GET / HTTP/2.0" 200 4565 "-" "libcurl/7.81.0 r-curl/6.0.1 httr/1.4.7"
154.12.55.32 - - [19/Oct/2025:12:07:10 +0800] "GET / HTTP/1.1" 200 4579 "-" "libcurl/7.81.0 r-curl/6.0.1 httr/1.4.7"
154.12.55.32 - - [19/Oct/2025:12:07:12 +0800] "GET / HTTP/2.0" 200 4565 "-" "libcurl/7.81.0 r-curl/6.0.1 httr/1.4.7"
154.12.55.32 - - [19/Oct/2025:13:06:21 +0800] "GET / HTTP/1.1" 200 4579 "-" "libcurl/7.81.0 r-curl/6.0.1 httr/1.4.7"
154.12.55.32 - - [19/Oct/2025:13:06:22 +0800] "GET / HTTP/2.0" 200 4565 "-" "libcurl/7.81.0 r-curl/6.0.1 httr/1.4.7"
185.41.120.35 - - [19/Oct/2025:13:21:47 +0800] "GET /tinyfilemanager/tinyfilemanager.php HTTP/1.1" 404 4110 "-" "Mozilla/5.0 (Windows NT 10.0; Win64; x64) AppleWebKit/537.36 (KHTML, like Gecko) Chrome/124.0.0.0 Safari/537.36"
185.41.120.35 - - [19/Oct/2025:13:21:48 +0800] "GET /tinyfilemanager.php HTTP/1.1" 404 4110 "-" "Mozilla/5.0 (Windows NT 10.0; Win64; x64) AppleWebKit/537.36 (KHTML, like Gecko) Chrome/124.0.0.0 Safari/537.36"
154.12.55.32 - - [19/Oct/2025:14:06:28 +0800] "GET / HTTP/1.1" 200 4579 "-" "libcurl/7.81.0 r-curl/6.0.1 httr/1.4.7"
154.12.55.32 - - [19/Oct/2025:14:06:30 +0800] "GET / HTTP/2.0" 200 4565 "-" "libcurl/7.81.0 r-curl/6.0.1 httr/1.4.7"
220.202.199.246 - - [19/Oct/2025:14:06:52 +0800] "GET /zb_system/login.php HTTP/1.1" 200 2117 "-" "Mozilla/5.0 (Windows NT 10.0; Win64; x64)"
154.12.55.32 - - [19/Oct/2025:15:06:06 +0800] "GET / HTTP/1.1" 200 4579 "-" "libcurl/7.81.0 r-curl/6.0.1 httr/1.4.7"
154.12.55.32 - - [19/Oct/2025:15:06:08 +0800] "GET / HTTP/2.0" 200 4565 "-" "libcurl/7.81.0 r-curl/6.0.1 httr/1.4.7"
154.12.55.32 - - [19/Oct/2025:16:06:18 +0800] "GET / HTTP/1.1" 200 4579 "-" "libcurl/7.81.0 r-curl/6.0.1 httr/1.4.7"
154.12.55.32 - - [19/Oct/2025:16:06:21 +0800] "GET / HTTP/2.0" 200 4565 "-" "libcurl/7.81.0 r-curl/6.0.1 httr/1.4.7"
154.12.55.32 - - [19/Oct/2025:17:06:35 +0800] "GET / HTTP/1.1" 200 4579 "-" "libcurl/7.81.0 r-curl/6.0.1 httr/1.4.7"
154.12.55.32 - - [19/Oct/2025:17:06:37 +0800] "GET / HTTP/2.0" 200 4565 "-" "libcurl/7.81.0 r-curl/6.0.1 httr/1.4.7"
154.12.55.32 - - [19/Oct/2025:18:07:02 +0800] "GET / HTTP/1.1" 200 4579 "-" "libcurl/7.81.0 r-curl/6.0.1 httr/1.4.7"
