57.180.51.6 - - [16/Nov/2025:19:32:42 +0800] "GET /includes/.env.old HTTP/1.1" 404 1469 "-" "python-httpx/0.24.1"
57.180.51.6 - - [16/Nov/2025:19:32:42 +0800] "GET /lib/.env HTTP/1.1" 404 1469 "-" "python-httpx/0.24.1"
57.180.51.6 - - [16/Nov/2025:19:32:42 +0800] "GET /lib/.env.old HTTP/1.1" 404 1469 "-" "python-httpx/0.24.1"
57.180.51.6 - - [16/Nov/2025:19:32:46 +0800] "GET /system/.env HTTP/1.1" 404 1469 "-" "python-httpx/0.24.1"
57.180.51.6 - - [16/Nov/2025:19:32:46 +0800] "GET /application/.env.bak HTTP/1.1" 404 1469 "-" "python-httpx/0.24.1"
57.180.51.6 - - [16/Nov/2025:19:32:46 +0800] "GET /application/.env.old HTTP/1.1" 404 1469 "-" "python-httpx/0.24.1"
57.180.51.6 - - [16/Nov/2025:19:32:46 +0800] "GET /application/.env.save HTTP/1.1" 404 1469 "-" "python-httpx/0.24.1"
57.180.51.6 - - [16/Nov/2025:19:32:46 +0800] "GET /core/.env.bak HTTP/1.1" 404 1469 "-" "python-httpx/0.24.1"
57.180.51.6 - - [16/Nov/2025:19:32:46 +0800] "GET /system/.env.bak HTTP/1.1" 404 1469 "-" "python-httpx/0.24.1"
57.180.51.6 - - [16/Nov/2025:19:32:47 +0800] "GET /core/.env.old HTTP/1.1" 404 1469 "-" "python-httpx/0.24.1"
57.180.51.6 - - [16/Nov/2025:19:32:47 +0800] "GET /core/.env.save HTTP/1.1" 404 1469 "-" "python-httpx/0.24.1"
57.180.51.6 - - [16/Nov/2025:19:32:47 +0800] "GET /core/.env HTTP/1.1" 404 1469 "-" "python-httpx/0.24.1"
57.180.51.6 - - [16/Nov/2025:19:32:47 +0800] "GET /system/.env.save HTTP/1.1" 404 1469 "-" "python-httpx/0.24.1"
57.180.51.6 - - [16/Nov/2025:19:32:47 +0800] "GET /system/.env.old HTTP/1.1" 404 1469 "-" "python-httpx/0.24.1"
57.180.51.6 - - [16/Nov/2025:19:32:47 +0800] "GET /plugins/.env HTTP/1.1" 404 1469 "-" "python-httpx/0.24.1"
57.180.51.6 - - [16/Nov/2025:19:32:47 +0800] "GET /modules/.env.old HTTP/1.1" 404 1469 "-" "python-httpx/0.24.1"
57.180.51.6 - - [16/Nov/2025:19:32:47 +0800] "GET /modules/.env.save HTTP/1.1" 404 1469 "-" "python-httpx/0.24.1"
57.180.51.6 - - [16/Nov/2025:19:32:47 +0800] "GET /modules/.env.bak HTTP/1.1" 404 1469 "-" "python-httpx/0.24.1"
57.180.51.6 - - [16/Nov/2025:19:32:47 +0800] "GET /plugins/.env.old HTTP/1.1" 404 1469 "-" "python-httpx/0.24.1"
57.180.51.6 - - [16/Nov/2025:19:32:47 +0800] "GET /modules/.env HTTP/1.1" 404 1469 "-" "python-httpx/0.24.1"
57.180.51.6 - - [16/Nov/2025:19:32:47 +0800] "GET /plugins/.env.bak HTTP/1.1" 404 1469 "-" "python-httpx/0.24.1"
57.180.51.6 - - [16/Nov/2025:19:32:47 +0800] "GET /themes/.env HTTP/1.1" 404 1469 "-" "python-httpx/0.24.1"
57.180.51.6 - - [16/Nov/2025:19:32:47 +0800] "GET /plugins/.env.save HTTP/1.1" 404 1469 "-" "python-httpx/0.24.1"
57.180.51.6 - - [16/Nov/2025:19:32:50 +0800] "GET /vendor/.env.old HTTP/1.1" 404 1469 "-" "python-httpx/0.24.1"
57.180.51.6 - - [16/Nov/2025:19:32:50 +0800] "GET /storage/.env HTTP/1.1" 404 1469 "-" "python-httpx/0.24.1"
57.180.51.6 - - [16/Nov/2025:19:32:50 +0800] "GET /themes/.env.bak HTTP/1.1" 404 1469 "-" "python-httpx/0.24.1"
57.180.51.6 - - [16/Nov/2025:19:32:50 +0800] "GET /storage/.env.save HTTP/1.1" 404 1469 "-" "python-httpx/0.24.1"
57.180.51.6 - - [16/Nov/2025:19:32:50 +0800] "GET /themes/.env.old HTTP/1.1" 404 1469 "-" "python-httpx/0.24.1"
57.180.51.6 - - [16/Nov/2025:19:32:50 +0800] "GET /info.php HTTP/1.1" 404 1469 "-" "python-httpx/0.24.1"
57.180.51.6 - - [16/Nov/2025:19:32:50 +0800] "GET /vendor/.env HTTP/1.1" 404 1469 "-" "python-httpx/0.24.1"
57.180.51.6 - - [16/Nov/2025:19:32:50 +0800] "GET /vendor/.env.bak HTTP/1.1" 404 1469 "-" "python-httpx/0.24.1"
57.180.51.6 - - [16/Nov/2025:19:32:50 +0800] "GET /phpinfo.php HTTP/1.1" 404 1469 "-" "python-httpx/0.24.1"
57.180.51.6 - - [16/Nov/2025:19:32:50 +0800] "GET /vendor/.env.save HTTP/1.1" 404 1469 "-" "python-httpx/0.24.1"
57.180.51.6 - - [16/Nov/2025:19:32:50 +0800] "GET /storage/.env.bak HTTP/1.1" 404 1469 "-" "python-httpx/0.24.1"
57.180.51.6 - - [16/Nov/2025:19:32:50 +0800] "GET /_profiler/phpinfo HTTP/1.1" 404 1469 "-" "python-httpx/0.24.1"
57.180.51.6 - - [16/Nov/2025:19:32:50 +0800] "GET /themes/.env.save HTTP/1.1" 404 1469 "-" "python-httpx/0.24.1"
57.180.51.6 - - [16/Nov/2025:19:32:50 +0800] "GET /php_info.php HTTP/1.1" 404 1469 "-" "python-httpx/0.24.1"
57.180.51.6 - - [16/Nov/2025:19:32:50 +0800] "GET /storage/.env.old HTTP/1.1" 404 1469 "-" "python-httpx/0.24.1"
57.180.51.6 - - [16/Nov/2025:19:32:52 +0800] "GET /info1.php HTTP/1.1" 404 1469 "-" "python-httpx/0.24.1"
57.180.51.6 - - [16/Nov/2025:19:32:52 +0800] "GET /phpinfo HTTP/1.1" 404 1469 "-" "python-httpx/0.24.1"
57.180.51.6 - - [16/Nov/2025:19:32:52 +0800] "GET /php.php HTTP/1.1" 404 1469 "-" "python-httpx/0.24.1"
57.180.51.6 - - [16/Nov/2025:19:32:52 +0800] "GET /info2.php HTTP/1.1" 404 1469 "-" "python-httpx/0.24.1"
57.180.51.6 - - [16/Nov/2025:19:32:52 +0800] "GET /test.php HTTP/1.1" 404 1469 "-" "python-httpx/0.24.1"
57.180.51.6 - - [16/Nov/2025:19:32:53 +0800] "GET /pi.php HTTP/1.1" 404 1469 "-" "python-httpx/0.24.1"
57.180.51.6 - - [16/Nov/2025:19:32:53 +0800] "GET /phpversion.php HTTP/1.1" 404 1469 "-" "python-httpx/0.24.1"
57.180.51.6 - - [16/Nov/2025:19:32:53 +0800] "GET /i.php HTTP/1.1" 404 1469 "-" "python-httpx/0.24.1"
57.180.51.6 - - [16/Nov/2025:19:33:00 +0800] "GET /diagnostic.php HTTP/1.1" 404 1469 "-" "python-httpx/0.24.1"
57.180.51.6 - - [16/Nov/2025:19:33:00 +0800] "GET /debug.php HTTP/1.1" 404 1469 "-" "python-httpx/0.24.1"
57.180.51.6 - - [16/Nov/2025:19:33:00 +0800] "GET /info.php.save HTTP/1.1" 404 1469 "-" "python-httpx/0.24.1"
57.180.51.6 - - [16/Nov/2025:19:33:00 +0800] "GET /check.php HTTP/1.1" 404 1469 "-" "python-httpx/0.24.1"
57.180.51.6 - - [16/Nov/2025:19:33:00 +0800] "GET /php_version.php HTTP/1.1" 404 1469 "-" "python-httpx/0.24.1"
57.180.51.6 - - [16/Nov/2025:19:33:00 +0800] "GET /test.php.save HTTP/1.1" 404 1469 "-" "python-httpx/0.24.1"
57.180.51.6 - - [16/Nov/2025:19:33:00 +0800] "GET /server.php HTTP/1.1" 404 1469 "-" "python-httpx/0.24.1"
57.180.51.6 - - [16/Nov/2025:19:33:00 +0800] "GET /phpinfo.php.bak HTTP/1.1" 404 1469 "-" "python-httpx/0.24.1"
57.180.51.6 - - [16/Nov/2025:19:33:00 +0800] "GET /php_info.php.save HTTP/1.1" 404 1469 "-" "python-httpx/0.24.1"
57.180.51.6 - - [16/Nov/2025:19:33:00 +0800] "GET /phpinfo.php.save HTTP/1.1" 404 1469 "-" "python-httpx/0.24.1"
57.180.51.6 - - [16/Nov/2025:19:33:00 +0800] "GET /phptest.php HTTP/1.1" 404 1469 "-" "python-httpx/0.24.1"
57.180.51.6 - - [16/Nov/2025:19:33:00 +0800] "GET /serverinfo.php HTTP/1.1" 404 1469 "-" "python-httpx/0.24.1"
57.180.51.6 - - [16/Nov/2025:19:33:00 +0800] "GET /test.php.bak HTTP/1.1" 404 1469 "-" "python-httpx/0.24.1"
57.180.51.6 - - [16/Nov/2025:19:33:00 +0800] "GET /info.php.old HTTP/1.1" 404 1469 "-" "python-httpx/0.24.1"
57.180.51.6 - - [16/Nov/2025:19:33:00 +0800] "GET /info.php.bak HTTP/1.1" 404 1469 "-" "python-httpx/0.24.1"
57.180.51.6 - - [16/Nov/2025:19:33:00 +0800] "GET /php_info.php.old HTTP/1.1" 404 1469 "-" "python-httpx/0.24.1"
57.180.51.6 - - [16/Nov/2025:19:33:00 +0800] "GET /phpinfo.php.old HTTP/1.1" 404 1469 "-" "python-httpx/0.24.1"
57.180.51.6 - - [16/Nov/2025:19:33:00 +0800] "GET /php_info.php.bak HTTP/1.1" 404 1469 "-" "python-httpx/0.24.1"
57.180.51.6 - - [16/Nov/2025:19:33:06 +0800] "GET /phpinfo.php.backup HTTP/1.1" 404 1469 "-" "python-httpx/0.24.1"
57.180.51.6 - - [16/Nov/2025:19:33:06 +0800] "GET /test.php.old HTTP/1.1" 404 1469 "-" "python-httpx/0.24.1"
57.180.51.6 - - [16/Nov/2025:19:33:06 +0800] "GET /phpinfo.php.orig HTTP/1.1" 404 1469 "-" "python-httpx/0.24.1"
57.180.51.6 - - [16/Nov/2025:19:33:06 +0800] "GET /php_info.php~ HTTP/1.1" 404 1469 "-" "python-httpx/0.24.1"
57.180.51.6 - - [16/Nov/2025:19:33:06 +0800] "GET /info.php.backup HTTP/1.1" 404 1469 "-" "python-httpx/0.24.1"
57.180.51.6 - - [16/Nov/2025:19:33:06 +0800] "GET /php_info.php.backup HTTP/1.1" 404 1469 "-" "python-httpx/0.24.1"
57.180.51.6 - - [16/Nov/2025:19:33:06 +0800] "GET /test.php.backup HTTP/1.1" 404 1469 "-" "python-httpx/0.24.1"
57.180.51.6 - - [16/Nov/2025:19:33:06 +0800] "GET /info.php.orig HTTP/1.1" 404 1469 "-" "python-httpx/0.24.1"
57.180.51.6 - - [16/Nov/2025:19:33:06 +0800] "GET /info.php~ HTTP/1.1" 404 1469 "-" "python-httpx/0.24.1"
57.180.51.6 - - [16/Nov/2025:19:33:06 +0800] "GET /phpinfo.php~ HTTP/1.1" 404 1469 "-" "python-httpx/0.24.1"
57.180.51.6 - - [16/Nov/2025:19:33:06 +0800] "GET /test.php.orig HTTP/1.1" 404 1469 "-" "python-httpx/0.24.1"
57.180.51.6 - - [16/Nov/2025:19:33:06 +0800] "GET /phpinfo.php.swp HTTP/1.1" 404 1469 "-" "python-httpx/0.24.1"
57.180.51.6 - - [16/Nov/2025:19:33:06 +0800] "GET /test.php~ HTTP/1.1" 404 1469 "-" "python-httpx/0.24.1"
57.180.51.6 - - [16/Nov/2025:19:33:06 +0800] "GET /info.php.swp HTTP/1.1" 404 1469 "-" "python-httpx/0.24.1"
57.180.51.6 - - [16/Nov/2025:19:33:06 +0800] "GET /php_info.php.orig HTTP/1.1" 404 1469 "-" "python-httpx/0.24.1"
57.180.51.6 - - [16/Nov/2025:19:33:09 +0800] "GET /php_info.php.swp HTTP/1.1" 404 1469 "-" "python-httpx/0.24.1"
57.180.51.6 - - [16/Nov/2025:19:33:09 +0800] "GET /test.php.swp HTTP/1.1" 404 1469 "-" "python-httpx/0.24.1"
57.180.51.6 - - [16/Nov/2025:19:33:09 +0800] "GET /php_info.php.tmp HTTP/1.1" 404 1469 "-" "python-httpx/0.24.1"
57.180.51.6 - - [16/Nov/2025:19:33:10 +0800] "GET /info.php.tmp HTTP/1.1" 404 1469 "-" "python-httpx/0.24.1"
57.180.51.6 - - [16/Nov/2025:19:33:10 +0800] "GET /phpinfo.php.tmp HTTP/1.1" 404 1469 "-" "python-httpx/0.24.1"
57.180.51.6 - - [16/Nov/2025:19:33:10 +0800] "GET /admin/phpinfo.php.save HTTP/1.1" 404 1469 "-" "python-httpx/0.24.1"
57.180.51.6 - - [16/Nov/2025:19:33:10 +0800] "GET /admin/info.php.save HTTP/1.1" 404 1469 "-" "python-httpx/0.24.1"
57.180.51.6 - - [16/Nov/2025:19:33:10 +0800] "GET /test/phpinfo.php HTTP/1.1" 404 1469 "-" "python-httpx/0.24.1"
57.180.51.6 - - [16/Nov/2025:19:33:10 +0800] "GET /test.php.tmp HTTP/1.1" 404 1469 "-" "python-httpx/0.24.1"
57.180.51.6 - - [16/Nov/2025:19:33:10 +0800] "GET /admin/phpinfo.php HTTP/1.1" 404 1469 "-" "python-httpx/0.24.1"
57.180.51.6 - - [16/Nov/2025:19:33:10 +0800] "GET /admin/info.php HTTP/1.1" 404 1469 "-" "python-httpx/0.24.1"
57.180.51.6 - - [16/Nov/2025:19:33:18 +0800] "GET /test/info.php HTTP/1.1" 404 1469 "-" "python-httpx/0.24.1"
57.180.51.6 - - [16/Nov/2025:19:33:18 +0800] "GET /test/phpinfo.php.save HTTP/1.1" 404 1469 "-" "python-httpx/0.24.1"
57.180.51.6 - - [16/Nov/2025:19:33:18 +0800] "GET /test/info.php.save HTTP/1.1" 404 1469 "-" "python-httpx/0.24.1"
57.180.51.6 - - [16/Nov/2025:19:33:18 +0800] "GET /dev/phpinfo.php HTTP/1.1" 404 1469 "-" "python-httpx/0.24.1"
57.180.51.6 - - [16/Nov/2025:19:33:41 +0800] "GET /tmp/phpinfo.php HTTP/1.1" 404 1469 "-" "python-httpx/0.24.1"
57.180.51.6 - - [16/Nov/2025:19:33:41 +0800] "GET /dev/info.php.save HTTP/1.1" 404 1469 "-" "python-httpx/0.24.1"
57.180.51.6 - - [16/Nov/2025:19:33:41 +0800] "GET /dev/info.php HTTP/1.1" 404 1469 "-" "python-httpx/0.24.1"
57.180.51.6 - - [16/Nov/2025:19:33:41 +0800] "GET /tmp/phpinfo.php.save HTTP/1.1" 404 1469 "-" "python-httpx/0.24.1"
57.180.51.6 - - [16/Nov/2025:19:33:41 +0800] "GET /tmp/info.php.save HTTP/1.1" 404 1469 "-" "python-httpx/0.24.1"
57.180.51.6 - - [16/Nov/2025:19:33:41 +0800] "GET /tmp/info.php HTTP/1.1" 404 1469 "-" "python-httpx/0.24.1"
57.180.51.6 - - [16/Nov/2025:19:33:41 +0800] "GET /dev/phpinfo.php.save HTTP/1.1" 404 1469 "-" "python-httpx/0.24.1"
57.180.51.6 - - [16/Nov/2025:19:33:44 +0800] "GET /includes/phpinfo.php HTTP/1.1" 404 1469 "-" "python-httpx/0.24.1"
57.180.51.6 - - [16/Nov/2025:19:33:44 +0800] "GET /includes/phpinfo.php.save HTTP/1.1" 404 1469 "-" "python-httpx/0.24.1"
57.180.51.6 - - [16/Nov/2025:19:33:44 +0800] "GET /includes/info.php HTTP/1.1" 404 1469 "-" "python-httpx/0.24.1"
57.180.51.6 - - [16/Nov/2025:19:33:44 +0800] "GET /scripts/phpinfo.php HTTP/1.1" 404 1469 "-" "python-httpx/0.24.1"
57.180.51.6 - - [16/Nov/2025:19:33:44 +0800] "GET /scripts/info.php HTTP/1.1" 404 1469 "-" "python-httpx/0.24.1"
57.180.51.6 - - [16/Nov/2025:19:33:44 +0800] "GET /includes/info.php.save HTTP/1.1" 404 1469 "-" "python-httpx/0.24.1"
57.180.51.6 - - [16/Nov/2025:19:33:54 +0800] "GET /scripts/phpinfo.php.save HTTP/1.1" 404 1469 "-" "python-httpx/0.24.1"
57.180.51.6 - - [16/Nov/2025:19:33:54 +0800] "GET /public/phpinfo.php HTTP/1.1" 404 1469 "-" "python-httpx/0.24.1"
57.180.51.6 - - [16/Nov/2025:19:33:54 +0800] "GET /public/info.php.save HTTP/1.1" 404 1469 "-" "python-httpx/0.24.1"
57.180.51.6 - - [16/Nov/2025:19:33:54 +0800] "GET /scripts/info.php.save HTTP/1.1" 404 1469 "-" "python-httpx/0.24.1"
57.180.51.6 - - [16/Nov/2025:19:33:54 +0800] "GET /cgi-bin/phpinfo.php.save HTTP/1.1" 404 1469 "-" "python-httpx/0.24.1"
57.180.51.6 - - [16/Nov/2025:19:33:54 +0800] "GET /cgi-bin/info.php HTTP/1.1" 404 1469 "-" "python-httpx/0.24.1"
57.180.51.6 - - [16/Nov/2025:19:33:54 +0800] "GET /www/info.php HTTP/1.1" 404 1469 "-" "python-httpx/0.24.1"
57.180.51.6 - - [16/Nov/2025:19:33:54 +0800] "GET /cgi-bin/phpinfo.php HTTP/1.1" 404 1469 "-" "python-httpx/0.24.1"
57.180.51.6 - - [16/Nov/2025:19:33:54 +0800] "GET /www/phpinfo.php.save HTTP/1.1" 404 1469 "-" "python-httpx/0.24.1"
57.180.51.6 - - [16/Nov/2025:19:33:54 +0800] "GET /web/info.php.save HTTP/1.1" 404 1469 "-" "python-httpx/0.24.1"
57.180.51.6 - - [16/Nov/2025:19:33:55 +0800] "GET /web/info.php HTTP/1.1" 404 1469 "-" "python-httpx/0.24.1"
57.180.51.6 - - [16/Nov/2025:19:33:55 +0800] "GET /site/phpinfo.php.save HTTP/1.1" 404 1469 "-" "python-httpx/0.24.1"
57.180.51.6 - - [16/Nov/2025:19:33:55 +0800] "GET /cgi-bin/info.php.save HTTP/1.1" 404 1469 "-" "python-httpx/0.24.1"
57.180.51.6 - - [16/Nov/2025:19:33:55 +0800] "GET /web/phpinfo.php HTTP/1.1" 404 1469 "-" "python-httpx/0.24.1"
57.180.51.6 - - [16/Nov/2025:19:33:55 +0800] "GET /www/phpinfo.php HTTP/1.1" 404 1469 "-" "python-httpx/0.24.1"
57.180.51.6 - - [16/Nov/2025:19:33:55 +0800] "GET /web/phpinfo.php.save HTTP/1.1" 404 1469 "-" "python-httpx/0.24.1"
57.180.51.6 - - [16/Nov/2025:19:33:55 +0800] "GET /public/info.php HTTP/1.1" 404 1469 "-" "python-httpx/0.24.1"
57.180.51.6 - - [16/Nov/2025:19:33:55 +0800] "GET /site/info.php.save HTTP/1.1" 404 1469 "-" "python-httpx/0.24.1"
57.180.51.6 - - [16/Nov/2025:19:33:55 +0800] "GET /public/phpinfo.php.save HTTP/1.1" 404 1469 "-" "python-httpx/0.24.1"
57.180.51.6 - - [16/Nov/2025:19:33:55 +0800] "GET /www/info.php.save HTTP/1.1" 404 1469 "-" "python-httpx/0.24.1"
57.180.51.6 - - [16/Nov/2025:19:33:55 +0800] "GET /site/phpinfo.php HTTP/1.1" 404 1469 "-" "python-httpx/0.24.1"
57.180.51.6 - - [16/Nov/2025:19:33:55 +0800] "GET /site/info.php HTTP/1.1" 404 1469 "-" "python-httpx/0.24.1"
57.180.51.6 - - [16/Nov/2025:19:34:01 +0800] "GET /.git/config HTTP/1.1" 404 1469 "-" "python-httpx/0.24.1"
154.12.55.32 - - [16/Nov/2025:20:00:19 +0800] "GET / HTTP/1.1" 200 4730 "-" "libcurl/7.81.0 r-curl/6.0.1 httr/1.4.7"
154.12.55.32 - - [16/Nov/2025:20:00:20 +0800] "GET / HTTP/2.0" 200 4713 "-" "libcurl/7.81.0 r-curl/6.0.1 httr/1.4.7"
1.92.215.120 - - [16/Nov/2025:20:51:44 +0800] "GET /post/ HTTP/2.0" 404 1457 "https://blog.wumingai.com/post/#comment" "Mozilla/5.0 (Macintosh; Intel Mac OS X 10_15_7) AppleWebKit/537.36 (KHTML, like Gecko) Chrome/119.0.0.0 Safari/537.36"
154.12.55.32 - - [16/Nov/2025:21:00:15 +0800] "GET / HTTP/1.1" 200 4730 "-" "libcurl/7.81.0 r-curl/6.0.1 httr/1.4.7"
154.12.55.32 - - [16/Nov/2025:21:00:16 +0800] "GET / HTTP/2.0" 200 4714 "-" "libcurl/7.81.0 r-curl/6.0.1 httr/1.4.7"
154.12.55.32 - - [16/Nov/2025:22:00:11 +0800] "GET / HTTP/1.1" 200 4729 "-" "libcurl/7.81.0 r-curl/6.0.1 httr/1.4.7"
154.12.55.32 - - [16/Nov/2025:22:00:12 +0800] "GET / HTTP/2.0" 200 4713 "-" "libcurl/7.81.0 r-curl/6.0.1 httr/1.4.7"
162.128.163.135 - - [16/Nov/2025:22:27:43 +0800] "GET /category-2_7.html HTTP/2.0" 200 2620 "https://blog.wumingai.com/category-2_7.html" "Mozilla/5.0 (Macintosh; Intel Mac OS X 10_15_7) AppleWebKit/537.36 (KHTML, like Gecko) Chrome/119.0.0.0 Safari/537.36"
123.58.198.151 - - [16/Nov/2025:22:57:54 +0800] "GET / HTTP/1.1" 200 18950 "https://blog.wumingai.com" "Mozilla/4.0 (compatible; MSIE 9.0; Windows NT 6.1)"
123.58.198.151 - - [16/Nov/2025:22:57:54 +0800] "GET / HTTP/1.1" 200 18950 "https://blog.wumingai.com" "Mozilla/4.0 (compatible; MSIE 9.0; Windows NT 6.1)"
123.58.198.151 - - [16/Nov/2025:22:57:55 +0800] "GET /post/55.html HTTP/1.1" 200 26535 "https://blog.wumingai.com/post/55.html" "Mozilla/4.0 (compatible; MSIE 9.0; Windows NT 6.1)"
123.58.198.151 - - [16/Nov/2025:22:57:55 +0800] "POST /zb_system/cmd.php?act=cmt&postid=55&key=4d4f0bf114caaec5b700c988bf5bded9 HTTP/1.1" 200 190 "https://blog.wumingai.com/zb_system/cmd.php?act=cmt&postid=55&key=4d4f0bf114caaec5b700c988bf5bded9" "Mozilla/4.0 (compatible; MSIE 9.0; Windows NT 6.1)"
154.12.55.32 - - [16/Nov/2025:23:00:16 +0800] "GET / HTTP/1.1" 200 4732 "-" "libcurl/7.81.0 r-curl/6.0.1 httr/1.4.7"
154.12.55.32 - - [16/Nov/2025:23:00:17 +0800] "GET / HTTP/2.0" 200 4715 "-" "libcurl/7.81.0 r-curl/6.0.1 httr/1.4.7"
180.97.218.71 - - [16/Nov/2025:23:48:20 +0800] "GET / HTTP/1.1" 200 18950 "https://blog.wumingai.com" "Mozilla/4.0 (compatible; MSIE 9.0; Windows NT 6.1)"
180.97.218.71 - - [16/Nov/2025:23:48:20 +0800] "GET / HTTP/1.1" 200 18950 "https://blog.wumingai.com" "Mozilla/4.0 (compatible; MSIE 9.0; Windows NT 6.1)"
180.97.218.71 - - [16/Nov/2025:23:48:20 +0800] "GET /page_3.html HTTP/1.1" 200 18274 "https://blog.wumingai.com/page_3.html" "Mozilla/4.0 (compatible; MSIE 9.0; Windows NT 6.1)"
180.97.218.71 - - [16/Nov/2025:23:48:20 +0800] "GET /post/55.html%23cmt80 HTTP/1.1" 404 4123 "https://blog.wumingai.com/post/55.html#cmt80" "Mozilla/4.0 (compatible; MSIE 9.0; Windows NT 6.1)"
180.97.218.71 - - [16/Nov/2025:23:48:20 +0800] "GET /post/57.html%23cmt76 HTTP/1.1" 404 4123 "https://blog.wumingai.com/post/57.html#cmt76" "Mozilla/4.0 (compatible; MSIE 9.0; Windows NT 6.1)"
180.97.218.71 - - [16/Nov/2025:23:48:21 +0800] "GET /post/63.html HTTP/1.1" 200 38375 "https://blog.wumingai.com/post/63.html" "Mozilla/4.0 (compatible; MSIE 9.0; Windows NT 6.1)"
180.97.218.71 - - [16/Nov/2025:23:48:21 +0800] "POST /zb_system/cmd.php?act=cmt&postid=63&key=72cce37eaa114bcb5b3b15c47400ee45 HTTP/1.1" 200 1203 "https://blog.wumingai.com/zb_system/cmd.php?act=cmt&postid=63&key=72cce37eaa114bcb5b3b15c47400ee45" "Mozilla/4.0 (compatible; MSIE 9.0; Windows NT 6.1)"
154.12.55.32 - - [17/Nov/2025:00:00:24 +0800] "GET / HTTP/1.1" 200 4738 "-" "libcurl/7.81.0 r-curl/6.0.1 httr/1.4.7"
154.12.55.32 - - [17/Nov/2025:00:00:24 +0800] "GET / HTTP/2.0" 200 4721 "-" "libcurl/7.81.0 r-curl/6.0.1 httr/1.4.7"
113.44.100.214 - - [17/Nov/2025:00:23:48 +0800] "GET /post/44.html HTTP/2.0" 200 7506 "https://blog.wumingai.com/post/44.html" "Mozilla/5.0 (Macintosh; Intel Mac OS X 10_15_7) AppleWebKit/537.36 (KHTML, like Gecko) Chrome/119.0.0.0 Safari/537.36"
113.44.100.119 - - [17/Nov/2025:00:46:19 +0800] "GET /post/50.html HTTP/2.0" 200 5982 "https://blog.wumingai.com/post/50.html" "Mozilla/5.0 (Macintosh; Intel Mac OS X 10_15_7) AppleWebKit/537.36 (KHTML, like Gecko) Chrome/120.0.0.0 Safari/537.36"
154.12.55.32 - - [17/Nov/2025:01:00:51 +0800] "GET / HTTP/1.1" 200 4738 "-" "libcurl/7.81.0 r-curl/6.0.1 httr/1.4.7"
154.12.55.32 - - [17/Nov/2025:01:00:52 +0800] "GET / HTTP/2.0" 200 4721 "-" "libcurl/7.81.0 r-curl/6.0.1 httr/1.4.7"
116.204.69.105 - - [17/Nov/2025:01:08:47 +0800] "GET /post/3.html HTTP/2.0" 200 13912 "https://blog.wumingai.com/post/3.html" "Mozilla/5.0 (Macintosh; Intel Mac OS X 10_15_7) AppleWebKit/537.36 (KHTML, like Gecko) Chrome/119.0.0.0 Safari/537.36"
18.224.192.118 - - [17/Nov/2025:01:38:53 +0800] "GET / HTTP/1.1" 200 4733 "-" "cypex.ai/scanning Mozilla/5.0 (Macintosh; Intel Mac OS X 10_15_7) Chrome/126.0.0.0 Safari/537.36"
121.37.108.166 - - [17/Nov/2025:01:53:47 +0800] "GET /2.html HTTP/2.0" 200 2935 "https://blog.wumingai.com/2.html" "Mozilla/5.0 (Macintosh; Intel Mac OS X 10_15_7) AppleWebKit/537.36 (KHTML, like Gecko) Chrome/119.0.0.0 Safari/537.36"
154.12.55.32 - - [17/Nov/2025:02:01:08 +0800] "GET / HTTP/1.1" 200 4737 "-" "libcurl/7.81.0 r-curl/6.0.1 httr/1.4.7"
154.12.55.32 - - [17/Nov/2025:02:01:09 +0800] "GET / HTTP/2.0" 200 4721 "-" "libcurl/7.81.0 r-curl/6.0.1 httr/1.4.7"
113.44.101.96 - - [17/Nov/2025:02:16:19 +0800] "GET /category-2_7.html HTTP/2.0" 200 2628 "https://blog.wumingai.com/category-2_7.html" "Mozilla/5.0 (Macintosh; Intel Mac OS X 10_15_7) AppleWebKit/537.36 (KHTML, like Gecko) Chrome/119.0.0.0 Safari/537.36"
1.92.202.21 - - [17/Nov/2025:02:38:47 +0800] "GET /post/11.html HTTP/2.0" 200 10968 "https://blog.wumingai.com/post/11.html" "Mozilla/5.0 (Windows NT 10.0; Win64; x64) AppleWebKit/537.36 (KHTML, like Gecko) Chrome/116.0.0.0 Safari/537.36"
154.12.55.32 - - [17/Nov/2025:03:00:26 +0800] "GET / HTTP/1.1" 200 4738 "-" "libcurl/7.81.0 r-curl/6.0.1 httr/1.4.7"
154.12.55.32 - - [17/Nov/2025:03:00:27 +0800] "GET / HTTP/2.0" 200 4721 "-" "libcurl/7.81.0 r-curl/6.0.1 httr/1.4.7"
116.204.65.95 - - [17/Nov/2025:03:01:31 +0800] "GET /post/63.html HTTP/2.0" 200 8866 "https://blog.wumingai.com/post/63.html#cmt79" "Mozilla/5.0 (Macintosh; Intel Mac OS X 10_15_7) AppleWebKit/537.36 (KHTML, like Gecko) Chrome/131.0.0.0 Safari/537.36"
123.58.198.151 - - [17/Nov/2025:03:08:00 +0800] "GET / HTTP/1.1" 200 18962 "https://blog.wumingai.com" "Mozilla/4.0 (compatible; MSIE 9.0; Windows NT 6.1)"
123.58.198.151 - - [17/Nov/2025:03:08:01 +0800] "GET / HTTP/1.1" 200 18962 "https://blog.wumingai.com" "Mozilla/4.0 (compatible; MSIE 9.0; Windows NT 6.1)"
123.58.198.151 - - [17/Nov/2025:03:08:01 +0800] "GET /post/62.html%23cmt77 HTTP/1.1" 404 4123 "https://blog.wumingai.com/post/62.html#cmt77" "Mozilla/4.0 (compatible; MSIE 9.0; Windows NT 6.1)"
123.58.198.151 - - [17/Nov/2025:03:08:01 +0800] "GET /page_4.html HTTP/1.1" 200 19347 "https://blog.wumingai.com/page_4.html" "Mozilla/4.0 (compatible; MSIE 9.0; Windows NT 6.1)"
123.58.198.151 - - [17/Nov/2025:03:08:01 +0800] "GET /post/60.html HTTP/1.1" 200 26122 "https://blog.wumingai.com/post/60.html" "Mozilla/4.0 (compatible; MSIE 9.0; Windows NT 6.1)"
123.58.198.151 - - [17/Nov/2025:03:08:01 +0800] "POST /zb_system/cmd.php?act=cmt&postid=60&key=cdd49f45d4a7806bf9f41f9d3a8d2ce3 HTTP/1.1" 200 190 "https://blog.wumingai.com/zb_system/cmd.php?act=cmt&postid=60&key=cdd49f45d4a7806bf9f41f9d3a8d2ce3" "Mozilla/4.0 (compatible; MSIE 9.0; Windows NT 6.1)"
116.204.110.39 - - [17/Nov/2025:03:46:19 +0800] "GET /post/18.html HTTP/2.0" 200 38348 "https://blog.wumingai.com/post/18.html" "Mozilla/5.0 (Windows NT 10.0; Win64; x64) AppleWebKit/537.36 (KHTML, like Gecko) Chrome/101.0.4951.64 Safari/537.36 Edg/101.0.1210.47"
154.12.55.32 - - [17/Nov/2025:04:00:26 +0800] "GET / HTTP/1.1" 200 4738 "-" "libcurl/7.81.0 r-curl/6.0.1 httr/1.4.7"
154.12.55.32 - - [17/Nov/2025:04:00:27 +0800] "GET / HTTP/2.0" 200 4722 "-" "libcurl/7.81.0 r-curl/6.0.1 httr/1.4.7"
116.204.109.34 - - [17/Nov/2025:04:08:46 +0800] "GET /post/7.html HTTP/2.0" 200 16016 "https://blog.wumingai.com/post/7.html" "Mozilla/5.0 (Windows NT 10.0; Win64; x64) AppleWebKit/537.36 (KHTML, like Gecko) Chrome/116.0.0.0 Safari/537.36"
116.204.97.240 - - [17/Nov/2025:04:31:22 +0800] "GET /page_4.html HTTP/2.0" 200 4933 "https://blog.wumingai.com/page_4.html" "Mozilla/5.0 (Macintosh; Intel Mac OS X 10_15_7) AppleWebKit/537.36 (KHTML, like Gecko) Chrome/119.0.0.0 Safari/537.36"
116.204.42.61 - - [17/Nov/2025:04:53:46 +0800] "GET /post/10.html HTTP/2.0" 200 15925 "https://blog.wumingai.com/post/10.html" "Mozilla/5.0 (Windows NT 10.0; Win64; x64) AppleWebKit/537.36 (KHTML, like Gecko) Chrome/101.0.4951.64 Safari/537.36 Edg/101.0.1210.47"
154.12.55.32 - - [17/Nov/2025:05:00:25 +0800] "GET / HTTP/1.1" 200 4738 "-" "libcurl/7.81.0 r-curl/6.0.1 httr/1.4.7"
154.12.55.32 - - [17/Nov/2025:05:00:26 +0800] "GET / HTTP/2.0" 200 4722 "-" "libcurl/7.81.0 r-curl/6.0.1 httr/1.4.7"
116.204.100.185 - - [17/Nov/2025:05:16:19 +0800] "GET /post/6.html HTTP/2.0" 200 8600 "https://blog.wumingai.com/post/6.html" "Mozilla/5.0 (Macintosh; Intel Mac OS X 10_15_7) AppleWebKit/537.36 (KHTML, like Gecko) Chrome/123.0.0.0 Safari/537.36"
162.128.163.175 - - [17/Nov/2025:06:46:18 +0800] "GET /post/41.html HTTP/2.0" 200 8743 "https://blog.wumingai.com/post/41.html" "Mozilla/5.0 (Windows NT 10.0; Win64; x64) AppleWebKit/537.36 (KHTML, like Gecko) Chrome/101.0.4951.64 Safari/537.36 Edg/101.0.1210.47"
154.12.55.32 - - [17/Nov/2025:07:00:46 +0800] "GET / HTTP/1.1" 200 4738 "-" "libcurl/7.81.0 r-curl/6.0.1 httr/1.4.7"
154.12.55.32 - - [17/Nov/2025:07:00:47 +0800] "GET / HTTP/2.0" 200 4722 "-" "libcurl/7.81.0 r-curl/6.0.1 httr/1.4.7"
123.58.198.151 - - [17/Nov/2025:07:05:51 +0800] "GET / HTTP/1.1" 200 18962 "https://blog.wumingai.com" "Mozilla/4.0 (compatible; MSIE 9.0; Windows NT 6.1)"
123.58.198.151 - - [17/Nov/2025:07:05:52 +0800] "GET / HTTP/1.1" 200 18962 "https://blog.wumingai.com" "Mozilla/4.0 (compatible; MSIE 9.0; Windows NT 6.1)"
123.58.198.151 - - [17/Nov/2025:07:05:52 +0800] "GET /post/55.html HTTP/1.1" 200 26053 "https://blog.wumingai.com/post/55.html" "Mozilla/4.0 (compatible; MSIE 9.0; Windows NT 6.1)"
123.58.198.151 - - [17/Nov/2025:07:05:53 +0800] "POST /zb_system/cmd.php?act=cmt&postid=55&key=92efdb3be0d3443a61cdb750acca9326 HTTP/1.1" 200 190 "https://blog.wumingai.com/zb_system/cmd.php?act=cmt&postid=55&key=92efdb3be0d3443a61cdb750acca9326" "Mozilla/4.0 (compatible; MSIE 9.0; Windows NT 6.1)"
1.92.195.92 - - [17/Nov/2025:07:08:47 +0800] "GET /post/61.html HTTP/2.0" 200 8298 "https://blog.wumingai.com/post/61.html#cmt72" "Mozilla/5.0 (Macintosh; Intel Mac OS X 10_15_7) AppleWebKit/537.36 (KHTML, like Gecko) Chrome/119.0.0.0 Safari/537.36"
44.193.254.10 - - [17/Nov/2025:07:25:39 +0800] "GET / HTTP/1.1" 200 4734 "-" "Mozilla/5.0 (Windows NT 10.0; Win64; x64) AppleWebKit/537.36 (KHTML, like Gecko) Chrome/138.0.7204.97 Safari/537.36"
1.92.219.184 - - [17/Nov/2025:07:31:23 +0800] "GET /post/29.html HTTP/2.0" 200 8751 "https://blog.wumingai.com/post/29.html" "Mozilla/5.0 (Windows NT 10.0; Win64; x64) AppleWebKit/537.36 (KHTML, like Gecko) Chrome/101.0.4951.64 Safari/537.36 Edg/101.0.1210.47"
116.204.46.112 - - [17/Nov/2025:07:53:47 +0800] "GET /post/43.html HTTP/2.0" 200 10575 "https://blog.wumingai.com/post/43.html" "Mozilla/5.0 (Macintosh; Intel Mac OS X 10_15_7) AppleWebKit/537.36 (KHTML, like Gecko) Chrome/123.0.0.0 Safari/537.36"
154.12.55.32 - - [17/Nov/2025:08:00:48 +0800] "GET / HTTP/1.1" 200 4737 "-" "libcurl/7.81.0 r-curl/6.0.1 httr/1.4.7"
154.12.55.32 - - [17/Nov/2025:08:00:49 +0800] "GET / HTTP/2.0" 200 4721 "-" "libcurl/7.81.0 r-curl/6.0.1 httr/1.4.7"
121.37.107.70 - - [17/Nov/2025:08:16:19 +0800] "GET /post/33.html HTTP/2.0" 200 9324 "https://blog.wumingai.com/post/33.html" "Mozilla/5.0 (Windows NT 10.0; Win64; x64) AppleWebKit/537.36 (KHTML, like Gecko) Chrome/101.0.4951.64 Safari/537.36 Edg/101.0.1210.47"
116.204.26.105 - - [17/Nov/2025:08:38:46 +0800] "GET /post/32.html HTTP/2.0" 200 8945 "https://blog.wumingai.com/post/32.html" "Mozilla/5.0 (Macintosh; Intel Mac OS X 10_15_7) AppleWebKit/537.36 (KHTML, like Gecko) Chrome/131.0.0.0 Safari/537.36"
154.12.55.32 - - [17/Nov/2025:09:00:59 +0800] "GET / HTTP/1.1" 200 4737 "-" "libcurl/7.81.0 r-curl/6.0.1 httr/1.4.7"
154.12.55.32 - - [17/Nov/2025:09:01:00 +0800] "GET / HTTP/2.0" 200 4721 "-" "libcurl/7.81.0 r-curl/6.0.1 httr/1.4.7"
116.204.35.106 - - [17/Nov/2025:09:01:30 +0800] "GET /post/54.html HTTP/2.0" 200 6775 "https://blog.wumingai.com/post/54.html" "Mozilla/5.0 (Macintosh; Intel Mac OS X 10_15_7) AppleWebKit/537.36 (KHTML, like Gecko) Chrome/131.0.0.0 Safari/537.36"
116.204.102.49 - - [17/Nov/2025:09:23:47 +0800] "GET /post/39.html HTTP/2.0" 200 8653 "https://blog.wumingai.com/post/39.html" "Mozilla/5.0 (Macintosh; Intel Mac OS X 10_15_7) AppleWebKit/537.36 (KHTML, like Gecko) Chrome/119.0.0.0 Safari/537.36"
1.92.211.48 - - [17/Nov/2025:09:46:19 +0800] "GET /post/9.html HTTP/2.0" 200 8921 "https://blog.wumingai.com/post/9.html" "Mozilla/5.0 (Windows NT 10.0; Win64; x64) AppleWebKit/537.36 (KHTML, like Gecko) Chrome/101.0.4951.64 Safari/537.36 Edg/101.0.1210.47"
154.12.55.32 - - [17/Nov/2025:10:00:56 +0800] "GET / HTTP/1.1" 200 4737 "-" "libcurl/7.81.0 r-curl/6.0.1 httr/1.4.7"
154.12.55.32 - - [17/Nov/2025:10:00:57 +0800] "GET / HTTP/2.0" 200 4721 "-" "libcurl/7.81.0 r-curl/6.0.1 httr/1.4.7"
116.204.20.29 - - [17/Nov/2025:10:08:46 +0800] "GET /post/58.html HTTP/2.0" 200 6833 "https://blog.wumingai.com/post/58.html#cmt49" "Mozilla/5.0 (Windows NT 10.0; Win64; x64) AppleWebKit/537.36 (KHTML, like Gecko) Chrome/116.0.0.0 Safari/537.36"
116.204.102.28 - - [17/Nov/2025:10:31:22 +0800] "GET /post/19.html HTTP/2.0" 200 8881 "https://blog.wumingai.com/post/19.html" "Mozilla/5.0 (Macintosh; Intel Mac OS X 10_15_7) AppleWebKit/537.36 (KHTML, like Gecko) Chrome/131.0.0.0 Safari/537.36"
116.204.7.15 - - [17/Nov/2025:10:53:47 +0800] "GET /page_2.html HTTP/2.0" 200 4489 "https://blog.wumingai.com/page_2.html" "Mozilla/5.0 (Windows NT 10.0; Win64; x64) AppleWebKit/537.36 (KHTML, like Gecko) Chrome/116.0.0.0 Safari/537.36"
154.12.55.32 - - [17/Nov/2025:11:00:57 +0800] "GET / HTTP/1.1" 200 4738 "-" "libcurl/7.81.0 r-curl/6.0.1 httr/1.4.7"
154.12.55.32 - - [17/Nov/2025:11:00:58 +0800] "GET / HTTP/2.0" 200 4721 "-" "libcurl/7.81.0 r-curl/6.0.1 httr/1.4.7"
1.92.194.8 - - [17/Nov/2025:11:16:19 +0800] "GET /post/56.html HTTP/2.0" 200 6971 "https://blog.wumingai.com/post/56.html" "Mozilla/5.0 (Windows NT 10.0; Win64; x64) AppleWebKit/537.36 (KHTML, like Gecko) Chrome/116.0.0.0 Safari/537.36"
123.58.198.151 - - [17/Nov/2025:11:16:22 +0800] "GET / HTTP/1.1" 200 18962 "https://blog.wumingai.com" "Mozilla/4.0 (compatible; MSIE 9.0; Windows NT 6.1)"
123.58.198.151 - - [17/Nov/2025:11:16:22 +0800] "GET / HTTP/1.1" 200 18962 "https://blog.wumingai.com" "Mozilla/4.0 (compatible; MSIE 9.0; Windows NT 6.1)"
123.58.198.151 - - [17/Nov/2025:11:16:22 +0800] "GET /post/63.html HTTP/1.1" 200 39314 "https://blog.wumingai.com/post/63.html" "Mozilla/4.0 (compatible; MSIE 9.0; Windows NT 6.1)"
123.58.198.151 - - [17/Nov/2025:11:16:23 +0800] "POST /zb_system/cmd.php?act=cmt&postid=63&key=edd24a8e5b6fcaa92515f5a399140255 HTTP/1.1" 200 190 "https://blog.wumingai.com/zb_system/cmd.php?act=cmt&postid=63&key=edd24a8e5b6fcaa92515f5a399140255" "Mozilla/4.0 (compatible; MSIE 9.0; Windows NT 6.1)"
104.210.140.137 - - [17/Nov/2025:11:34:28 +0800] "GET /robots.txt HTTP/2.0" 404 1457 "-" "Mozilla/5.0 (Macintosh; Intel Mac OS X 10_15_7) AppleWebKit/537.36 (KHTML, like Gecko) Chrome/131.0.0.0 Safari/537.36; compatible; OAI-SearchBot/1.0; +https://openai.com/searchbot"
104.210.140.128 - - [17/Nov/2025:11:34:28 +0800] "GET /robots.txt HTTP/1.1" 404 1473 "-" "Mozilla/5.0 (Macintosh; Intel Mac OS X 10_15_7) AppleWebKit/537.36 (KHTML, like Gecko) Chrome/131.0.0.0 Safari/537.36; compatible; OAI-SearchBot/1.0; +https://openai.com/searchbot"
116.204.68.198 - - [17/Nov/2025:11:38:47 +0800] "GET /post/53.html HTTP/2.0" 200 7270 "https://blog.wumingai.com/post/53.html" "Mozilla/5.0 (Macintosh; Intel Mac OS X 10_15_7) AppleWebKit/537.36 (KHTML, like Gecko) Chrome/123.0.0.0 Safari/537.36"
154.12.55.32 - - [17/Nov/2025:12:00:57 +0800] "GET / HTTP/1.1" 200 4738 "-" "libcurl/7.81.0 r-curl/6.0.1 httr/1.4.7"
154.12.55.32 - - [17/Nov/2025:12:00:58 +0800] "GET / HTTP/2.0" 200 4721 "-" "libcurl/7.81.0 r-curl/6.0.1 httr/1.4.7"
1.92.208.139 - - [17/Nov/2025:12:23:47 +0800] "GET /post/40.html HTTP/2.0" 200 7686 "https://blog.wumingai.com/post/40.html" "Mozilla/5.0 (Macintosh; Intel Mac OS X 10_15_7) AppleWebKit/537.36 (KHTML, like Gecko) Chrome/123.0.0.0 Safari/537.36"
180.97.218.71 - - [17/Nov/2025:12:25:10 +0800] "GET / HTTP/1.1" 200 18962 "https://blog.wumingai.com" "Mozilla/4.0 (compatible; MSIE 9.0; Windows NT 6.1)"
180.97.218.71 - - [17/Nov/2025:12:25:10 +0800] "GET / HTTP/1.1" 200 18962 "https://blog.wumingai.com" "Mozilla/4.0 (compatible; MSIE 9.0; Windows NT 6.1)"
180.97.218.71 - - [17/Nov/2025:12:25:10 +0800] "GET /page_7.html HTTP/1.1" 200 8453 "https://blog.wumingai.com/page_7.html" "Mozilla/4.0 (compatible; MSIE 9.0; Windows NT 6.1)"
180.97.218.71 - - [17/Nov/2025:12:25:10 +0800] "GET /post/59.html%23cmt85 HTTP/1.1" 404 4123 "https://blog.wumingai.com/post/59.html#cmt85" "Mozilla/4.0 (compatible; MSIE 9.0; Windows NT 6.1)"
180.97.218.71 - - [17/Nov/2025:12:25:10 +0800] "GET /post/57.html HTTP/1.1" 200 26208 "https://blog.wumingai.com/post/57.html" "Mozilla/4.0 (compatible; MSIE 9.0; Windows NT 6.1)"
180.97.218.71 - - [17/Nov/2025:12:25:11 +0800] "POST /zb_system/cmd.php?act=cmt&postid=57&key=c3df4007ec6aedefc0840a3b6c5a54d9 HTTP/1.1" 200 1257 "https://blog.wumingai.com/zb_system/cmd.php?act=cmt&postid=57&key=c3df4007ec6aedefc0840a3b6c5a54d9" "Mozilla/4.0 (compatible; MSIE 9.0; Windows NT 6.1)"
113.44.114.124 - - [17/Nov/2025:12:46:19 +0800] "GET /post/62.html HTTP/2.0" 200 8286 "https://blog.wumingai.com/post/62.html#cmt77" "Mozilla/5.0 (Macintosh; Intel Mac OS X 10_15_7) AppleWebKit/537.36 (KHTML, like Gecko) Chrome/131.0.0.0 Safari/537.36"
154.12.55.32 - - [17/Nov/2025:13:00:19 +0800] "GET / HTTP/1.1" 200 4749 "-" "libcurl/7.81.0 r-curl/6.0.1 httr/1.4.7"
154.12.55.32 - - [17/Nov/2025:13:00:20 +0800] "GET / HTTP/2.0" 200 4732 "-" "libcurl/7.81.0 r-curl/6.0.1 httr/1.4.7"
121.37.108.166 - - [17/Nov/2025:13:08:46 +0800] "GET /post/49.html HTTP/2.0" 200 9046 "https://blog.wumingai.com/post/49.html" "Mozilla/5.0 (Macintosh; Intel Mac OS X 10_15_7) AppleWebKit/537.36 (KHTML, like Gecko) Chrome/120.0.0.0 Safari/537.36"
116.204.97.160 - - [17/Nov/2025:13:53:46 +0800] "GET /post/23.html HTTP/2.0" 200 8376 "https://blog.wumingai.com/post/23.html" "Mozilla/5.0 (Windows NT 10.0; Win64; x64) AppleWebKit/537.36 (KHTML, like Gecko) Chrome/116.0.0.0 Safari/537.36"
154.12.55.32 - - [17/Nov/2025:14:00:45 +0800] "GET / HTTP/1.1" 200 4749 "-" "libcurl/7.81.0 r-curl/6.0.1 httr/1.4.7"
154.12.55.32 - - [17/Nov/2025:14:00:46 +0800] "GET / HTTP/2.0" 200 4732 "-" "libcurl/7.81.0 r-curl/6.0.1 httr/1.4.7"
121.37.98.64 - - [17/Nov/2025:14:16:19 +0800] "GET /post/57.html HTTP/2.0" 200 6756 "https://blog.wumingai.com/post/57.html#cmt76" "Mozilla/5.0 (Macintosh; Intel Mac OS X 10_15_7) AppleWebKit/537.36 (KHTML, like Gecko) Chrome/131.0.0.0 Safari/537.36"
116.204.43.39 - - [17/Nov/2025:14:38:47 +0800] "GET /category-2.html HTTP/2.0" 200 4621 "https://blog.wumingai.com/category-2.html" "Mozilla/5.0 (Macintosh; Intel Mac OS X 10_15_7) AppleWebKit/537.36 (KHTML, like Gecko) Chrome/120.0.0.0 Safari/537.36"
154.12.55.32 - - [17/Nov/2025:15:01:03 +0800] "GET / HTTP/1.1" 200 4749 "-" "libcurl/7.81.0 r-curl/6.0.1 httr/1.4.7"
154.12.55.32 - - [17/Nov/2025:15:01:04 +0800] "GET / HTTP/2.0" 200 4734 "-" "libcurl/7.81.0 r-curl/6.0.1 httr/1.4.7"
121.37.102.51 - - [17/Nov/2025:15:01:29 +0800] "GET /page_5.html HTTP/2.0" 200 6448 "https://blog.wumingai.com/page_5.html" "Mozilla/5.0 (Windows NT 10.0; Win64; x64) AppleWebKit/537.36 (KHTML, like Gecko) Chrome/101.0.4951.64 Safari/537.36 Edg/101.0.1210.47"
123.58.198.151 - - [17/Nov/2025:15:16:36 +0800] "GET / HTTP/1.1" 200 18988 "https://blog.wumingai.com" "Mozilla/4.0 (compatible; MSIE 9.0; Windows NT 6.1)"
123.58.198.151 - - [17/Nov/2025:15:16:37 +0800] "GET / HTTP/1.1" 200 18988 "https://blog.wumingai.com" "Mozilla/4.0 (compatible; MSIE 9.0; Windows NT 6.1)"
123.58.198.151 - - [17/Nov/2025:15:16:37 +0800] "GET /post/63.html HTTP/1.1" 200 39388 "https://blog.wumingai.com/post/63.html" "Mozilla/4.0 (compatible; MSIE 9.0; Windows NT 6.1)"
123.58.198.151 - - [17/Nov/2025:15:16:37 +0800] "POST /zb_system/cmd.php?act=cmt&postid=63&key=7ddf731c2a73323f73731d0ad8d5b057 HTTP/1.1" 200 190 "https://blog.wumingai.com/zb_system/cmd.php?act=cmt&postid=63&key=7ddf731c2a73323f73731d0ad8d5b057" "Mozilla/4.0 (compatible; MSIE 9.0; Windows NT 6.1)"
116.204.101.116 - - [17/Nov/2025:15:23:46 +0800] "GET /post/51.html HTTP/2.0" 200 6072 "https://blog.wumingai.com/post/51.html" "Mozilla/5.0 (Windows NT 10.0; Win64; x64) AppleWebKit/537.36 (KHTML, like Gecko) Chrome/116.0.0.0 Safari/537.36"
116.204.77.150 - - [17/Nov/2025:15:46:18 +0800] "GET /post/8.html HTTP/2.0" 200 12140 "https://blog.wumingai.com/post/8.html" "Mozilla/5.0 (Windows NT 10.0; Win64; x64) AppleWebKit/537.36 (KHTML, like Gecko) Chrome/101.0.4951.64 Safari/537.36 Edg/101.0.1210.47"
154.12.55.32 - - [17/Nov/2025:16:00:34 +0800] "GET / HTTP/1.1" 200 4746 "-" "libcurl/7.81.0 r-curl/6.0.1 httr/1.4.7"
154.12.55.32 - - [17/Nov/2025:16:00:35 +0800] "GET / HTTP/2.0" 200 4731 "-" "libcurl/7.81.0 r-curl/6.0.1 httr/1.4.7"
116.204.40.66 - - [17/Nov/2025:16:08:47 +0800] "GET /post/45.html HTTP/2.0" 200 7618 "https://blog.wumingai.com/post/45.html" "Mozilla/5.0 (Macintosh; Intel Mac OS X 10_15_7) AppleWebKit/537.36 (KHTML, like Gecko) Chrome/119.0.0.0 Safari/537.36"
121.37.97.90 - - [17/Nov/2025:16:31:22 +0800] "GET / HTTP/2.0" 200 4731 "https://blog.wumingai.com/" "Mozilla/5.0 (Windows NT 10.0; Win64; x64) AppleWebKit/537.36 (KHTML, like Gecko) Chrome/101.0.4951.64 Safari/537.36 Edg/101.0.1210.47"
116.204.46.207 - - [17/Nov/2025:16:53:45 +0800] "GET /category-2_6.html HTTP/2.0" 200 5060 "https://blog.wumingai.com/category-2_6.html" "Mozilla/5.0 (Macintosh; Intel Mac OS X 10_15_7) AppleWebKit/537.36 (KHTML, like Gecko) Chrome/119.0.0.0 Safari/537.36"
154.12.55.32 - - [17/Nov/2025:17:00:48 +0800] "GET / HTTP/1.1" 200 4746 "-" "libcurl/7.81.0 r-curl/6.0.1 httr/1.4.7"
154.12.55.32 - - [17/Nov/2025:17:00:49 +0800] "GET / HTTP/2.0" 200 4731 "-" "libcurl/7.81.0 r-curl/6.0.1 httr/1.4.7"
113.44.116.40 - - [17/Nov/2025:17:16:18 +0800] "GET /post/ HTTP/2.0" 404 1457 "https://blog.wumingai.com/post/#comment" "Mozilla/5.0 (Windows NT 10.0; Win64; x64) AppleWebKit/537.36 (KHTML, like Gecko) Chrome/116.0.0.0 Safari/537.36"
116.204.46.67 - - [17/Nov/2025:17:38:46 +0800] "GET /category-2_2.html HTTP/2.0" 200 4502 "https://blog.wumingai.com/category-2_2.html" "Mozilla/5.0 (Macintosh; Intel Mac OS X 10_15_7) AppleWebKit/537.36 (KHTML, like Gecko) Chrome/131.0.0.0 Safari/537.36"
154.12.55.32 - - [17/Nov/2025:18:01:32 +0800] "GET / HTTP/1.1" 200 4746 "-" "libcurl/7.81.0 r-curl/6.0.1 httr/1.4.7"
154.12.55.32 - - [17/Nov/2025:18:01:33 +0800] "GET / HTTP/2.0" 200 4731 "-" "libcurl/7.81.0 r-curl/6.0.1 httr/1.4.7"
116.204.42.61 - - [17/Nov/2025:18:46:18 +0800] "GET /post/48.html HTTP/2.0" 200 10838 "https://blog.wumingai.com/post/48.html" "Mozilla/5.0 (Windows NT 10.0; Win64; x64) AppleWebKit/537.36 (KHTML, like Gecko) Chrome/101.0.4951.64 Safari/537.36 Edg/101.0.1210.47"
154.12.55.32 - - [17/Nov/2025:19:01:17 +0800] "GET / HTTP/1.1" 200 4746 "-" "libcurl/7.81.0 r-curl/6.0.1 httr/1.4.7"
154.12.55.32 - - [17/Nov/2025:19:01:18 +0800] "GET / HTTP/2.0" 200 4732 "-" "libcurl/7.81.0 r-curl/6.0.1 httr/1.4.7"
113.44.120.140 - - [17/Nov/2025:19:08:46 +0800] "GET /post/60.html HTTP/2.0" 200 6669 "https://blog.wumingai.com/post/60.html#cmt75" "Mozilla/5.0 (Macintosh; Intel Mac OS X 10_15_7) AppleWebKit/537.36 (KHTML, like Gecko) Chrome/131.0.0.0 Safari/537.36"
123.58.198.151 - - [17/Nov/2025:19:13:13 +0800] "GET / HTTP/1.1" 200 18988 "https://blog.wumingai.com" "Mozilla/4.0 (compatible; MSIE 9.0; Windows NT 6.1)"
123.58.198.151 - - [17/Nov/2025:19:13:13 +0800] "GET / HTTP/1.1" 200 18988 "https://blog.wumingai.com" "Mozilla/4.0 (compatible; MSIE 9.0; Windows NT 6.1)"
123.58.198.151 - - [17/Nov/2025:19:13:13 +0800] "GET /post/62.html HTTP/1.1" 200 24342 "https://blog.wumingai.com/post/62.html" "Mozilla/4.0 (compatible; MSIE 9.0; Windows NT 6.1)"
123.58.198.151 - - [17/Nov/2025:19:13:14 +0800] "POST /zb_system/cmd.php?act=cmt&postid=62&key=c52e966ba603d9b152d56392220d397c HTTP/1.1" 200 190 "https://blog.wumingai.com/zb_system/cmd.php?act=cmt&postid=62&key=c52e966ba603d9b152d56392220d397c" "Mozilla/4.0 (compatible; MSIE 9.0; Windows NT 6.1)"
121.37.107.191 - - [17/Nov/2025:19:31:22 +0800] "GET /post/36.html HTTP/2.0" 200 12835 "https://blog.wumingai.com/post/36.html" "Mozilla/5.0 (Macintosh; Intel Mac OS X 10_15_7) AppleWebKit/537.36 (KHTML, like Gecko) Chrome/119.0.0.0 Safari/537.36"
113.44.123.15 - - [17/Nov/2025:19:53:45 +0800] "GET /post/59.html HTTP/2.0" 200 6782 "https://blog.wumingai.com/post/59.html#cmt63" "Mozilla/5.0 (Windows NT 10.0; Win64; x64) AppleWebKit/537.36 (KHTML, like Gecko) Chrome/101.0.4951.64 Safari/537.36 Edg/101.0.1210.47"
154.12.55.32 - - [17/Nov/2025:20:00:40 +0800] "GET / HTTP/1.1" 200 4745 "-" "libcurl/7.81.0 r-curl/6.0.1 httr/1.4.7"
154.12.55.32 - - [17/Nov/2025:20:00:41 +0800] "GET / HTTP/2.0" 200 4730 "-" "libcurl/7.81.0 r-curl/6.0.1 httr/1.4.7"
121.37.98.64 - - [17/Nov/2025:20:16:17 +0800] "GET /post/42.html HTTP/2.0" 200 8321 "https://blog.wumingai.com/post/42.html" "Mozilla/5.0 (Windows NT 10.0; Win64; x64) AppleWebKit/537.36 (KHTML, like Gecko) Chrome/116.0.0.0 Safari/537.36"
1.92.214.230 - - [17/Nov/2025:20:38:46 +0800] "GET /post/17.html HTTP/2.0" 200 56885 "https://blog.wumingai.com/post/17.html" "Mozilla/5.0 (Windows NT 10.0; Win64; x64) AppleWebKit/537.36 (KHTML, like Gecko) Chrome/116.0.0.0 Safari/537.36"
154.12.55.32 - - [17/Nov/2025:21:01:11 +0800] "GET / HTTP/1.1" 200 4745 "-" "libcurl/7.81.0 r-curl/6.0.1 httr/1.4.7"
154.12.55.32 - - [17/Nov/2025:21:01:12 +0800] "GET / HTTP/2.0" 200 4729 "-" "libcurl/7.81.0 r-curl/6.0.1 httr/1.4.7"
1.92.192.203 - - [17/Nov/2025:21:01:29 +0800] "GET /post/64.html HTTP/2.0" 200 7662 "https://blog.wumingai.com/post/64.html#cmt65" "Mozilla/5.0 (Macintosh; Intel Mac OS X 10_15_7) AppleWebKit/537.36 (KHTML, like Gecko) Chrome/119.0.0.0 Safari/537.36"
45.139.104.183 - - [17/Nov/2025:21:17:02 +0800] "GET /.env HTTP/1.1" 404 1469 "-" "Mozilla/5.0 (Linux; Android 12; Pixel 4) AppleWebKit/537.36 (KHTML, like Gecko) Chrome/98.0.4758.101 Mobile Safari/537.36"
116.204.64.217 - - [17/Nov/2025:21:23:45 +0800] "GET /post/34.html HTTP/2.0" 200 10816 "https://blog.wumingai.com/post/34.html" "Mozilla/5.0 (Macintosh; Intel Mac OS X 10_15_7) AppleWebKit/537.36 (KHTML, like Gecko) Chrome/131.0.0.0 Safari/537.36"
116.204.44.43 - - [17/Nov/2025:21:46:18 +0800] "GET /post/16.html HTTP/2.0" 200 55879 "https://blog.wumingai.com/post/16.html" "Mozilla/5.0 (Windows NT 10.0; Win64; x64) AppleWebKit/537.36 (KHTML, like Gecko) Chrome/116.0.0.0 Safari/537.36"
154.12.55.32 - - [17/Nov/2025:22:01:21 +0800] "GET / HTTP/1.1" 200 4746 "-" "libcurl/7.81.0 r-curl/6.0.1 httr/1.4.7"
154.12.55.32 - - [17/Nov/2025:22:01:22 +0800] "GET / HTTP/2.0" 200 4732 "-" "libcurl/7.81.0 r-curl/6.0.1 httr/1.4.7"
1.92.217.227 - - [17/Nov/2025:22:08:46 +0800] "GET /category-2_5.html HTTP/2.0" 200 6456 "https://blog.wumingai.com/category-2_5.html" "Mozilla/5.0 (Windows NT 10.0; Win64; x64) AppleWebKit/537.36 (KHTML, like Gecko) Chrome/101.0.4951.64 Safari/537.36 Edg/101.0.1210.47"
1.92.202.58 - - [17/Nov/2025:22:31:21 +0800] "GET /post/25.html HTTP/2.0" 200 10975 "https://blog.wumingai.com/post/25.html" "Mozilla/5.0 (Macintosh; Intel Mac OS X 10_15_7) AppleWebKit/537.36 (KHTML, like Gecko) Chrome/123.0.0.0 Safari/537.36"
116.204.69.105 - - [17/Nov/2025:22:53:46 +0800] "GET /category-2_4.html HTTP/2.0" 200 4960 "https://blog.wumingai.com/category-2_4.html" "Mozilla/5.0 (Macintosh; Intel Mac OS X 10_15_7) AppleWebKit/537.36 (KHTML, like Gecko) Chrome/120.0.0.0 Safari/537.36"
154.12.55.32 - - [17/Nov/2025:23:01:04 +0800] "GET / HTTP/1.1" 200 4746 "-" "libcurl/7.81.0 r-curl/6.0.1 httr/1.4.7"
154.12.55.32 - - [17/Nov/2025:23:01:05 +0800] "GET / HTTP/2.0" 200 4731 "-" "libcurl/7.81.0 r-curl/6.0.1 httr/1.4.7"
205.210.31.9 - - [17/Nov/2025:23:08:14 +0800] "GET / HTTP/1.1" 200 18988 "-" "-"
116.204.100.78 - - [17/Nov/2025:23:16:18 +0800] "GET /post/28.html HTTP/2.0" 200 8262 "https://blog.wumingai.com/post/28.html" "Mozilla/5.0 (Macintosh; Intel Mac OS X 10_15_7) AppleWebKit/537.36 (KHTML, like Gecko) Chrome/120.0.0.0 Safari/537.36"
123.58.198.151 - - [17/Nov/2025:23:21:34 +0800] "GET / HTTP/1.1" 200 18988 "https://blog.wumingai.com" "Mozilla/4.0 (compatible; MSIE 9.0; Windows NT 6.1)"
123.58.198.151 - - [17/Nov/2025:23:21:35 +0800] "GET / HTTP/1.1" 200 18988 "https://blog.wumingai.com" "Mozilla/4.0 (compatible; MSIE 9.0; Windows NT 6.1)"
123.58.198.151 - - [17/Nov/2025:23:21:35 +0800] "GET /page_7.html HTTP/1.1" 200 8478 "https://blog.wumingai.com/page_7.html" "Mozilla/4.0 (compatible; MSIE 9.0; Windows NT 6.1)"
123.58.198.151 - - [17/Nov/2025:23:21:35 +0800] "GET /post/62.html%23cmt77 HTTP/1.1" 404 4123 "https://blog.wumingai.com/post/62.html#cmt77" "Mozilla/4.0 (compatible; MSIE 9.0; Windows NT 6.1)"
123.58.198.151 - - [17/Nov/2025:23:21:35 +0800] "GET /post/63.html HTTP/1.1" 200 39589 "https://blog.wumingai.com/post/63.html" "Mozilla/4.0 (compatible; MSIE 9.0; Windows NT 6.1)"
123.58.198.151 - - [17/Nov/2025:23:21:36 +0800] "POST /zb_system/cmd.php?act=cmt&postid=63&key=edd24a8e5b6fcaa92515f5a399140255 HTTP/1.1" 200 190 "https://blog.wumingai.com/zb_system/cmd.php?act=cmt&postid=63&key=edd24a8e5b6fcaa92515f5a399140255" "Mozilla/4.0 (compatible; MSIE 9.0; Windows NT 6.1)"
154.12.55.32 - - [18/Nov/2025:00:01:04 +0800] "GET / HTTP/1.1" 200 4747 "-" "libcurl/7.81.0 r-curl/6.0.1 httr/1.4.7"
154.12.55.32 - - [18/Nov/2025:00:01:05 +0800] "GET / HTTP/2.0" 200 4731 "-" "libcurl/7.81.0 r-curl/6.0.1 httr/1.4.7"
116.204.106.52 - - [18/Nov/2025:00:03:33 +0800] "GET /post/16.html HTTP/2.0" 200 55811 "https://blog.wumingai.com/post/16.html" "Mozilla/5.0 (Windows NT 10.0; Win64; x64) AppleWebKit/537.36 (KHTML, like Gecko) Chrome/116.0.0.0 Safari/537.36"
121.37.97.90 - - [18/Nov/2025:00:25:05 +0800] "GET /post/59.html HTTP/2.0" 200 6607 "https://blog.wumingai.com/post/59.html#cmt85" "Mozilla/5.0 (Macintosh; Intel Mac OS X 10_15_7) AppleWebKit/537.36 (KHTML, like Gecko) Chrome/123.0.0.0 Safari/537.36"
121.37.99.182 - - [18/Nov/2025:00:49:08 +0800] "GET /post/54.html HTTP/2.0" 200 6976 "https://blog.wumingai.com/post/54.html" "Mozilla/5.0 (Macintosh; Intel Mac OS X 10_15_7) AppleWebKit/537.36 (KHTML, like Gecko) Chrome/119.0.0.0 Safari/537.36"
154.12.55.32 - - [18/Nov/2025:01:01:20 +0800] "GET / HTTP/1.1" 200 4744 "-" "libcurl/7.81.0 r-curl/6.0.1 httr/1.4.7"
154.12.55.32 - - [18/Nov/2025:01:01:22 +0800] "GET / HTTP/2.0" 200 4729 "-" "libcurl/7.81.0 r-curl/6.0.1 httr/1.4.7"
162.128.159.65 - - [18/Nov/2025:01:37:10 +0800] "GET /post/32.html HTTP/2.0" 200 8960 "https://blog.wumingai.com/post/32.html" "Mozilla/5.0 (Macintosh; Intel Mac OS X 10_15_7) AppleWebKit/537.36 (KHTML, like Gecko) Chrome/131.0.0.0 Safari/537.36"
113.44.115.126 - - [18/Nov/2025:02:01:13 +0800] "GET /post/45.html HTTP/2.0" 200 7542 "https://blog.wumingai.com/post/45.html" "Mozilla/5.0 (Macintosh; Intel Mac OS X 10_15_7) AppleWebKit/537.36 (KHTML, like Gecko) Chrome/131.0.0.0 Safari/537.36"
154.12.55.32 - - [18/Nov/2025:02:01:21 +0800] "GET / HTTP/1.1" 200 4744 "-" "libcurl/7.81.0 r-curl/6.0.1 httr/1.4.7"
154.12.55.32 - - [18/Nov/2025:02:01:22 +0800] "GET / HTTP/2.0" 200 4729 "-" "libcurl/7.81.0 r-curl/6.0.1 httr/1.4.7"
116.204.102.126 - - [18/Nov/2025:02:25:14 +0800] "GET /post/18.html HTTP/2.0" 200 38498 "https://blog.wumingai.com/post/18.html" "Mozilla/5.0 (Macintosh; Intel Mac OS X 10_15_7) AppleWebKit/537.36 (KHTML, like Gecko) Chrome/120.0.0.0 Safari/537.36"
180.97.218.71 - - [18/Nov/2025:02:45:30 +0800] "GET / HTTP/1.1" 200 18988 "https://blog.wumingai.com" "Mozilla/4.0 (compatible; MSIE 9.0; Windows NT 6.1)"
180.97.218.71 - - [18/Nov/2025:02:45:30 +0800] "GET / HTTP/1.1" 200 18988 "https://blog.wumingai.com" "Mozilla/4.0 (compatible; MSIE 9.0; Windows NT 6.1)"
180.97.218.71 - - [18/Nov/2025:02:45:30 +0800] "GET /post/61.html HTTP/1.1" 200 26390 "https://blog.wumingai.com/post/61.html" "Mozilla/4.0 (compatible; MSIE 9.0; Windows NT 6.1)"
180.97.218.71 - - [18/Nov/2025:02:45:31 +0800] "POST /zb_system/cmd.php?act=cmt&postid=61&key=8ae705ab9365df61d254639b49acd96a HTTP/1.1" 200 1205 "https://blog.wumingai.com/zb_system/cmd.php?act=cmt&postid=61&key=8ae705ab9365df61d254639b49acd96a" "Mozilla/4.0 (compatible; MSIE 9.0; Windows NT 6.1)"
162.128.163.155 - - [18/Nov/2025:02:49:05 +0800] "GET /post/56.html HTTP/2.0" 200 6919 "https://blog.wumingai.com/post/56.html" "Mozilla/5.0 (Macintosh; Intel Mac OS X 10_15_7) AppleWebKit/537.36 (KHTML, like Gecko) Chrome/119.0.0.0 Safari/537.36"
154.12.55.32 - - [18/Nov/2025:03:00:48 +0800] "GET / HTTP/1.1" 200 4759 "-" "libcurl/7.81.0 r-curl/6.0.1 httr/1.4.7"
154.12.55.32 - - [18/Nov/2025:03:00:50 +0800] "GET / HTTP/2.0" 200 4741 "-" "libcurl/7.81.0 r-curl/6.0.1 httr/1.4.7"
162.128.159.44 - - [18/Nov/2025:03:13:10 +0800] "GET /post/11.html HTTP/2.0" 200 11088 "https://blog.wumingai.com/post/11.html" "Mozilla/5.0 (Macintosh; Intel Mac OS X 10_15_7) AppleWebKit/537.36 (KHTML, like Gecko) Chrome/131.0.0.0 Safari/537.36"
123.58.198.151 - - [18/Nov/2025:03:36:53 +0800] "GET / HTTP/1.1" 200 18988 "https://blog.wumingai.com" "Mozilla/4.0 (compatible; MSIE 9.0; Windows NT 6.1)"
123.58.198.151 - - [18/Nov/2025:03:36:53 +0800] "GET / HTTP/1.1" 200 18987 "https://blog.wumingai.com" "Mozilla/4.0 (compatible; MSIE 9.0; Windows NT 6.1)"
123.58.198.151 - - [18/Nov/2025:03:36:54 +0800] "GET /post/60.html HTTP/1.1" 200 26779 "https://blog.wumingai.com/post/60.html" "Mozilla/4.0 (compatible; MSIE 9.0; Windows NT 6.1)"
123.58.198.151 - - [18/Nov/2025:03:36:54 +0800] "POST /zb_system/cmd.php?act=cmt&postid=60&key=07254832587ea063914d8716d51a7c2a HTTP/1.1" 200 190 "https://blog.wumingai.com/zb_system/cmd.php?act=cmt&postid=60&key=07254832587ea063914d8716d51a7c2a" "Mozilla/4.0 (compatible; MSIE 9.0; Windows NT 6.1)"
121.37.101.6 - - [18/Nov/2025:03:37:08 +0800] "GET /post/41.html HTTP/2.0" 200 7240 "https://blog.wumingai.com/post/41.html" "Mozilla/5.0 (Macintosh; Intel Mac OS X 10_15_7) AppleWebKit/537.36 (KHTML, like Gecko) Chrome/120.0.0.0 Safari/537.36"
45.148.10.157 - - [18/Nov/2025:03:52:50 +0800] "GET /.git/config HTTP/1.1" 404 1469 "-" "Mozilla/5.0"
45.148.10.157 - - [18/Nov/2025:03:52:50 +0800] "GET /.git/config HTTP/1.1" 404 1473 "-" "Mozilla/5.0"
154.12.55.32 - - [18/Nov/2025:04:01:11 +0800] "GET / HTTP/1.1" 200 4757 "-" "libcurl/7.81.0 r-curl/6.0.1 httr/1.4.7"
154.12.55.32 - - [18/Nov/2025:04:01:12 +0800] "GET / HTTP/2.0" 200 4739 "-" "libcurl/7.81.0 r-curl/6.0.1 httr/1.4.7"
