20.222.232.51 - - [14/Nov/2025:08:31:59 +0800] "GET /twso.php HTTP/1.1" 404 4110 "-" "-"
20.222.232.51 - - [14/Nov/2025:08:31:59 +0800] "GET /144.php HTTP/1.1" 404 4110 "-" "-"
20.222.232.51 - - [14/Nov/2025:08:31:59 +0800] "GET /exhitrgp.php HTTP/1.1" 404 4110 "-" "-"
20.222.232.51 - - [14/Nov/2025:08:31:59 +0800] "GET /n3.php HTTP/1.1" 404 4110 "-" "-"
116.204.77.6 - - [14/Nov/2025:08:54:46 +0800] "GET /post/9.html HTTP/2.0" 200 8673 "https://blog.wumingai.com/post/9.html" "Mozilla/5.0 (Macintosh; Intel Mac OS X 10_15_7) AppleWebKit/537.36 (KHTML, like Gecko) Chrome/120.0.0.0 Safari/537.36"
154.12.55.32 - - [14/Nov/2025:09:00:06 +0800] "GET / HTTP/1.1" 200 4732 "-" "libcurl/7.81.0 r-curl/6.0.1 httr/1.4.7"
154.12.55.32 - - [14/Nov/2025:09:00:07 +0800] "GET / HTTP/2.0" 200 4714 "-" "libcurl/7.81.0 r-curl/6.0.1 httr/1.4.7"
113.44.100.119 - - [14/Nov/2025:09:21:28 +0800] "GET /post/32.html HTTP/2.0" 200 9281 "https://blog.wumingai.com/post/32.html" "Mozilla/5.0 (Macintosh; Intel Mac OS X 10_15_7) AppleWebKit/537.36 (KHTML, like Gecko) Chrome/123.0.0.0 Safari/537.36"
121.37.99.182 - - [14/Nov/2025:09:48:05 +0800] "GET /post/48.html HTTP/2.0" 200 9245 "https://blog.wumingai.com/post/48.html" "Mozilla/5.0 (Macintosh; Intel Mac OS X 10_15_7) AppleWebKit/537.36 (KHTML, like Gecko) Chrome/131.0.0.0 Safari/537.36"
154.12.55.32 - - [14/Nov/2025:10:00:12 +0800] "GET / HTTP/1.1" 200 4732 "-" "libcurl/7.81.0 r-curl/6.0.1 httr/1.4.7"
154.12.55.32 - - [14/Nov/2025:10:00:13 +0800] "GET / HTTP/2.0" 200 4714 "-" "libcurl/7.81.0 r-curl/6.0.1 httr/1.4.7"
116.204.101.149 - - [14/Nov/2025:10:14:43 +0800] "GET /post/37.html HTTP/2.0" 200 7057 "https://blog.wumingai.com/post/37.html" "Mozilla/5.0 (Macintosh; Intel Mac OS X 10_15_7) AppleWebKit/537.36 (KHTML, like Gecko) Chrome/123.0.0.0 Safari/537.36"
116.204.104.232 - - [14/Nov/2025:10:41:37 +0800] "GET /post/53.html HTTP/2.0" 200 6069 "https://blog.wumingai.com/post/53.html" "Mozilla/5.0 (Macintosh; Intel Mac OS X 10_15_7) AppleWebKit/537.36 (KHTML, like Gecko) Chrome/123.0.0.0 Safari/537.36"
154.12.55.32 - - [14/Nov/2025:11:00:09 +0800] "GET / HTTP/1.1" 200 4732 "-" "libcurl/7.81.0 r-curl/6.0.1 httr/1.4.7"
154.12.55.32 - - [14/Nov/2025:11:00:10 +0800] "GET / HTTP/2.0" 200 4714 "-" "libcurl/7.81.0 r-curl/6.0.1 httr/1.4.7"
116.204.43.214 - - [14/Nov/2025:11:08:03 +0800] "GET /post/41.html HTTP/2.0" 200 8793 "https://blog.wumingai.com/post/41.html" "Mozilla/5.0 (Macintosh; Intel Mac OS X 10_15_7) AppleWebKit/537.36 (KHTML, like Gecko) Chrome/131.0.0.0 Safari/537.36"
1.92.203.95 - - [14/Nov/2025:11:34:46 +0800] "GET /post/51.html HTTP/2.0" 200 5863 "https://blog.wumingai.com/post/51.html" "Mozilla/5.0 (Windows NT 10.0; Win64; x64) AppleWebKit/537.36 (KHTML, like Gecko) Chrome/101.0.4951.64 Safari/537.36 Edg/101.0.1210.47"
154.12.55.32 - - [14/Nov/2025:12:00:06 +0800] "GET / HTTP/1.1" 200 4732 "-" "libcurl/7.81.0 r-curl/6.0.1 httr/1.4.7"
154.12.55.32 - - [14/Nov/2025:12:00:07 +0800] "GET / HTTP/2.0" 200 4714 "-" "libcurl/7.81.0 r-curl/6.0.1 httr/1.4.7"
116.204.25.169 - - [14/Nov/2025:12:02:38 +0800] "GET /post/28.html HTTP/2.0" 200 8222 "https://blog.wumingai.com/post/28.html" "Mozilla/5.0 (Windows NT 10.0; Win64; x64) AppleWebKit/537.36 (KHTML, like Gecko) Chrome/116.0.0.0 Safari/537.36"
116.204.99.59 - - [14/Nov/2025:12:28:06 +0800] "GET /post/54.html HTTP/2.0" 200 6874 "https://blog.wumingai.com/post/54.html" "Mozilla/5.0 (Macintosh; Intel Mac OS X 10_15_7) AppleWebKit/537.36 (KHTML, like Gecko) Chrome/119.0.0.0 Safari/537.36"
113.44.120.140 - - [14/Nov/2025:12:54:43 +0800] "GET /post/4.html HTTP/2.0" 200 12061 "https://blog.wumingai.com/post/4.html" "Mozilla/5.0 (Windows NT 10.0; Win64; x64) AppleWebKit/537.36 (KHTML, like Gecko) Chrome/101.0.4951.64 Safari/537.36 Edg/101.0.1210.47"
154.12.55.32 - - [14/Nov/2025:13:00:08 +0800] "GET / HTTP/1.1" 200 4732 "-" "libcurl/7.81.0 r-curl/6.0.1 httr/1.4.7"
154.12.55.32 - - [14/Nov/2025:13:00:09 +0800] "GET / HTTP/2.0" 200 4714 "-" "libcurl/7.81.0 r-curl/6.0.1 httr/1.4.7"
116.204.24.250 - - [14/Nov/2025:13:48:02 +0800] "GET /post/31.html HTTP/2.0" 200 15955 "https://blog.wumingai.com/post/31.html" "Mozilla/5.0 (Windows NT 10.0; Win64; x64) AppleWebKit/537.36 (KHTML, like Gecko) Chrome/116.0.0.0 Safari/537.36"
154.12.55.32 - - [14/Nov/2025:14:00:10 +0800] "GET / HTTP/1.1" 200 4732 "-" "libcurl/7.81.0 r-curl/6.0.1 httr/1.4.7"
154.12.55.32 - - [14/Nov/2025:14:00:11 +0800] "GET / HTTP/2.0" 200 4714 "-" "libcurl/7.81.0 r-curl/6.0.1 httr/1.4.7"
116.204.105.91 - - [14/Nov/2025:14:14:45 +0800] "GET /post/17.html HTTP/2.0" 200 58224 "https://blog.wumingai.com/post/17.html" "Mozilla/5.0 (Macintosh; Intel Mac OS X 10_15_7) AppleWebKit/537.36 (KHTML, like Gecko) Chrome/131.0.0.0 Safari/537.36"
154.12.55.32 - - [14/Nov/2025:15:00:11 +0800] "GET / HTTP/1.1" 200 4732 "-" "libcurl/7.81.0 r-curl/6.0.1 httr/1.4.7"
154.12.55.32 - - [14/Nov/2025:15:00:12 +0800] "GET / HTTP/2.0" 200 4714 "-" "libcurl/7.81.0 r-curl/6.0.1 httr/1.4.7"
116.204.23.220 - - [14/Nov/2025:15:08:05 +0800] "GET /post/27.html HTTP/2.0" 200 7408 "https://blog.wumingai.com/post/27.html" "Mozilla/5.0 (Macintosh; Intel Mac OS X 10_15_7) AppleWebKit/537.36 (KHTML, like Gecko) Chrome/123.0.0.0 Safari/537.36"
1.92.198.208 - - [14/Nov/2025:15:34:42 +0800] "GET /post/15.html HTTP/2.0" 200 11791 "https://blog.wumingai.com/post/15.html" "Mozilla/5.0 (Macintosh; Intel Mac OS X 10_15_7) AppleWebKit/537.36 (KHTML, like Gecko) Chrome/120.0.0.0 Safari/537.36"
154.12.55.32 - - [14/Nov/2025:16:00:13 +0800] "GET / HTTP/1.1" 200 4732 "-" "libcurl/7.81.0 r-curl/6.0.1 httr/1.4.7"
154.12.55.32 - - [14/Nov/2025:16:00:14 +0800] "GET / HTTP/2.0" 200 4714 "-" "libcurl/7.81.0 r-curl/6.0.1 httr/1.4.7"
116.204.102.28 - - [14/Nov/2025:16:02:12 +0800] "GET /post/3.html HTTP/2.0" 200 14371 "https://blog.wumingai.com/post/3.html" "Mozilla/5.0 (Macintosh; Intel Mac OS X 10_15_7) AppleWebKit/537.36 (KHTML, like Gecko) Chrome/119.0.0.0 Safari/537.36"
113.44.121.251 - - [14/Nov/2025:16:28:02 +0800] "GET /post/44.html HTTP/2.0" 200 9242 "https://blog.wumingai.com/post/44.html" "Mozilla/5.0 (Windows NT 10.0; Win64; x64) AppleWebKit/537.36 (KHTML, like Gecko) Chrome/116.0.0.0 Safari/537.36"
1.92.211.48 - - [14/Nov/2025:16:54:45 +0800] "GET /post/43.html HTTP/2.0" 200 10320 "https://blog.wumingai.com/post/43.html" "Mozilla/5.0 (Macintosh; Intel Mac OS X 10_15_7) AppleWebKit/537.36 (KHTML, like Gecko) Chrome/119.0.0.0 Safari/537.36"
106.75.23.247 - - [14/Nov/2025:16:55:06 +0800] "GET /robots.txt HTTP/1.1" 404 1473 "-" "Mozilla/5.0 (Macintosh; Intel Mac OS X 10_9_4) AppleWebKit/537.36 (KHTML, like Gecko) Chrome/36.0.1985.125 Safari/537.36"
106.75.23.247 - - [14/Nov/2025:16:55:08 +0800] "GET / HTTP/1.1" 200 4732 "-" "Mozilla/5.0 (Macintosh; Intel Mac OS X 10_9_4) AppleWebKit/537.36 (KHTML, like Gecko) Chrome/36.0.1985.125 Safari/537.36"
106.75.23.247 - - [14/Nov/2025:16:55:08 +0800] "GET /test_404_page/ HTTP/1.1" 404 1473 "-" "Mozilla/5.0 (Macintosh; Intel Mac OS X 10_9_4) AppleWebKit/537.36 (KHTML, like Gecko) Chrome/36.0.1985.125 Safari/537.36"
106.75.23.247 - - [14/Nov/2025:16:55:11 +0800] "GET /feed.asp HTTP/1.1" 404 1473 "-" "Mozilla/5.0 (Macintosh; Intel Mac OS X 10_9_4) AppleWebKit/537.36 (KHTML, like Gecko) Chrome/36.0.1985.125 Safari/537.36"
106.75.23.243 - - [14/Nov/2025:16:55:58 +0800] "GET /robots.txt HTTP/1.1" 404 1469 "-" "Mozilla/5.0 (Macintosh; Intel Mac OS X 10_9_4) AppleWebKit/537.36 (KHTML, like Gecko) Chrome/36.0.1985.125 Safari/537.36"
106.75.23.243 - - [14/Nov/2025:16:55:58 +0800] "GET / HTTP/1.1" 200 4727 "-" "Mozilla/5.0 (Macintosh; Intel Mac OS X 10_9_4) AppleWebKit/537.36 (KHTML, like Gecko) Chrome/36.0.1985.125 Safari/537.36"
106.75.23.243 - - [14/Nov/2025:16:55:58 +0800] "GET /test_404_page/ HTTP/1.1" 404 1469 "-" "Mozilla/5.0 (Macintosh; Intel Mac OS X 10_9_4) AppleWebKit/537.36 (KHTML, like Gecko) Chrome/36.0.1985.125 Safari/537.36"
106.75.23.243 - - [14/Nov/2025:16:56:00 +0800] "GET /feed.asp HTTP/1.1" 404 1469 "-" "Mozilla/5.0 (Macintosh; Intel Mac OS X 10_9_4) AppleWebKit/537.36 (KHTML, like Gecko) Chrome/36.0.1985.125 Safari/537.36"
154.12.55.32 - - [14/Nov/2025:17:00:05 +0800] "GET / HTTP/1.1" 200 4732 "-" "libcurl/7.81.0 r-curl/6.0.1 httr/1.4.7"
154.12.55.32 - - [14/Nov/2025:17:00:06 +0800] "GET / HTTP/2.0" 200 4714 "-" "libcurl/7.81.0 r-curl/6.0.1 httr/1.4.7"
162.128.163.243 - - [14/Nov/2025:17:21:28 +0800] "GET /post/57.html HTTP/2.0" 200 6629 "https://blog.wumingai.com/post/57.html" "Mozilla/5.0 (Windows NT 10.0; Win64; x64) AppleWebKit/537.36 (KHTML, like Gecko) Chrome/116.0.0.0 Safari/537.36"
1.92.192.203 - - [14/Nov/2025:17:48:05 +0800] "GET /post/33.html HTTP/2.0" 200 9179 "https://blog.wumingai.com/post/33.html" "Mozilla/5.0 (Windows NT 10.0; Win64; x64) AppleWebKit/537.36 (KHTML, like Gecko) Chrome/101.0.4951.64 Safari/537.36 Edg/101.0.1210.47"
154.12.55.32 - - [14/Nov/2025:18:00:04 +0800] "GET / HTTP/1.1" 200 4731 "-" "libcurl/7.81.0 r-curl/6.0.1 httr/1.4.7"
154.12.55.32 - - [14/Nov/2025:18:00:05 +0800] "GET / HTTP/2.0" 200 4713 "-" "libcurl/7.81.0 r-curl/6.0.1 httr/1.4.7"
113.44.121.23 - - [14/Nov/2025:18:14:42 +0800] "GET /post/35.html HTTP/2.0" 200 8434 "https://blog.wumingai.com/post/35.html" "Mozilla/5.0 (Macintosh; Intel Mac OS X 10_15_7) AppleWebKit/537.36 (KHTML, like Gecko) Chrome/123.0.0.0 Safari/537.36"
198.235.24.132 - - [14/Nov/2025:18:34:10 +0800] "GET / HTTP/1.1" 200 18959 "-" "Hello from Palo Alto Networks, find out more about our scans in https://docs-cortex.paloaltonetworks.com/r/1/Cortex-Xpanse/Scanning-activity"
116.204.24.250 - - [14/Nov/2025:18:41:36 +0800] "GET /post/60.html HTTP/2.0" 200 6798 "https://blog.wumingai.com/post/60.html" "Mozilla/5.0 (Windows NT 10.0; Win64; x64) AppleWebKit/537.36 (KHTML, like Gecko) Chrome/116.0.0.0 Safari/537.36"
179.43.191.98 - - [14/Nov/2025:18:46:17 +0800] "GET / HTTP/1.1" 200 4729 "-" "Mozilla/5.0 (Macintosh; Intel Mac OS X 10_13_6) AppleWebKit/605.1.15 (KHTML, like Gecko) Version/12.1.2 Safari/605.1.15"
154.12.55.32 - - [14/Nov/2025:19:00:05 +0800] "GET / HTTP/1.1" 200 4733 "-" "libcurl/7.81.0 r-curl/6.0.1 httr/1.4.7"
154.12.55.32 - - [14/Nov/2025:19:00:06 +0800] "GET / HTTP/2.0" 200 4716 "-" "libcurl/7.81.0 r-curl/6.0.1 httr/1.4.7"
180.97.218.71 - - [14/Nov/2025:19:04:29 +0800] "GET / HTTP/1.1" 200 18960 "https://blog.wumingai.com" "Mozilla/4.0 (compatible; MSIE 9.0; Windows NT 6.1)"
180.97.218.71 - - [14/Nov/2025:19:04:29 +0800] "GET / HTTP/1.1" 200 18960 "https://blog.wumingai.com" "Mozilla/4.0 (compatible; MSIE 9.0; Windows NT 6.1)"
180.97.218.71 - - [14/Nov/2025:19:04:29 +0800] "GET /post/55.html HTTP/1.1" 200 25111 "https://blog.wumingai.com/post/55.html" "Mozilla/4.0 (compatible; MSIE 9.0; Windows NT 6.1)"
180.97.218.71 - - [14/Nov/2025:19:04:29 +0800] "POST /zb_system/cmd.php?act=cmt&postid=55&key=d4f566698cbcb453276f4a090118dedb HTTP/1.1" 200 1174 "https://blog.wumingai.com/zb_system/cmd.php?act=cmt&postid=55&key=d4f566698cbcb453276f4a090118dedb" "Mozilla/4.0 (compatible; MSIE 9.0; Windows NT 6.1)"
116.204.108.60 - - [14/Nov/2025:19:08:03 +0800] "GET /post/63.html HTTP/2.0" 200 8620 "https://blog.wumingai.com/post/63.html#cmt71" "Mozilla/5.0 (Macintosh; Intel Mac OS X 10_15_7) AppleWebKit/537.36 (KHTML, like Gecko) Chrome/120.0.0.0 Safari/537.36"
104.210.140.135 - - [14/Nov/2025:19:16:32 +0800] "GET /robots.txt HTTP/2.0" 404 1457 "-" "Mozilla/5.0 (Macintosh; Intel Mac OS X 10_15_7) AppleWebKit/537.36 (KHTML, like Gecko) Chrome/131.0.0.0 Safari/537.36; compatible; OAI-SearchBot/1.0; +https://openai.com/searchbot"
104.210.140.129 - - [14/Nov/2025:19:16:32 +0800] "GET /robots.txt HTTP/1.1" 404 1473 "-" "Mozilla/5.0 (Macintosh; Intel Mac OS X 10_15_7) AppleWebKit/537.36 (KHTML, like Gecko) Chrome/131.0.0.0 Safari/537.36; compatible; OAI-SearchBot/1.0; +https://openai.com/searchbot"
116.204.78.164 - - [14/Nov/2025:19:34:44 +0800] "GET /post/36.html HTTP/2.0" 200 12910 "https://blog.wumingai.com/post/36.html" "Mozilla/5.0 (Macintosh; Intel Mac OS X 10_15_7) AppleWebKit/537.36 (KHTML, like Gecko) Chrome/119.0.0.0 Safari/537.36"
154.12.55.32 - - [14/Nov/2025:20:00:06 +0800] "GET / HTTP/1.1" 200 4722 "-" "libcurl/7.81.0 r-curl/6.0.1 httr/1.4.7"
154.12.55.32 - - [14/Nov/2025:20:00:07 +0800] "GET / HTTP/2.0" 200 4704 "-" "libcurl/7.81.0 r-curl/6.0.1 httr/1.4.7"
113.44.127.165 - - [14/Nov/2025:20:01:44 +0800] "GET /post/19.html HTTP/2.0" 200 8619 "https://blog.wumingai.com/post/19.html" "Mozilla/5.0 (Windows NT 10.0; Win64; x64) AppleWebKit/537.36 (KHTML, like Gecko) Chrome/116.0.0.0 Safari/537.36"
113.44.104.107 - - [14/Nov/2025:20:28:04 +0800] "GET /post/39.html HTTP/2.0" 200 8597 "https://blog.wumingai.com/post/39.html" "Mozilla/5.0 (Macintosh; Intel Mac OS X 10_15_7) AppleWebKit/537.36 (KHTML, like Gecko) Chrome/120.0.0.0 Safari/537.36"
116.204.68.151 - - [14/Nov/2025:20:54:41 +0800] "GET /post/23.html HTTP/2.0" 200 8214 "https://blog.wumingai.com/post/23.html" "Mozilla/5.0 (Macintosh; Intel Mac OS X 10_15_7) AppleWebKit/537.36 (KHTML, like Gecko) Chrome/131.0.0.0 Safari/537.36"
154.12.55.32 - - [14/Nov/2025:21:00:06 +0800] "GET / HTTP/1.1" 200 4722 "-" "libcurl/7.81.0 r-curl/6.0.1 httr/1.4.7"
154.12.55.32 - - [14/Nov/2025:21:00:07 +0800] "GET / HTTP/2.0" 200 4704 "-" "libcurl/7.81.0 r-curl/6.0.1 httr/1.4.7"
1.92.202.21 - - [14/Nov/2025:21:21:34 +0800] "GET /post/52.html HTTP/2.0" 200 6062 "https://blog.wumingai.com/post/52.html" "Mozilla/5.0 (Windows NT 10.0; Win64; x64) AppleWebKit/537.36 (KHTML, like Gecko) Chrome/101.0.4951.64 Safari/537.36 Edg/101.0.1210.47"
1.92.215.120 - - [14/Nov/2025:21:48:02 +0800] "GET /post/7.html HTTP/2.0" 200 14621 "https://blog.wumingai.com/post/7.html" "Mozilla/5.0 (Windows NT 10.0; Win64; x64) AppleWebKit/537.36 (KHTML, like Gecko) Chrome/101.0.4951.64 Safari/537.36 Edg/101.0.1210.47"
154.12.55.32 - - [14/Nov/2025:22:00:06 +0800] "GET / HTTP/1.1" 200 4722 "-" "libcurl/7.81.0 r-curl/6.0.1 httr/1.4.7"
154.12.55.32 - - [14/Nov/2025:22:00:07 +0800] "GET / HTTP/2.0" 200 4704 "-" "libcurl/7.81.0 r-curl/6.0.1 httr/1.4.7"
116.204.73.141 - - [14/Nov/2025:22:14:44 +0800] "GET /post/22.html HTTP/2.0" 200 7211 "https://blog.wumingai.com/post/22.html" "Mozilla/5.0 (Windows NT 10.0; Win64; x64) AppleWebKit/537.36 (KHTML, like Gecko) Chrome/116.0.0.0 Safari/537.36"
1.92.195.92 - - [14/Nov/2025:22:41:26 +0800] "GET /post/11.html HTTP/2.0" 200 12709 "https://blog.wumingai.com/post/11.html" "Mozilla/5.0 (Macintosh; Intel Mac OS X 10_15_7) AppleWebKit/537.36 (KHTML, like Gecko) Chrome/120.0.0.0 Safari/537.36"
154.12.55.32 - - [14/Nov/2025:23:00:08 +0800] "GET / HTTP/1.1" 200 4722 "-" "libcurl/7.81.0 r-curl/6.0.1 httr/1.4.7"
154.12.55.32 - - [14/Nov/2025:23:00:09 +0800] "GET / HTTP/2.0" 200 4704 "-" "libcurl/7.81.0 r-curl/6.0.1 httr/1.4.7"
116.204.21.106 - - [14/Nov/2025:23:08:04 +0800] "GET /post/24.html HTTP/2.0" 200 8515 "https://blog.wumingai.com/post/24.html" "Mozilla/5.0 (Macintosh; Intel Mac OS X 10_15_7) AppleWebKit/537.36 (KHTML, like Gecko) Chrome/123.0.0.0 Safari/537.36"
116.204.21.198 - - [14/Nov/2025:23:34:42 +0800] "GET /post/61.html HTTP/2.0" 200 6815 "https://blog.wumingai.com/post/61.html#cmt72" "Mozilla/5.0 (Macintosh; Intel Mac OS X 10_15_7) AppleWebKit/537.36 (KHTML, like Gecko) Chrome/120.0.0.0 Safari/537.36"
154.12.55.32 - - [15/Nov/2025:00:00:13 +0800] "GET / HTTP/1.1" 200 4718 "-" "libcurl/7.81.0 r-curl/6.0.1 httr/1.4.7"
154.12.55.32 - - [15/Nov/2025:00:00:14 +0800] "GET / HTTP/2.0" 200 4701 "-" "libcurl/7.81.0 r-curl/6.0.1 httr/1.4.7"
205.210.31.13 - - [15/Nov/2025:00:20:19 +0800] "GET / HTTP/1.1" 200 18868 "-" "Hello from Palo Alto Networks, find out more about our scans in https://docs-cortex.paloaltonetworks.com/r/1/Cortex-Xpanse/Scanning-activity"
116.204.69.6 - - [15/Nov/2025:00:20:44 +0800] "GET /post/37.html HTTP/2.0" 200 6918 "https://blog.wumingai.com/post/37.html" "Mozilla/5.0 (Windows NT 10.0; Win64; x64) AppleWebKit/537.36 (KHTML, like Gecko) Chrome/101.0.4951.64 Safari/537.36 Edg/101.0.1210.47"
154.12.55.32 - - [15/Nov/2025:01:00:07 +0800] "GET / HTTP/1.1" 200 4719 "-" "libcurl/7.81.0 r-curl/6.0.1 httr/1.4.7"
154.12.55.32 - - [15/Nov/2025:01:00:08 +0800] "GET / HTTP/2.0" 200 4701 "-" "libcurl/7.81.0 r-curl/6.0.1 httr/1.4.7"
154.12.55.32 - - [15/Nov/2025:02:00:07 +0800] "GET / HTTP/1.1" 200 4719 "-" "libcurl/7.81.0 r-curl/6.0.1 httr/1.4.7"
154.12.55.32 - - [15/Nov/2025:02:00:08 +0800] "GET / HTTP/2.0" 200 4700 "-" "libcurl/7.81.0 r-curl/6.0.1 httr/1.4.7"
154.12.55.32 - - [15/Nov/2025:03:00:07 +0800] "GET / HTTP/1.1" 200 4719 "-" "libcurl/7.81.0 r-curl/6.0.1 httr/1.4.7"
154.12.55.32 - - [15/Nov/2025:03:00:08 +0800] "GET / HTTP/2.0" 200 4700 "-" "libcurl/7.81.0 r-curl/6.0.1 httr/1.4.7"
154.12.55.32 - - [15/Nov/2025:04:00:12 +0800] "GET / HTTP/1.1" 200 4719 "-" "libcurl/7.81.0 r-curl/6.0.1 httr/1.4.7"
154.12.55.32 - - [15/Nov/2025:04:00:13 +0800] "GET / HTTP/2.0" 200 4701 "-" "libcurl/7.81.0 r-curl/6.0.1 httr/1.4.7"
116.204.30.64 - - [15/Nov/2025:04:52:34 +0800] "GET /post/4.html HTTP/2.0" 200 12014 "https://blog.wumingai.com/post/4.html" "Mozilla/5.0 (Macintosh; Intel Mac OS X 10_15_7) AppleWebKit/537.36 (KHTML, like Gecko) Chrome/120.0.0.0 Safari/537.36"
154.12.55.32 - - [15/Nov/2025:05:00:08 +0800] "GET / HTTP/1.1" 200 4719 "-" "libcurl/7.81.0 r-curl/6.0.1 httr/1.4.7"
154.12.55.32 - - [15/Nov/2025:05:00:09 +0800] "GET / HTTP/2.0" 200 4701 "-" "libcurl/7.81.0 r-curl/6.0.1 httr/1.4.7"
123.58.198.151 - - [15/Nov/2025:06:35:33 +0800] "GET / HTTP/1.1" 200 18946 "https://blog.wumingai.com" "Mozilla/4.0 (compatible; MSIE 9.0; Windows NT 6.1)"
123.58.198.151 - - [15/Nov/2025:06:35:33 +0800] "GET / HTTP/1.1" 200 18946 "https://blog.wumingai.com" "Mozilla/4.0 (compatible; MSIE 9.0; Windows NT 6.1)"
123.58.198.151 - - [15/Nov/2025:06:35:34 +0800] "GET /post/60.html%23cmt75 HTTP/1.1" 404 4123 "https://blog.wumingai.com/post/60.html#cmt75" "Mozilla/4.0 (compatible; MSIE 9.0; Windows NT 6.1)"
123.58.198.151 - - [15/Nov/2025:06:35:34 +0800] "GET /post/61.html HTTP/1.1" 200 23628 "https://blog.wumingai.com/post/61.html" "Mozilla/4.0 (compatible; MSIE 9.0; Windows NT 6.1)"
123.58.198.151 - - [15/Nov/2025:06:35:34 +0800] "POST /zb_system/cmd.php?act=cmt&postid=61&key=c3168a271888dbcb7b4062c49ec59533 HTTP/1.1" 200 1846 "https://blog.wumingai.com/zb_system/cmd.php?act=cmt&postid=61&key=c3168a271888dbcb7b4062c49ec59533" "Mozilla/4.0 (compatible; MSIE 9.0; Windows NT 6.1)"
154.12.55.32 - - [15/Nov/2025:07:00:06 +0800] "GET / HTTP/1.1" 200 4884 "-" "libcurl/7.81.0 r-curl/6.0.1 httr/1.4.7"
154.12.55.32 - - [15/Nov/2025:07:00:07 +0800] "GET / HTTP/2.0" 200 4868 "-" "libcurl/7.81.0 r-curl/6.0.1 httr/1.4.7"
180.97.218.71 - - [15/Nov/2025:07:53:15 +0800] "GET / HTTP/1.1" 200 19143 "https://blog.wumingai.com" "Mozilla/4.0 (compatible; MSIE 9.0; Windows NT 6.1)"
180.97.218.71 - - [15/Nov/2025:07:53:15 +0800] "GET / HTTP/1.1" 200 19143 "https://blog.wumingai.com" "Mozilla/4.0 (compatible; MSIE 9.0; Windows NT 6.1)"
180.97.218.71 - - [15/Nov/2025:07:53:16 +0800] "GET /page_5.html HTTP/1.1" 200 21994 "https://blog.wumingai.com/page_5.html" "Mozilla/4.0 (compatible; MSIE 9.0; Windows NT 6.1)"
180.97.218.71 - - [15/Nov/2025:07:53:16 +0800] "GET /post/57.html HTTP/1.1" 200 25289 "https://blog.wumingai.com/post/57.html" "Mozilla/4.0 (compatible; MSIE 9.0; Windows NT 6.1)"
180.97.218.71 - - [15/Nov/2025:07:53:16 +0800] "POST /zb_system/cmd.php?act=cmt&postid=57&key=4384883d3737d5d1845d5450400d513e HTTP/1.1" 200 1207 "https://blog.wumingai.com/zb_system/cmd.php?act=cmt&postid=57&key=4384883d3737d5d1845d5450400d513e" "Mozilla/4.0 (compatible; MSIE 9.0; Windows NT 6.1)"
154.12.55.32 - - [15/Nov/2025:08:00:17 +0800] "GET / HTTP/1.1" 200 4880 "-" "libcurl/7.81.0 r-curl/6.0.1 httr/1.4.7"
154.12.55.32 - - [15/Nov/2025:08:00:18 +0800] "GET / HTTP/2.0" 200 4862 "-" "libcurl/7.81.0 r-curl/6.0.1 httr/1.4.7"
154.12.55.32 - - [15/Nov/2025:09:00:08 +0800] "GET / HTTP/1.1" 200 4880 "-" "libcurl/7.81.0 r-curl/6.0.1 httr/1.4.7"
154.12.55.32 - - [15/Nov/2025:09:00:09 +0800] "GET / HTTP/2.0" 200 4863 "-" "libcurl/7.81.0 r-curl/6.0.1 httr/1.4.7"
116.204.39.178 - - [15/Nov/2025:09:40:16 +0800] "GET /post/61.html HTTP/2.0" 200 6858 "https://blog.wumingai.com/post/61.html#cmt72" "Mozilla/5.0 (Macintosh; Intel Mac OS X 10_15_7) AppleWebKit/537.36 (KHTML, like Gecko) Chrome/120.0.0.0 Safari/537.36"
154.12.55.32 - - [15/Nov/2025:10:00:10 +0800] "GET / HTTP/1.1" 200 4881 "-" "libcurl/7.81.0 r-curl/6.0.1 httr/1.4.7"
154.12.55.32 - - [15/Nov/2025:10:00:11 +0800] "GET / HTTP/2.0" 200 4863 "-" "libcurl/7.81.0 r-curl/6.0.1 httr/1.4.7"
123.58.198.151 - - [15/Nov/2025:10:27:56 +0800] "GET / HTTP/1.1" 200 19116 "https://blog.wumingai.com" "Mozilla/4.0 (compatible; MSIE 9.0; Windows NT 6.1)"
123.58.198.151 - - [15/Nov/2025:10:27:56 +0800] "GET / HTTP/1.1" 200 19116 "https://blog.wumingai.com" "Mozilla/4.0 (compatible; MSIE 9.0; Windows NT 6.1)"
123.58.198.151 - - [15/Nov/2025:10:27:56 +0800] "GET /page_5.html HTTP/1.1" 200 21967 "https://blog.wumingai.com/page_5.html" "Mozilla/4.0 (compatible; MSIE 9.0; Windows NT 6.1)"
123.58.198.151 - - [15/Nov/2025:10:27:56 +0800] "GET /post/61.html HTTP/1.1" 200 25147 "https://blog.wumingai.com/post/61.html" "Mozilla/4.0 (compatible; MSIE 9.0; Windows NT 6.1)"
123.58.198.151 - - [15/Nov/2025:10:27:57 +0800] "POST /zb_system/cmd.php?act=cmt&postid=61&key=836103df702422b00528a588f959b7d6 HTTP/1.1" 200 230 "https://blog.wumingai.com/zb_system/cmd.php?act=cmt&postid=61&key=836103df702422b00528a588f959b7d6" "Mozilla/4.0 (compatible; MSIE 9.0; Windows NT 6.1)"
154.12.55.32 - - [15/Nov/2025:11:00:08 +0800] "GET / HTTP/1.1" 200 4881 "-" "libcurl/7.81.0 r-curl/6.0.1 httr/1.4.7"
154.12.55.32 - - [15/Nov/2025:11:00:09 +0800] "GET / HTTP/2.0" 200 4863 "-" "libcurl/7.81.0 r-curl/6.0.1 httr/1.4.7"
154.12.55.32 - - [15/Nov/2025:12:00:06 +0800] "GET / HTTP/1.1" 200 4881 "-" "libcurl/7.81.0 r-curl/6.0.1 httr/1.4.7"
154.12.55.32 - - [15/Nov/2025:12:00:07 +0800] "GET / HTTP/2.0" 200 4863 "-" "libcurl/7.81.0 r-curl/6.0.1 httr/1.4.7"
34.245.227.13 - - [15/Nov/2025:12:00:27 +0800] "GET / HTTP/1.0" 200 19103 "-" "Mozilla/5.0 (compatible; NetcraftSurveyAgent/1.0; +info@netcraft.com)"
154.12.55.32 - - [15/Nov/2025:13:00:08 +0800] "GET / HTTP/1.1" 200 4881 "-" "libcurl/7.81.0 r-curl/6.0.1 httr/1.4.7"
154.12.55.32 - - [15/Nov/2025:13:00:09 +0800] "GET / HTTP/2.0" 200 4863 "-" "libcurl/7.81.0 r-curl/6.0.1 httr/1.4.7"
154.12.55.32 - - [15/Nov/2025:14:00:06 +0800] "GET / HTTP/1.1" 200 4881 "-" "libcurl/7.81.0 r-curl/6.0.1 httr/1.4.7"
154.12.55.32 - - [15/Nov/2025:14:00:07 +0800] "GET / HTTP/2.0" 200 4863 "-" "libcurl/7.81.0 r-curl/6.0.1 httr/1.4.7"
1.92.194.8 - - [15/Nov/2025:14:28:09 +0800] "GET /post/62.html HTTP/2.0" 200 6887 "https://blog.wumingai.com/post/62.html#cmt70" "Mozilla/5.0 (Macintosh; Intel Mac OS X 10_15_7) AppleWebKit/537.36 (KHTML, like Gecko) Chrome/131.0.0.0 Safari/537.36"
123.58.198.151 - - [15/Nov/2025:14:30:52 +0800] "GET / HTTP/1.1" 200 19117 "https://blog.wumingai.com" "Mozilla/4.0 (compatible; MSIE 9.0; Windows NT 6.1)"
123.58.198.151 - - [15/Nov/2025:14:30:52 +0800] "GET / HTTP/1.1" 200 19116 "https://blog.wumingai.com" "Mozilla/4.0 (compatible; MSIE 9.0; Windows NT 6.1)"
123.58.198.151 - - [15/Nov/2025:14:30:52 +0800] "GET /post/60.html HTTP/1.1" 200 26348 "https://blog.wumingai.com/post/60.html" "Mozilla/4.0 (compatible; MSIE 9.0; Windows NT 6.1)"
123.58.198.151 - - [15/Nov/2025:14:30:53 +0800] "POST /zb_system/cmd.php?act=cmt&postid=60&key=b814e986ec083d5b5efe9c3ecb438e8e HTTP/1.1" 200 218 "https://blog.wumingai.com/zb_system/cmd.php?act=cmt&postid=60&key=b814e986ec083d5b5efe9c3ecb438e8e" "Mozilla/4.0 (compatible; MSIE 9.0; Windows NT 6.1)"
154.12.55.32 - - [15/Nov/2025:15:00:06 +0800] "GET / HTTP/1.1" 200 4879 "-" "libcurl/7.81.0 r-curl/6.0.1 httr/1.4.7"
154.12.55.32 - - [15/Nov/2025:15:00:07 +0800] "GET / HTTP/2.0" 200 4861 "-" "libcurl/7.81.0 r-curl/6.0.1 httr/1.4.7"
154.12.55.32 - - [15/Nov/2025:16:00:06 +0800] "GET / HTTP/1.1" 200 4879 "-" "libcurl/7.81.0 r-curl/6.0.1 httr/1.4.7"
154.12.55.32 - - [15/Nov/2025:16:00:07 +0800] "GET / HTTP/2.0" 200 4860 "-" "libcurl/7.81.0 r-curl/6.0.1 httr/1.4.7"
104.210.140.131 - - [15/Nov/2025:16:52:40 +0800] "GET /robots.txt HTTP/2.0" 404 1457 "-" "Mozilla/5.0 (Macintosh; Intel Mac OS X 10_15_7) AppleWebKit/537.36 (KHTML, like Gecko) Chrome/131.0.0.0 Safari/537.36; compatible; OAI-SearchBot/1.0; +https://openai.com/searchbot"
104.210.140.130 - - [15/Nov/2025:16:52:41 +0800] "GET /robots.txt HTTP/1.1" 404 1473 "-" "Mozilla/5.0 (Macintosh; Intel Mac OS X 10_15_7) AppleWebKit/537.36 (KHTML, like Gecko) Chrome/131.0.0.0 Safari/537.36; compatible; OAI-SearchBot/1.0; +https://openai.com/searchbot"
154.12.55.32 - - [15/Nov/2025:17:00:09 +0800] "GET / HTTP/1.1" 200 4879 "-" "libcurl/7.81.0 r-curl/6.0.1 httr/1.4.7"
154.12.55.32 - - [15/Nov/2025:17:00:10 +0800] "GET / HTTP/2.0" 200 4861 "-" "libcurl/7.81.0 r-curl/6.0.1 httr/1.4.7"
154.12.55.32 - - [15/Nov/2025:18:00:08 +0800] "GET / HTTP/1.1" 200 4878 "-" "libcurl/7.81.0 r-curl/6.0.1 httr/1.4.7"
154.12.55.32 - - [15/Nov/2025:18:00:09 +0800] "GET / HTTP/2.0" 200 4861 "-" "libcurl/7.81.0 r-curl/6.0.1 httr/1.4.7"
123.58.198.151 - - [15/Nov/2025:18:33:22 +0800] "GET / HTTP/1.1" 200 19116 "https://blog.wumingai.com" "Mozilla/4.0 (compatible; MSIE 9.0; Windows NT 6.1)"
123.58.198.151 - - [15/Nov/2025:18:33:22 +0800] "GET / HTTP/1.1" 200 19116 "https://blog.wumingai.com" "Mozilla/4.0 (compatible; MSIE 9.0; Windows NT 6.1)"
123.58.198.151 - - [15/Nov/2025:18:33:23 +0800] "GET /post/61.html HTTP/1.1" 200 23836 "https://blog.wumingai.com/post/61.html" "Mozilla/4.0 (compatible; MSIE 9.0; Windows NT 6.1)"
123.58.198.151 - - [15/Nov/2025:18:33:23 +0800] "POST /zb_system/cmd.php?act=cmt&postid=61&key=c3168a271888dbcb7b4062c49ec59533 HTTP/1.1" 200 190 "https://blog.wumingai.com/zb_system/cmd.php?act=cmt&postid=61&key=c3168a271888dbcb7b4062c49ec59533" "Mozilla/4.0 (compatible; MSIE 9.0; Windows NT 6.1)"
154.12.55.32 - - [15/Nov/2025:19:00:06 +0800] "GET / HTTP/1.1" 200 4878 "-" "libcurl/7.81.0 r-curl/6.0.1 httr/1.4.7"
154.12.55.32 - - [15/Nov/2025:19:00:07 +0800] "GET / HTTP/2.0" 200 4860 "-" "libcurl/7.81.0 r-curl/6.0.1 httr/1.4.7"
113.44.127.214 - - [15/Nov/2025:19:16:08 +0800] "GET /post/40.html HTTP/2.0" 200 7718 "https://blog.wumingai.com/post/40.html" "Mozilla/5.0 (Macintosh; Intel Mac OS X 10_15_7) AppleWebKit/537.36 (KHTML, like Gecko) Chrome/131.0.0.0 Safari/537.36"
154.12.55.32 - - [15/Nov/2025:20:00:10 +0800] "GET / HTTP/1.1" 200 4878 "-" "libcurl/7.81.0 r-curl/6.0.1 httr/1.4.7"
154.12.55.32 - - [15/Nov/2025:20:00:11 +0800] "GET / HTTP/2.0" 200 4860 "-" "libcurl/7.81.0 r-curl/6.0.1 httr/1.4.7"
178.20.209.127 - - [15/Nov/2025:20:07:33 +0800] "GET / HTTP/1.1" 200 4879 "-" "Mozilla/5.0 (Windows NT 10.0; Win64; x64) AppleWebKit/537.36 (KHTML, like Gecko) Chrome/126.0.0.0 Safari/537.36"
154.12.55.32 - - [15/Nov/2025:21:00:57 +0800] "GET / HTTP/1.1" 200 4878 "-" "libcurl/7.81.0 r-curl/6.0.1 httr/1.4.7"
154.12.55.32 - - [15/Nov/2025:21:00:58 +0800] "GET / HTTP/2.0" 200 4861 "-" "libcurl/7.81.0 r-curl/6.0.1 httr/1.4.7"
111.238.48.211 - - [15/Nov/2025:21:17:14 +0800] "GET / HTTP/1.1" 200 4878 "-" "Mozilla/5.0 (KeyScanner/1.0)"
180.97.218.71 - - [15/Nov/2025:21:35:30 +0800] "GET / HTTP/1.1" 200 19117 "https://blog.wumingai.com" "Mozilla/4.0 (compatible; MSIE 9.0; Windows NT 6.1)"
180.97.218.71 - - [15/Nov/2025:21:35:30 +0800] "GET / HTTP/1.1" 200 19117 "https://blog.wumingai.com" "Mozilla/4.0 (compatible; MSIE 9.0; Windows NT 6.1)"
180.97.218.71 - - [15/Nov/2025:21:35:30 +0800] "GET /post/62.html HTTP/1.1" 200 26662 "https://blog.wumingai.com/post/62.html" "Mozilla/4.0 (compatible; MSIE 9.0; Windows NT 6.1)"
180.97.218.71 - - [15/Nov/2025:21:35:31 +0800] "POST /zb_system/cmd.php?act=cmt&postid=62&key=ef0374f0934b87c57be408bbd5a590d5 HTTP/1.1" 200 1200 "https://blog.wumingai.com/zb_system/cmd.php?act=cmt&postid=62&key=ef0374f0934b87c57be408bbd5a590d5" "Mozilla/4.0 (compatible; MSIE 9.0; Windows NT 6.1)"
154.12.55.32 - - [15/Nov/2025:22:00:53 +0800] "GET / HTTP/1.1" 200 4702 "-" "libcurl/7.81.0 r-curl/6.0.1 httr/1.4.7"
154.12.55.32 - - [15/Nov/2025:22:00:54 +0800] "GET / HTTP/2.0" 200 4685 "-" "libcurl/7.81.0 r-curl/6.0.1 httr/1.4.7"
123.58.198.151 - - [15/Nov/2025:22:34:17 +0800] "GET / HTTP/1.1" 200 18923 "https://blog.wumingai.com" "Mozilla/4.0 (compatible; MSIE 9.0; Windows NT 6.1)"
123.58.198.151 - - [15/Nov/2025:22:34:17 +0800] "GET / HTTP/1.1" 200 18923 "https://blog.wumingai.com" "Mozilla/4.0 (compatible; MSIE 9.0; Windows NT 6.1)"
123.58.198.151 - - [15/Nov/2025:22:34:17 +0800] "GET /post/63.html%23cmt79 HTTP/1.1" 404 4123 "https://blog.wumingai.com/post/63.html#cmt79" "Mozilla/4.0 (compatible; MSIE 9.0; Windows NT 6.1)"
123.58.198.151 - - [15/Nov/2025:22:34:18 +0800] "GET /post/63.html HTTP/1.1" 200 38161 "https://blog.wumingai.com/post/63.html" "Mozilla/4.0 (compatible; MSIE 9.0; Windows NT 6.1)"
123.58.198.151 - - [15/Nov/2025:22:34:18 +0800] "POST /zb_system/cmd.php?act=cmt&postid=63&key=06986b966e32ed582c6bd56bfe023e63 HTTP/1.1" 200 190 "https://blog.wumingai.com/zb_system/cmd.php?act=cmt&postid=63&key=06986b966e32ed582c6bd56bfe023e63" "Mozilla/4.0 (compatible; MSIE 9.0; Windows NT 6.1)"
154.12.55.32 - - [15/Nov/2025:23:00:06 +0800] "GET / HTTP/1.1" 200 4702 "-" "libcurl/7.81.0 r-curl/6.0.1 httr/1.4.7"
154.12.55.32 - - [15/Nov/2025:23:00:07 +0800] "GET / HTTP/2.0" 200 4686 "-" "libcurl/7.81.0 r-curl/6.0.1 httr/1.4.7"
154.12.55.32 - - [16/Nov/2025:00:00:10 +0800] "GET / HTTP/1.1" 200 4702 "-" "libcurl/7.81.0 r-curl/6.0.1 httr/1.4.7"
154.12.55.32 - - [16/Nov/2025:00:00:11 +0800] "GET / HTTP/2.0" 200 4686 "-" "libcurl/7.81.0 r-curl/6.0.1 httr/1.4.7"
116.204.72.11 - - [16/Nov/2025:00:12:13 +0800] "GET /category-2_4.html HTTP/2.0" 200 4899 "https://blog.wumingai.com/category-2_4.html" "Mozilla/5.0 (Macintosh; Intel Mac OS X 10_15_7) AppleWebKit/537.36 (KHTML, like Gecko) Chrome/119.0.0.0 Safari/537.36"
154.12.55.32 - - [16/Nov/2025:01:00:15 +0800] "GET / HTTP/1.1" 200 4701 "-" "libcurl/7.81.0 r-curl/6.0.1 httr/1.4.7"
154.12.55.32 - - [16/Nov/2025:01:00:16 +0800] "GET / HTTP/2.0" 200 4686 "-" "libcurl/7.81.0 r-curl/6.0.1 httr/1.4.7"
121.37.97.90 - - [16/Nov/2025:01:39:46 +0800] "GET /page_5.html HTTP/2.0" 200 6394 "https://blog.wumingai.com/page_5.html" "Mozilla/5.0 (Macintosh; Intel Mac OS X 10_15_7) AppleWebKit/537.36 (KHTML, like Gecko) Chrome/131.0.0.0 Safari/537.36"
154.12.55.32 - - [16/Nov/2025:02:00:09 +0800] "GET / HTTP/1.1" 200 4702 "-" "libcurl/7.81.0 r-curl/6.0.1 httr/1.4.7"
154.12.55.32 - - [16/Nov/2025:02:00:10 +0800] "GET / HTTP/2.0" 200 4686 "-" "libcurl/7.81.0 r-curl/6.0.1 httr/1.4.7"
123.58.198.151 - - [16/Nov/2025:02:51:09 +0800] "GET / HTTP/1.1" 200 18923 "https://blog.wumingai.com" "Mozilla/4.0 (compatible; MSIE 9.0; Windows NT 6.1)"
123.58.198.151 - - [16/Nov/2025:02:51:09 +0800] "GET / HTTP/1.1" 200 18923 "https://blog.wumingai.com" "Mozilla/4.0 (compatible; MSIE 9.0; Windows NT 6.1)"
123.58.198.151 - - [16/Nov/2025:02:51:09 +0800] "GET /post/62.html HTTP/1.1" 200 24327 "https://blog.wumingai.com/post/62.html" "Mozilla/4.0 (compatible; MSIE 9.0; Windows NT 6.1)"
123.58.198.151 - - [16/Nov/2025:02:51:09 +0800] "POST /zb_system/cmd.php?act=cmt&postid=62&key=e8b1583c789ba5b0cf9e82758f471426 HTTP/1.1" 200 190 "https://blog.wumingai.com/zb_system/cmd.php?act=cmt&postid=62&key=e8b1583c789ba5b0cf9e82758f471426" "Mozilla/4.0 (compatible; MSIE 9.0; Windows NT 6.1)"
154.12.55.32 - - [16/Nov/2025:03:00:11 +0800] "GET / HTTP/1.1" 200 4702 "-" "libcurl/7.81.0 r-curl/6.0.1 httr/1.4.7"
154.12.55.32 - - [16/Nov/2025:03:00:12 +0800] "GET / HTTP/2.0" 200 4686 "-" "libcurl/7.81.0 r-curl/6.0.1 httr/1.4.7"
116.204.96.58 - - [16/Nov/2025:03:15:46 +0800] "GET /category-2_5.html HTTP/2.0" 200 6398 "https://blog.wumingai.com/category-2_5.html" "Mozilla/5.0 (Macintosh; Intel Mac OS X 10_15_7) AppleWebKit/537.36 (KHTML, like Gecko) Chrome/123.0.0.0 Safari/537.36"
154.12.55.32 - - [16/Nov/2025:04:00:09 +0800] "GET / HTTP/1.1" 200 4703 "-" "libcurl/7.81.0 r-curl/6.0.1 httr/1.4.7"
154.12.55.32 - - [16/Nov/2025:04:00:10 +0800] "GET / HTTP/2.0" 200 4686 "-" "libcurl/7.81.0 r-curl/6.0.1 httr/1.4.7"
116.204.43.214 - - [16/Nov/2025:04:52:37 +0800] "GET /category-2_2.html HTTP/2.0" 200 4447 "https://blog.wumingai.com/category-2_2.html" "Mozilla/5.0 (Windows NT 10.0; Win64; x64) AppleWebKit/537.36 (KHTML, like Gecko) Chrome/116.0.0.0 Safari/537.36"
154.12.55.32 - - [16/Nov/2025:05:00:11 +0800] "GET / HTTP/1.1" 200 4702 "-" "libcurl/7.81.0 r-curl/6.0.1 httr/1.4.7"
154.12.55.32 - - [16/Nov/2025:05:00:12 +0800] "GET / HTTP/2.0" 200 4686 "-" "libcurl/7.81.0 r-curl/6.0.1 httr/1.4.7"
154.12.55.32 - - [16/Nov/2025:06:00:08 +0800] "GET / HTTP/1.1" 200 4702 "-" "libcurl/7.81.0 r-curl/6.0.1 httr/1.4.7"
154.12.55.32 - - [16/Nov/2025:06:00:09 +0800] "GET / HTTP/2.0" 200 4686 "-" "libcurl/7.81.0 r-curl/6.0.1 httr/1.4.7"
121.37.98.249 - - [16/Nov/2025:06:27:45 +0800] "GET /2.html HTTP/2.0" 200 2936 "https://blog.wumingai.com/2.html" "Mozilla/5.0 (Macintosh; Intel Mac OS X 10_15_7) AppleWebKit/537.36 (KHTML, like Gecko) Chrome/123.0.0.0 Safari/537.36"
123.58.198.151 - - [16/Nov/2025:06:33:38 +0800] "GET / HTTP/1.1" 200 18923 "https://blog.wumingai.com" "Mozilla/4.0 (compatible; MSIE 9.0; Windows NT 6.1)"
123.58.198.151 - - [16/Nov/2025:06:33:38 +0800] "GET / HTTP/1.1" 200 18923 "https://blog.wumingai.com" "Mozilla/4.0 (compatible; MSIE 9.0; Windows NT 6.1)"
123.58.198.151 - - [16/Nov/2025:06:33:38 +0800] "GET /post/60.html HTTP/1.1" 200 26680 "https://blog.wumingai.com/post/60.html" "Mozilla/4.0 (compatible; MSIE 9.0; Windows NT 6.1)"
123.58.198.151 - - [16/Nov/2025:06:33:38 +0800] "POST /zb_system/cmd.php?act=cmt&postid=60&key=ca81a209d59d0ea6269e0b6eae9270f0 HTTP/1.1" 200 190 "https://blog.wumingai.com/zb_system/cmd.php?act=cmt&postid=60&key=ca81a209d59d0ea6269e0b6eae9270f0" "Mozilla/4.0 (compatible; MSIE 9.0; Windows NT 6.1)"
154.12.55.32 - - [16/Nov/2025:07:00:11 +0800] "GET / HTTP/1.1" 200 4702 "-" "libcurl/7.81.0 r-curl/6.0.1 httr/1.4.7"
154.12.55.32 - - [16/Nov/2025:07:00:12 +0800] "GET / HTTP/2.0" 200 4686 "-" "libcurl/7.81.0 r-curl/6.0.1 httr/1.4.7"
154.12.55.32 - - [16/Nov/2025:08:00:25 +0800] "GET / HTTP/1.1" 200 4702 "-" "libcurl/7.81.0 r-curl/6.0.1 httr/1.4.7"
154.12.55.32 - - [16/Nov/2025:08:00:26 +0800] "GET / HTTP/2.0" 200 4686 "-" "libcurl/7.81.0 r-curl/6.0.1 httr/1.4.7"
116.204.29.104 - - [16/Nov/2025:08:05:26 +0800] "GET /category-2_3.html HTTP/2.0" 200 4071 "https://blog.wumingai.com/category-2_3.html" "Mozilla/5.0 (Windows NT 10.0; Win64; x64) AppleWebKit/537.36 (KHTML, like Gecko) Chrome/116.0.0.0 Safari/537.36"
147.185.132.66 - - [16/Nov/2025:08:36:12 +0800] "GET /.well-known/security.txt HTTP/1.1" 404 4110 "-" "Hello from Palo Alto Networks, find out more about our scans in https://docs-cortex.paloaltonetworks.com/r/1/Cortex-Xpanse/Scanning-activity"
154.12.55.32 - - [16/Nov/2025:09:00:09 +0800] "GET / HTTP/1.1" 200 4702 "-" "libcurl/7.81.0 r-curl/6.0.1 httr/1.4.7"
154.12.55.32 - - [16/Nov/2025:09:00:10 +0800] "GET / HTTP/2.0" 200 4685 "-" "libcurl/7.81.0 r-curl/6.0.1 httr/1.4.7"
116.204.18.107 - - [16/Nov/2025:09:40:36 +0800] "GET /?id=2 HTTP/2.0" 302 53 "https://blog.wumingai.com/?id=2" "Mozilla/5.0 (Macintosh; Intel Mac OS X 10_15_7) AppleWebKit/537.36 (KHTML, like Gecko) Chrome/123.0.0.0 Safari/537.36"
116.204.18.107 - - [16/Nov/2025:09:40:36 +0800] "GET /2.html HTTP/2.0" 200 2935 "https://blog.wumingai.com/2.html" "Mozilla/5.0 (Macintosh; Intel Mac OS X 10_15_7) AppleWebKit/537.36 (KHTML, like Gecko) Chrome/123.0.0.0 Safari/537.36"
154.12.55.32 - - [16/Nov/2025:10:00:15 +0800] "GET / HTTP/1.1" 200 4701 "-" "libcurl/7.81.0 r-curl/6.0.1 httr/1.4.7"
154.12.55.32 - - [16/Nov/2025:10:00:16 +0800] "GET / HTTP/2.0" 200 4686 "-" "libcurl/7.81.0 r-curl/6.0.1 httr/1.4.7"
123.58.198.151 - - [16/Nov/2025:10:30:50 +0800] "GET / HTTP/1.1" 200 18923 "https://blog.wumingai.com" "Mozilla/4.0 (compatible; MSIE 9.0; Windows NT 6.1)"
123.58.198.151 - - [16/Nov/2025:10:30:50 +0800] "GET / HTTP/1.1" 200 18923 "https://blog.wumingai.com" "Mozilla/4.0 (compatible; MSIE 9.0; Windows NT 6.1)"
123.58.198.151 - - [16/Nov/2025:10:30:50 +0800] "GET /post/63.html HTTP/1.1" 200 38776 "https://blog.wumingai.com/post/63.html" "Mozilla/4.0 (compatible; MSIE 9.0; Windows NT 6.1)"
123.58.198.151 - - [16/Nov/2025:10:30:51 +0800] "POST /zb_system/cmd.php?act=cmt&postid=63&key=3304bd0f441b8d60734c8df0e94f7e75 HTTP/1.1" 200 190 "https://blog.wumingai.com/zb_system/cmd.php?act=cmt&postid=63&key=3304bd0f441b8d60734c8df0e94f7e75" "Mozilla/4.0 (compatible; MSIE 9.0; Windows NT 6.1)"
180.97.218.71 - - [16/Nov/2025:10:31:26 +0800] "GET / HTTP/1.1" 200 18923 "https://blog.wumingai.com" "Mozilla/4.0 (compatible; MSIE 9.0; Windows NT 6.1)"
180.97.218.71 - - [16/Nov/2025:10:31:26 +0800] "GET / HTTP/1.1" 200 18923 "https://blog.wumingai.com" "Mozilla/4.0 (compatible; MSIE 9.0; Windows NT 6.1)"
180.97.218.71 - - [16/Nov/2025:10:31:26 +0800] "GET /post/59.html HTTP/1.1" 200 21898 "https://blog.wumingai.com/post/59.html" "Mozilla/4.0 (compatible; MSIE 9.0; Windows NT 6.1)"
180.97.218.71 - - [16/Nov/2025:10:31:27 +0800] "POST /zb_system/cmd.php?act=cmt&postid=59&key=993b7ba1c853c3bc2dd02448273d913c HTTP/1.1" 200 1265 "https://blog.wumingai.com/zb_system/cmd.php?act=cmt&postid=59&key=993b7ba1c853c3bc2dd02448273d913c" "Mozilla/4.0 (compatible; MSIE 9.0; Windows NT 6.1)"
154.12.55.32 - - [16/Nov/2025:11:00:09 +0800] "GET / HTTP/1.1" 200 4733 "-" "libcurl/7.81.0 r-curl/6.0.1 httr/1.4.7"
154.12.55.32 - - [16/Nov/2025:11:00:10 +0800] "GET / HTTP/2.0" 200 4716 "-" "libcurl/7.81.0 r-curl/6.0.1 httr/1.4.7"
113.44.112.143 - - [16/Nov/2025:11:15:45 +0800] "GET /category-2_6.html HTTP/2.0" 200 5040 "https://blog.wumingai.com/category-2_6.html" "Mozilla/5.0 (Macintosh; Intel Mac OS X 10_15_7) AppleWebKit/537.36 (KHTML, like Gecko) Chrome/120.0.0.0 Safari/537.36"
162.158.111.243 - - [16/Nov/2025:11:25:40 +0800] "GET /.git/config HTTP/2.0" 404 1457 "-" "Mozilla/5.0 (X11; Linux x86_64; rv:127.0) Gecko/20100101 Firefox/127.0"
154.12.55.32 - - [16/Nov/2025:12:00:09 +0800] "GET / HTTP/1.1" 200 4733 "-" "libcurl/7.81.0 r-curl/6.0.1 httr/1.4.7"
154.12.55.32 - - [16/Nov/2025:12:00:11 +0800] "GET / HTTP/2.0" 200 4716 "-" "libcurl/7.81.0 r-curl/6.0.1 httr/1.4.7"
204.76.203.25 - - [16/Nov/2025:12:10:26 +0800] "GET /.env HTTP/1.1" 404 4123 "-" "Mozilla/5.0 (Windows NT 10.0; Win64; x64) AppleWebKit/537.36 (KHTML, like Gecko) Chrome/134.0.0.0 Safari/537.3"
121.37.100.32 - - [16/Nov/2025:12:51:45 +0800] "GET / HTTP/2.0" 200 4716 "https://blog.wumingai.com/" "Mozilla/5.0 (Windows NT 10.0; Win64; x64) AppleWebKit/537.36 (KHTML, like Gecko) Chrome/101.0.4951.64 Safari/537.36 Edg/101.0.1210.47"
198.235.24.42 - - [16/Nov/2025:12:52:17 +0800] "GET /.well-known/security.txt HTTP/1.1" 404 4123 "-" "Hello from Palo Alto Networks, find out more about our scans in https://docs-cortex.paloaltonetworks.com/r/1/Cortex-Xpanse/Scanning-activity"
154.12.55.32 - - [16/Nov/2025:13:00:09 +0800] "GET / HTTP/1.1" 200 4733 "-" "libcurl/7.81.0 r-curl/6.0.1 httr/1.4.7"
154.12.55.32 - - [16/Nov/2025:13:00:10 +0800] "GET / HTTP/2.0" 200 4716 "-" "libcurl/7.81.0 r-curl/6.0.1 httr/1.4.7"
154.12.55.32 - - [16/Nov/2025:14:00:08 +0800] "GET / HTTP/1.1" 200 4733 "-" "libcurl/7.81.0 r-curl/6.0.1 httr/1.4.7"
154.12.55.32 - - [16/Nov/2025:14:00:08 +0800] "GET / HTTP/2.0" 200 4716 "-" "libcurl/7.81.0 r-curl/6.0.1 httr/1.4.7"
104.210.140.136 - - [16/Nov/2025:14:07:39 +0800] "GET /robots.txt HTTP/2.0" 404 1457 "-" "Mozilla/5.0 (Macintosh; Intel Mac OS X 10_15_7) AppleWebKit/537.36 (KHTML, like Gecko) Chrome/131.0.0.0 Safari/537.36; compatible; OAI-SearchBot/1.0; +https://openai.com/searchbot"
104.210.140.138 - - [16/Nov/2025:14:07:39 +0800] "GET /robots.txt HTTP/1.1" 404 1473 "-" "Mozilla/5.0 (Macintosh; Intel Mac OS X 10_15_7) AppleWebKit/537.36 (KHTML, like Gecko) Chrome/131.0.0.0 Safari/537.36; compatible; OAI-SearchBot/1.0; +https://openai.com/searchbot"
123.58.198.151 - - [16/Nov/2025:14:28:33 +0800] "GET / HTTP/1.1" 200 18950 "https://blog.wumingai.com" "Mozilla/4.0 (compatible; MSIE 9.0; Windows NT 6.1)"
123.58.198.151 - - [16/Nov/2025:14:28:34 +0800] "GET / HTTP/1.1" 200 18950 "https://blog.wumingai.com" "Mozilla/4.0 (compatible; MSIE 9.0; Windows NT 6.1)"
123.58.198.151 - - [16/Nov/2025:14:28:34 +0800] "GET /post/57.html HTTP/1.1" 200 25760 "https://blog.wumingai.com/post/57.html" "Mozilla/4.0 (compatible; MSIE 9.0; Windows NT 6.1)"
123.58.198.151 - - [16/Nov/2025:14:28:34 +0800] "POST /zb_system/cmd.php?act=cmt&postid=57&key=ca6f3b5148638521b02c950a78f75473 HTTP/1.1" 200 190 "https://blog.wumingai.com/zb_system/cmd.php?act=cmt&postid=57&key=ca6f3b5148638521b02c950a78f75473" "Mozilla/4.0 (compatible; MSIE 9.0; Windows NT 6.1)"
116.204.39.159 - - [16/Nov/2025:14:28:35 +0800] "GET /page_3.html HTTP/2.0" 200 4099 "https://blog.wumingai.com/page_3.html" "Mozilla/5.0 (Windows NT 10.0; Win64; x64) AppleWebKit/537.36 (KHTML, like Gecko) Chrome/116.0.0.0 Safari/537.36"
154.12.55.32 - - [16/Nov/2025:15:00:11 +0800] "GET / HTTP/1.1" 200 4732 "-" "libcurl/7.81.0 r-curl/6.0.1 httr/1.4.7"
154.12.55.32 - - [16/Nov/2025:15:00:12 +0800] "GET / HTTP/2.0" 200 4716 "-" "libcurl/7.81.0 r-curl/6.0.1 httr/1.4.7"
154.12.55.32 - - [16/Nov/2025:16:00:08 +0800] "GET / HTTP/1.1" 200 4733 "-" "libcurl/7.81.0 r-curl/6.0.1 httr/1.4.7"
154.12.55.32 - - [16/Nov/2025:16:00:09 +0800] "GET / HTTP/2.0" 200 4716 "-" "libcurl/7.81.0 r-curl/6.0.1 httr/1.4.7"
121.37.106.181 - - [16/Nov/2025:16:05:27 +0800] "GET /page_6.html HTTP/2.0" 200 5038 "https://blog.wumingai.com/page_6.html" "Mozilla/5.0 (Windows NT 10.0; Win64; x64) AppleWebKit/537.36 (KHTML, like Gecko) Chrome/101.0.4951.64 Safari/537.36 Edg/101.0.1210.47"
154.12.55.32 - - [16/Nov/2025:17:00:13 +0800] "GET / HTTP/1.1" 200 4732 "-" "libcurl/7.81.0 r-curl/6.0.1 httr/1.4.7"
154.12.55.32 - - [16/Nov/2025:17:00:14 +0800] "GET / HTTP/2.0" 200 4715 "-" "libcurl/7.81.0 r-curl/6.0.1 httr/1.4.7"
1.92.198.208 - - [16/Nov/2025:17:39:44 +0800] "GET /page_7.html HTTP/2.0" 200 2621 "https://blog.wumingai.com/page_7.html" "Mozilla/5.0 (Macintosh; Intel Mac OS X 10_15_7) AppleWebKit/537.36 (KHTML, like Gecko) Chrome/123.0.0.0 Safari/537.36"
154.12.55.32 - - [16/Nov/2025:18:00:13 +0800] "GET / HTTP/1.1" 200 4732 "-" "libcurl/7.81.0 r-curl/6.0.1 httr/1.4.7"
154.12.55.32 - - [16/Nov/2025:18:00:14 +0800] "GET / HTTP/2.0" 200 4716 "-" "libcurl/7.81.0 r-curl/6.0.1 httr/1.4.7"
123.58.198.151 - - [16/Nov/2025:18:38:11 +0800] "GET / HTTP/1.1" 200 18950 "https://blog.wumingai.com" "Mozilla/4.0 (compatible; MSIE 9.0; Windows NT 6.1)"
123.58.198.151 - - [16/Nov/2025:18:38:12 +0800] "GET / HTTP/1.1" 200 18950 "https://blog.wumingai.com" "Mozilla/4.0 (compatible; MSIE 9.0; Windows NT 6.1)"
123.58.198.151 - - [16/Nov/2025:18:38:12 +0800] "GET /post/60.html HTTP/1.1" 200 26137 "https://blog.wumingai.com/post/60.html" "Mozilla/4.0 (compatible; MSIE 9.0; Windows NT 6.1)"
123.58.198.151 - - [16/Nov/2025:18:38:12 +0800] "POST /zb_system/cmd.php?act=cmt&postid=60&key=ca81a209d59d0ea6269e0b6eae9270f0 HTTP/1.1" 200 190 "https://blog.wumingai.com/zb_system/cmd.php?act=cmt&postid=60&key=ca81a209d59d0ea6269e0b6eae9270f0" "Mozilla/4.0 (compatible; MSIE 9.0; Windows NT 6.1)"
52.167.144.65 - - [16/Nov/2025:18:47:01 +0800] "GET /robots.txt HTTP/2.0" 404 1457 "-" "Mozilla/5.0 AppleWebKit/537.36 (KHTML, like Gecko; compatible; bingbot/2.0; +http://www.bing.com/bingbot.htm) Chrome/116.0.1938.76 Safari/537.36"
52.167.144.167 - - [16/Nov/2025:18:47:06 +0800] "GET /tags-28.html HTTP/2.0" 200 2599 "-" "Mozilla/5.0 AppleWebKit/537.36 (KHTML, like Gecko; compatible; bingbot/2.0; +http://www.bing.com/bingbot.htm) Chrome/116.0.1938.76 Safari/537.36"
154.12.55.32 - - [16/Nov/2025:19:00:12 +0800] "GET / HTTP/1.1" 200 4730 "-" "libcurl/7.81.0 r-curl/6.0.1 httr/1.4.7"
154.12.55.32 - - [16/Nov/2025:19:00:13 +0800] "GET / HTTP/2.0" 200 4714 "-" "libcurl/7.81.0 r-curl/6.0.1 httr/1.4.7"
113.44.107.118 - - [16/Nov/2025:19:16:34 +0800] "GET /category-2.html HTTP/2.0" 200 4600 "https://blog.wumingai.com/category-2.html" "Mozilla/5.0 (Windows NT 10.0; Win64; x64) AppleWebKit/537.36 (KHTML, like Gecko) Chrome/101.0.4951.64 Safari/537.36 Edg/101.0.1210.47"
57.180.51.6 - - [16/Nov/2025:19:32:12 +0800] "GET / HTTP/1.1" 200 4727 "-" "Mozilla/5.0 (Windows NT 10.0; Win64; x64) Chrome/91.0.4472.124"
57.180.51.6 - - [16/Nov/2025:19:32:23 +0800] "GET /.env HTTP/1.1" 404 1469 "-" "python-httpx/0.24.1"
57.180.51.6 - - [16/Nov/2025:19:32:25 +0800] "GET /.env.dev HTTP/1.1" 404 1469 "-" "python-httpx/0.24.1"
57.180.51.6 - - [16/Nov/2025:19:32:25 +0800] "GET /admin/.env HTTP/1.1" 404 1469 "-" "python-httpx/0.24.1"
57.180.51.6 - - [16/Nov/2025:19:32:25 +0800] "GET /admin/.env.bak HTTP/1.1" 404 1469 "-" "python-httpx/0.24.1"
57.180.51.6 - - [16/Nov/2025:19:32:25 +0800] "GET /.env.sample HTTP/1.1" 404 1469 "-" "python-httpx/0.24.1"
57.180.51.6 - - [16/Nov/2025:19:32:25 +0800] "GET /.env.bak HTTP/1.1" 404 1469 "-" "python-httpx/0.24.1"
57.180.51.6 - - [16/Nov/2025:19:32:25 +0800] "GET /.env.local HTTP/1.1" 404 1469 "-" "python-httpx/0.24.1"
57.180.51.6 - - [16/Nov/2025:19:32:25 +0800] "GET /.env.old HTTP/1.1" 404 1469 "-" "python-httpx/0.24.1"
57.180.51.6 - - [16/Nov/2025:19:32:25 +0800] "GET /api/.env HTTP/1.1" 404 1469 "-" "python-httpx/0.24.1"
57.180.51.6 - - [16/Nov/2025:19:32:25 +0800] "GET /.env.test HTTP/1.1" 404 1469 "-" "python-httpx/0.24.1"
57.180.51.6 - - [16/Nov/2025:19:32:25 +0800] "GET /.env.prod HTTP/1.1" 404 1469 "-" "python-httpx/0.24.1"
57.180.51.6 - - [16/Nov/2025:19:32:25 +0800] "GET /admin/.env.old HTTP/1.1" 404 1469 "-" "python-httpx/0.24.1"
57.180.51.6 - - [16/Nov/2025:19:32:25 +0800] "GET /.env.tmp HTTP/1.1" 404 1469 "-" "python-httpx/0.24.1"
57.180.51.6 - - [16/Nov/2025:19:32:25 +0800] "GET /.env.production HTTP/1.1" 404 1469 "-" "python-httpx/0.24.1"
57.180.51.6 - - [16/Nov/2025:19:32:25 +0800] "GET /.env.staging HTTP/1.1" 404 1469 "-" "python-httpx/0.24.1"
57.180.51.6 - - [16/Nov/2025:19:32:25 +0800] "GET /.env.backup HTTP/1.1" 404 1469 "-" "python-httpx/0.24.1"
57.180.51.6 - - [16/Nov/2025:19:32:25 +0800] "GET /.env.development HTTP/1.1" 404 1469 "-" "python-httpx/0.24.1"
57.180.51.6 - - [16/Nov/2025:19:32:25 +0800] "GET /.env.dist HTTP/1.1" 404 1469 "-" "python-httpx/0.24.1"
57.180.51.6 - - [16/Nov/2025:19:32:25 +0800] "GET /.env.orig HTTP/1.1" 404 1469 "-" "python-httpx/0.24.1"
57.180.51.6 - - [16/Nov/2025:19:32:25 +0800] "GET /admin/.env.save HTTP/1.1" 404 1469 "-" "python-httpx/0.24.1"
57.180.51.6 - - [16/Nov/2025:19:32:25 +0800] "GET /.env~ HTTP/1.1" 404 1469 "-" "python-httpx/0.24.1"
57.180.51.6 - - [16/Nov/2025:19:32:25 +0800] "GET /.env.swp HTTP/1.1" 404 1469 "-" "python-httpx/0.24.1"
57.180.51.6 - - [16/Nov/2025:19:32:25 +0800] "GET /.env.save HTTP/1.1" 404 1469 "-" "python-httpx/0.24.1"
57.180.51.6 - - [16/Nov/2025:19:32:33 +0800] "GET /api/.env.save HTTP/1.1" 404 1469 "-" "python-httpx/0.24.1"
57.180.51.6 - - [16/Nov/2025:19:32:33 +0800] "GET /api/.env.old HTTP/1.1" 404 1469 "-" "python-httpx/0.24.1"
57.180.51.6 - - [16/Nov/2025:19:32:33 +0800] "GET /api/.env.bak HTTP/1.1" 404 1469 "-" "python-httpx/0.24.1"
57.180.51.6 - - [16/Nov/2025:19:32:40 +0800] "GET /app/.env HTTP/1.1" 404 1469 "-" "python-httpx/0.24.1"
57.180.51.6 - - [16/Nov/2025:19:32:40 +0800] "GET /app/.env.bak HTTP/1.1" 404 1469 "-" "python-httpx/0.24.1"
57.180.51.6 - - [16/Nov/2025:19:32:40 +0800] "GET /app/.env.old HTTP/1.1" 404 1469 "-" "python-httpx/0.24.1"
57.180.51.6 - - [16/Nov/2025:19:32:40 +0800] "GET /app/.env.save HTTP/1.1" 404 1469 "-" "python-httpx/0.24.1"
57.180.51.6 - - [16/Nov/2025:19:32:42 +0800] "GET /public/.env.old HTTP/1.1" 404 1469 "-" "python-httpx/0.24.1"
57.180.51.6 - - [16/Nov/2025:19:32:42 +0800] "GET /assets/.env HTTP/1.1" 404 1469 "-" "python-httpx/0.24.1"
57.180.51.6 - - [16/Nov/2025:19:32:42 +0800] "GET /config/.env HTTP/1.1" 404 1469 "-" "python-httpx/0.24.1"
57.180.51.6 - - [16/Nov/2025:19:32:42 +0800] "GET /src/.env.old HTTP/1.1" 404 1469 "-" "python-httpx/0.24.1"
57.180.51.6 - - [16/Nov/2025:19:32:42 +0800] "GET /src/.env.bak HTTP/1.1" 404 1469 "-" "python-httpx/0.24.1"
57.180.51.6 - - [16/Nov/2025:19:32:42 +0800] "GET /config/.env.bak HTTP/1.1" 404 1469 "-" "python-httpx/0.24.1"
57.180.51.6 - - [16/Nov/2025:19:32:42 +0800] "GET /src/.env HTTP/1.1" 404 1469 "-" "python-httpx/0.24.1"
57.180.51.6 - - [16/Nov/2025:19:32:42 +0800] "GET /includes/.env.save HTTP/1.1" 404 1469 "-" "python-httpx/0.24.1"
57.180.51.6 - - [16/Nov/2025:19:32:42 +0800] "GET /assets/.env.bak HTTP/1.1" 404 1469 "-" "python-httpx/0.24.1"
57.180.51.6 - - [16/Nov/2025:19:32:42 +0800] "GET /includes/.env HTTP/1.1" 404 1469 "-" "python-httpx/0.24.1"
57.180.51.6 - - [16/Nov/2025:19:32:42 +0800] "GET /config/.env.save HTTP/1.1" 404 1469 "-" "python-httpx/0.24.1"
57.180.51.6 - - [16/Nov/2025:19:32:42 +0800] "GET /config/.env.old HTTP/1.1" 404 1469 "-" "python-httpx/0.24.1"
57.180.51.6 - - [16/Nov/2025:19:32:42 +0800] "GET /public/.env.bak HTTP/1.1" 404 1469 "-" "python-httpx/0.24.1"
57.180.51.6 - - [16/Nov/2025:19:32:42 +0800] "GET /assets/.env.old HTTP/1.1" 404 1469 "-" "python-httpx/0.24.1"
57.180.51.6 - - [16/Nov/2025:19:32:42 +0800] "GET /public/.env HTTP/1.1" 404 1469 "-" "python-httpx/0.24.1"
57.180.51.6 - - [16/Nov/2025:19:32:42 +0800] "GET /includes/.env.bak HTTP/1.1" 404 1469 "-" "python-httpx/0.24.1"
57.180.51.6 - - [16/Nov/2025:19:32:42 +0800] "GET /public/.env.save HTTP/1.1" 404 1469 "-" "python-httpx/0.24.1"
57.180.51.6 - - [16/Nov/2025:19:32:42 +0800] "GET /src/.env.save HTTP/1.1" 404 1469 "-" "python-httpx/0.24.1"
57.180.51.6 - - [16/Nov/2025:19:32:42 +0800] "GET /assets/.env.save HTTP/1.1" 404 1469 "-" "python-httpx/0.24.1"
57.180.51.6 - - [16/Nov/2025:19:32:42 +0800] "GET /application/.env HTTP/1.1" 404 1469 "-" "python-httpx/0.24.1"
57.180.51.6 - - [16/Nov/2025:19:32:42 +0800] "GET /lib/.env.save HTTP/1.1" 404 1469 "-" "python-httpx/0.24.1"
57.180.51.6 - - [16/Nov/2025:19:32:42 +0800] "GET /lib/.env.bak HTTP/1.1" 404 1469 "-" "python-httpx/0.24.1"
