154.12.55.32 - - [19/Oct/2025:18:07:04 +0800] "GET / HTTP/2.0" 200 4565 "-" "libcurl/7.81.0 r-curl/6.0.1 httr/1.4.7"
154.12.55.32 - - [19/Oct/2025:19:06:53 +0800] "GET / HTTP/1.1" 200 4579 "-" "libcurl/7.81.0 r-curl/6.0.1 httr/1.4.7"
154.12.55.32 - - [19/Oct/2025:19:06:54 +0800] "GET / HTTP/2.0" 200 4565 "-" "libcurl/7.81.0 r-curl/6.0.1 httr/1.4.7"
180.97.218.71 - - [19/Oct/2025:19:16:16 +0800] "GET / HTTP/1.1" 200 18215 "https://blog.wumingai.com" "Mozilla/4.0 (compatible; MSIE 9.0; Windows NT 6.1)"
180.97.218.71 - - [19/Oct/2025:19:16:16 +0800] "GET / HTTP/1.1" 200 18215 "https://blog.wumingai.com" "Mozilla/4.0 (compatible; MSIE 9.0; Windows NT 6.1)"
180.97.218.71 - - [19/Oct/2025:19:16:17 +0800] "GET /post/56.html HTTP/1.1" 200 19541 "https://blog.wumingai.com/post/56.html" "Mozilla/4.0 (compatible; MSIE 9.0; Windows NT 6.1)"
180.97.218.71 - - [19/Oct/2025:19:16:17 +0800] "POST /zb_system/cmd.php?act=cmt&postid=56&key=4a7097786591178a05bafbc2f643d4e7 HTTP/1.1" 200 1214 "https://blog.wumingai.com/zb_system/cmd.php?act=cmt&postid=56&key=4a7097786591178a05bafbc2f643d4e7" "Mozilla/4.0 (compatible; MSIE 9.0; Windows NT 6.1)"
154.12.55.32 - - [19/Oct/2025:20:06:57 +0800] "GET / HTTP/1.1" 200 4620 "-" "libcurl/7.81.0 r-curl/6.0.1 httr/1.4.7"
154.12.55.32 - - [19/Oct/2025:20:06:59 +0800] "GET / HTTP/2.0" 200 4604 "-" "libcurl/7.81.0 r-curl/6.0.1 httr/1.4.7"
154.12.55.32 - - [19/Oct/2025:21:07:06 +0800] "GET / HTTP/1.1" 200 4619 "-" "libcurl/7.81.0 r-curl/6.0.1 httr/1.4.7"
154.12.55.32 - - [19/Oct/2025:21:07:07 +0800] "GET / HTTP/2.0" 200 4604 "-" "libcurl/7.81.0 r-curl/6.0.1 httr/1.4.7"
154.12.55.32 - - [19/Oct/2025:22:06:50 +0800] "GET / HTTP/1.1" 200 4620 "-" "libcurl/7.81.0 r-curl/6.0.1 httr/1.4.7"
154.12.55.32 - - [19/Oct/2025:22:06:51 +0800] "GET / HTTP/2.0" 200 4604 "-" "libcurl/7.81.0 r-curl/6.0.1 httr/1.4.7"
154.12.55.32 - - [19/Oct/2025:23:06:18 +0800] "GET / HTTP/1.1" 200 4619 "-" "libcurl/7.81.0 r-curl/6.0.1 httr/1.4.7"
154.12.55.32 - - [19/Oct/2025:23:06:20 +0800] "GET / HTTP/2.0" 200 4604 "-" "libcurl/7.81.0 r-curl/6.0.1 httr/1.4.7"
40.77.167.116 - - [19/Oct/2025:23:42:39 +0800] "GET /post/57.html HTTP/2.0" 200 6025 "-" "Mozilla/5.0 AppleWebKit/537.36 (KHTML, like Gecko; compatible; bingbot/2.0; +http://www.bing.com/bingbot.htm) Chrome/116.0.1938.76 Safari/537.36"
40.77.167.75 - - [19/Oct/2025:23:52:45 +0800] "GET /post/31.html HTTP/2.0" 200 15765 "-" "Mozilla/5.0 AppleWebKit/537.36 (KHTML, like Gecko; compatible; bingbot/2.0; +http://www.bing.com/bingbot.htm) Chrome/116.0.1938.76 Safari/537.36"
154.12.55.32 - - [20/Oct/2025:00:07:02 +0800] "GET / HTTP/1.1" 200 4620 "-" "libcurl/7.81.0 r-curl/6.0.1 httr/1.4.7"
154.12.55.32 - - [20/Oct/2025:00:07:04 +0800] "GET / HTTP/2.0" 200 4604 "-" "libcurl/7.81.0 r-curl/6.0.1 httr/1.4.7"
154.12.55.32 - - [20/Oct/2025:01:07:09 +0800] "GET / HTTP/1.1" 200 4620 "-" "libcurl/7.81.0 r-curl/6.0.1 httr/1.4.7"
154.12.55.32 - - [20/Oct/2025:01:07:11 +0800] "GET / HTTP/2.0" 200 4604 "-" "libcurl/7.81.0 r-curl/6.0.1 httr/1.4.7"
154.12.55.32 - - [20/Oct/2025:02:06:43 +0800] "GET / HTTP/1.1" 200 4620 "-" "libcurl/7.81.0 r-curl/6.0.1 httr/1.4.7"
154.12.55.32 - - [20/Oct/2025:02:06:45 +0800] "GET / HTTP/2.0" 200 4604 "-" "libcurl/7.81.0 r-curl/6.0.1 httr/1.4.7"
154.12.55.32 - - [20/Oct/2025:03:06:53 +0800] "GET / HTTP/1.1" 200 4620 "-" "libcurl/7.81.0 r-curl/6.0.1 httr/1.4.7"
154.12.55.32 - - [20/Oct/2025:03:06:55 +0800] "GET / HTTP/2.0" 200 4604 "-" "libcurl/7.81.0 r-curl/6.0.1 httr/1.4.7"
154.12.55.32 - - [20/Oct/2025:04:07:20 +0800] "GET / HTTP/1.1" 200 4621 "-" "libcurl/7.81.0 r-curl/6.0.1 httr/1.4.7"
154.12.55.32 - - [20/Oct/2025:04:07:22 +0800] "GET / HTTP/2.0" 200 4604 "-" "libcurl/7.81.0 r-curl/6.0.1 httr/1.4.7"
154.12.55.32 - - [20/Oct/2025:05:06:37 +0800] "GET / HTTP/1.1" 200 4620 "-" "libcurl/7.81.0 r-curl/6.0.1 httr/1.4.7"
154.12.55.32 - - [20/Oct/2025:05:06:38 +0800] "GET / HTTP/2.0" 200 4604 "-" "libcurl/7.81.0 r-curl/6.0.1 httr/1.4.7"
154.12.55.32 - - [20/Oct/2025:06:07:17 +0800] "GET / HTTP/1.1" 200 4620 "-" "libcurl/7.81.0 r-curl/6.0.1 httr/1.4.7"
154.12.55.32 - - [20/Oct/2025:06:07:19 +0800] "GET / HTTP/2.0" 200 4604 "-" "libcurl/7.81.0 r-curl/6.0.1 httr/1.4.7"
154.12.55.32 - - [20/Oct/2025:07:07:29 +0800] "GET / HTTP/1.1" 200 4619 "-" "libcurl/7.81.0 r-curl/6.0.1 httr/1.4.7"
154.12.55.32 - - [20/Oct/2025:07:07:31 +0800] "GET / HTTP/2.0" 200 4604 "-" "libcurl/7.81.0 r-curl/6.0.1 httr/1.4.7"
180.97.218.71 - - [20/Oct/2025:07:32:59 +0800] "GET / HTTP/1.1" 200 18377 "https://blog.wumingai.com" "Mozilla/4.0 (compatible; MSIE 9.0; Windows NT 6.1)"
180.97.218.71 - - [20/Oct/2025:07:33:00 +0800] "GET / HTTP/1.1" 200 18377 "https://blog.wumingai.com" "Mozilla/4.0 (compatible; MSIE 9.0; Windows NT 6.1)"
180.97.218.71 - - [20/Oct/2025:07:33:00 +0800] "GET /post/63.html%23cmt10 HTTP/1.1" 404 4123 "https://blog.wumingai.com/post/63.html#cmt10" "Mozilla/4.0 (compatible; MSIE 9.0; Windows NT 6.1)"
180.97.218.71 - - [20/Oct/2025:07:33:00 +0800] "GET /post/57.html HTTP/1.1" 200 19245 "https://blog.wumingai.com/post/57.html" "Mozilla/4.0 (compatible; MSIE 9.0; Windows NT 6.1)"
180.97.218.71 - - [20/Oct/2025:07:33:01 +0800] "POST /zb_system/cmd.php?act=cmt&postid=57&key=7d3ec3b419887b471d229e068f65d3f9 HTTP/1.1" 200 230 "https://blog.wumingai.com/zb_system/cmd.php?act=cmt&postid=57&key=7d3ec3b419887b471d229e068f65d3f9" "Mozilla/4.0 (compatible; MSIE 9.0; Windows NT 6.1)"
154.12.55.32 - - [20/Oct/2025:08:07:07 +0800] "GET / HTTP/1.1" 200 4621 "-" "libcurl/7.81.0 r-curl/6.0.1 httr/1.4.7"
154.12.55.32 - - [20/Oct/2025:08:07:09 +0800] "GET / HTTP/2.0" 200 4604 "-" "libcurl/7.81.0 r-curl/6.0.1 httr/1.4.7"
18.141.225.240 - - [20/Oct/2025:08:59:58 +0800] "GET / HTTP/1.1" 200 4618 "-" "Mozilla/5.0 (Windows NT 10.0; Win64; x64) AppleWebKit/537.36 (KHTML, like Gecko) Chrome/58.0.3029.110 Safari/537.3"
18.141.225.240 - - [20/Oct/2025:08:59:58 +0800] "GET /js HTTP/1.1" 404 1469 "-" "python-httpx/0.28.1"
18.141.225.240 - - [20/Oct/2025:08:59:59 +0800] "GET /zb_system/script/c_html_js_add.php HTTP/1.1" 200 1817 "-" "python-httpx/0.28.1"
154.12.55.32 - - [20/Oct/2025:09:07:11 +0800] "GET / HTTP/1.1" 200 4621 "-" "libcurl/7.81.0 r-curl/6.0.1 httr/1.4.7"
154.12.55.32 - - [20/Oct/2025:09:07:12 +0800] "GET / HTTP/2.0" 200 4605 "-" "libcurl/7.81.0 r-curl/6.0.1 httr/1.4.7"
154.12.55.32 - - [20/Oct/2025:10:07:29 +0800] "GET / HTTP/1.1" 200 4621 "-" "libcurl/7.81.0 r-curl/6.0.1 httr/1.4.7"
154.12.55.32 - - [20/Oct/2025:10:07:30 +0800] "GET / HTTP/2.0" 200 4605 "-" "libcurl/7.81.0 r-curl/6.0.1 httr/1.4.7"
154.12.55.32 - - [20/Oct/2025:11:07:02 +0800] "GET / HTTP/1.1" 200 4620 "-" "libcurl/7.81.0 r-curl/6.0.1 httr/1.4.7"
154.12.55.32 - - [20/Oct/2025:11:07:03 +0800] "GET / HTTP/2.0" 200 4605 "-" "libcurl/7.81.0 r-curl/6.0.1 httr/1.4.7"
104.210.140.128 - - [20/Oct/2025:11:10:29 +0800] "GET /robots.txt HTTP/1.1" 404 1469 "-" "Mozilla/5.0 (Macintosh; Intel Mac OS X 10_15_7) AppleWebKit/537.36 (KHTML, like Gecko) Chrome/131.0.0.0 Safari/537.36; compatible; OAI-SearchBot/1.0; +https://openai.com/searchbot"
104.210.140.132 - - [20/Oct/2025:11:10:30 +0800] "GET /robots.txt HTTP/1.1" 404 1473 "-" "Mozilla/5.0 (Macintosh; Intel Mac OS X 10_15_7) AppleWebKit/537.36 (KHTML, like Gecko) Chrome/131.0.0.0 Safari/537.36; compatible; OAI-SearchBot/1.0; +https://openai.com/searchbot"
154.12.55.32 - - [20/Oct/2025:12:07:02 +0800] "GET / HTTP/1.1" 200 4621 "-" "libcurl/7.81.0 r-curl/6.0.1 httr/1.4.7"
154.12.55.32 - - [20/Oct/2025:12:07:03 +0800] "GET / HTTP/2.0" 200 4604 "-" "libcurl/7.81.0 r-curl/6.0.1 httr/1.4.7"
154.12.55.32 - - [20/Oct/2025:13:07:35 +0800] "GET / HTTP/1.1" 200 4621 "-" "libcurl/7.81.0 r-curl/6.0.1 httr/1.4.7"
154.12.55.32 - - [20/Oct/2025:13:07:37 +0800] "GET / HTTP/2.0" 200 4604 "-" "libcurl/7.81.0 r-curl/6.0.1 httr/1.4.7"
154.12.55.32 - - [20/Oct/2025:14:07:40 +0800] "GET / HTTP/1.1" 200 4621 "-" "libcurl/7.81.0 r-curl/6.0.1 httr/1.4.7"
154.12.55.32 - - [20/Oct/2025:14:07:41 +0800] "GET / HTTP/2.0" 200 4605 "-" "libcurl/7.81.0 r-curl/6.0.1 httr/1.4.7"
154.12.55.32 - - [20/Oct/2025:15:07:33 +0800] "GET / HTTP/1.1" 200 4621 "-" "libcurl/7.81.0 r-curl/6.0.1 httr/1.4.7"
154.12.55.32 - - [20/Oct/2025:15:07:35 +0800] "GET / HTTP/2.0" 200 4605 "-" "libcurl/7.81.0 r-curl/6.0.1 httr/1.4.7"
154.12.55.32 - - [20/Oct/2025:16:07:56 +0800] "GET / HTTP/1.1" 200 4621 "-" "libcurl/7.81.0 r-curl/6.0.1 httr/1.4.7"
154.12.55.32 - - [20/Oct/2025:16:07:58 +0800] "GET / HTTP/2.0" 200 4605 "-" "libcurl/7.81.0 r-curl/6.0.1 httr/1.4.7"
154.12.55.32 - - [20/Oct/2025:17:07:56 +0800] "GET / HTTP/1.1" 200 4621 "-" "libcurl/7.81.0 r-curl/6.0.1 httr/1.4.7"
154.12.55.32 - - [20/Oct/2025:17:07:57 +0800] "GET / HTTP/2.0" 200 4604 "-" "libcurl/7.81.0 r-curl/6.0.1 httr/1.4.7"
154.12.55.32 - - [20/Oct/2025:18:07:33 +0800] "GET / HTTP/1.1" 200 4621 "-" "libcurl/7.81.0 r-curl/6.0.1 httr/1.4.7"
154.12.55.32 - - [20/Oct/2025:18:07:35 +0800] "GET / HTTP/2.0" 200 4605 "-" "libcurl/7.81.0 r-curl/6.0.1 httr/1.4.7"
52.167.144.59 - - [20/Oct/2025:18:52:09 +0800] "GET /robots.txt HTTP/2.0" 404 1457 "-" "Mozilla/5.0 AppleWebKit/537.36 (KHTML, like Gecko; compatible; bingbot/2.0; +http://www.bing.com/bingbot.htm) Chrome/116.0.1938.76 Safari/537.36"
52.167.144.59 - - [20/Oct/2025:18:52:10 +0800] "GET /robots.txt HTTP/2.0" 404 1457 "-" "Mozilla/5.0 AppleWebKit/537.36 (KHTML, like Gecko; compatible; bingbot/2.0; +http://www.bing.com/bingbot.htm) Chrome/116.0.1938.76 Safari/537.36"
40.77.167.136 - - [20/Oct/2025:18:52:14 +0800] "GET /page_2.html HTTP/2.0" 200 4368 "-" "Mozilla/5.0 AppleWebKit/537.36 (KHTML, like Gecko; compatible; bingbot/2.0; +http://www.bing.com/bingbot.htm) Chrome/116.0.1938.76 Safari/537.36"
154.12.55.32 - - [20/Oct/2025:19:07:24 +0800] "GET / HTTP/1.1" 200 4620 "-" "libcurl/7.81.0 r-curl/6.0.1 httr/1.4.7"
154.12.55.32 - - [20/Oct/2025:19:07:25 +0800] "GET / HTTP/2.0" 200 4604 "-" "libcurl/7.81.0 r-curl/6.0.1 httr/1.4.7"
154.12.55.32 - - [20/Oct/2025:20:07:58 +0800] "GET / HTTP/1.1" 200 4621 "-" "libcurl/7.81.0 r-curl/6.0.1 httr/1.4.7"
154.12.55.32 - - [20/Oct/2025:20:07:59 +0800] "GET / HTTP/2.0" 200 4605 "-" "libcurl/7.81.0 r-curl/6.0.1 httr/1.4.7"
180.97.218.71 - - [20/Oct/2025:20:22:14 +0800] "GET / HTTP/1.1" 200 18377 "https://blog.wumingai.com" "Mozilla/4.0 (compatible; MSIE 9.0; Windows NT 6.1)"
180.97.218.71 - - [20/Oct/2025:20:22:14 +0800] "GET / HTTP/1.1" 200 18377 "https://blog.wumingai.com" "Mozilla/4.0 (compatible; MSIE 9.0; Windows NT 6.1)"
180.97.218.71 - - [20/Oct/2025:20:22:14 +0800] "GET /post/64.html HTTP/1.1" 200 29060 "https://blog.wumingai.com/post/64.html" "Mozilla/4.0 (compatible; MSIE 9.0; Windows NT 6.1)"
180.97.218.71 - - [20/Oct/2025:20:22:15 +0800] "POST /zb_system/cmd.php?act=cmt&postid=64&key=9081d235930dc3015f38f87b07e418b1 HTTP/1.1" 200 1355 "https://blog.wumingai.com/zb_system/cmd.php?act=cmt&postid=64&key=9081d235930dc3015f38f87b07e418b1" "Mozilla/4.0 (compatible; MSIE 9.0; Windows NT 6.1)"
154.12.55.32 - - [20/Oct/2025:21:07:54 +0800] "GET / HTTP/1.1" 200 4680 "-" "libcurl/7.81.0 r-curl/6.0.1 httr/1.4.7"
154.12.55.32 - - [20/Oct/2025:21:07:56 +0800] "GET / HTTP/2.0" 200 4664 "-" "libcurl/7.81.0 r-curl/6.0.1 httr/1.4.7"
154.12.55.32 - - [20/Oct/2025:22:07:27 +0800] "GET / HTTP/1.1" 200 4680 "-" "libcurl/7.81.0 r-curl/6.0.1 httr/1.4.7"
154.12.55.32 - - [20/Oct/2025:22:07:29 +0800] "GET / HTTP/2.0" 200 4664 "-" "libcurl/7.81.0 r-curl/6.0.1 httr/1.4.7"
172.182.202.105 - - [20/Oct/2025:23:02:08 +0800] "GET /robots.txt HTTP/1.1" 404 1473 "-" "Mozilla/5.0 AppleWebKit/537.36 (KHTML, like Gecko; compatible; GPTBot/1.0; +https://openai.com/gptbot)"
154.12.55.32 - - [20/Oct/2025:23:08:16 +0800] "GET / HTTP/1.1" 200 4680 "-" "libcurl/7.81.0 r-curl/6.0.1 httr/1.4.7"
154.12.55.32 - - [20/Oct/2025:23:08:18 +0800] "GET / HTTP/2.0" 200 4664 "-" "libcurl/7.81.0 r-curl/6.0.1 httr/1.4.7"
78.156.235.2 - - [20/Oct/2025:23:30:44 +0800] "GET /p.php HTTP/1.1" 404 4110 "-" "Mozilla/5.0 (Windows NT 10.0; Win64; x64) AppleWebKit/537.36 (KHTML, like Gecko) Chrome/141.0.0.0 Safari/537.36"
78.156.235.2 - - [20/Oct/2025:23:30:44 +0800] "GET /phpinfo.php HTTP/1.1" 404 4110 "-" "Mozilla/5.0 (Windows NT 10.0; Win64; x64) AppleWebKit/537.36 (KHTML, like Gecko) Chrome/141.0.0.0 Safari/537.36"
78.156.235.2 - - [20/Oct/2025:23:30:44 +0800] "GET /i.php HTTP/1.1" 404 4110 "-" "Mozilla/5.0 (Windows NT 10.0; Win64; x64) AppleWebKit/537.36 (KHTML, like Gecko) Chrome/141.0.0.0 Safari/537.36"
78.156.235.2 - - [20/Oct/2025:23:30:44 +0800] "GET /info.php HTTP/1.1" 404 4110 "-" "Mozilla/5.0 (Windows NT 10.0; Win64; x64) AppleWebKit/537.36 (KHTML, like Gecko) Chrome/141.0.0.0 Safari/537.36"
78.156.235.2 - - [20/Oct/2025:23:30:44 +0800] "GET /test.php HTTP/1.1" 404 4110 "-" "Mozilla/5.0 (Windows NT 10.0; Win64; x64) AppleWebKit/537.36 (KHTML, like Gecko) Chrome/141.0.0.0 Safari/537.36"
52.167.144.19 - - [21/Oct/2025:00:00:36 +0800] "GET /post/42.html HTTP/2.0" 200 8331 "-" "Mozilla/5.0 AppleWebKit/537.36 (KHTML, like Gecko; compatible; bingbot/2.0; +http://www.bing.com/bingbot.htm) Chrome/116.0.1938.76 Safari/537.36"
40.77.167.235 - - [21/Oct/2025:00:01:10 +0800] "GET /zb_system/script/c_html_js_add.php HTTP/2.0" 200 1805 "-" "Mozilla/5.0 AppleWebKit/537.36 (KHTML, like Gecko; compatible; bingbot/2.0; +http://www.bing.com/bingbot.htm) Chrome/116.0.1938.76 Safari/537.36"
154.12.55.32 - - [21/Oct/2025:00:07:45 +0800] "GET / HTTP/1.1" 200 4680 "-" "libcurl/7.81.0 r-curl/6.0.1 httr/1.4.7"
154.12.55.32 - - [21/Oct/2025:00:07:48 +0800] "GET / HTTP/2.0" 200 4664 "-" "libcurl/7.81.0 r-curl/6.0.1 httr/1.4.7"
40.77.178.255 - - [21/Oct/2025:00:16:53 +0800] "GET /zb_users/theme/tpure/style/fonts/iconfont.woff2 HTTP/2.0" 200 3612 "-" "Mozilla/5.0 AppleWebKit/537.36 (KHTML, like Gecko; compatible; bingbot/2.0; +http://www.bing.com/bingbot.htm) Chrome/100.0.4896.127 Safari/537.36"
154.12.55.32 - - [21/Oct/2025:02:07:47 +0800] "GET / HTTP/1.1" 200 4681 "-" "libcurl/7.81.0 r-curl/6.0.1 httr/1.4.7"
154.12.55.32 - - [21/Oct/2025:02:07:49 +0800] "GET / HTTP/2.0" 200 4664 "-" "libcurl/7.81.0 r-curl/6.0.1 httr/1.4.7"
154.12.55.32 - - [21/Oct/2025:03:07:59 +0800] "GET / HTTP/1.1" 200 4680 "-" "libcurl/7.81.0 r-curl/6.0.1 httr/1.4.7"
154.12.55.32 - - [21/Oct/2025:03:08:00 +0800] "GET / HTTP/2.0" 200 4664 "-" "libcurl/7.81.0 r-curl/6.0.1 httr/1.4.7"
207.46.13.64 - - [21/Oct/2025:03:08:20 +0800] "GET /tags-15.html HTTP/2.0" 200 6869 "-" "Mozilla/5.0 AppleWebKit/537.36 (KHTML, like Gecko; compatible; bingbot/2.0; +http://www.bing.com/bingbot.htm) Chrome/116.0.1938.76 Safari/537.36"
154.12.55.32 - - [21/Oct/2025:04:07:42 +0800] "GET / HTTP/1.1" 200 4681 "-" "libcurl/7.81.0 r-curl/6.0.1 httr/1.4.7"
154.12.55.32 - - [21/Oct/2025:04:07:43 +0800] "GET / HTTP/2.0" 200 4664 "-" "libcurl/7.81.0 r-curl/6.0.1 httr/1.4.7"
154.12.55.32 - - [21/Oct/2025:05:08:01 +0800] "GET / HTTP/1.1" 200 4680 "-" "libcurl/7.81.0 r-curl/6.0.1 httr/1.4.7"
154.12.55.32 - - [21/Oct/2025:05:08:02 +0800] "GET / HTTP/2.0" 200 4664 "-" "libcurl/7.81.0 r-curl/6.0.1 httr/1.4.7"
196.251.71.61 - - [21/Oct/2025:05:08:28 +0800] "POST /wp-confiq.php HTTP/1.1" 404 1469 "www.google.com" "Mozilla/6.4 (Windows NT 11.1) Gecko/2010102 Firefox/99.0"
154.12.55.32 - - [21/Oct/2025:06:08:05 +0800] "GET / HTTP/1.1" 200 4680 "-" "libcurl/7.81.0 r-curl/6.0.1 httr/1.4.7"
154.12.55.32 - - [21/Oct/2025:06:08:06 +0800] "GET / HTTP/2.0" 200 4664 "-" "libcurl/7.81.0 r-curl/6.0.1 httr/1.4.7"
204.76.203.25 - - [21/Oct/2025:06:15:09 +0800] "GET / HTTP/1.1" 200 18572 "-" "Mozilla/5.0 (Windows NT 10.0; Win64; x64) AppleWebKit/537.36 (KHTML, like Gecko) Chrome/134.0.0.0 Safari/537.3"
52.167.144.183 - - [21/Oct/2025:07:01:04 +0800] "GET /post/57.html HTTP/2.0" 200 5988 "-" "Mozilla/5.0 AppleWebKit/537.36 (KHTML, like Gecko; compatible; bingbot/2.0; +http://www.bing.com/bingbot.htm) Chrome/116.0.1938.76 Safari/537.36"
154.12.55.32 - - [21/Oct/2025:07:08:12 +0800] "GET / HTTP/1.1" 200 4681 "-" "libcurl/7.81.0 r-curl/6.0.1 httr/1.4.7"
154.12.55.32 - - [21/Oct/2025:07:08:14 +0800] "GET / HTTP/2.0" 200 4665 "-" "libcurl/7.81.0 r-curl/6.0.1 httr/1.4.7"
157.55.39.204 - - [21/Oct/2025:07:23:49 +0800] "GET /post/27.html HTTP/2.0" 200 7456 "-" "Mozilla/5.0 AppleWebKit/537.36 (KHTML, like Gecko; compatible; bingbot/2.0; +http://www.bing.com/bingbot.htm) Chrome/116.0.1938.76 Safari/537.36"
40.77.177.193 - - [21/Oct/2025:07:40:03 +0800] "GET /zb_users/theme/tpure/style/fonts/iconfont.woff2 HTTP/2.0" 200 3612 "-" "Mozilla/5.0 AppleWebKit/537.36 (KHTML, like Gecko; compatible; bingbot/2.0; +http://www.bing.com/bingbot.htm) Chrome/100.0.4896.127 Safari/537.36"
154.12.55.32 - - [21/Oct/2025:08:08:17 +0800] "GET / HTTP/1.1" 200 4681 "-" "libcurl/7.81.0 r-curl/6.0.1 httr/1.4.7"
154.12.55.32 - - [21/Oct/2025:08:08:18 +0800] "GET / HTTP/2.0" 200 4666 "-" "libcurl/7.81.0 r-curl/6.0.1 httr/1.4.7"
104.210.140.132 - - [21/Oct/2025:08:34:27 +0800] "GET /robots.txt HTTP/1.1" 404 1469 "-" "Mozilla/5.0 (Macintosh; Intel Mac OS X 10_15_7) AppleWebKit/537.36 (KHTML, like Gecko) Chrome/131.0.0.0 Safari/537.36; compatible; OAI-SearchBot/1.0; +https://openai.com/searchbot"
104.210.140.135 - - [21/Oct/2025:08:34:27 +0800] "GET /robots.txt HTTP/1.1" 404 1473 "-" "Mozilla/5.0 (Macintosh; Intel Mac OS X 10_15_7) AppleWebKit/537.36 (KHTML, like Gecko) Chrome/131.0.0.0 Safari/537.36; compatible; OAI-SearchBot/1.0; +https://openai.com/searchbot"
180.97.218.71 - - [21/Oct/2025:08:48:00 +0800] "GET / HTTP/1.1" 200 18572 "https://blog.wumingai.com" "Mozilla/4.0 (compatible; MSIE 9.0; Windows NT 6.1)"
180.97.218.71 - - [21/Oct/2025:08:48:01 +0800] "GET / HTTP/1.1" 200 18572 "https://blog.wumingai.com" "Mozilla/4.0 (compatible; MSIE 9.0; Windows NT 6.1)"
180.97.218.71 - - [21/Oct/2025:08:48:01 +0800] "GET /post/56.html%23cmt5 HTTP/1.1" 404 4123 "https://blog.wumingai.com/post/56.html#cmt5" "Mozilla/4.0 (compatible; MSIE 9.0; Windows NT 6.1)"
180.97.218.71 - - [21/Oct/2025:08:48:01 +0800] "GET /post/55.html HTTP/1.1" 200 21523 "https://blog.wumingai.com/post/55.html" "Mozilla/4.0 (compatible; MSIE 9.0; Windows NT 6.1)"
180.97.218.71 - - [21/Oct/2025:08:48:01 +0800] "POST /zb_system/cmd.php?act=cmt&postid=55&key=ecf43b51db94bb26f13955775c2f5cb9 HTTP/1.1" 200 1193 "https://blog.wumingai.com/zb_system/cmd.php?act=cmt&postid=55&key=ecf43b51db94bb26f13955775c2f5cb9" "Mozilla/4.0 (compatible; MSIE 9.0; Windows NT 6.1)"
154.12.55.32 - - [21/Oct/2025:09:08:59 +0800] "GET / HTTP/1.1" 200 4726 "-" "libcurl/7.81.0 r-curl/6.0.1 httr/1.4.7"
154.12.55.32 - - [21/Oct/2025:09:09:01 +0800] "GET / HTTP/2.0" 200 4708 "-" "libcurl/7.81.0 r-curl/6.0.1 httr/1.4.7"
154.12.55.32 - - [21/Oct/2025:10:07:57 +0800] "GET / HTTP/1.1" 200 4726 "-" "libcurl/7.81.0 r-curl/6.0.1 httr/1.4.7"
154.12.55.32 - - [21/Oct/2025:10:07:59 +0800] "GET / HTTP/2.0" 200 4708 "-" "libcurl/7.81.0 r-curl/6.0.1 httr/1.4.7"
154.12.55.32 - - [21/Oct/2025:11:08:35 +0800] "GET / HTTP/1.1" 200 4725 "-" "libcurl/7.81.0 r-curl/6.0.1 httr/1.4.7"
154.12.55.32 - - [21/Oct/2025:11:08:36 +0800] "GET / HTTP/2.0" 200 4708 "-" "libcurl/7.81.0 r-curl/6.0.1 httr/1.4.7"
154.12.55.32 - - [21/Oct/2025:12:08:16 +0800] "GET / HTTP/1.1" 200 4726 "-" "libcurl/7.81.0 r-curl/6.0.1 httr/1.4.7"
154.12.55.32 - - [21/Oct/2025:12:08:18 +0800] "GET / HTTP/2.0" 200 4708 "-" "libcurl/7.81.0 r-curl/6.0.1 httr/1.4.7"
154.12.55.32 - - [21/Oct/2025:13:08:45 +0800] "GET / HTTP/1.1" 200 4726 "-" "libcurl/7.81.0 r-curl/6.0.1 httr/1.4.7"
154.12.55.32 - - [21/Oct/2025:13:08:46 +0800] "GET / HTTP/2.0" 200 4708 "-" "libcurl/7.81.0 r-curl/6.0.1 httr/1.4.7"
52.167.144.142 - - [21/Oct/2025:13:58:02 +0800] "GET /zb_users/upload/2023/11/202311221700636671414140.webp HTTP/2.0" 200 25608 "-" "Mozilla/5.0 AppleWebKit/537.36 (KHTML, like Gecko; compatible; bingbot/2.0; +http://www.bing.com/bingbot.htm) Chrome/116.0.1938.76 Safari/537.36"
52.167.144.142 - - [21/Oct/2025:13:58:03 +0800] "GET /zb_users/upload/2023/05/20230524105631168489699145077.webp HTTP/2.0" 200 11464 "-" "Mozilla/5.0 AppleWebKit/537.36 (KHTML, like Gecko; compatible; bingbot/2.0; +http://www.bing.com/bingbot.htm) Chrome/116.0.1938.76 Safari/537.36"
52.167.144.142 - - [21/Oct/2025:13:58:03 +0800] "GET /zb_users/upload/2023/11/20231114174352169995503270587.webp HTTP/2.0" 200 13690 "-" "Mozilla/5.0 AppleWebKit/537.36 (KHTML, like Gecko; compatible; bingbot/2.0; +http://www.bing.com/bingbot.htm) Chrome/116.0.1938.76 Safari/537.36"
52.167.144.142 - - [21/Oct/2025:13:58:04 +0800] "GET /post/image.png HTTP/2.0" 404 1457 "-" "Mozilla/5.0 AppleWebKit/537.36 (KHTML, like Gecko; compatible; bingbot/2.0; +http://www.bing.com/bingbot.htm) Chrome/116.0.1938.76 Safari/537.36"
154.12.55.32 - - [21/Oct/2025:14:08:10 +0800] "GET / HTTP/1.1" 200 4726 "-" "libcurl/7.81.0 r-curl/6.0.1 httr/1.4.7"
154.12.55.32 - - [21/Oct/2025:14:08:12 +0800] "GET / HTTP/2.0" 200 4708 "-" "libcurl/7.81.0 r-curl/6.0.1 httr/1.4.7"
154.12.55.32 - - [21/Oct/2025:15:09:04 +0800] "GET / HTTP/1.1" 200 4726 "-" "libcurl/7.81.0 r-curl/6.0.1 httr/1.4.7"
154.12.55.32 - - [21/Oct/2025:15:09:06 +0800] "GET / HTTP/2.0" 200 4708 "-" "libcurl/7.81.0 r-curl/6.0.1 httr/1.4.7"
154.12.55.32 - - [21/Oct/2025:16:09:18 +0800] "GET / HTTP/1.1" 200 4726 "-" "libcurl/7.81.0 r-curl/6.0.1 httr/1.4.7"
154.12.55.32 - - [21/Oct/2025:16:09:19 +0800] "GET / HTTP/2.0" 200 4707 "-" "libcurl/7.81.0 r-curl/6.0.1 httr/1.4.7"
154.12.55.32 - - [21/Oct/2025:17:09:18 +0800] "GET / HTTP/1.1" 200 4725 "-" "libcurl/7.81.0 r-curl/6.0.1 httr/1.4.7"
154.12.55.32 - - [21/Oct/2025:17:09:21 +0800] "GET / HTTP/2.0" 200 4708 "-" "libcurl/7.81.0 r-curl/6.0.1 httr/1.4.7"
154.12.55.32 - - [21/Oct/2025:18:08:57 +0800] "GET / HTTP/1.1" 200 4726 "-" "libcurl/7.81.0 r-curl/6.0.1 httr/1.4.7"
154.12.55.32 - - [21/Oct/2025:18:08:58 +0800] "GET / HTTP/2.0" 200 4708 "-" "libcurl/7.81.0 r-curl/6.0.1 httr/1.4.7"
154.12.55.32 - - [21/Oct/2025:19:09:32 +0800] "GET / HTTP/1.1" 200 4726 "-" "libcurl/7.81.0 r-curl/6.0.1 httr/1.4.7"
154.12.55.32 - - [21/Oct/2025:19:09:34 +0800] "GET / HTTP/2.0" 200 4708 "-" "libcurl/7.81.0 r-curl/6.0.1 httr/1.4.7"
162.250.101.17 - - [21/Oct/2025:19:30:47 +0800] "GET / HTTP/1.1" 200 4726 "-" "Mozilla/5.0 (Windows NT 11.0; Win64; x64) AppleWebKit/537.36 (KHTML, like Gecko) Chrome/126.0.0.0 Safari/537.36"
154.12.55.32 - - [21/Oct/2025:20:08:40 +0800] "GET / HTTP/1.1" 200 4725 "-" "libcurl/7.81.0 r-curl/6.0.1 httr/1.4.7"
154.12.55.32 - - [21/Oct/2025:20:08:42 +0800] "GET / HTTP/2.0" 200 4707 "-" "libcurl/7.81.0 r-curl/6.0.1 httr/1.4.7"
154.12.55.32 - - [21/Oct/2025:21:08:50 +0800] "GET / HTTP/1.1" 200 4725 "-" "libcurl/7.81.0 r-curl/6.0.1 httr/1.4.7"
154.12.55.32 - - [21/Oct/2025:21:08:51 +0800] "GET / HTTP/2.0" 200 4708 "-" "libcurl/7.81.0 r-curl/6.0.1 httr/1.4.7"
180.97.218.71 - - [21/Oct/2025:21:42:04 +0800] "GET / HTTP/1.1" 200 18728 "https://blog.wumingai.com" "Mozilla/4.0 (compatible; MSIE 9.0; Windows NT 6.1)"
180.97.218.71 - - [21/Oct/2025:21:42:04 +0800] "GET / HTTP/1.1" 200 18728 "https://blog.wumingai.com" "Mozilla/4.0 (compatible; MSIE 9.0; Windows NT 6.1)"
180.97.218.71 - - [21/Oct/2025:21:42:04 +0800] "GET /post/62.html HTTP/1.1" 200 19441 "https://blog.wumingai.com/post/62.html" "Mozilla/4.0 (compatible; MSIE 9.0; Windows NT 6.1)"
180.97.218.71 - - [21/Oct/2025:21:42:04 +0800] "POST /zb_system/cmd.php?act=cmt&postid=62&key=b405f117b83186de1eb8943485a88a97 HTTP/1.1" 200 230 "https://blog.wumingai.com/zb_system/cmd.php?act=cmt&postid=62&key=b405f117b83186de1eb8943485a88a97" "Mozilla/4.0 (compatible; MSIE 9.0; Windows NT 6.1)"
154.12.55.32 - - [21/Oct/2025:22:08:51 +0800] "GET / HTTP/1.1" 200 4727 "-" "libcurl/7.81.0 r-curl/6.0.1 httr/1.4.7"
154.12.55.32 - - [21/Oct/2025:22:08:54 +0800] "GET / HTTP/2.0" 200 4710 "-" "libcurl/7.81.0 r-curl/6.0.1 httr/1.4.7"
154.12.55.32 - - [21/Oct/2025:23:11:00 +0800] "GET / HTTP/1.1" 200 4728 "-" "libcurl/7.81.0 r-curl/6.0.1 httr/1.4.7"
154.12.55.32 - - [21/Oct/2025:23:11:02 +0800] "GET / HTTP/2.0" 200 4710 "-" "libcurl/7.81.0 r-curl/6.0.1 httr/1.4.7"
196.251.115.239 - - [21/Oct/2025:23:15:19 +0800] "GET /wp-includes/js/jquery/jquery.js HTTP/1.1" 404 1473 "-" "Mozilla/5.0 (Macintosh; Intel Mac OS X 10_10_1) AppleWebKit/537.36 (KHTML, like Gecko) Chrome/39.0.2171.95 Safari/537.36"
154.12.55.32 - - [22/Oct/2025:00:09:02 +0800] "GET / HTTP/1.1" 200 4728 "-" "libcurl/7.81.0 r-curl/6.0.1 httr/1.4.7"
154.12.55.32 - - [22/Oct/2025:00:09:04 +0800] "GET / HTTP/2.0" 200 4710 "-" "libcurl/7.81.0 r-curl/6.0.1 httr/1.4.7"
116.204.115.35 - - [22/Oct/2025:00:42:52 +0800] "GET /post/29.html HTTP/1.1" 200 9061 "http://blog.wumingai.com/post/29.html" "Mozilla/5.0 (Macintosh; Intel Mac OS X 10_15_7) AppleWebKit/537.36 (KHTML, like Gecko) Chrome/131.0.0.0 Safari/537.36"
128.14.188.216 - - [22/Oct/2025:00:44:43 +0800] "GET /robots.txt HTTP/1.1" 404 1473 "-" "Mozilla/5.0 (Macintosh; Intel Mac OS X 10_9_4) AppleWebKit/537.36 (KHTML, like Gecko) Chrome/36.0.1985.125 Safari/537.36"
128.14.188.216 - - [22/Oct/2025:00:44:51 +0800] "GET / HTTP/1.1" 200 4728 "-" "Mozilla/5.0 (Macintosh; Intel Mac OS X 10_9_4) AppleWebKit/537.36 (KHTML, like Gecko) Chrome/36.0.1985.125 Safari/537.36"
128.14.188.216 - - [22/Oct/2025:00:44:51 +0800] "GET /test_404_page/ HTTP/1.1" 404 1473 "-" "Mozilla/5.0 (Macintosh; Intel Mac OS X 10_9_4) AppleWebKit/537.36 (KHTML, like Gecko) Chrome/36.0.1985.125 Safari/537.36"
128.14.188.216 - - [22/Oct/2025:00:44:57 +0800] "GET /feed.asp HTTP/1.1" 404 1473 "-" "Mozilla/5.0 (Macintosh; Intel Mac OS X 10_9_4) AppleWebKit/537.36 (KHTML, like Gecko) Chrome/36.0.1985.125 Safari/537.36"
106.75.23.247 - - [22/Oct/2025:00:45:33 +0800] "GET /robots.txt HTTP/1.1" 404 1469 "-" "Mozilla/5.0 (Macintosh; Intel Mac OS X 10_9_4) AppleWebKit/537.36 (KHTML, like Gecko) Chrome/36.0.1985.125 Safari/537.36"
106.75.23.247 - - [22/Oct/2025:00:45:34 +0800] "GET / HTTP/1.1" 200 4723 "-" "Mozilla/5.0 (Macintosh; Intel Mac OS X 10_9_4) AppleWebKit/537.36 (KHTML, like Gecko) Chrome/36.0.1985.125 Safari/537.36"
106.75.23.247 - - [22/Oct/2025:00:45:35 +0800] "GET /test_404_page/ HTTP/1.1" 404 1469 "-" "Mozilla/5.0 (Macintosh; Intel Mac OS X 10_9_4) AppleWebKit/537.36 (KHTML, like Gecko) Chrome/36.0.1985.125 Safari/537.36"
106.75.23.247 - - [22/Oct/2025:00:45:37 +0800] "GET /feed.asp HTTP/1.1" 404 1469 "-" "Mozilla/5.0 (Macintosh; Intel Mac OS X 10_9_4) AppleWebKit/537.36 (KHTML, like Gecko) Chrome/36.0.1985.125 Safari/537.36"
146.83.7.1 - - [22/Oct/2025:00:48:01 +0800] "GET / HTTP/1.1" 200 4728 "https://www.google.co.kr" "Mozilla/5.0 (Windows NT 10.0; Win64; x64; rv:129.0) Gecko/20100101 Firefox/129.0"
217.198.191.215 - - [22/Oct/2025:00:52:32 +0800] "GET /robots.txt HTTP/1.1" 404 1469 "-" "Mozilla/5.0 (Macintosh; Intel Mac OS X 10_9_4) AppleWebKit/537.36 (KHTML, like Gecko) Chrome/36.0.1985.125 Safari/537.36"
217.198.191.215 - - [22/Oct/2025:00:52:32 +0800] "GET / HTTP/1.1" 200 4723 "-" "Mozilla/5.0 (Macintosh; Intel Mac OS X 10_9_4) AppleWebKit/537.36 (KHTML, like Gecko) Chrome/36.0.1985.125 Safari/537.36"
217.198.191.215 - - [22/Oct/2025:00:52:33 +0800] "GET /test_404_page/ HTTP/1.1" 404 1469 "-" "Mozilla/5.0 (Macintosh; Intel Mac OS X 10_9_4) AppleWebKit/537.36 (KHTML, like Gecko) Chrome/36.0.1985.125 Safari/537.36"
217.198.191.215 - - [22/Oct/2025:00:52:35 +0800] "GET /feed.asp HTTP/1.1" 404 1469 "-" "Mozilla/5.0 (Macintosh; Intel Mac OS X 10_9_4) AppleWebKit/537.36 (KHTML, like Gecko) Chrome/36.0.1985.125 Safari/537.36"
154.12.55.32 - - [22/Oct/2025:01:08:46 +0800] "GET / HTTP/1.1" 200 4728 "-" "libcurl/7.81.0 r-curl/6.0.1 httr/1.4.7"
154.12.55.32 - - [22/Oct/2025:01:08:49 +0800] "GET / HTTP/2.0" 200 4710 "-" "libcurl/7.81.0 r-curl/6.0.1 httr/1.4.7"
49.65.123.170 - - [22/Oct/2025:02:04:13 +0800] "GET / HTTP/1.1" 302 138 "-" "Mozilla/5.0 (Windows NT 10.0; Win64; x64) AppleWebKit/537.36 (KHTML, like Gecko) Chrome/133.0.0.0 Safari/537.36"
154.12.55.32 - - [22/Oct/2025:02:08:24 +0800] "GET / HTTP/1.1" 200 4728 "-" "libcurl/7.81.0 r-curl/6.0.1 httr/1.4.7"
154.12.55.32 - - [22/Oct/2025:02:08:25 +0800] "GET / HTTP/2.0" 200 4710 "-" "libcurl/7.81.0 r-curl/6.0.1 httr/1.4.7"
154.12.55.32 - - [22/Oct/2025:03:07:59 +0800] "GET / HTTP/1.1" 200 4728 "-" "libcurl/7.81.0 r-curl/6.0.1 httr/1.4.7"
154.12.55.32 - - [22/Oct/2025:03:08:02 +0800] "GET / HTTP/2.0" 200 4710 "-" "libcurl/7.81.0 r-curl/6.0.1 httr/1.4.7"
154.12.55.32 - - [22/Oct/2025:04:08:18 +0800] "GET / HTTP/1.1" 200 4728 "-" "libcurl/7.81.0 r-curl/6.0.1 httr/1.4.7"
154.12.55.32 - - [22/Oct/2025:04:08:19 +0800] "GET / HTTP/2.0" 200 4710 "-" "libcurl/7.81.0 r-curl/6.0.1 httr/1.4.7"
154.12.55.32 - - [22/Oct/2025:05:08:32 +0800] "GET / HTTP/1.1" 200 4728 "-" "libcurl/7.81.0 r-curl/6.0.1 httr/1.4.7"
154.12.55.32 - - [22/Oct/2025:05:08:33 +0800] "GET / HTTP/2.0" 200 4710 "-" "libcurl/7.81.0 r-curl/6.0.1 httr/1.4.7"
154.12.55.32 - - [22/Oct/2025:06:08:37 +0800] "GET / HTTP/1.1" 200 4728 "-" "libcurl/7.81.0 r-curl/6.0.1 httr/1.4.7"
154.12.55.32 - - [22/Oct/2025:06:08:39 +0800] "GET / HTTP/2.0" 200 4710 "-" "libcurl/7.81.0 r-curl/6.0.1 httr/1.4.7"
154.12.55.32 - - [22/Oct/2025:07:08:43 +0800] "GET / HTTP/1.1" 200 4728 "-" "libcurl/7.81.0 r-curl/6.0.1 httr/1.4.7"
154.12.55.32 - - [22/Oct/2025:07:08:44 +0800] "GET / HTTP/2.0" 200 4710 "-" "libcurl/7.81.0 r-curl/6.0.1 httr/1.4.7"
196.251.72.218 - - [22/Oct/2025:07:44:09 +0800] "POST /wp-confiq.php HTTP/1.1" 404 1469 "www.google.com" "Mozilla/6.4 (Windows NT 11.1) Gecko/2010102 Firefox/99.0"
154.12.55.32 - - [22/Oct/2025:08:09:11 +0800] "GET / HTTP/1.1" 200 4728 "-" "libcurl/7.81.0 r-curl/6.0.1 httr/1.4.7"
154.12.55.32 - - [22/Oct/2025:08:09:13 +0800] "GET / HTTP/2.0" 200 4710 "-" "libcurl/7.81.0 r-curl/6.0.1 httr/1.4.7"
154.12.55.32 - - [22/Oct/2025:09:08:55 +0800] "GET / HTTP/1.1" 200 4728 "-" "libcurl/7.81.0 r-curl/6.0.1 httr/1.4.7"
154.12.55.32 - - [22/Oct/2025:09:08:56 +0800] "GET / HTTP/2.0" 200 4710 "-" "libcurl/7.81.0 r-curl/6.0.1 httr/1.4.7"
104.210.140.132 - - [22/Oct/2025:09:16:42 +0800] "GET /robots.txt HTTP/1.1" 404 1469 "-" "Mozilla/5.0 (Macintosh; Intel Mac OS X 10_15_7) AppleWebKit/537.36 (KHTML, like Gecko) Chrome/131.0.0.0 Safari/537.36; compatible; OAI-SearchBot/1.0; +https://openai.com/searchbot"
104.210.140.133 - - [22/Oct/2025:09:16:42 +0800] "GET /robots.txt HTTP/1.1" 404 1473 "-" "Mozilla/5.0 (Macintosh; Intel Mac OS X 10_15_7) AppleWebKit/537.36 (KHTML, like Gecko) Chrome/131.0.0.0 Safari/537.36; compatible; OAI-SearchBot/1.0; +https://openai.com/searchbot"
154.12.55.32 - - [22/Oct/2025:10:09:16 +0800] "GET / HTTP/1.1" 200 4728 "-" "libcurl/7.81.0 r-curl/6.0.1 httr/1.4.7"
154.12.55.32 - - [22/Oct/2025:10:09:17 +0800] "GET / HTTP/2.0" 200 4710 "-" "libcurl/7.81.0 r-curl/6.0.1 httr/1.4.7"
180.97.218.71 - - [22/Oct/2025:10:15:41 +0800] "GET / HTTP/1.1" 200 18728 "https://blog.wumingai.com" "Mozilla/4.0 (compatible; MSIE 9.0; Windows NT 6.1)"
180.97.218.71 - - [22/Oct/2025:10:15:42 +0800] "GET / HTTP/1.1" 200 18728 "https://blog.wumingai.com" "Mozilla/4.0 (compatible; MSIE 9.0; Windows NT 6.1)"
180.97.218.71 - - [22/Oct/2025:10:15:43 +0800] "GET /post/63.html HTTP/1.1" 200 29325 "https://blog.wumingai.com/post/63.html" "Mozilla/4.0 (compatible; MSIE 9.0; Windows NT 6.1)"
180.97.218.71 - - [22/Oct/2025:10:15:43 +0800] "POST /zb_system/cmd.php?act=cmt&postid=63&key=93bc9039c26e318197e555e02ec66c2a HTTP/1.1" 200 230 "https://blog.wumingai.com/zb_system/cmd.php?act=cmt&postid=63&key=93bc9039c26e318197e555e02ec66c2a" "Mozilla/4.0 (compatible; MSIE 9.0; Windows NT 6.1)"
154.12.55.32 - - [22/Oct/2025:11:09:35 +0800] "GET / HTTP/1.1" 200 4728 "-" "libcurl/7.81.0 r-curl/6.0.1 httr/1.4.7"
154.12.55.32 - - [22/Oct/2025:11:09:37 +0800] "GET / HTTP/2.0" 200 4711 "-" "libcurl/7.81.0 r-curl/6.0.1 httr/1.4.7"
154.12.55.32 - - [22/Oct/2025:13:09:14 +0800] "GET / HTTP/1.1" 200 4728 "-" "libcurl/7.81.0 r-curl/6.0.1 httr/1.4.7"
154.12.55.32 - - [22/Oct/2025:13:09:16 +0800] "GET / HTTP/2.0" 200 4711 "-" "libcurl/7.81.0 r-curl/6.0.1 httr/1.4.7"
154.12.55.32 - - [22/Oct/2025:14:09:24 +0800] "GET / HTTP/1.1" 200 4728 "-" "libcurl/7.81.0 r-curl/6.0.1 httr/1.4.7"
154.12.55.32 - - [22/Oct/2025:14:09:25 +0800] "GET / HTTP/2.0" 200 4710 "-" "libcurl/7.81.0 r-curl/6.0.1 httr/1.4.7"
145.220.91.19 - - [22/Oct/2025:14:22:09 +0800] "GET / HTTP/1.1" 200 4727 "-" "Mozilla/5.0 (Macintosh; Intel Mac OS X 10.15; rv:122.0) Gecko/20100101 Firefox/122.0"
154.12.55.32 - - [22/Oct/2025:15:10:13 +0800] "GET / HTTP/1.1" 200 4728 "-" "libcurl/7.81.0 r-curl/6.0.1 httr/1.4.7"
154.12.55.32 - - [22/Oct/2025:15:10:15 +0800] "GET / HTTP/2.0" 200 4711 "-" "libcurl/7.81.0 r-curl/6.0.1 httr/1.4.7"
154.12.55.32 - - [22/Oct/2025:16:09:18 +0800] "GET / HTTP/1.1" 200 4728 "-" "libcurl/7.81.0 r-curl/6.0.1 httr/1.4.7"
154.12.55.32 - - [22/Oct/2025:16:09:20 +0800] "GET / HTTP/2.0" 200 4711 "-" "libcurl/7.81.0 r-curl/6.0.1 httr/1.4.7"
154.12.55.32 - - [22/Oct/2025:17:09:34 +0800] "GET / HTTP/1.1" 200 4728 "-" "libcurl/7.81.0 r-curl/6.0.1 httr/1.4.7"
154.12.55.32 - - [22/Oct/2025:17:09:35 +0800] "GET / HTTP/2.0" 200 4711 "-" "libcurl/7.81.0 r-curl/6.0.1 httr/1.4.7"
154.12.55.32 - - [22/Oct/2025:18:09:33 +0800] "GET / HTTP/1.1" 200 4728 "-" "libcurl/7.81.0 r-curl/6.0.1 httr/1.4.7"
154.12.55.32 - - [22/Oct/2025:18:09:35 +0800] "GET / HTTP/2.0" 200 4711 "-" "libcurl/7.81.0 r-curl/6.0.1 httr/1.4.7"
178.176.78.192 - - [22/Oct/2025:19:02:02 +0800] "GET /adminer.php HTTP/1.1" 404 4110 "-" "Mozilla/5.0 (Windows NT 10.0; Win64; x64) AppleWebKit/537.36 (KHTML, like Gecko) Chrome/133.0.0.0 Safari/537.36"
154.12.55.32 - - [22/Oct/2025:19:09:11 +0800] "GET / HTTP/1.1" 200 4726 "-" "libcurl/7.81.0 r-curl/6.0.1 httr/1.4.7"
154.12.55.32 - - [22/Oct/2025:19:09:12 +0800] "GET / HTTP/2.0" 200 4711 "-" "libcurl/7.81.0 r-curl/6.0.1 httr/1.4.7"
154.12.55.32 - - [22/Oct/2025:20:09:11 +0800] "GET / HTTP/1.1" 200 4728 "-" "libcurl/7.81.0 r-curl/6.0.1 httr/1.4.7"
154.12.55.32 - - [22/Oct/2025:20:09:13 +0800] "GET / HTTP/2.0" 200 4710 "-" "libcurl/7.81.0 r-curl/6.0.1 httr/1.4.7"
154.12.55.32 - - [22/Oct/2025:21:10:42 +0800] "GET / HTTP/1.1" 200 4728 "-" "libcurl/7.81.0 r-curl/6.0.1 httr/1.4.7"
154.12.55.32 - - [22/Oct/2025:21:10:44 +0800] "GET / HTTP/2.0" 200 4711 "-" "libcurl/7.81.0 r-curl/6.0.1 httr/1.4.7"
154.12.55.32 - - [22/Oct/2025:22:09:42 +0800] "GET / HTTP/1.1" 200 4728 "-" "libcurl/7.81.0 r-curl/6.0.1 httr/1.4.7"
154.12.55.32 - - [22/Oct/2025:22:09:43 +0800] "GET / HTTP/2.0" 200 4711 "-" "libcurl/7.81.0 r-curl/6.0.1 httr/1.4.7"
180.97.218.71 - - [22/Oct/2025:22:28:47 +0800] "GET / HTTP/1.1" 200 18729 "https://blog.wumingai.com" "Mozilla/4.0 (compatible; MSIE 9.0; Windows NT 6.1)"
180.97.218.71 - - [22/Oct/2025:22:28:47 +0800] "GET / HTTP/1.1" 200 18729 "https://blog.wumingai.com" "Mozilla/4.0 (compatible; MSIE 9.0; Windows NT 6.1)"
180.97.218.71 - - [22/Oct/2025:22:28:48 +0800] "GET /post/63.html HTTP/1.1" 200 28969 "https://blog.wumingai.com/post/63.html" "Mozilla/4.0 (compatible; MSIE 9.0; Windows NT 6.1)"
180.97.218.71 - - [22/Oct/2025:22:28:48 +0800] "POST /zb_system/cmd.php?act=cmt&postid=63&key=93bc9039c26e318197e555e02ec66c2a HTTP/1.1" 200 1155 "https://blog.wumingai.com/zb_system/cmd.php?act=cmt&postid=63&key=93bc9039c26e318197e555e02ec66c2a" "Mozilla/4.0 (compatible; MSIE 9.0; Windows NT 6.1)"
34.1.18.14 - - [22/Oct/2025:22:34:42 +0800] "GET / HTTP/1.1" 200 4753 "-" "Mozilla/5.0 (Macintosh; Intel Mac OS X 10_15_7) AppleWebKit/537.36 (KHTML, like Gecko) Chrome/135.0.0.0 Safari/537.36"
34.1.18.14 - - [22/Oct/2025:22:34:42 +0800] "GET /app/ HTTP/1.1" 404 1473 "-" "Mozilla/5.0 (Macintosh; Intel Mac OS X 10_15_7) AppleWebKit/537.36 (KHTML, like Gecko) Chrome/135.0.0.0 Safari/537.36"
34.1.18.14 - - [22/Oct/2025:22:34:43 +0800] "GET /login/ HTTP/1.1" 404 1473 "-" "Mozilla/5.0 (Macintosh; Intel Mac OS X 10_15_7) AppleWebKit/537.36 (KHTML, like Gecko) Chrome/135.0.0.0 Safari/537.36"
154.12.55.32 - - [22/Oct/2025:23:08:42 +0800] "GET / HTTP/1.1" 200 4753 "-" "libcurl/7.81.0 r-curl/6.0.1 httr/1.4.7"
154.12.55.32 - - [22/Oct/2025:23:08:45 +0800] "GET / HTTP/2.0" 200 4734 "-" "libcurl/7.81.0 r-curl/6.0.1 httr/1.4.7"
154.12.55.32 - - [23/Oct/2025:00:09:49 +0800] "GET / HTTP/1.1" 200 4753 "-" "libcurl/7.81.0 r-curl/6.0.1 httr/1.4.7"
154.12.55.32 - - [23/Oct/2025:00:09:51 +0800] "GET / HTTP/2.0" 200 4734 "-" "libcurl/7.81.0 r-curl/6.0.1 httr/1.4.7"
154.12.55.32 - - [23/Oct/2025:01:09:31 +0800] "GET / HTTP/1.1" 200 4753 "-" "libcurl/7.81.0 r-curl/6.0.1 httr/1.4.7"
154.12.55.32 - - [23/Oct/2025:01:09:33 +0800] "GET / HTTP/2.0" 200 4734 "-" "libcurl/7.81.0 r-curl/6.0.1 httr/1.4.7"
116.204.32.134 - - [23/Oct/2025:01:19:00 +0800] "GET /post/56.html HTTP/1.1" 200 6479 "http://blog.wumingai.com/post/56.html" "Mozilla/5.0 (Macintosh; Intel Mac OS X 10_15_7) AppleWebKit/537.36 (KHTML, like Gecko) Chrome/119.0.0.0 Safari/537.36"
154.12.55.32 - - [23/Oct/2025:02:09:01 +0800] "GET / HTTP/1.1" 200 4754 "-" "libcurl/7.81.0 r-curl/6.0.1 httr/1.4.7"
154.12.55.32 - - [23/Oct/2025:02:09:02 +0800] "GET / HTTP/2.0" 200 4735 "-" "libcurl/7.81.0 r-curl/6.0.1 httr/1.4.7"
52.167.144.55 - - [23/Oct/2025:02:42:51 +0800] "GET /robots.txt HTTP/2.0" 404 1457 "-" "Mozilla/5.0 AppleWebKit/537.36 (KHTML, like Gecko; compatible; bingbot/2.0; +http://www.bing.com/bingbot.htm) Chrome/116.0.1938.76 Safari/537.36"
52.167.144.55 - - [23/Oct/2025:02:42:51 +0800] "GET /robots.txt HTTP/2.0" 404 1457 "-" "Mozilla/5.0 AppleWebKit/537.36 (KHTML, like Gecko; compatible; bingbot/2.0; +http://www.bing.com/bingbot.htm) Chrome/116.0.1938.76 Safari/537.36"
52.167.144.174 - - [23/Oct/2025:02:43:01 +0800] "GET /post/57.html HTTP/2.0" 200 6109 "-" "Mozilla/5.0 AppleWebKit/537.36 (KHTML, like Gecko; compatible; bingbot/2.0; +http://www.bing.com/bingbot.htm) Chrome/116.0.1938.76 Safari/537.36"
34.1.21.169 - - [23/Oct/2025:03:00:03 +0800] "GET / HTTP/1.1" 200 4751 "-" "Mozilla/5.0 (Macintosh; Intel Mac OS X 10_15_7) AppleWebKit/537.36 (KHTML, like Gecko) Chrome/135.0.0.0 Safari/537.36"
34.1.21.169 - - [23/Oct/2025:03:00:03 +0800] "GET /app/ HTTP/1.1" 404 1473 "-" "Mozilla/5.0 (Macintosh; Intel Mac OS X 10_15_7) AppleWebKit/537.36 (KHTML, like Gecko) Chrome/135.0.0.0 Safari/537.36"
34.1.21.169 - - [23/Oct/2025:03:00:04 +0800] "GET /login/ HTTP/1.1" 404 1473 "-" "Mozilla/5.0 (Macintosh; Intel Mac OS X 10_15_7) AppleWebKit/537.36 (KHTML, like Gecko) Chrome/135.0.0.0 Safari/537.36"
154.12.55.32 - - [23/Oct/2025:03:09:59 +0800] "GET / HTTP/1.1" 200 4753 "-" "libcurl/7.81.0 r-curl/6.0.1 httr/1.4.7"
154.12.55.32 - - [23/Oct/2025:03:10:01 +0800] "GET / HTTP/2.0" 200 4734 "-" "libcurl/7.81.0 r-curl/6.0.1 httr/1.4.7"
154.12.55.32 - - [23/Oct/2025:04:09:31 +0800] "GET / HTTP/1.1" 200 4754 "-" "libcurl/7.81.0 r-curl/6.0.1 httr/1.4.7"
154.12.55.32 - - [23/Oct/2025:04:09:32 +0800] "GET / HTTP/2.0" 200 4734 "-" "libcurl/7.81.0 r-curl/6.0.1 httr/1.4.7"
154.12.55.32 - - [23/Oct/2025:05:09:30 +0800] "GET / HTTP/1.1" 200 4753 "-" "libcurl/7.81.0 r-curl/6.0.1 httr/1.4.7"
154.12.55.32 - - [23/Oct/2025:05:09:32 +0800] "GET / HTTP/2.0" 200 4733 "-" "libcurl/7.81.0 r-curl/6.0.1 httr/1.4.7"
157.55.39.205 - - [23/Oct/2025:05:17:08 +0800] "GET /tags-7_2.html HTTP/2.0" 200 3293 "-" "Mozilla/5.0 AppleWebKit/537.36 (KHTML, like Gecko; compatible; bingbot/2.0; +http://www.bing.com/bingbot.htm) Chrome/116.0.1938.76 Safari/537.36"
154.12.55.32 - - [23/Oct/2025:06:10:14 +0800] "GET / HTTP/1.1" 200 4753 "-" "libcurl/7.81.0 r-curl/6.0.1 httr/1.4.7"
154.12.55.32 - - [23/Oct/2025:06:10:15 +0800] "GET / HTTP/2.0" 200 4734 "-" "libcurl/7.81.0 r-curl/6.0.1 httr/1.4.7"
154.12.55.32 - - [23/Oct/2025:07:10:20 +0800] "GET / HTTP/1.1" 200 4752 "-" "libcurl/7.81.0 r-curl/6.0.1 httr/1.4.7"
154.12.55.32 - - [23/Oct/2025:07:10:22 +0800] "GET / HTTP/2.0" 200 4734 "-" "libcurl/7.81.0 r-curl/6.0.1 httr/1.4.7"
154.12.55.32 - - [23/Oct/2025:08:10:24 +0800] "GET / HTTP/1.1" 200 4753 "-" "libcurl/7.81.0 r-curl/6.0.1 httr/1.4.7"
154.12.55.32 - - [23/Oct/2025:08:10:26 +0800] "GET / HTTP/2.0" 200 4733 "-" "libcurl/7.81.0 r-curl/6.0.1 httr/1.4.7"
154.12.55.32 - - [23/Oct/2025:09:11:26 +0800] "GET / HTTP/1.1" 200 4753 "-" "libcurl/7.81.0 r-curl/6.0.1 httr/1.4.7"
154.12.55.32 - - [23/Oct/2025:09:11:27 +0800] "GET / HTTP/2.0" 200 4734 "-" "libcurl/7.81.0 r-curl/6.0.1 httr/1.4.7"
154.12.55.32 - - [23/Oct/2025:10:10:43 +0800] "GET / HTTP/1.1" 200 4753 "-" "libcurl/7.81.0 r-curl/6.0.1 httr/1.4.7"
154.12.55.32 - - [23/Oct/2025:10:10:44 +0800] "GET / HTTP/2.0" 200 4734 "-" "libcurl/7.81.0 r-curl/6.0.1 httr/1.4.7"
180.97.218.71 - - [23/Oct/2025:10:47:08 +0800] "GET / HTTP/1.1" 200 18876 "https://blog.wumingai.com" "Mozilla/4.0 (compatible; MSIE 9.0; Windows NT 6.1)"
180.97.218.71 - - [23/Oct/2025:10:47:08 +0800] "GET / HTTP/1.1" 200 18876 "https://blog.wumingai.com" "Mozilla/4.0 (compatible; MSIE 9.0; Windows NT 6.1)"
180.97.218.71 - - [23/Oct/2025:10:47:09 +0800] "GET /post/60.html HTTP/1.1" 200 20847 "https://blog.wumingai.com/post/60.html" "Mozilla/4.0 (compatible; MSIE 9.0; Windows NT 6.1)"
180.97.218.71 - - [23/Oct/2025:10:47:09 +0800] "POST /zb_system/cmd.php?act=cmt&postid=60&key=24ffb9c203f2bd35e529e155fc6bdb3b HTTP/1.1" 200 1208 "https://blog.wumingai.com/zb_system/cmd.php?act=cmt&postid=60&key=24ffb9c203f2bd35e529e155fc6bdb3b" "Mozilla/4.0 (compatible; MSIE 9.0; Windows NT 6.1)"
154.12.55.32 - - [23/Oct/2025:11:11:18 +0800] "GET / HTTP/1.1" 200 4806 "-" "libcurl/7.81.0 r-curl/6.0.1 httr/1.4.7"
154.12.55.32 - - [23/Oct/2025:11:11:20 +0800] "GET / HTTP/2.0" 200 4791 "-" "libcurl/7.81.0 r-curl/6.0.1 httr/1.4.7"
154.12.55.32 - - [23/Oct/2025:12:10:38 +0800] "GET / HTTP/1.1" 200 4806 "-" "libcurl/7.81.0 r-curl/6.0.1 httr/1.4.7"
154.12.55.32 - - [23/Oct/2025:12:10:39 +0800] "GET / HTTP/2.0" 200 4790 "-" "libcurl/7.81.0 r-curl/6.0.1 httr/1.4.7"
188.243.126.25 - - [23/Oct/2025:13:04:15 +0800] "GET /manager/media/script/mootools/mootools.js HTTP/1.1" 404 4110 "-" "Mozilla/5.0 (Macintosh; Intel Mac OS X 10_15_7) AppleWebKit/537.36 (KHTML, like Gecko) Chrome/131.0.0.0 Safari/537.36"
193.169.62.130 - - [23/Oct/2025:13:07:48 +0800] "GET /manager/assets/modext/core/modx.js HTTP/1.1" 404 4110 "-" "Mozilla/5.0 (Macintosh; Intel Mac OS X 10.15; rv:142.0) Gecko/20100101 Firefox/142.0"
154.12.55.32 - - [23/Oct/2025:13:12:02 +0800] "GET / HTTP/1.1" 200 4806 "-" "libcurl/7.81.0 r-curl/6.0.1 httr/1.4.7"
154.12.55.32 - - [23/Oct/2025:13:12:03 +0800] "GET / HTTP/2.0" 200 4788 "-" "libcurl/7.81.0 r-curl/6.0.1 httr/1.4.7"
154.12.55.32 - - [23/Oct/2025:14:11:45 +0800] "GET / HTTP/1.1" 200 4807 "-" "libcurl/7.81.0 r-curl/6.0.1 httr/1.4.7"
154.12.55.32 - - [23/Oct/2025:14:11:47 +0800] "GET / HTTP/2.0" 200 4791 "-" "libcurl/7.81.0 r-curl/6.0.1 httr/1.4.7"
154.12.55.32 - - [23/Oct/2025:15:11:20 +0800] "GET / HTTP/1.1" 200 4806 "-" "libcurl/7.81.0 r-curl/6.0.1 httr/1.4.7"
154.12.55.32 - - [23/Oct/2025:15:11:21 +0800] "GET / HTTP/2.0" 200 4790 "-" "libcurl/7.81.0 r-curl/6.0.1 httr/1.4.7"
154.12.55.32 - - [23/Oct/2025:16:12:11 +0800] "GET / HTTP/1.1" 200 4806 "-" "libcurl/7.81.0 r-curl/6.0.1 httr/1.4.7"
154.12.55.32 - - [23/Oct/2025:16:12:13 +0800] "GET / HTTP/2.0" 200 4791 "-" "libcurl/7.81.0 r-curl/6.0.1 httr/1.4.7"
34.1.20.24 - - [23/Oct/2025:17:06:16 +0800] "GET / HTTP/1.1" 200 4806 "-" "Mozilla/5.0 (Macintosh; Intel Mac OS X 10_15_7) AppleWebKit/537.36 (KHTML, like Gecko) Chrome/135.0.0.0 Safari/537.36"
34.1.20.24 - - [23/Oct/2025:17:06:16 +0800] "GET /app/ HTTP/1.1" 404 1473 "-" "Mozilla/5.0 (Macintosh; Intel Mac OS X 10_15_7) AppleWebKit/537.36 (KHTML, like Gecko) Chrome/135.0.0.0 Safari/537.36"
34.1.20.24 - - [23/Oct/2025:17:06:16 +0800] "GET /login/ HTTP/1.1" 404 1473 "-" "Mozilla/5.0 (Macintosh; Intel Mac OS X 10_15_7) AppleWebKit/537.36 (KHTML, like Gecko) Chrome/135.0.0.0 Safari/537.36"
154.12.55.32 - - [23/Oct/2025:17:12:47 +0800] "GET / HTTP/1.1" 200 4806 "-" "libcurl/7.81.0 r-curl/6.0.1 httr/1.4.7"
154.12.55.32 - - [23/Oct/2025:17:12:49 +0800] "GET / HTTP/2.0" 200 4790 "-" "libcurl/7.81.0 r-curl/6.0.1 httr/1.4.7"
154.12.55.32 - - [23/Oct/2025:18:12:16 +0800] "GET / HTTP/1.1" 200 4807 "-" "libcurl/7.81.0 r-curl/6.0.1 httr/1.4.7"
154.12.55.32 - - [23/Oct/2025:18:12:18 +0800] "GET / HTTP/2.0" 200 4791 "-" "libcurl/7.81.0 r-curl/6.0.1 httr/1.4.7"
154.12.55.32 - - [23/Oct/2025:19:11:16 +0800] "GET / HTTP/1.1" 200 4806 "-" "libcurl/7.81.0 r-curl/6.0.1 httr/1.4.7"
154.12.55.32 - - [23/Oct/2025:19:11:17 +0800] "GET / HTTP/2.0" 200 4791 "-" "libcurl/7.81.0 r-curl/6.0.1 httr/1.4.7"
154.12.55.32 - - [23/Oct/2025:20:12:13 +0800] "GET / HTTP/1.1" 200 4806 "-" "libcurl/7.81.0 r-curl/6.0.1 httr/1.4.7"
154.12.55.32 - - [23/Oct/2025:20:12:15 +0800] "GET / HTTP/2.0" 200 4791 "-" "libcurl/7.81.0 r-curl/6.0.1 httr/1.4.7"
154.12.55.32 - - [23/Oct/2025:21:12:20 +0800] "GET / HTTP/1.1" 200 4806 "-" "libcurl/7.81.0 r-curl/6.0.1 httr/1.4.7"
154.12.55.32 - - [23/Oct/2025:21:12:22 +0800] "GET / HTTP/2.0" 200 4790 "-" "libcurl/7.81.0 r-curl/6.0.1 httr/1.4.7"
87.236.176.9 - - [23/Oct/2025:21:59:22 +0800] "GET / HTTP/1.1" 200 4804 "-" "Mozilla/5.0 (compatible; InternetMeasurement/1.0; +https://internet-measurement.com/)"
154.12.55.32 - - [23/Oct/2025:22:13:12 +0800] "GET / HTTP/1.1" 200 4806 "-" "libcurl/7.81.0 r-curl/6.0.1 httr/1.4.7"
154.12.55.32 - - [23/Oct/2025:22:13:14 +0800] "GET / HTTP/2.0" 200 4791 "-" "libcurl/7.81.0 r-curl/6.0.1 httr/1.4.7"
154.12.55.32 - - [23/Oct/2025:23:12:29 +0800] "GET / HTTP/1.1" 200 4806 "-" "libcurl/7.81.0 r-curl/6.0.1 httr/1.4.7"
154.12.55.32 - - [23/Oct/2025:23:12:34 +0800] "GET / HTTP/2.0" 200 4791 "-" "libcurl/7.81.0 r-curl/6.0.1 httr/1.4.7"
180.97.218.71 - - [23/Oct/2025:23:53:57 +0800] "GET / HTTP/1.1" 200 19039 "https://blog.wumingai.com" "Mozilla/4.0 (compatible; MSIE 9.0; Windows NT 6.1)"
180.97.218.71 - - [23/Oct/2025:23:53:58 +0800] "GET / HTTP/1.1" 200 19038 "https://blog.wumingai.com" "Mozilla/4.0 (compatible; MSIE 9.0; Windows NT 6.1)"
180.97.218.71 - - [23/Oct/2025:23:53:58 +0800] "GET /post/56.html HTTP/1.1" 200 22203 "https://blog.wumingai.com/post/56.html" "Mozilla/4.0 (compatible; MSIE 9.0; Windows NT 6.1)"
180.97.218.71 - - [23/Oct/2025:23:53:58 +0800] "POST /zb_system/cmd.php?act=cmt&postid=56&key=7cf8be8971b493fc8f2d112852959a35 HTTP/1.1" 200 1202 "https://blog.wumingai.com/zb_system/cmd.php?act=cmt&postid=56&key=7cf8be8971b493fc8f2d112852959a35" "Mozilla/4.0 (compatible; MSIE 9.0; Windows NT 6.1)"
154.12.55.32 - - [24/Oct/2025:00:12:55 +0800] "GET / HTTP/1.1" 200 4790 "-" "libcurl/7.81.0 r-curl/6.0.1 httr/1.4.7"
154.12.55.32 - - [24/Oct/2025:00:12:56 +0800] "GET / HTTP/2.0" 200 4772 "-" "libcurl/7.81.0 r-curl/6.0.1 httr/1.4.7"
154.12.55.32 - - [24/Oct/2025:01:11:33 +0800] "GET / HTTP/1.1" 200 4791 "-" "libcurl/7.81.0 r-curl/6.0.1 httr/1.4.7"
154.12.55.32 - - [24/Oct/2025:01:11:35 +0800] "GET / HTTP/2.0" 200 4773 "-" "libcurl/7.81.0 r-curl/6.0.1 httr/1.4.7"
52.167.144.197 - - [24/Oct/2025:01:49:31 +0800] "GET /sitemap.txt HTTP/2.0" 404 1457 "-" "Mozilla/5.0 AppleWebKit/537.36 (KHTML, like Gecko; compatible; bingbot/2.0; +http://www.bing.com/bingbot.htm) Chrome/116.0.1938.76 Safari/537.36"
154.12.55.32 - - [24/Oct/2025:02:11:34 +0800] "GET / HTTP/1.1" 200 4790 "-" "libcurl/7.81.0 r-curl/6.0.1 httr/1.4.7"
154.12.55.32 - - [24/Oct/2025:02:11:35 +0800] "GET / HTTP/2.0" 200 4772 "-" "libcurl/7.81.0 r-curl/6.0.1 httr/1.4.7"
40.77.167.254 - - [24/Oct/2025:02:55:47 +0800] "GET /sitemap.txt HTTP/2.0" 404 1457 "-" "Mozilla/5.0 AppleWebKit/537.36 (KHTML, like Gecko; compatible; bingbot/2.0; +http://www.bing.com/bingbot.htm) Chrome/116.0.1938.76 Safari/537.36"
154.12.55.32 - - [24/Oct/2025:03:12:22 +0800] "GET / HTTP/1.1" 200 4790 "-" "libcurl/7.81.0 r-curl/6.0.1 httr/1.4.7"
154.12.55.32 - - [24/Oct/2025:03:12:24 +0800] "GET / HTTP/2.0" 200 4772 "-" "libcurl/7.81.0 r-curl/6.0.1 httr/1.4.7"
185.247.137.232 - - [24/Oct/2025:03:31:18 +0800] "GET / HTTP/1.1" 200 4791 "-" "Mozilla/5.0 (compatible; InternetMeasurement/1.0; +https://internet-measurement.com/)"
52.167.144.204 - - [24/Oct/2025:03:45:33 +0800] "GET /post/24.html HTTP/2.0" 200 8527 "-" "Mozilla/5.0 AppleWebKit/537.36 (KHTML, like Gecko; compatible; bingbot/2.0; +http://www.bing.com/bingbot.htm) Chrome/116.0.1938.76 Safari/537.36"
154.12.55.32 - - [24/Oct/2025:04:12:11 +0800] "GET / HTTP/1.1" 200 4790 "-" "libcurl/7.81.0 r-curl/6.0.1 httr/1.4.7"
154.12.55.32 - - [24/Oct/2025:04:12:13 +0800] "GET / HTTP/2.0" 200 4773 "-" "libcurl/7.81.0 r-curl/6.0.1 httr/1.4.7"
193.176.83.68 - - [24/Oct/2025:04:45:24 +0800] "GET /mah.php HTTP/1.1" 404 4110 "-" "Mozilla/5.0 (Windows NT 10.0; Win64; x64) AppleWebKit/537.36 (KHTML, like Gecko) Chrome/139.0.0.0 Safari/537.36"
193.176.83.68 - - [24/Oct/2025:04:45:24 +0800] "GET /chosen.php HTTP/1.1" 404 4110 "-" "Mozilla/5.0 (Windows NT 10.0; Win64; x64) AppleWebKit/537.36 (KHTML, like Gecko) Chrome/139.0.0.0 Safari/537.36"
193.176.83.68 - - [24/Oct/2025:04:45:25 +0800] "GET /goods.php HTTP/1.1" 404 4110 "-" "Mozilla/5.0 (Windows NT 10.0; Win64; x64) AppleWebKit/537.36 (KHTML, like Gecko) Chrome/139.0.0.0 Safari/537.36"
154.12.55.32 - - [24/Oct/2025:05:11:58 +0800] "GET / HTTP/1.1" 200 4790 "-" "libcurl/7.81.0 r-curl/6.0.1 httr/1.4.7"
154.12.55.32 - - [24/Oct/2025:05:11:59 +0800] "GET / HTTP/2.0" 200 4771 "-" "libcurl/7.81.0 r-curl/6.0.1 httr/1.4.7"
172.207.131.176 - - [24/Oct/2025:05:29:11 +0800] "GET /wp-content/plugins/hellopress/wp_filemanager.php HTTP/1.1" 404 4110 "-" "-"
172.207.131.176 - - [24/Oct/2025:05:29:11 +0800] "GET /error.php HTTP/1.1" 404 4110 "-" "-"
172.207.131.176 - - [24/Oct/2025:05:29:11 +0800] "GET /wpo.php HTTP/1.1" 404 4110 "-" "-"
172.207.131.176 - - [24/Oct/2025:05:29:11 +0800] "GET /shellalfa.php HTTP/1.1" 404 4110 "-" "-"
172.207.131.176 - - [24/Oct/2025:05:29:11 +0800] "GET /owl.php HTTP/1.1" 404 4110 "-" "-"
172.207.131.176 - - [24/Oct/2025:05:29:11 +0800] "GET /php8.php HTTP/1.1" 404 4110 "-" "-"
172.207.131.176 - - [24/Oct/2025:05:29:11 +0800] "GET /wp-admin/maint/index.php HTTP/1.1" 404 4110 "-" "-"
172.207.131.176 - - [24/Oct/2025:05:29:12 +0800] "GET /n.php HTTP/1.1" 404 4110 "-" "-"
172.207.131.176 - - [24/Oct/2025:05:29:12 +0800] "GET /s.php HTTP/1.1" 404 4110 "-" "-"
172.207.131.176 - - [24/Oct/2025:05:29:12 +0800] "GET /cong.php?p= HTTP/1.1" 404 4110 "-" "-"
172.207.131.176 - - [24/Oct/2025:05:29:12 +0800] "GET /wp-includes/fonts/about.php HTTP/1.1" 404 4110 "-" "-"
