123.58.198.151 - - [22/Nov/2025:09:49:03 +0800] "GET /post/61.html HTTP/1.1" 200 25421 "https://blog.wumingai.com/post/61.html" "Mozilla/4.0 (compatible; MSIE 9.0; Windows NT 6.1)"
123.58.198.151 - - [22/Nov/2025:09:49:03 +0800] "POST /zb_system/cmd.php?act=cmt&postid=61&key=bb1321952151b464949fb92ccbdd38fb HTTP/1.1" 200 190 "https://blog.wumingai.com/zb_system/cmd.php?act=cmt&postid=61&key=bb1321952151b464949fb92ccbdd38fb" "Mozilla/4.0 (compatible; MSIE 9.0; Windows NT 6.1)"
154.7.177.124 - - [22/Nov/2025:10:02:28 +0800] "GET / HTTP/1.1" 200 4825 "-" "libcurl/7.81.0 r-curl/6.0.1 httr/1.4.7"
154.7.177.124 - - [22/Nov/2025:10:02:29 +0800] "GET / HTTP/2.0" 200 4808 "-" "libcurl/7.81.0 r-curl/6.0.1 httr/1.4.7"
113.44.114.2 - - [22/Nov/2025:10:02:53 +0800] "GET /post/28.html HTTP/2.0" 200 9825 "https://blog.wumingai.com/post/28.html" "Mozilla/5.0 (Macintosh; Intel Mac OS X 10_15_7) AppleWebKit/537.36 (KHTML, like Gecko) Chrome/123.0.0.0 Safari/537.36"
180.97.218.71 - - [22/Nov/2025:10:34:29 +0800] "GET / HTTP/1.1" 200 19109 "https://blog.wumingai.com" "Mozilla/4.0 (compatible; MSIE 9.0; Windows NT 6.1)"
180.97.218.71 - - [22/Nov/2025:10:34:29 +0800] "GET / HTTP/1.1" 200 19109 "https://blog.wumingai.com" "Mozilla/4.0 (compatible; MSIE 9.0; Windows NT 6.1)"
180.97.218.71 - - [22/Nov/2025:10:34:29 +0800] "GET /post/63.html%23cmt99 HTTP/1.1" 404 4123 "https://blog.wumingai.com/post/63.html#cmt99" "Mozilla/4.0 (compatible; MSIE 9.0; Windows NT 6.1)"
180.97.218.71 - - [22/Nov/2025:10:34:29 +0800] "GET /post/62.html%23cmt93 HTTP/1.1" 404 4123 "https://blog.wumingai.com/post/62.html#cmt93" "Mozilla/4.0 (compatible; MSIE 9.0; Windows NT 6.1)"
180.97.218.71 - - [22/Nov/2025:10:34:29 +0800] "GET /post/55.html%23cmt96 HTTP/1.1" 404 4123 "https://blog.wumingai.com/post/55.html#cmt96" "Mozilla/4.0 (compatible; MSIE 9.0; Windows NT 6.1)"
180.97.218.71 - - [22/Nov/2025:10:34:29 +0800] "GET /page_2.html HTTP/1.1" 200 18639 "https://blog.wumingai.com/page_2.html" "Mozilla/4.0 (compatible; MSIE 9.0; Windows NT 6.1)"
180.97.218.71 - - [22/Nov/2025:10:34:30 +0800] "GET /post/56.html HTTP/1.1" 200 26351 "https://blog.wumingai.com/post/56.html" "Mozilla/4.0 (compatible; MSIE 9.0; Windows NT 6.1)"
180.97.218.71 - - [22/Nov/2025:10:34:30 +0800] "POST /zb_system/cmd.php?act=cmt&postid=56&key=1aa4152dc1a26c2cbc57495f4a74d58b HTTP/1.1" 200 1170 "https://blog.wumingai.com/zb_system/cmd.php?act=cmt&postid=56&key=1aa4152dc1a26c2cbc57495f4a74d58b" "Mozilla/4.0 (compatible; MSIE 9.0; Windows NT 6.1)"
154.7.177.124 - - [22/Nov/2025:11:01:48 +0800] "GET / HTTP/1.1" 200 4837 "-" "libcurl/7.81.0 r-curl/6.0.1 httr/1.4.7"
154.7.177.124 - - [22/Nov/2025:11:01:49 +0800] "GET / HTTP/2.0" 200 4822 "-" "libcurl/7.81.0 r-curl/6.0.1 httr/1.4.7"
40.77.167.12 - - [22/Nov/2025:11:31:18 +0800] "GET /zb_users/upload/2023/11/20231127143051170106665170726.webp HTTP/2.0" 200 420020 "-" "Mozilla/5.0 AppleWebKit/537.36 (KHTML, like Gecko; compatible; bingbot/2.0; +http://www.bing.com/bingbot.htm) Chrome/116.0.1938.76 Safari/537.36"
154.7.177.124 - - [22/Nov/2025:12:02:25 +0800] "GET / HTTP/1.1" 200 4837 "-" "libcurl/7.81.0 r-curl/6.0.1 httr/1.4.7"
154.7.177.124 - - [22/Nov/2025:12:02:26 +0800] "GET / HTTP/2.0" 200 4821 "-" "libcurl/7.81.0 r-curl/6.0.1 httr/1.4.7"
40.77.167.76 - - [22/Nov/2025:12:04:27 +0800] "GET /post/56.html HTTP/2.0" 200 8751 "-" "Mozilla/5.0 AppleWebKit/537.36 (KHTML, like Gecko; compatible; bingbot/2.0; +http://www.bing.com/bingbot.htm) Chrome/116.0.1938.76 Safari/537.36"
42.85.232.178 - - [22/Nov/2025:12:07:18 +0800] "GET / HTTP/1.1" 200 19107 "https://blog.wumingai.com" "Mozilla/4.0 (compatible; MSIE 9.0; Windows NT 6.1)"
42.85.232.178 - - [22/Nov/2025:12:07:19 +0800] "GET / HTTP/1.1" 200 19107 "https://blog.wumingai.com" "Mozilla/4.0 (compatible; MSIE 9.0; Windows NT 6.1)"
42.85.232.178 - - [22/Nov/2025:12:07:19 +0800] "GET /post/59.html HTTP/1.1" 200 24700 "https://blog.wumingai.com/post/59.html" "Mozilla/4.0 (compatible; MSIE 9.0; Windows NT 6.1)"
42.85.232.178 - - [22/Nov/2025:12:07:20 +0800] "POST /zb_system/cmd.php?act=cmt&postid=59&key=412ff097af45a36ac8844bbbfcd9ffd3 HTTP/1.1" 200 1414 "https://blog.wumingai.com/zb_system/cmd.php?act=cmt&postid=59&key=412ff097af45a36ac8844bbbfcd9ffd3" "Mozilla/4.0 (compatible; MSIE 9.0; Windows NT 6.1)"
154.7.177.124 - - [22/Nov/2025:13:02:15 +0800] "GET / HTTP/1.1" 200 4862 "-" "libcurl/7.81.0 r-curl/6.0.1 httr/1.4.7"
154.7.177.124 - - [22/Nov/2025:13:02:16 +0800] "GET / HTTP/2.0" 200 4846 "-" "libcurl/7.81.0 r-curl/6.0.1 httr/1.4.7"
218.76.214.42 - - [22/Nov/2025:13:49:16 +0800] "GET / HTTP/1.1" 200 19156 "https://blog.wumingai.com" "Mozilla/4.0 (compatible; MSIE 9.0; Windows NT 6.1)"
218.76.214.42 - - [22/Nov/2025:13:49:17 +0800] "GET / HTTP/1.1" 200 19156 "https://blog.wumingai.com" "Mozilla/4.0 (compatible; MSIE 9.0; Windows NT 6.1)"
218.76.214.42 - - [22/Nov/2025:13:49:17 +0800] "GET /post/59.html%23cmt97 HTTP/1.1" 404 4123 "https://blog.wumingai.com/post/59.html#cmt97" "Mozilla/4.0 (compatible; MSIE 9.0; Windows NT 6.1)"
218.76.214.42 - - [22/Nov/2025:13:49:17 +0800] "GET /page_3.html HTTP/1.1" 200 18479 "https://blog.wumingai.com/page_3.html" "Mozilla/4.0 (compatible; MSIE 9.0; Windows NT 6.1)"
218.76.214.42 - - [22/Nov/2025:13:49:17 +0800] "GET /post/56.html%23cmt103 HTTP/1.1" 404 4123 "https://blog.wumingai.com/post/56.html#cmt103" "Mozilla/4.0 (compatible; MSIE 9.0; Windows NT 6.1)"
218.76.214.42 - - [22/Nov/2025:13:49:17 +0800] "GET /post/64.html%23cmt102 HTTP/1.1" 404 4123 "https://blog.wumingai.com/post/64.html#cmt102" "Mozilla/4.0 (compatible; MSIE 9.0; Windows NT 6.1)"
218.76.214.42 - - [22/Nov/2025:13:49:17 +0800] "GET /post/57.html HTTP/1.1" 200 26413 "https://blog.wumingai.com/post/57.html" "Mozilla/4.0 (compatible; MSIE 9.0; Windows NT 6.1)"
218.76.214.42 - - [22/Nov/2025:13:49:17 +0800] "POST /zb_system/cmd.php?act=cmt&postid=57&key=c0aae4057f50e3f5b3a98b0959b8b27e HTTP/1.1" 200 1377 "https://blog.wumingai.com/zb_system/cmd.php?act=cmt&postid=57&key=c0aae4057f50e3f5b3a98b0959b8b27e" "Mozilla/4.0 (compatible; MSIE 9.0; Windows NT 6.1)"
123.58.198.151 - - [22/Nov/2025:13:56:57 +0800] "GET / HTTP/1.1" 200 19188 "https://blog.wumingai.com" "Mozilla/4.0 (compatible; MSIE 9.0; Windows NT 6.1)"
123.58.198.151 - - [22/Nov/2025:13:56:57 +0800] "GET / HTTP/1.1" 200 19188 "https://blog.wumingai.com" "Mozilla/4.0 (compatible; MSIE 9.0; Windows NT 6.1)"
123.58.198.151 - - [22/Nov/2025:13:56:58 +0800] "GET /post/58.html HTTP/1.1" 200 25365 "https://blog.wumingai.com/post/58.html" "Mozilla/4.0 (compatible; MSIE 9.0; Windows NT 6.1)"
123.58.198.151 - - [22/Nov/2025:13:56:58 +0800] "POST /zb_system/cmd.php?act=cmt&postid=58&key=a28c8ff1106a4a1b4b8cfd0d1f31fe36 HTTP/1.1" 200 190 "https://blog.wumingai.com/zb_system/cmd.php?act=cmt&postid=58&key=a28c8ff1106a4a1b4b8cfd0d1f31fe36" "Mozilla/4.0 (compatible; MSIE 9.0; Windows NT 6.1)"
154.7.177.124 - - [22/Nov/2025:14:02:22 +0800] "GET / HTTP/1.1" 200 4893 "-" "libcurl/7.81.0 r-curl/6.0.1 httr/1.4.7"
154.7.177.124 - - [22/Nov/2025:14:02:23 +0800] "GET / HTTP/2.0" 200 4877 "-" "libcurl/7.81.0 r-curl/6.0.1 httr/1.4.7"
116.204.75.17 - - [22/Nov/2025:14:02:54 +0800] "GET /post/59.html HTTP/2.0" 200 7188 "https://blog.wumingai.com/post/59.html#cmt85" "Mozilla/5.0 (Macintosh; Intel Mac OS X 10_15_7) AppleWebKit/537.36 (KHTML, like Gecko) Chrome/119.0.0.0 Safari/537.36"
124.236.100.56 - - [22/Nov/2025:14:33:53 +0800] "GET / HTTP/1.1" 200 4891 "-" "Mozilla/5.0 (Windows NT 10.0; Win64; x64) AppleWebKit/537.36 (KHTML, like Gecko) Chrome/52.0.2743.116 Safari/537.36 Edge/15.15063"
154.7.177.124 - - [22/Nov/2025:15:02:21 +0800] "GET / HTTP/1.1" 200 4894 "-" "libcurl/7.81.0 r-curl/6.0.1 httr/1.4.7"
154.7.177.124 - - [22/Nov/2025:15:02:22 +0800] "GET / HTTP/2.0" 200 4879 "-" "libcurl/7.81.0 r-curl/6.0.1 httr/1.4.7"
154.7.177.124 - - [22/Nov/2025:16:01:57 +0800] "GET / HTTP/1.1" 200 4894 "-" "libcurl/7.81.0 r-curl/6.0.1 httr/1.4.7"
154.7.177.124 - - [22/Nov/2025:16:01:58 +0800] "GET / HTTP/2.0" 200 4879 "-" "libcurl/7.81.0 r-curl/6.0.1 httr/1.4.7"
154.7.177.124 - - [22/Nov/2025:17:02:11 +0800] "GET / HTTP/1.1" 200 4894 "-" "libcurl/7.81.0 r-curl/6.0.1 httr/1.4.7"
154.7.177.124 - - [22/Nov/2025:17:02:12 +0800] "GET / HTTP/2.0" 200 4879 "-" "libcurl/7.81.0 r-curl/6.0.1 httr/1.4.7"
218.76.214.42 - - [22/Nov/2025:17:20:32 +0800] "GET / HTTP/1.1" 200 19188 "https://blog.wumingai.com" "Mozilla/4.0 (compatible; MSIE 9.0; Windows NT 6.1)"
218.76.214.42 - - [22/Nov/2025:17:20:32 +0800] "GET / HTTP/1.1" 200 19188 "https://blog.wumingai.com" "Mozilla/4.0 (compatible; MSIE 9.0; Windows NT 6.1)"
218.76.214.42 - - [22/Nov/2025:17:20:33 +0800] "GET /post/57.html HTTP/1.1" 200 27911 "https://blog.wumingai.com/post/57.html" "Mozilla/4.0 (compatible; MSIE 9.0; Windows NT 6.1)"
218.76.214.42 - - [22/Nov/2025:17:20:33 +0800] "POST /zb_system/cmd.php?act=cmt&postid=57&key=4c139e801e25676854c2098eb51d18cd HTTP/1.1" 200 1372 "https://blog.wumingai.com/zb_system/cmd.php?act=cmt&postid=57&key=4c139e801e25676854c2098eb51d18cd" "Mozilla/4.0 (compatible; MSIE 9.0; Windows NT 6.1)"
154.7.177.124 - - [22/Nov/2025:18:02:20 +0800] "GET / HTTP/1.1" 200 4920 "-" "libcurl/7.81.0 r-curl/6.0.1 httr/1.4.7"
154.7.177.124 - - [22/Nov/2025:18:02:21 +0800] "GET / HTTP/2.0" 200 4903 "-" "libcurl/7.81.0 r-curl/6.0.1 httr/1.4.7"
123.58.198.151 - - [22/Nov/2025:18:11:56 +0800] "GET / HTTP/1.1" 200 19214 "https://blog.wumingai.com" "Mozilla/4.0 (compatible; MSIE 9.0; Windows NT 6.1)"
123.58.198.151 - - [22/Nov/2025:18:11:57 +0800] "GET / HTTP/1.1" 200 19214 "https://blog.wumingai.com" "Mozilla/4.0 (compatible; MSIE 9.0; Windows NT 6.1)"
123.58.198.151 - - [22/Nov/2025:18:11:57 +0800] "GET /post/62.html HTTP/1.1" 200 27054 "https://blog.wumingai.com/post/62.html" "Mozilla/4.0 (compatible; MSIE 9.0; Windows NT 6.1)"
123.58.198.151 - - [22/Nov/2025:18:11:57 +0800] "POST /zb_system/cmd.php?act=cmt&postid=62&key=4b263803a42d25d7cca200095b0b69a3 HTTP/1.1" 200 190 "https://blog.wumingai.com/zb_system/cmd.php?act=cmt&postid=62&key=4b263803a42d25d7cca200095b0b69a3" "Mozilla/4.0 (compatible; MSIE 9.0; Windows NT 6.1)"
154.7.177.124 - - [22/Nov/2025:19:02:23 +0800] "GET / HTTP/1.1" 200 4919 "-" "libcurl/7.81.0 r-curl/6.0.1 httr/1.4.7"
154.7.177.124 - - [22/Nov/2025:19:02:24 +0800] "GET / HTTP/2.0" 200 4902 "-" "libcurl/7.81.0 r-curl/6.0.1 httr/1.4.7"
182.203.79.160 - - [22/Nov/2025:19:45:18 +0800] "GET / HTTP/1.1" 200 19214 "https://blog.wumingai.com" "Mozilla/4.0 (compatible; MSIE 9.0; Windows NT 6.1)"
182.203.79.160 - - [22/Nov/2025:19:45:19 +0800] "GET / HTTP/1.1" 200 19214 "https://blog.wumingai.com" "Mozilla/4.0 (compatible; MSIE 9.0; Windows NT 6.1)"
182.203.79.160 - - [22/Nov/2025:19:45:20 +0800] "GET /page_6.html HTTP/1.1" 200 19495 "https://blog.wumingai.com/page_6.html" "Mozilla/4.0 (compatible; MSIE 9.0; Windows NT 6.1)"
182.203.79.160 - - [22/Nov/2025:19:45:21 +0800] "GET /post/62.html HTTP/1.1" 200 27780 "https://blog.wumingai.com/post/62.html" "Mozilla/4.0 (compatible; MSIE 9.0; Windows NT 6.1)"
182.203.79.160 - - [22/Nov/2025:19:45:21 +0800] "POST /zb_system/cmd.php?act=cmt&postid=62&key=f57331c5d48270c7193fb0013127d8fb HTTP/1.1" 200 1231 "https://blog.wumingai.com/zb_system/cmd.php?act=cmt&postid=62&key=f57331c5d48270c7193fb0013127d8fb" "Mozilla/4.0 (compatible; MSIE 9.0; Windows NT 6.1)"
154.7.177.124 - - [22/Nov/2025:20:02:10 +0800] "GET / HTTP/1.1" 200 4920 "-" "libcurl/7.81.0 r-curl/6.0.1 httr/1.4.7"
154.7.177.124 - - [22/Nov/2025:20:02:11 +0800] "GET / HTTP/2.0" 200 4902 "-" "libcurl/7.81.0 r-curl/6.0.1 httr/1.4.7"
1.92.221.159 - - [22/Nov/2025:20:03:05 +0800] "GET /post/30.html HTTP/2.0" 200 9060 "https://blog.wumingai.com/post/30.html" "Mozilla/5.0 (Macintosh; Intel Mac OS X 10_15_7) AppleWebKit/537.36 (KHTML, like Gecko) Chrome/120.0.0.0 Safari/537.36"
154.7.177.124 - - [22/Nov/2025:21:01:53 +0800] "GET / HTTP/1.1" 200 4919 "-" "libcurl/7.81.0 r-curl/6.0.1 httr/1.4.7"
154.7.177.124 - - [22/Nov/2025:21:01:54 +0800] "GET / HTTP/2.0" 200 4902 "-" "libcurl/7.81.0 r-curl/6.0.1 httr/1.4.7"
154.7.177.124 - - [22/Nov/2025:22:02:19 +0800] "GET / HTTP/1.1" 200 4919 "-" "libcurl/7.81.0 r-curl/6.0.1 httr/1.4.7"
154.7.177.124 - - [22/Nov/2025:22:02:20 +0800] "GET / HTTP/2.0" 200 4902 "-" "libcurl/7.81.0 r-curl/6.0.1 httr/1.4.7"
123.58.198.151 - - [22/Nov/2025:22:31:10 +0800] "GET / HTTP/1.1" 200 19218 "https://blog.wumingai.com" "Mozilla/4.0 (compatible; MSIE 9.0; Windows NT 6.1)"
123.58.198.151 - - [22/Nov/2025:22:31:11 +0800] "GET / HTTP/1.1" 200 19218 "https://blog.wumingai.com" "Mozilla/4.0 (compatible; MSIE 9.0; Windows NT 6.1)"
123.58.198.151 - - [22/Nov/2025:22:31:11 +0800] "GET /post/62.html HTTP/1.1" 200 28850 "https://blog.wumingai.com/post/62.html" "Mozilla/4.0 (compatible; MSIE 9.0; Windows NT 6.1)"
123.58.198.151 - - [22/Nov/2025:22:31:12 +0800] "POST /zb_system/cmd.php?act=cmt&postid=62&key=792e42594ccca64c73f03f76b07af640 HTTP/1.1" 200 190 "https://blog.wumingai.com/zb_system/cmd.php?act=cmt&postid=62&key=792e42594ccca64c73f03f76b07af640" "Mozilla/4.0 (compatible; MSIE 9.0; Windows NT 6.1)"
218.76.214.42 - - [22/Nov/2025:22:58:34 +0800] "GET / HTTP/1.1" 200 19218 "https://blog.wumingai.com" "Mozilla/4.0 (compatible; MSIE 9.0; Windows NT 6.1)"
218.76.214.42 - - [22/Nov/2025:22:58:34 +0800] "GET / HTTP/1.1" 200 19218 "https://blog.wumingai.com" "Mozilla/4.0 (compatible; MSIE 9.0; Windows NT 6.1)"
218.76.214.42 - - [22/Nov/2025:22:58:34 +0800] "GET /post/56.html HTTP/1.1" 200 26360 "https://blog.wumingai.com/post/56.html" "Mozilla/4.0 (compatible; MSIE 9.0; Windows NT 6.1)"
218.76.214.42 - - [22/Nov/2025:22:58:34 +0800] "POST /zb_system/cmd.php?act=cmt&postid=56&key=1aa4152dc1a26c2cbc57495f4a74d58b HTTP/1.1" 200 1303 "https://blog.wumingai.com/zb_system/cmd.php?act=cmt&postid=56&key=1aa4152dc1a26c2cbc57495f4a74d58b" "Mozilla/4.0 (compatible; MSIE 9.0; Windows NT 6.1)"
154.7.177.124 - - [22/Nov/2025:23:02:07 +0800] "GET / HTTP/1.1" 200 4925 "-" "libcurl/7.81.0 r-curl/6.0.1 httr/1.4.7"
154.7.177.124 - - [22/Nov/2025:23:02:08 +0800] "GET / HTTP/2.0" 200 4908 "-" "libcurl/7.81.0 r-curl/6.0.1 httr/1.4.7"
154.7.177.124 - - [23/Nov/2025:00:02:05 +0800] "GET / HTTP/1.1" 200 4925 "-" "libcurl/7.81.0 r-curl/6.0.1 httr/1.4.7"
154.7.177.124 - - [23/Nov/2025:00:02:06 +0800] "GET / HTTP/2.0" 200 4908 "-" "libcurl/7.81.0 r-curl/6.0.1 httr/1.4.7"
116.204.102.28 - - [23/Nov/2025:00:08:27 +0800] "GET /post/14.html HTTP/2.0" 200 20168 "https://blog.wumingai.com/post/14.html" "Mozilla/5.0 (Windows NT 10.0; Win64; x64) AppleWebKit/537.36 (KHTML, like Gecko) Chrome/116.0.0.0 Safari/537.36"
113.44.126.115 - - [23/Nov/2025:00:14:38 +0800] "GET /post/3.html HTTP/2.0" 200 14113 "https://blog.wumingai.com/post/3.html" "Mozilla/5.0 (Macintosh; Intel Mac OS X 10_15_7) AppleWebKit/537.36 (KHTML, like Gecko) Chrome/131.0.0.0 Safari/537.36"
116.204.24.250 - - [23/Nov/2025:00:22:52 +0800] "GET /post/12.html HTTP/2.0" 200 16419 "https://blog.wumingai.com/post/12.html" "Mozilla/5.0 (Macintosh; Intel Mac OS X 10_15_7) AppleWebKit/537.36 (KHTML, like Gecko) Chrome/123.0.0.0 Safari/537.36"
116.204.19.71 - - [23/Nov/2025:00:27:05 +0800] "GET /post/36.html HTTP/2.0" 200 14522 "https://blog.wumingai.com/post/36.html" "Mozilla/5.0 (Windows NT 10.0; Win64; x64) AppleWebKit/537.36 (KHTML, like Gecko) Chrome/101.0.4951.64 Safari/537.36 Edg/101.0.1210.47"
121.37.107.191 - - [23/Nov/2025:00:32:30 +0800] "GET /post/51.html HTTP/2.0" 200 6261 "https://blog.wumingai.com/post/51.html" "Mozilla/5.0 (Windows NT 10.0; Win64; x64) AppleWebKit/537.36 (KHTML, like Gecko) Chrome/116.0.0.0 Safari/537.36"
116.204.44.162 - - [23/Nov/2025:00:34:41 +0800] "GET /post/5.html HTTP/2.0" 200 12536 "https://blog.wumingai.com/post/5.html" "Mozilla/5.0 (Macintosh; Intel Mac OS X 10_15_7) AppleWebKit/537.36 (KHTML, like Gecko) Chrome/119.0.0.0 Safari/537.36"
162.128.159.76 - - [23/Nov/2025:00:37:04 +0800] "GET /post/17.html HTTP/2.0" 200 56742 "https://blog.wumingai.com/post/17.html" "Mozilla/5.0 (Windows NT 10.0; Win64; x64) AppleWebKit/537.36 (KHTML, like Gecko) Chrome/116.0.0.0 Safari/537.36"
1.92.194.8 - - [23/Nov/2025:00:38:46 +0800] "GET /post/8.html HTTP/2.0" 200 12249 "https://blog.wumingai.com/post/8.html" "Mozilla/5.0 (Macintosh; Intel Mac OS X 10_15_7) AppleWebKit/537.36 (KHTML, like Gecko) Chrome/120.0.0.0 Safari/537.36"
1.92.211.48 - - [23/Nov/2025:00:39:52 +0800] "GET /post/33.html HTTP/2.0" 200 9348 "https://blog.wumingai.com/post/33.html" "Mozilla/5.0 (Macintosh; Intel Mac OS X 10_15_7) AppleWebKit/537.36 (KHTML, like Gecko) Chrome/123.0.0.0 Safari/537.36"
116.204.4.175 - - [23/Nov/2025:00:41:45 +0800] "GET /post/48.html HTTP/2.0" 200 9251 "https://blog.wumingai.com/post/48.html" "Mozilla/5.0 (Macintosh; Intel Mac OS X 10_15_7) AppleWebKit/537.36 (KHTML, like Gecko) Chrome/120.0.0.0 Safari/537.36"
113.44.116.238 - - [23/Nov/2025:00:45:30 +0800] "GET /?id=2 HTTP/2.0" 302 53 "https://blog.wumingai.com/?id=2" "Mozilla/5.0 (Macintosh; Intel Mac OS X 10_15_7) AppleWebKit/537.36 (KHTML, like Gecko) Chrome/119.0.0.0 Safari/537.36"
113.44.116.238 - - [23/Nov/2025:00:45:31 +0800] "GET /2.html HTTP/2.0" 200 2933 "https://blog.wumingai.com/2.html" "Mozilla/5.0 (Macintosh; Intel Mac OS X 10_15_7) AppleWebKit/537.36 (KHTML, like Gecko) Chrome/119.0.0.0 Safari/537.36"
116.204.9.84 - - [23/Nov/2025:00:47:23 +0800] "GET /post/38.html HTTP/2.0" 200 11079 "https://blog.wumingai.com/post/38.html" "Mozilla/5.0 (Macintosh; Intel Mac OS X 10_15_7) AppleWebKit/537.36 (KHTML, like Gecko) Chrome/120.0.0.0 Safari/537.36"
121.37.100.32 - - [23/Nov/2025:00:49:14 +0800] "GET /post/13.html HTTP/2.0" 200 17072 "https://blog.wumingai.com/post/13.html" "Mozilla/5.0 (Macintosh; Intel Mac OS X 10_15_7) AppleWebKit/537.36 (KHTML, like Gecko) Chrome/123.0.0.0 Safari/537.36"
121.37.107.70 - - [23/Nov/2025:00:51:07 +0800] "GET /post/57.html HTTP/2.0" 200 7108 "https://blog.wumingai.com/post/57.html" "Mozilla/5.0 (Macintosh; Intel Mac OS X 10_15_7) AppleWebKit/537.36 (KHTML, like Gecko) Chrome/119.0.0.0 Safari/537.36"
116.204.108.183 - - [23/Nov/2025:00:53:01 +0800] "GET /post/37.html HTTP/2.0" 200 7082 "https://blog.wumingai.com/post/37.html" "Mozilla/5.0 (Macintosh; Intel Mac OS X 10_15_7) AppleWebKit/537.36 (KHTML, like Gecko) Chrome/123.0.0.0 Safari/537.36"
116.204.46.207 - - [23/Nov/2025:00:55:01 +0800] "GET /post/6.html HTTP/2.0" 200 9971 "https://blog.wumingai.com/post/6.html" "Mozilla/5.0 (Windows NT 10.0; Win64; x64) AppleWebKit/537.36 (KHTML, like Gecko) Chrome/101.0.4951.64 Safari/537.36 Edg/101.0.1210.47"
116.204.67.180 - - [23/Nov/2025:00:57:05 +0800] "GET /post/10.html HTTP/2.0" 200 16094 "https://blog.wumingai.com/post/10.html" "Mozilla/5.0 (Windows NT 10.0; Win64; x64) AppleWebKit/537.36 (KHTML, like Gecko) Chrome/101.0.4951.64 Safari/537.36 Edg/101.0.1210.47"
1.92.211.48 - - [23/Nov/2025:00:59:15 +0800] "GET /post/11.html HTTP/2.0" 200 13192 "https://blog.wumingai.com/post/11.html" "Mozilla/5.0 (Windows NT 10.0; Win64; x64) AppleWebKit/537.36 (KHTML, like Gecko) Chrome/116.0.0.0 Safari/537.36"
162.128.159.106 - - [23/Nov/2025:01:01:55 +0800] "GET /post/44.html HTTP/2.0" 200 7850 "https://blog.wumingai.com/post/44.html" "Mozilla/5.0 (Windows NT 10.0; Win64; x64) AppleWebKit/537.36 (KHTML, like Gecko) Chrome/101.0.4951.64 Safari/537.36 Edg/101.0.1210.47"
154.7.177.124 - - [23/Nov/2025:01:02:32 +0800] "GET / HTTP/1.1" 200 4925 "-" "libcurl/7.81.0 r-curl/6.0.1 httr/1.4.7"
154.7.177.124 - - [23/Nov/2025:01:02:33 +0800] "GET / HTTP/2.0" 200 4908 "-" "libcurl/7.81.0 r-curl/6.0.1 httr/1.4.7"
116.204.39.178 - - [23/Nov/2025:01:03:46 +0800] "GET /post/45.html HTTP/2.0" 200 7786 "https://blog.wumingai.com/post/45.html" "Mozilla/5.0 (Windows NT 10.0; Win64; x64) AppleWebKit/537.36 (KHTML, like Gecko) Chrome/116.0.0.0 Safari/537.36"
1.92.216.203 - - [23/Nov/2025:01:04:22 +0800] "GET /post/40.html HTTP/2.0" 200 7730 "-" "Mozilla/5.0 (Windows NT 10.0; Win64; x64) AppleWebKit/537.36 (KHTML, like Gecko) Chrome/131.0.0.0 Safari/537.36"
1.92.216.203 - - [23/Nov/2025:01:04:22 +0800] "GET /zb_system/script/c_html_js_add.php HTTP/2.0" 200 1805 "https://blog.wumingai.com/post/40.html" "Mozilla/5.0 (Windows NT 10.0; Win64; x64) AppleWebKit/537.36 (KHTML, like Gecko) Chrome/131.0.0.0 Safari/537.36"
113.44.120.140 - - [23/Nov/2025:01:11:18 +0800] "GET /post/4.html HTTP/2.0" 200 13918 "https://blog.wumingai.com/post/4.html" "Mozilla/5.0 (Windows NT 10.0; Win64; x64) AppleWebKit/537.36 (KHTML, like Gecko) Chrome/116.0.0.0 Safari/537.36"
162.128.159.2 - - [23/Nov/2025:01:12:10 +0800] "GET /post/50.html HTTP/2.0" 200 7961 "https://blog.wumingai.com/post/50.html" "Mozilla/5.0 (Macintosh; Intel Mac OS X 10_15_7) AppleWebKit/537.36 (KHTML, like Gecko) Chrome/120.0.0.0 Safari/537.36"
121.37.111.232 - - [23/Nov/2025:01:14:06 +0800] "GET /post/43.html HTTP/2.0" 200 10632 "https://blog.wumingai.com/post/43.html" "Mozilla/5.0 (Macintosh; Intel Mac OS X 10_15_7) AppleWebKit/537.36 (KHTML, like Gecko) Chrome/131.0.0.0 Safari/537.36"
180.97.218.71 - - [23/Nov/2025:01:15:18 +0800] "GET / HTTP/1.1" 200 19232 "https://blog.wumingai.com" "Mozilla/4.0 (compatible; MSIE 9.0; Windows NT 6.1)"
180.97.218.71 - - [23/Nov/2025:01:15:18 +0800] "GET / HTTP/1.1" 200 19232 "https://blog.wumingai.com" "Mozilla/4.0 (compatible; MSIE 9.0; Windows NT 6.1)"
180.97.218.71 - - [23/Nov/2025:01:15:18 +0800] "GET /post/60.html HTTP/1.1" 200 26537 "https://blog.wumingai.com/post/60.html" "Mozilla/4.0 (compatible; MSIE 9.0; Windows NT 6.1)"
180.97.218.71 - - [23/Nov/2025:01:15:19 +0800] "POST /zb_system/cmd.php?act=cmt&postid=60&key=6ebb691df1337494376da2852ea4ff8e HTTP/1.1" 200 1218 "https://blog.wumingai.com/zb_system/cmd.php?act=cmt&postid=60&key=6ebb691df1337494376da2852ea4ff8e" "Mozilla/4.0 (compatible; MSIE 9.0; Windows NT 6.1)"
116.204.18.41 - - [23/Nov/2025:01:17:27 +0800] "GET /post/30.html HTTP/2.0" 200 9210 "https://blog.wumingai.com/post/30.html" "Mozilla/5.0 (Windows NT 10.0; Win64; x64) AppleWebKit/537.36 (KHTML, like Gecko) Chrome/116.0.0.0 Safari/537.36"
162.128.159.108 - - [23/Nov/2025:01:19:23 +0800] "GET /post/22.html HTTP/2.0" 200 7636 "https://blog.wumingai.com/post/22.html" "Mozilla/5.0 (Macintosh; Intel Mac OS X 10_15_7) AppleWebKit/537.36 (KHTML, like Gecko) Chrome/123.0.0.0 Safari/537.36"
121.37.102.149 - - [23/Nov/2025:01:20:24 +0800] "GET /post/18.html HTTP/2.0" 200 38763 "https://blog.wumingai.com/post/18.html" "Mozilla/5.0 (Macintosh; Intel Mac OS X 10_15_7) AppleWebKit/537.36 (KHTML, like Gecko) Chrome/120.0.0.0 Safari/537.36"
162.128.159.39 - - [23/Nov/2025:01:23:23 +0800] "GET /post/52.html HTTP/2.0" 200 6263 "https://blog.wumingai.com/post/52.html" "Mozilla/5.0 (Windows NT 10.0; Win64; x64) AppleWebKit/537.36 (KHTML, like Gecko) Chrome/101.0.4951.64 Safari/537.36 Edg/101.0.1210.47"
121.37.108.215 - - [23/Nov/2025:01:24:18 +0800] "GET /post/55.html HTTP/2.0" 200 7545 "https://blog.wumingai.com/post/55.html#cmt89" "Mozilla/5.0 (Macintosh; Intel Mac OS X 10_15_7) AppleWebKit/537.36 (KHTML, like Gecko) Chrome/123.0.0.0 Safari/537.36"
162.128.159.29 - - [23/Nov/2025:01:25:29 +0800] "GET /post/63.html HTTP/2.0" 200 9266 "https://blog.wumingai.com/post/63.html#cmt86" "Mozilla/5.0 (Windows NT 10.0; Win64; x64) AppleWebKit/537.36 (KHTML, like Gecko) Chrome/116.0.0.0 Safari/537.36"
162.128.159.95 - - [23/Nov/2025:01:26:25 +0800] "GET /post/59.html HTTP/2.0" 200 7106 "https://blog.wumingai.com/post/59.html" "Mozilla/5.0 (Windows NT 10.0; Win64; x64) AppleWebKit/537.36 (KHTML, like Gecko) Chrome/116.0.0.0 Safari/537.36"
121.37.98.249 - - [23/Nov/2025:01:28:21 +0800] "GET /post/58.html HTTP/2.0" 200 6856 "https://blog.wumingai.com/post/58.html#cmt49" "Mozilla/5.0 (Macintosh; Intel Mac OS X 10_15_7) AppleWebKit/537.36 (KHTML, like Gecko) Chrome/120.0.0.0 Safari/537.36"
162.128.159.18 - - [23/Nov/2025:01:31:38 +0800] "GET /post/23.html HTTP/2.0" 200 8407 "https://blog.wumingai.com/post/23.html" "Mozilla/5.0 (Macintosh; Intel Mac OS X 10_15_7) AppleWebKit/537.36 (KHTML, like Gecko) Chrome/123.0.0.0 Safari/537.36"
116.204.8.240 - - [23/Nov/2025:01:33:24 +0800] "GET /post/61.html HTTP/2.0" 200 6993 "https://blog.wumingai.com/post/61.html#cmt88" "Mozilla/5.0 (Windows NT 10.0; Win64; x64) AppleWebKit/537.36 (KHTML, like Gecko) Chrome/101.0.4951.64 Safari/537.36 Edg/101.0.1210.47"
116.204.26.254 - - [23/Nov/2025:01:36:08 +0800] "GET /post/62.html HTTP/2.0" 200 7155 "https://blog.wumingai.com/post/62.html#cmt98" "Mozilla/5.0 (Macintosh; Intel Mac OS X 10_15_7) AppleWebKit/537.36 (KHTML, like Gecko) Chrome/123.0.0.0 Safari/537.36"
116.204.39.159 - - [23/Nov/2025:01:38:47 +0800] "GET /post/20.html HTTP/2.0" 200 7663 "https://blog.wumingai.com/post/20.html" "Mozilla/5.0 (Macintosh; Intel Mac OS X 10_15_7) AppleWebKit/537.36 (KHTML, like Gecko) Chrome/119.0.0.0 Safari/537.36"
121.37.102.149 - - [23/Nov/2025:01:40:14 +0800] "GET /post/35.html HTTP/2.0" 200 7075 "https://blog.wumingai.com/post/35.html" "Mozilla/5.0 (Macintosh; Intel Mac OS X 10_15_7) AppleWebKit/537.36 (KHTML, like Gecko) Chrome/131.0.0.0 Safari/537.36"
162.128.159.32 - - [23/Nov/2025:01:42:56 +0800] "GET /post/21.html HTTP/2.0" 200 9798 "https://blog.wumingai.com/post/21.html" "Mozilla/5.0 (Macintosh; Intel Mac OS X 10_15_7) AppleWebKit/537.36 (KHTML, like Gecko) Chrome/119.0.0.0 Safari/537.36"
113.44.114.2 - - [23/Nov/2025:01:44:58 +0800] "GET /post/32.html HTTP/2.0" 200 9210 "https://blog.wumingai.com/post/32.html" "Mozilla/5.0 (Macintosh; Intel Mac OS X 10_15_7) AppleWebKit/537.36 (KHTML, like Gecko) Chrome/131.0.0.0 Safari/537.36"
116.204.65.95 - - [23/Nov/2025:01:46:49 +0800] "GET /post/29.html HTTP/2.0" 200 9077 "https://blog.wumingai.com/post/29.html" "Mozilla/5.0 (Macintosh; Intel Mac OS X 10_15_7) AppleWebKit/537.36 (KHTML, like Gecko) Chrome/119.0.0.0 Safari/537.36"
162.128.159.94 - - [23/Nov/2025:01:48:56 +0800] "GET /post/25.html HTTP/2.0" 200 9564 "https://blog.wumingai.com/post/25.html" "Mozilla/5.0 (Macintosh; Intel Mac OS X 10_15_7) AppleWebKit/537.36 (KHTML, like Gecko) Chrome/119.0.0.0 Safari/537.36"
1.92.214.230 - - [23/Nov/2025:01:49:58 +0800] "GET /post/7.html HTTP/2.0" 200 16635 "https://blog.wumingai.com/post/7.html" "Mozilla/5.0 (Windows NT 10.0; Win64; x64) AppleWebKit/537.36 (KHTML, like Gecko) Chrome/101.0.4951.64 Safari/537.36 Edg/101.0.1210.47"
162.128.159.110 - - [23/Nov/2025:01:53:26 +0800] "GET /post/49.html HTTP/2.0" 200 8800 "https://blog.wumingai.com/post/49.html" "Mozilla/5.0 (Macintosh; Intel Mac OS X 10_15_7) AppleWebKit/537.36 (KHTML, like Gecko) Chrome/131.0.0.0 Safari/537.36"
162.128.159.105 - - [23/Nov/2025:01:54:45 +0800] "GET /post/54.html HTTP/2.0" 200 6935 "https://blog.wumingai.com/post/54.html" "Mozilla/5.0 (Windows NT 10.0; Win64; x64) AppleWebKit/537.36 (KHTML, like Gecko) Chrome/101.0.4951.64 Safari/537.36 Edg/101.0.1210.47"
121.37.97.90 - - [23/Nov/2025:01:56:03 +0800] "GET /post/9.html HTTP/2.0" 200 10798 "https://blog.wumingai.com/post/9.html" "Mozilla/5.0 (Macintosh; Intel Mac OS X 10_15_7) AppleWebKit/537.36 (KHTML, like Gecko) Chrome/131.0.0.0 Safari/537.36"
113.44.99.36 - - [23/Nov/2025:01:58:48 +0800] "GET /post/47.html HTTP/2.0" 200 19777 "https://blog.wumingai.com/post/47.html" "Mozilla/5.0 (Macintosh; Intel Mac OS X 10_15_7) AppleWebKit/537.36 (KHTML, like Gecko) Chrome/123.0.0.0 Safari/537.36"
116.204.42.61 - - [23/Nov/2025:01:59:51 +0800] "GET /post/27.html HTTP/2.0" 200 7625 "https://blog.wumingai.com/post/27.html" "Mozilla/5.0 (Windows NT 10.0; Win64; x64) AppleWebKit/537.36 (KHTML, like Gecko) Chrome/101.0.4951.64 Safari/537.36 Edg/101.0.1210.47"
113.44.123.134 - - [23/Nov/2025:02:01:57 +0800] "GET /post/39.html HTTP/2.0" 200 8776 "https://blog.wumingai.com/post/39.html" "Mozilla/5.0 (Macintosh; Intel Mac OS X 10_15_7) AppleWebKit/537.36 (KHTML, like Gecko) Chrome/119.0.0.0 Safari/537.36"
154.7.177.124 - - [23/Nov/2025:02:02:18 +0800] "GET / HTTP/1.1" 200 4933 "-" "libcurl/7.81.0 r-curl/6.0.1 httr/1.4.7"
154.7.177.124 - - [23/Nov/2025:02:02:19 +0800] "GET / HTTP/2.0" 200 4916 "-" "libcurl/7.81.0 r-curl/6.0.1 httr/1.4.7"
113.44.119.204 - - [23/Nov/2025:02:03:02 +0800] "GET /post/42.html HTTP/2.0" 200 8606 "https://blog.wumingai.com/post/42.html" "Mozilla/5.0 (Macintosh; Intel Mac OS X 10_15_7) AppleWebKit/537.36 (KHTML, like Gecko) Chrome/119.0.0.0 Safari/537.36"
1.92.202.21 - - [23/Nov/2025:02:03:57 +0800] "GET / HTTP/2.0" 200 4916 "https://blog.wumingai.com/" "Mozilla/5.0 (Macintosh; Intel Mac OS X 10_15_7) AppleWebKit/537.36 (KHTML, like Gecko) Chrome/119.0.0.0 Safari/537.36"
121.37.97.90 - - [23/Nov/2025:02:06:11 +0800] "GET /post/56.html HTTP/2.0" 200 7213 "https://blog.wumingai.com/post/56.html#cmt53" "Mozilla/5.0 (Macintosh; Intel Mac OS X 10_15_7) AppleWebKit/537.36 (KHTML, like Gecko) Chrome/131.0.0.0 Safari/537.36"
121.37.102.149 - - [23/Nov/2025:02:07:42 +0800] "GET /post/41.html HTTP/2.0" 200 7385 "https://blog.wumingai.com/post/41.html" "Mozilla/5.0 (Windows NT 10.0; Win64; x64) AppleWebKit/537.36 (KHTML, like Gecko) Chrome/101.0.4951.64 Safari/537.36 Edg/101.0.1210.47"
113.44.116.201 - - [23/Nov/2025:02:08:41 +0800] "GET /post/ HTTP/2.0" 404 1457 "https://blog.wumingai.com/post/#comment" "Mozilla/5.0 (Windows NT 10.0; Win64; x64) AppleWebKit/537.36 (KHTML, like Gecko) Chrome/101.0.4951.64 Safari/537.36 Edg/101.0.1210.47"
154.7.177.124 - - [23/Nov/2025:03:01:59 +0800] "GET / HTTP/1.1" 200 4933 "-" "libcurl/7.81.0 r-curl/6.0.1 httr/1.4.7"
154.7.177.124 - - [23/Nov/2025:03:02:00 +0800] "GET / HTTP/2.0" 200 4916 "-" "libcurl/7.81.0 r-curl/6.0.1 httr/1.4.7"
123.58.198.151 - - [23/Nov/2025:03:03:05 +0800] "GET / HTTP/1.1" 200 19227 "https://blog.wumingai.com" "Mozilla/4.0 (compatible; MSIE 9.0; Windows NT 6.1)"
123.58.198.151 - - [23/Nov/2025:03:03:05 +0800] "GET / HTTP/1.1" 200 19227 "https://blog.wumingai.com" "Mozilla/4.0 (compatible; MSIE 9.0; Windows NT 6.1)"
123.58.198.151 - - [23/Nov/2025:03:03:06 +0800] "GET /post/62.html HTTP/1.1" 200 28249 "https://blog.wumingai.com/post/62.html" "Mozilla/4.0 (compatible; MSIE 9.0; Windows NT 6.1)"
123.58.198.151 - - [23/Nov/2025:03:03:06 +0800] "POST /zb_system/cmd.php?act=cmt&postid=62&key=e98fa26c98d537fd2e5a63843ee24802 HTTP/1.1" 200 190 "https://blog.wumingai.com/zb_system/cmd.php?act=cmt&postid=62&key=e98fa26c98d537fd2e5a63843ee24802" "Mozilla/4.0 (compatible; MSIE 9.0; Windows NT 6.1)"
113.229.7.49 - - [23/Nov/2025:03:15:59 +0800] "GET / HTTP/1.1" 200 19227 "https://blog.wumingai.com" "Mozilla/4.0 (compatible; MSIE 9.0; Windows NT 6.1)"
113.229.7.49 - - [23/Nov/2025:03:16:00 +0800] "GET / HTTP/1.1" 200 19227 "https://blog.wumingai.com" "Mozilla/4.0 (compatible; MSIE 9.0; Windows NT 6.1)"
113.229.7.49 - - [23/Nov/2025:03:16:00 +0800] "GET /post/59.html HTTP/1.1" 200 25835 "https://blog.wumingai.com/post/59.html" "Mozilla/4.0 (compatible; MSIE 9.0; Windows NT 6.1)"
113.229.7.49 - - [23/Nov/2025:03:16:00 +0800] "POST /zb_system/cmd.php?act=cmt&postid=59&key=f2eb2adbbb2a77723dcc01fe3b47ed81 HTTP/1.1" 200 1169 "https://blog.wumingai.com/zb_system/cmd.php?act=cmt&postid=59&key=f2eb2adbbb2a77723dcc01fe3b47ed81" "Mozilla/4.0 (compatible; MSIE 9.0; Windows NT 6.1)"
218.76.214.42 - - [23/Nov/2025:03:54:42 +0800] "GET / HTTP/1.1" 200 19140 "https://blog.wumingai.com" "Mozilla/4.0 (compatible; MSIE 9.0; Windows NT 6.1)"
218.76.214.42 - - [23/Nov/2025:03:54:42 +0800] "GET / HTTP/1.1" 200 19140 "https://blog.wumingai.com" "Mozilla/4.0 (compatible; MSIE 9.0; Windows NT 6.1)"
218.76.214.42 - - [23/Nov/2025:03:54:43 +0800] "GET /page_3.html HTTP/1.1" 200 18463 "https://blog.wumingai.com/page_3.html" "Mozilla/4.0 (compatible; MSIE 9.0; Windows NT 6.1)"
218.76.214.42 - - [23/Nov/2025:03:54:43 +0800] "GET /post/56.html HTTP/1.1" 200 26885 "https://blog.wumingai.com/post/56.html" "Mozilla/4.0 (compatible; MSIE 9.0; Windows NT 6.1)"
218.76.214.42 - - [23/Nov/2025:03:54:43 +0800] "POST /zb_system/cmd.php?act=cmt&postid=56&key=aa008099853c3040288e868fc2049228 HTTP/1.1" 200 1340 "https://blog.wumingai.com/zb_system/cmd.php?act=cmt&postid=56&key=aa008099853c3040288e868fc2049228" "Mozilla/4.0 (compatible; MSIE 9.0; Windows NT 6.1)"
154.7.177.124 - - [23/Nov/2025:04:02:23 +0800] "GET / HTTP/1.1" 200 4857 "-" "libcurl/7.81.0 r-curl/6.0.1 httr/1.4.7"
154.7.177.124 - - [23/Nov/2025:04:02:24 +0800] "GET / HTTP/2.0" 200 4840 "-" "libcurl/7.81.0 r-curl/6.0.1 httr/1.4.7"
35.170.13.97 - - [23/Nov/2025:04:49:40 +0800] "GET / HTTP/1.1" 200 4908 "-" "Mozilla/5.0 (X11; Linux x86_64; rv:104.0) Gecko/20100101 Firefox/104.0"
154.7.177.124 - - [23/Nov/2025:05:02:32 +0800] "GET / HTTP/1.1" 200 4857 "-" "libcurl/7.81.0 r-curl/6.0.1 httr/1.4.7"
154.7.177.124 - - [23/Nov/2025:05:02:33 +0800] "GET / HTTP/2.0" 200 4841 "-" "libcurl/7.81.0 r-curl/6.0.1 httr/1.4.7"
52.167.144.65 - - [23/Nov/2025:05:57:38 +0800] "GET /robots.txt HTTP/2.0" 404 1457 "-" "Mozilla/5.0 AppleWebKit/537.36 (KHTML, like Gecko; compatible; bingbot/2.0; +http://www.bing.com/bingbot.htm) Chrome/116.0.1938.76 Safari/537.36"
154.7.177.124 - - [23/Nov/2025:06:02:15 +0800] "GET / HTTP/1.1" 200 4857 "-" "libcurl/7.81.0 r-curl/6.0.1 httr/1.4.7"
154.7.177.124 - - [23/Nov/2025:06:02:16 +0800] "GET / HTTP/2.0" 200 4841 "-" "libcurl/7.81.0 r-curl/6.0.1 httr/1.4.7"
74.7.244.59 - - [23/Nov/2025:06:59:28 +0800] "GET /robots.txt HTTP/2.0" 404 1457 "-" "Mozilla/5.0 (Macintosh; Intel Mac OS X 10_15_7) AppleWebKit/537.36 (KHTML, like Gecko) Chrome/131.0.0.0 Safari/537.36; compatible; OAI-SearchBot/1.3; robots.txt; +https://openai.com/searchbot"
154.7.177.124 - - [23/Nov/2025:07:03:06 +0800] "GET / HTTP/1.1" 200 4857 "-" "libcurl/7.81.0 r-curl/6.0.1 httr/1.4.7"
154.7.177.124 - - [23/Nov/2025:07:03:07 +0800] "GET / HTTP/2.0" 200 4841 "-" "libcurl/7.81.0 r-curl/6.0.1 httr/1.4.7"
123.58.198.151 - - [23/Nov/2025:07:15:03 +0800] "GET / HTTP/1.1" 200 19162 "https://blog.wumingai.com" "Mozilla/4.0 (compatible; MSIE 9.0; Windows NT 6.1)"
123.58.198.151 - - [23/Nov/2025:07:15:03 +0800] "GET / HTTP/1.1" 200 19162 "https://blog.wumingai.com" "Mozilla/4.0 (compatible; MSIE 9.0; Windows NT 6.1)"
123.58.198.151 - - [23/Nov/2025:07:15:03 +0800] "GET /post/58.html HTTP/1.1" 200 25036 "https://blog.wumingai.com/post/58.html" "Mozilla/4.0 (compatible; MSIE 9.0; Windows NT 6.1)"
123.58.198.151 - - [23/Nov/2025:07:15:03 +0800] "POST /zb_system/cmd.php?act=cmt&postid=58&key=75fdfa30191074c8c6b0addb409e387b HTTP/1.1" 200 190 "https://blog.wumingai.com/zb_system/cmd.php?act=cmt&postid=58&key=75fdfa30191074c8c6b0addb409e387b" "Mozilla/4.0 (compatible; MSIE 9.0; Windows NT 6.1)"
154.7.177.124 - - [23/Nov/2025:08:02:48 +0800] "GET / HTTP/1.1" 200 4858 "-" "libcurl/7.81.0 r-curl/6.0.1 httr/1.4.7"
154.7.177.124 - - [23/Nov/2025:08:02:49 +0800] "GET / HTTP/2.0" 200 4841 "-" "libcurl/7.81.0 r-curl/6.0.1 httr/1.4.7"
218.76.214.42 - - [23/Nov/2025:08:33:23 +0800] "GET / HTTP/1.1" 200 19163 "https://blog.wumingai.com" "Mozilla/4.0 (compatible; MSIE 9.0; Windows NT 6.1)"
218.76.214.42 - - [23/Nov/2025:08:33:24 +0800] "GET / HTTP/1.1" 200 19163 "https://blog.wumingai.com" "Mozilla/4.0 (compatible; MSIE 9.0; Windows NT 6.1)"
218.76.214.42 - - [23/Nov/2025:08:33:24 +0800] "GET /page_5.html HTTP/1.1" 200 22011 "https://blog.wumingai.com/page_5.html" "Mozilla/4.0 (compatible; MSIE 9.0; Windows NT 6.1)"
218.76.214.42 - - [23/Nov/2025:08:33:24 +0800] "GET /post/59.html HTTP/1.1" 200 26611 "https://blog.wumingai.com/post/59.html" "Mozilla/4.0 (compatible; MSIE 9.0; Windows NT 6.1)"
218.76.214.42 - - [23/Nov/2025:08:33:24 +0800] "POST /zb_system/cmd.php?act=cmt&postid=59&key=b9a439a9fdcb0d72bf794dd46fd5560b HTTP/1.1" 200 1264 "https://blog.wumingai.com/zb_system/cmd.php?act=cmt&postid=59&key=b9a439a9fdcb0d72bf794dd46fd5560b" "Mozilla/4.0 (compatible; MSIE 9.0; Windows NT 6.1)"
154.7.177.124 - - [23/Nov/2025:09:02:26 +0800] "GET / HTTP/1.1" 200 4861 "-" "libcurl/7.81.0 r-curl/6.0.1 httr/1.4.7"
154.7.177.124 - - [23/Nov/2025:09:02:27 +0800] "GET / HTTP/2.0" 200 4845 "-" "libcurl/7.81.0 r-curl/6.0.1 httr/1.4.7"
182.203.79.222 - - [23/Nov/2025:09:44:29 +0800] "GET / HTTP/1.1" 200 19170 "https://blog.wumingai.com" "Mozilla/4.0 (compatible; MSIE 9.0; Windows NT 6.1)"
182.203.79.222 - - [23/Nov/2025:09:44:30 +0800] "GET / HTTP/1.1" 200 19170 "https://blog.wumingai.com" "Mozilla/4.0 (compatible; MSIE 9.0; Windows NT 6.1)"
182.203.79.222 - - [23/Nov/2025:09:44:31 +0800] "GET /post/59.html HTTP/1.1" 200 29099 "https://blog.wumingai.com/post/59.html" "Mozilla/4.0 (compatible; MSIE 9.0; Windows NT 6.1)"
182.203.79.222 - - [23/Nov/2025:09:44:32 +0800] "POST /zb_system/cmd.php?act=cmt&postid=59&key=383a06b78ec66f58bcff6e20212bbbdf HTTP/1.1" 200 1206 "https://blog.wumingai.com/zb_system/cmd.php?act=cmt&postid=59&key=383a06b78ec66f58bcff6e20212bbbdf" "Mozilla/4.0 (compatible; MSIE 9.0; Windows NT 6.1)"
154.7.177.124 - - [23/Nov/2025:10:02:56 +0800] "GET / HTTP/1.1" 200 4856 "-" "libcurl/7.81.0 r-curl/6.0.1 httr/1.4.7"
154.7.177.124 - - [23/Nov/2025:10:02:57 +0800] "GET / HTTP/2.0" 200 4839 "-" "libcurl/7.81.0 r-curl/6.0.1 httr/1.4.7"
74.7.244.59 - - [23/Nov/2025:10:52:32 +0800] "GET /robots.txt HTTP/2.0" 404 1457 "-" "Mozilla/5.0 (Macintosh; Intel Mac OS X 10_15_7) AppleWebKit/537.36 (KHTML, like Gecko) Chrome/131.0.0.0 Safari/537.36; compatible; OAI-SearchBot/1.3; robots.txt; +https://openai.com/searchbot"
154.7.177.124 - - [23/Nov/2025:11:02:45 +0800] "GET / HTTP/1.1" 200 4856 "-" "libcurl/7.81.0 r-curl/6.0.1 httr/1.4.7"
154.7.177.124 - - [23/Nov/2025:11:02:46 +0800] "GET / HTTP/2.0" 200 4839 "-" "libcurl/7.81.0 r-curl/6.0.1 httr/1.4.7"
123.58.198.151 - - [23/Nov/2025:11:41:28 +0800] "GET / HTTP/1.1" 200 19179 "https://blog.wumingai.com" "Mozilla/4.0 (compatible; MSIE 9.0; Windows NT 6.1)"
123.58.198.151 - - [23/Nov/2025:11:41:29 +0800] "GET / HTTP/1.1" 200 19179 "https://blog.wumingai.com" "Mozilla/4.0 (compatible; MSIE 9.0; Windows NT 6.1)"
123.58.198.151 - - [23/Nov/2025:11:41:29 +0800] "GET /post/59.html%23cmt113 HTTP/1.1" 404 4123 "https://blog.wumingai.com/post/59.html#cmt113" "Mozilla/4.0 (compatible; MSIE 9.0; Windows NT 6.1)"
123.58.198.151 - - [23/Nov/2025:11:41:29 +0800] "GET /page_5.html HTTP/1.1" 200 22027 "https://blog.wumingai.com/page_5.html" "Mozilla/4.0 (compatible; MSIE 9.0; Windows NT 6.1)"
123.58.198.151 - - [23/Nov/2025:11:41:29 +0800] "GET /post/58.html HTTP/1.1" 200 28164 "https://blog.wumingai.com/post/58.html" "Mozilla/4.0 (compatible; MSIE 9.0; Windows NT 6.1)"
123.58.198.151 - - [23/Nov/2025:11:41:29 +0800] "POST /zb_system/cmd.php?act=cmt&postid=58&key=5c29fee44ac0d3c150bd7076d0a27efc HTTP/1.1" 200 190 "https://blog.wumingai.com/zb_system/cmd.php?act=cmt&postid=58&key=5c29fee44ac0d3c150bd7076d0a27efc" "Mozilla/4.0 (compatible; MSIE 9.0; Windows NT 6.1)"
154.7.177.124 - - [23/Nov/2025:12:02:34 +0800] "GET / HTTP/1.1" 200 4855 "-" "libcurl/7.81.0 r-curl/6.0.1 httr/1.4.7"
154.7.177.124 - - [23/Nov/2025:12:02:35 +0800] "GET / HTTP/2.0" 200 4839 "-" "libcurl/7.81.0 r-curl/6.0.1 httr/1.4.7"
154.7.177.124 - - [23/Nov/2025:13:02:51 +0800] "GET / HTTP/1.1" 200 4855 "-" "libcurl/7.81.0 r-curl/6.0.1 httr/1.4.7"
154.7.177.124 - - [23/Nov/2025:13:02:52 +0800] "GET / HTTP/2.0" 200 4839 "-" "libcurl/7.81.0 r-curl/6.0.1 httr/1.4.7"
218.76.214.42 - - [23/Nov/2025:13:37:42 +0800] "GET / HTTP/1.1" 200 19179 "https://blog.wumingai.com" "Mozilla/4.0 (compatible; MSIE 9.0; Windows NT 6.1)"
218.76.214.42 - - [23/Nov/2025:13:37:42 +0800] "GET / HTTP/1.1" 200 19179 "https://blog.wumingai.com" "Mozilla/4.0 (compatible; MSIE 9.0; Windows NT 6.1)"
218.76.214.42 - - [23/Nov/2025:13:37:42 +0800] "GET /post/59.html%23cmt110 HTTP/1.1" 404 4123 "https://blog.wumingai.com/post/59.html#cmt110" "Mozilla/4.0 (compatible; MSIE 9.0; Windows NT 6.1)"
218.76.214.42 - - [23/Nov/2025:13:37:42 +0800] "GET /post/60.html HTTP/1.1" 200 27028 "https://blog.wumingai.com/post/60.html" "Mozilla/4.0 (compatible; MSIE 9.0; Windows NT 6.1)"
218.76.214.42 - - [23/Nov/2025:13:37:42 +0800] "POST /zb_system/cmd.php?act=cmt&postid=60&key=6ebb691df1337494376da2852ea4ff8e HTTP/1.1" 200 1292 "https://blog.wumingai.com/zb_system/cmd.php?act=cmt&postid=60&key=6ebb691df1337494376da2852ea4ff8e" "Mozilla/4.0 (compatible; MSIE 9.0; Windows NT 6.1)"
154.7.177.124 - - [23/Nov/2025:14:02:48 +0800] "GET / HTTP/1.1" 200 4818 "-" "libcurl/7.81.0 r-curl/6.0.1 httr/1.4.7"
154.7.177.124 - - [23/Nov/2025:14:02:49 +0800] "GET / HTTP/2.0" 200 4803 "-" "libcurl/7.81.0 r-curl/6.0.1 httr/1.4.7"
180.97.218.71 - - [23/Nov/2025:14:43:51 +0800] "GET / HTTP/1.1" 200 19141 "https://blog.wumingai.com" "Mozilla/4.0 (compatible; MSIE 9.0; Windows NT 6.1)"
180.97.218.71 - - [23/Nov/2025:14:43:52 +0800] "GET / HTTP/1.1" 200 19141 "https://blog.wumingai.com" "Mozilla/4.0 (compatible; MSIE 9.0; Windows NT 6.1)"
180.97.218.71 - - [23/Nov/2025:14:43:52 +0800] "GET /post/57.html%23cmt105 HTTP/1.1" 404 4123 "https://blog.wumingai.com/post/57.html#cmt105" "Mozilla/4.0 (compatible; MSIE 9.0; Windows NT 6.1)"
180.97.218.71 - - [23/Nov/2025:14:43:52 +0800] "GET /post/62.html HTTP/1.1" 200 28002 "https://blog.wumingai.com/post/62.html" "Mozilla/4.0 (compatible; MSIE 9.0; Windows NT 6.1)"
180.97.218.71 - - [23/Nov/2025:14:43:52 +0800] "POST /zb_system/cmd.php?act=cmt&postid=62&key=0b009d55df0496016f316cf203974a87 HTTP/1.1" 200 1186 "https://blog.wumingai.com/zb_system/cmd.php?act=cmt&postid=62&key=0b009d55df0496016f316cf203974a87" "Mozilla/4.0 (compatible; MSIE 9.0; Windows NT 6.1)"
154.7.177.124 - - [23/Nov/2025:15:02:36 +0800] "GET / HTTP/1.1" 200 4795 "-" "libcurl/7.81.0 r-curl/6.0.1 httr/1.4.7"
154.7.177.124 - - [23/Nov/2025:15:02:37 +0800] "GET / HTTP/2.0" 200 4779 "-" "libcurl/7.81.0 r-curl/6.0.1 httr/1.4.7"
116.204.39.178 - - [23/Nov/2025:15:43:02 +0800] "GET /robots.txt HTTP/1.1" 404 1473 "http://blog.wumingai.com/robots.txt" "Mozilla/5.0 (Windows NT 10.0; Win64; x64) AppleWebKit/537.36 (KHTML, like Gecko) Chrome/101.0.4951.64 Safari/537.36 Edg/101.0.1210.47"
154.7.177.124 - - [23/Nov/2025:16:02:30 +0800] "GET / HTTP/1.1" 200 4794 "-" "libcurl/7.81.0 r-curl/6.0.1 httr/1.4.7"
154.7.177.124 - - [23/Nov/2025:16:02:31 +0800] "GET / HTTP/2.0" 200 4779 "-" "libcurl/7.81.0 r-curl/6.0.1 httr/1.4.7"
123.58.198.151 - - [23/Nov/2025:16:10:08 +0800] "GET / HTTP/1.1" 200 19098 "https://blog.wumingai.com" "Mozilla/4.0 (compatible; MSIE 9.0; Windows NT 6.1)"
123.58.198.151 - - [23/Nov/2025:16:10:08 +0800] "GET / HTTP/1.1" 200 19098 "https://blog.wumingai.com" "Mozilla/4.0 (compatible; MSIE 9.0; Windows NT 6.1)"
123.58.198.151 - - [23/Nov/2025:16:10:09 +0800] "GET /post/61.html HTTP/1.1" 200 26383 "https://blog.wumingai.com/post/61.html" "Mozilla/4.0 (compatible; MSIE 9.0; Windows NT 6.1)"
123.58.198.151 - - [23/Nov/2025:16:10:09 +0800] "POST /zb_system/cmd.php?act=cmt&postid=61&key=d0487356e7b810e36f513e20ee4473d0 HTTP/1.1" 200 190 "https://blog.wumingai.com/zb_system/cmd.php?act=cmt&postid=61&key=d0487356e7b810e36f513e20ee4473d0" "Mozilla/4.0 (compatible; MSIE 9.0; Windows NT 6.1)"
91.231.89.102 - - [23/Nov/2025:16:32:31 +0800] "GET / HTTP/1.1" 200 19700 "-" "Mozilla/5.0 (X11; Ubuntu; Linux x86_64; rv:134.0) Gecko/20100101 Firefox/134.0"
91.196.152.157 - - [23/Nov/2025:16:39:53 +0800] "GET /favicon.ico HTTP/1.1" 404 4110 "-" "Mozilla/5.0 (X11; Ubuntu; Linux x86_64; rv:134.0) Gecko/20100101 Firefox/134.0"
91.231.89.124 - - [23/Nov/2025:16:41:55 +0800] "GET /zb_users/upload/2023/11/20231127143051170106665170726.webp HTTP/1.1" 200 420020 "-" "Mozilla/5.0 (X11; Ubuntu; Linux x86_64; rv:134.0) Gecko/20100101 Firefox/134.0"
182.203.79.222 - - [23/Nov/2025:16:42:30 +0800] "GET / HTTP/1.1" 200 19098 "https://blog.wumingai.com" "Mozilla/4.0 (compatible; MSIE 9.0; Windows NT 6.1)"
182.203.79.222 - - [23/Nov/2025:16:42:30 +0800] "GET / HTTP/1.1" 200 19098 "https://blog.wumingai.com" "Mozilla/4.0 (compatible; MSIE 9.0; Windows NT 6.1)"
182.203.79.222 - - [23/Nov/2025:16:42:30 +0800] "GET /post/56.html HTTP/1.1" 200 27994 "https://blog.wumingai.com/post/56.html" "Mozilla/4.0 (compatible; MSIE 9.0; Windows NT 6.1)"
182.203.79.222 - - [23/Nov/2025:16:42:30 +0800] "POST /zb_system/cmd.php?act=cmt&postid=56&key=bdb18aa7e62595e0c974a0309af328ad HTTP/1.1" 200 1337 "https://blog.wumingai.com/zb_system/cmd.php?act=cmt&postid=56&key=bdb18aa7e62595e0c974a0309af328ad" "Mozilla/4.0 (compatible; MSIE 9.0; Windows NT 6.1)"
91.231.89.38 - - [23/Nov/2025:16:42:45 +0800] "GET /page_4.html HTTP/1.1" 200 20084 "-" "Mozilla/5.0 (X11; Ubuntu; Linux x86_64; rv:134.0) Gecko/20100101 Firefox/134.0"
91.231.89.38 - - [23/Nov/2025:16:42:47 +0800] "GET /zb_users/upload/2023/11/ HTTP/1.1" 404 4110 "-" "Mozilla/5.0 (X11; Ubuntu; Linux x86_64; rv:134.0) Gecko/20100101 Firefox/134.0"
91.231.89.20 - - [23/Nov/2025:16:42:52 +0800] "GET /zb_users/upload/2023/11/ HTTP/1.1" 404 4110 "-" "Mozilla/5.0 (X11; Ubuntu; Linux x86_64; rv:134.0) Gecko/20100101 Firefox/134.0"
91.231.89.23 - - [23/Nov/2025:16:43:18 +0800] "GET /zb_system/cmd.php?act=search HTTP/1.1" 302 5 "-" "Mozilla/5.0 (X11; Ubuntu; Linux x86_64; rv:134.0) Gecko/20100101 Firefox/134.0"
91.231.89.22 - - [23/Nov/2025:16:44:26 +0800] "GET /zb_system/script/c_html_js_add.php HTTP/1.1" 200 4539 "-" "Mozilla/5.0 (X11; Ubuntu; Linux x86_64; rv:134.0) Gecko/20100101 Firefox/134.0"
91.231.89.37 - - [23/Nov/2025:16:44:51 +0800] "GET /zb_users/upload/2023/11/202311221700636671414140.webp HTTP/1.1" 200 25608 "-" "Mozilla/5.0 (X11; Ubuntu; Linux x86_64; rv:134.0) Gecko/20100101 Firefox/134.0"
91.231.89.20 - - [23/Nov/2025:16:45:17 +0800] "GET /post/ HTTP/1.1" 404 4110 "-" "Mozilla/5.0 (X11; Ubuntu; Linux x86_64; rv:134.0) Gecko/20100101 Firefox/134.0"
91.231.89.20 - - [23/Nov/2025:16:47:39 +0800] "GET /post/58.html HTTP/1.1" 200 25902 "-" "Mozilla/5.0 (X11; Ubuntu; Linux x86_64; rv:134.0) Gecko/20100101 Firefox/134.0"
91.231.89.126 - - [23/Nov/2025:16:48:01 +0800] "GET /feed.php HTTP/1.1" 200 41967 "-" "Mozilla/5.0 (X11; Ubuntu; Linux x86_64; rv:134.0) Gecko/20100101 Firefox/134.0"
91.231.89.22 - - [23/Nov/2025:16:48:51 +0800] "GET /post/55.html HTTP/1.1" 200 27994 "-" "Mozilla/5.0 (X11; Ubuntu; Linux x86_64; rv:134.0) Gecko/20100101 Firefox/134.0"
91.231.89.16 - - [23/Nov/2025:16:49:56 +0800] "GET /post/60.html HTTP/1.1" 200 30769 "-" "Mozilla/5.0 (X11; Ubuntu; Linux x86_64; rv:134.0) Gecko/20100101 Firefox/134.0"
91.231.89.122 - - [23/Nov/2025:16:51:05 +0800] "GET /zb_system/xml-rpc/?rsd HTTP/1.1" 200 816 "-" "Mozilla/5.0 (X11; Ubuntu; Linux x86_64; rv:134.0) Gecko/20100101 Firefox/134.0"
91.231.89.33 - - [23/Nov/2025:16:51:42 +0800] "GET /post/63.html HTTP/1.1" 200 40611 "-" "Mozilla/5.0 (X11; Ubuntu; Linux x86_64; rv:134.0) Gecko/20100101 Firefox/134.0"
91.231.89.20 - - [23/Nov/2025:16:51:43 +0800] "GET /zb_users/upload/2023/05/ HTTP/1.1" 404 4110 "-" "Mozilla/5.0 (X11; Ubuntu; Linux x86_64; rv:134.0) Gecko/20100101 Firefox/134.0"
91.231.89.127 - - [23/Nov/2025:16:52:18 +0800] "GET /post/56.html HTTP/1.1" 200 29228 "-" "Mozilla/5.0 (X11; Ubuntu; Linux x86_64; rv:134.0) Gecko/20100101 Firefox/134.0"
91.231.89.123 - - [23/Nov/2025:16:54:02 +0800] "GET /?id=2 HTTP/1.1" 302 64 "-" "Mozilla/5.0 (X11; Ubuntu; Linux x86_64; rv:134.0) Gecko/20100101 Firefox/134.0"
91.231.89.121 - - [23/Nov/2025:16:54:04 +0800] "GET /post/57.html HTTP/1.1" 200 28978 "-" "Mozilla/5.0 (X11; Ubuntu; Linux x86_64; rv:134.0) Gecko/20100101 Firefox/134.0"
91.231.89.35 - - [23/Nov/2025:16:54:38 +0800] "GET /post/ HTTP/1.1" 404 4110 "-" "Mozilla/5.0 (X11; Ubuntu; Linux x86_64; rv:134.0) Gecko/20100101 Firefox/134.0"
91.231.89.102 - - [23/Nov/2025:16:54:39 +0800] "GET /zb_system/ HTTP/1.1" 404 4110 "-" "Mozilla/5.0 (X11; Ubuntu; Linux x86_64; rv:134.0) Gecko/20100101 Firefox/134.0"
91.231.89.122 - - [23/Nov/2025:16:54:54 +0800] "GET / HTTP/1.1" 200 19699 "-" "Mozilla/5.0 (X11; Ubuntu; Linux x86_64; rv:134.0) Gecko/20100101 Firefox/134.0"
91.231.89.36 - - [23/Nov/2025:16:55:33 +0800] "GET /page_3.html HTTP/1.1" 200 19024 "-" "Mozilla/5.0 (X11; Ubuntu; Linux x86_64; rv:134.0) Gecko/20100101 Firefox/134.0"
91.231.89.123 - - [23/Nov/2025:16:55:45 +0800] "GET /zb_system/xml-rpc/wlwmanifest.xml HTTP/1.1" 200 1131 "-" "Mozilla/5.0 (X11; Ubuntu; Linux x86_64; rv:134.0) Gecko/20100101 Firefox/134.0"
91.231.89.126 - - [23/Nov/2025:16:56:23 +0800] "GET /post/61.html HTTP/1.1" 200 28579 "-" "Mozilla/5.0 (X11; Ubuntu; Linux x86_64; rv:134.0) Gecko/20100101 Firefox/134.0"
91.231.89.101 - - [23/Nov/2025:16:56:32 +0800] "GET /zb_system/script/ HTTP/1.1" 404 4110 "-" "Mozilla/5.0 (X11; Ubuntu; Linux x86_64; rv:134.0) Gecko/20100101 Firefox/134.0"
91.231.89.35 - - [23/Nov/2025:16:56:48 +0800] "GET /page_2.html HTTP/1.1" 200 19231 "-" "Mozilla/5.0 (X11; Ubuntu; Linux x86_64; rv:134.0) Gecko/20100101 Firefox/134.0"
91.231.89.37 - - [23/Nov/2025:16:56:49 +0800] "GET /post/64.html HTTP/1.1" 200 38018 "-" "Mozilla/5.0 (X11; Ubuntu; Linux x86_64; rv:134.0) Gecko/20100101 Firefox/134.0"
91.231.89.22 - - [23/Nov/2025:16:59:07 +0800] "GET /zb_users/upload/2023/11/20231114174352169995503270587.webp HTTP/1.1" 200 13690 "-" "Mozilla/5.0 (X11; Ubuntu; Linux x86_64; rv:134.0) Gecko/20100101 Firefox/134.0"
91.231.89.126 - - [23/Nov/2025:16:59:09 +0800] "GET /post/59.html HTTP/1.1" 200 27560 "-" "Mozilla/5.0 (X11; Ubuntu; Linux x86_64; rv:134.0) Gecko/20100101 Firefox/134.0"
91.231.89.121 - - [23/Nov/2025:17:00:25 +0800] "GET /post/62.html HTTP/1.1" 200 28798 "-" "Mozilla/5.0 (X11; Ubuntu; Linux x86_64; rv:134.0) Gecko/20100101 Firefox/134.0"
91.231.89.120 - - [23/Nov/2025:17:00:28 +0800] "GET /zb_system/xml-rpc/ HTTP/1.1" 404 5 "-" "Mozilla/5.0 (X11; Ubuntu; Linux x86_64; rv:134.0) Gecko/20100101 Firefox/134.0"
154.7.177.124 - - [23/Nov/2025:17:02:47 +0800] "GET / HTTP/1.1" 200 4799 "-" "libcurl/7.81.0 r-curl/6.0.1 httr/1.4.7"
154.7.177.124 - - [23/Nov/2025:17:02:48 +0800] "GET / HTTP/2.0" 200 4782 "-" "libcurl/7.81.0 r-curl/6.0.1 httr/1.4.7"
91.231.89.124 - - [23/Nov/2025:17:05:26 +0800] "GET / HTTP/1.1" 200 19699 "-" "Mozilla/5.0 (X11; Ubuntu; Linux x86_64; rv:134.0) Gecko/20100101 Firefox/134.0"
91.231.89.36 - - [23/Nov/2025:17:06:43 +0800] "GET /post/46.html HTTP/1.1" 200 47029 "-" "Mozilla/5.0 (X11; Ubuntu; Linux x86_64; rv:134.0) Gecko/20100101 Firefox/134.0"
