162.128.163.135 - - [27/Nov/2025:00:59:09 +0800] "GET /post/32.html HTTP/2.0" 200 9049 "https://blog.wumingai.com/post/32.html" "Mozilla/5.0 (Macintosh; Intel Mac OS X 10_15_7) AppleWebKit/537.36 (KHTML, like Gecko) Chrome/123.0.0.0 Safari/537.36"
94.74.106.89 - - [27/Nov/2025:01:03:26 +0800] "GET /post/60.html HTTP/2.0" 200 7126 "https://blog.wumingai.com/post/60.html#cmt114" "Mozilla/5.0 (Macintosh; Intel Mac OS X 10_15_7) AppleWebKit/537.36 (KHTML, like Gecko) Chrome/123.0.0.0 Safari/537.36"
113.44.115.126 - - [27/Nov/2025:01:04:56 +0800] "GET /post/34.html HTTP/2.0" 200 9182 "https://blog.wumingai.com/post/34.html" "Mozilla/5.0 (Macintosh; Intel Mac OS X 10_15_7) AppleWebKit/537.36 (KHTML, like Gecko) Chrome/119.0.0.0 Safari/537.36"
154.7.177.124 - - [27/Nov/2025:01:04:58 +0800] "GET / HTTP/1.1" 200 4826 "-" "libcurl/7.81.0 r-curl/6.0.1 httr/1.4.7"
154.7.177.124 - - [27/Nov/2025:01:04:59 +0800] "GET / HTTP/2.0" 200 4809 "-" "libcurl/7.81.0 r-curl/6.0.1 httr/1.4.7"
119.12.165.47 - - [27/Nov/2025:01:21:25 +0800] "GET /post/19.html HTTP/2.0" 200 8885 "https://blog.wumingai.com/post/19.html" "Mozilla/5.0 (Macintosh; Intel Mac OS X 10_15_7) AppleWebKit/537.36 (KHTML, like Gecko) Chrome/119.0.0.0 Safari/537.36"
49.0.251.181 - - [27/Nov/2025:01:24:43 +0800] "GET /post/28.html HTTP/2.0" 200 8458 "https://blog.wumingai.com/post/28.html" "Mozilla/5.0 (Macintosh; Intel Mac OS X 10_15_7) AppleWebKit/537.36 (KHTML, like Gecko) Chrome/120.0.0.0 Safari/537.36"
162.128.159.91 - - [27/Nov/2025:01:29:02 +0800] "GET /post/17.html HTTP/2.0" 200 58474 "https://blog.wumingai.com/post/17.html" "Mozilla/5.0 (Macintosh; Intel Mac OS X 10_15_7) AppleWebKit/537.36 (KHTML, like Gecko) Chrome/119.0.0.0 Safari/537.36"
110.238.106.23 - - [27/Nov/2025:01:34:39 +0800] "GET /?id=2 HTTP/2.0" 302 53 "https://blog.wumingai.com/?id=2" "Mozilla/5.0 (Macintosh; Intel Mac OS X 10_15_7) AppleWebKit/537.36 (KHTML, like Gecko) Chrome/131.0.0.0 Safari/537.36"
110.238.106.23 - - [27/Nov/2025:01:34:44 +0800] "GET /2.html HTTP/2.0" 200 2936 "https://blog.wumingai.com/2.html" "Mozilla/5.0 (Macintosh; Intel Mac OS X 10_15_7) AppleWebKit/537.36 (KHTML, like Gecko) Chrome/131.0.0.0 Safari/537.36"
162.128.163.156 - - [27/Nov/2025:01:38:32 +0800] "GET /post/ HTTP/2.0" 404 1457 "https://blog.wumingai.com/post/#comment" "Mozilla/5.0 (Macintosh; Intel Mac OS X 10_15_7) AppleWebKit/537.36 (KHTML, like Gecko) Chrome/123.0.0.0 Safari/537.36"
119.13.90.45 - - [27/Nov/2025:01:53:59 +0800] "GET /post/43.html HTTP/2.0" 200 10623 "https://blog.wumingai.com/post/43.html" "Mozilla/5.0 (Macintosh; Intel Mac OS X 10_15_7) AppleWebKit/537.36 (KHTML, like Gecko) Chrome/120.0.0.0 Safari/537.36"
162.128.159.75 - - [27/Nov/2025:02:00:15 +0800] "GET /post/40.html HTTP/2.0" 200 7864 "https://blog.wumingai.com/post/40.html" "Mozilla/5.0 (Macintosh; Intel Mac OS X 10_15_7) AppleWebKit/537.36 (KHTML, like Gecko) Chrome/119.0.0.0 Safari/537.36"
154.7.177.124 - - [27/Nov/2025:02:05:09 +0800] "GET / HTTP/1.1" 200 4826 "-" "libcurl/7.81.0 r-curl/6.0.1 httr/1.4.7"
154.7.177.124 - - [27/Nov/2025:02:05:10 +0800] "GET / HTTP/2.0" 200 4809 "-" "libcurl/7.81.0 r-curl/6.0.1 httr/1.4.7"
119.8.164.19 - - [27/Nov/2025:02:06:46 +0800] "GET /post/56.html HTTP/2.0" 200 9011 "https://blog.wumingai.com/post/56.html#cmt125" "Mozilla/5.0 (Macintosh; Intel Mac OS X 10_15_7) AppleWebKit/537.36 (KHTML, like Gecko) Chrome/131.0.0.0 Safari/537.36"
40.77.167.33 - - [27/Nov/2025:02:11:24 +0800] "GET /sitemap.txt HTTP/2.0" 404 1457 "-" "Mozilla/5.0 AppleWebKit/537.36 (KHTML, like Gecko; compatible; bingbot/2.0; +http://www.bing.com/bingbot.htm) Chrome/116.0.1938.76 Safari/537.36"
162.128.163.172 - - [27/Nov/2025:02:12:29 +0800] "GET /post/22.html HTTP/2.0" 200 7290 "https://blog.wumingai.com/post/22.html" "Mozilla/5.0 (Macintosh; Intel Mac OS X 10_15_7) AppleWebKit/537.36 (KHTML, like Gecko) Chrome/119.0.0.0 Safari/537.36"
119.8.236.243 - - [27/Nov/2025:02:18:32 +0800] "GET /post/8.html HTTP/2.0" 200 12532 "https://blog.wumingai.com/post/8.html" "Mozilla/5.0 (Macintosh; Intel Mac OS X 10_15_7) AppleWebKit/537.36 (KHTML, like Gecko) Chrome/119.0.0.0 Safari/537.36"
159.138.20.120 - - [27/Nov/2025:02:19:59 +0800] "GET /post/50.html HTTP/2.0" 200 6080 "https://blog.wumingai.com/post/50.html" "Mozilla/5.0 (Windows NT 10.0; Win64; x64) AppleWebKit/537.36 (KHTML, like Gecko) Chrome/101.0.4951.64 Safari/537.36 Edg/101.0.1210.47"
113.44.127.214 - - [27/Nov/2025:02:28:22 +0800] "GET /post/51.html HTTP/2.0" 200 5965 "https://blog.wumingai.com/post/51.html" "Mozilla/5.0 (Macintosh; Intel Mac OS X 10_15_7) AppleWebKit/537.36 (KHTML, like Gecko) Chrome/119.0.0.0 Safari/537.36"
119.8.165.161 - - [27/Nov/2025:02:37:08 +0800] "GET /post/15.html HTTP/2.0" 200 11681 "https://blog.wumingai.com/post/15.html" "Mozilla/5.0 (Macintosh; Intel Mac OS X 10_15_7) AppleWebKit/537.36 (KHTML, like Gecko) Chrome/123.0.0.0 Safari/537.36"
162.128.159.119 - - [27/Nov/2025:02:39:12 +0800] "GET /post/53.html HTTP/2.0" 200 6170 "https://blog.wumingai.com/post/53.html" "Mozilla/5.0 (Macintosh; Intel Mac OS X 10_15_7) AppleWebKit/537.36 (KHTML, like Gecko) Chrome/131.0.0.0 Safari/537.36"
162.128.159.97 - - [27/Nov/2025:02:42:02 +0800] "GET /post/54.html HTTP/2.0" 200 6962 "https://blog.wumingai.com/post/54.html" "Mozilla/5.0 (Windows NT 10.0; Win64; x64) AppleWebKit/537.36 (KHTML, like Gecko) Chrome/101.0.4951.64 Safari/537.36 Edg/101.0.1210.47"
124.243.186.6 - - [27/Nov/2025:02:49:50 +0800] "GET /post/39.html HTTP/2.0" 200 8785 "https://blog.wumingai.com/post/39.html" "Mozilla/5.0 (Macintosh; Intel Mac OS X 10_15_7) AppleWebKit/537.36 (KHTML, like Gecko) Chrome/131.0.0.0 Safari/537.36"
116.204.101.149 - - [27/Nov/2025:02:51:05 +0800] "GET /post/25.html HTTP/2.0" 200 9459 "https://blog.wumingai.com/post/25.html" "Mozilla/5.0 (Macintosh; Intel Mac OS X 10_15_7) AppleWebKit/537.36 (KHTML, like Gecko) Chrome/119.0.0.0 Safari/537.36"
159.138.90.117 - - [27/Nov/2025:03:03:19 +0800] "GET /post/11.html HTTP/2.0" 200 11336 "https://blog.wumingai.com/post/11.html" "Mozilla/5.0 (Macintosh; Intel Mac OS X 10_15_7) AppleWebKit/537.36 (KHTML, like Gecko) Chrome/120.0.0.0 Safari/537.36"
162.128.159.104 - - [27/Nov/2025:03:04:33 +0800] "GET /post/3.html HTTP/2.0" 200 14200 "https://blog.wumingai.com/post/3.html" "Mozilla/5.0 (Macintosh; Intel Mac OS X 10_15_7) AppleWebKit/537.36 (KHTML, like Gecko) Chrome/123.0.0.0 Safari/537.36"
154.7.177.124 - - [27/Nov/2025:03:05:22 +0800] "GET / HTTP/1.1" 200 4828 "-" "libcurl/7.81.0 r-curl/6.0.1 httr/1.4.7"
154.7.177.124 - - [27/Nov/2025:03:05:23 +0800] "GET / HTTP/2.0" 200 4810 "-" "libcurl/7.81.0 r-curl/6.0.1 httr/1.4.7"
137.184.164.3 - - [27/Nov/2025:03:06:04 +0800] "GET / HTTP/1.1" 200 4881 "-" "Mozilla/5.0 (X11; Linux x86_64) AppleWebKit/537.36 (KHTML, like Gecko) Chrome/139.0.0.0 Safari/537.36"
137.184.164.3 - - [27/Nov/2025:03:06:07 +0800] "GET / HTTP/1.1" 200 4876 "-" "Mozilla/5.0 (X11; Linux x86_64) AppleWebKit/537.36 (KHTML, like Gecko) Chrome/139.0.0.0 Safari/537.36"
159.138.150.243 - - [27/Nov/2025:03:06:18 +0800] "GET /post/33.html HTTP/2.0" 200 11094 "https://blog.wumingai.com/post/33.html" "Mozilla/5.0 (Macintosh; Intel Mac OS X 10_15_7) AppleWebKit/537.36 (KHTML, like Gecko) Chrome/123.0.0.0 Safari/537.36"
116.204.46.67 - - [27/Nov/2025:03:08:23 +0800] "GET /post/7.html HTTP/2.0" 200 15934 "https://blog.wumingai.com/post/7.html" "Mozilla/5.0 (Windows NT 10.0; Win64; x64) AppleWebKit/537.36 (KHTML, like Gecko) Chrome/116.0.0.0 Safari/537.36"
40.77.167.151 - - [27/Nov/2025:03:10:10 +0800] "GET /sitemap.txt HTTP/2.0" 404 1457 "-" "Mozilla/5.0 AppleWebKit/537.36 (KHTML, like Gecko; compatible; bingbot/2.0; +http://www.bing.com/bingbot.htm) Chrome/116.0.1938.76 Safari/537.36"
162.128.159.86 - - [27/Nov/2025:03:12:05 +0800] "GET /post/62.html HTTP/2.0" 200 7172 "https://blog.wumingai.com/post/62.html#cmt127" "Mozilla/5.0 (Macintosh; Intel Mac OS X 10_15_7) AppleWebKit/537.36 (KHTML, like Gecko) Chrome/131.0.0.0 Safari/537.36"
162.128.159.52 - - [27/Nov/2025:03:14:48 +0800] "GET /post/63.html HTTP/2.0" 200 9499 "https://blog.wumingai.com/post/63.html#cmt119" "Mozilla/5.0 (Macintosh; Intel Mac OS X 10_15_7) AppleWebKit/537.36 (KHTML, like Gecko) Chrome/123.0.0.0 Safari/537.36"
49.0.250.197 - - [27/Nov/2025:03:16:38 +0800] "GET /post/27.html HTTP/2.0" 200 7617 "https://blog.wumingai.com/post/27.html" "Mozilla/5.0 (Macintosh; Intel Mac OS X 10_15_7) AppleWebKit/537.36 (KHTML, like Gecko) Chrome/119.0.0.0 Safari/537.36"
188.239.11.174 - - [27/Nov/2025:03:17:33 +0800] "GET /post/9.html HTTP/2.0" 200 9041 "https://blog.wumingai.com/post/9.html" "Mozilla/5.0 (Macintosh; Intel Mac OS X 10_15_7) AppleWebKit/537.36 (KHTML, like Gecko) Chrome/131.0.0.0 Safari/537.36"
119.13.79.158 - - [27/Nov/2025:03:25:40 +0800] "GET /post/4.html HTTP/2.0" 200 11954 "https://blog.wumingai.com/post/4.html" "Mozilla/5.0 (Windows NT 10.0; Win64; x64) AppleWebKit/537.36 (KHTML, like Gecko) Chrome/116.0.0.0 Safari/537.36"
162.128.159.104 - - [27/Nov/2025:03:29:45 +0800] "GET /post/29.html HTTP/2.0" 200 10576 "https://blog.wumingai.com/post/29.html" "Mozilla/5.0 (Macintosh; Intel Mac OS X 10_15_7) AppleWebKit/537.36 (KHTML, like Gecko) Chrome/119.0.0.0 Safari/537.36"
113.44.112.143 - - [27/Nov/2025:03:30:49 +0800] "GET /post/38.html HTTP/2.0" 200 11032 "https://blog.wumingai.com/post/38.html" "Mozilla/5.0 (Macintosh; Intel Mac OS X 10_15_7) AppleWebKit/537.36 (KHTML, like Gecko) Chrome/131.0.0.0 Safari/537.36"
162.128.159.47 - - [27/Nov/2025:03:31:41 +0800] "GET /post/13.html HTTP/2.0" 200 17174 "https://blog.wumingai.com/post/13.html" "Mozilla/5.0 (Macintosh; Intel Mac OS X 10_15_7) AppleWebKit/537.36 (KHTML, like Gecko) Chrome/131.0.0.0 Safari/537.36"
113.44.96.17 - - [27/Nov/2025:03:41:00 +0800] "GET /post/58.html HTTP/2.0" 200 7113 "https://blog.wumingai.com/post/58.html" "Mozilla/5.0 (Macintosh; Intel Mac OS X 10_15_7) AppleWebKit/537.36 (KHTML, like Gecko) Chrome/131.0.0.0 Safari/537.36"
162.128.163.138 - - [27/Nov/2025:03:41:00 +0800] "GET /post/14.html HTTP/2.0" 200 18390 "https://blog.wumingai.com/post/14.html" "Mozilla/5.0 (Macintosh; Intel Mac OS X 10_15_7) AppleWebKit/537.36 (KHTML, like Gecko) Chrome/119.0.0.0 Safari/537.36"
123.58.198.151 - - [27/Nov/2025:03:45:56 +0800] "GET / HTTP/1.1" 200 19071 "https://blog.wumingai.com" "Mozilla/4.0 (compatible; MSIE 9.0; Windows NT 6.1)"
123.58.198.151 - - [27/Nov/2025:03:45:56 +0800] "GET / HTTP/1.1" 200 19071 "https://blog.wumingai.com" "Mozilla/4.0 (compatible; MSIE 9.0; Windows NT 6.1)"
123.58.198.151 - - [27/Nov/2025:03:45:56 +0800] "GET /post/60.html HTTP/1.1" 200 27878 "https://blog.wumingai.com/post/60.html" "Mozilla/4.0 (compatible; MSIE 9.0; Windows NT 6.1)"
123.58.198.151 - - [27/Nov/2025:03:45:57 +0800] "POST /zb_system/cmd.php?act=cmt&postid=60&key=d59c288486fb7494ccc153d1c8978aaf HTTP/1.1" 200 190 "https://blog.wumingai.com/zb_system/cmd.php?act=cmt&postid=60&key=d59c288486fb7494ccc153d1c8978aaf" "Mozilla/4.0 (compatible; MSIE 9.0; Windows NT 6.1)"
162.128.159.84 - - [27/Nov/2025:03:52:22 +0800] "GET /post/59.html HTTP/2.0" 200 7182 "https://blog.wumingai.com/post/59.html#cmt113" "Mozilla/5.0 (Windows NT 10.0; Win64; x64) AppleWebKit/537.36 (KHTML, like Gecko) Chrome/116.0.0.0 Safari/537.36"
190.92.204.62 - - [27/Nov/2025:03:53:48 +0800] "GET /post/10.html HTTP/2.0" 200 16201 "https://blog.wumingai.com/post/10.html" "Mozilla/5.0 (Macintosh; Intel Mac OS X 10_15_7) AppleWebKit/537.36 (KHTML, like Gecko) Chrome/131.0.0.0 Safari/537.36"
116.204.19.71 - - [27/Nov/2025:03:55:31 +0800] "GET /post/18.html HTTP/2.0" 200 38577 "https://blog.wumingai.com/post/18.html" "Mozilla/5.0 (Windows NT 10.0; Win64; x64) AppleWebKit/537.36 (KHTML, like Gecko) Chrome/101.0.4951.64 Safari/537.36 Edg/101.0.1210.47"
1.92.207.200 - - [27/Nov/2025:03:57:14 +0800] "GET /post/20.html HTTP/2.0" 200 7453 "https://blog.wumingai.com/post/20.html" "Mozilla/5.0 (Windows NT 10.0; Win64; x64) AppleWebKit/537.36 (KHTML, like Gecko) Chrome/101.0.4951.64 Safari/537.36 Edg/101.0.1210.47"
162.128.159.2 - - [27/Nov/2025:04:02:15 +0800] "GET /post/45.html HTTP/2.0" 200 7664 "https://blog.wumingai.com/post/45.html" "Mozilla/5.0 (Macintosh; Intel Mac OS X 10_15_7) AppleWebKit/537.36 (KHTML, like Gecko) Chrome/120.0.0.0 Safari/537.36"
154.7.177.124 - - [27/Nov/2025:04:05:00 +0800] "GET / HTTP/1.1" 200 4830 "-" "libcurl/7.81.0 r-curl/6.0.1 httr/1.4.7"
154.7.177.124 - - [27/Nov/2025:04:05:01 +0800] "GET / HTTP/2.0" 200 4813 "-" "libcurl/7.81.0 r-curl/6.0.1 httr/1.4.7"
154.7.177.124 - - [27/Nov/2025:05:05:05 +0800] "GET / HTTP/1.1" 200 4830 "-" "libcurl/7.81.0 r-curl/6.0.1 httr/1.4.7"
154.7.177.124 - - [27/Nov/2025:05:05:06 +0800] "GET / HTTP/2.0" 200 4813 "-" "libcurl/7.81.0 r-curl/6.0.1 httr/1.4.7"
154.7.177.124 - - [27/Nov/2025:06:05:21 +0800] "GET / HTTP/1.1" 200 4830 "-" "libcurl/7.81.0 r-curl/6.0.1 httr/1.4.7"
154.7.177.124 - - [27/Nov/2025:06:05:22 +0800] "GET / HTTP/2.0" 200 4814 "-" "libcurl/7.81.0 r-curl/6.0.1 httr/1.4.7"
154.7.177.124 - - [27/Nov/2025:07:05:16 +0800] "GET / HTTP/1.1" 200 4830 "-" "libcurl/7.81.0 r-curl/6.0.1 httr/1.4.7"
154.7.177.124 - - [27/Nov/2025:07:05:17 +0800] "GET / HTTP/2.0" 200 4814 "-" "libcurl/7.81.0 r-curl/6.0.1 httr/1.4.7"
123.58.198.151 - - [27/Nov/2025:07:40:49 +0800] "GET / HTTP/1.1" 200 19071 "https://blog.wumingai.com" "Mozilla/4.0 (compatible; MSIE 9.0; Windows NT 6.1)"
123.58.198.151 - - [27/Nov/2025:07:40:49 +0800] "GET / HTTP/1.1" 200 19071 "https://blog.wumingai.com" "Mozilla/4.0 (compatible; MSIE 9.0; Windows NT 6.1)"
123.58.198.151 - - [27/Nov/2025:07:40:49 +0800] "GET /post/56.html HTTP/1.1" 200 30636 "https://blog.wumingai.com/post/56.html" "Mozilla/4.0 (compatible; MSIE 9.0; Windows NT 6.1)"
123.58.198.151 - - [27/Nov/2025:07:40:49 +0800] "POST /zb_system/cmd.php?act=cmt&postid=56&key=87374f44fc3336bdcb2207563fed2dd5 HTTP/1.1" 200 190 "https://blog.wumingai.com/zb_system/cmd.php?act=cmt&postid=56&key=87374f44fc3336bdcb2207563fed2dd5" "Mozilla/4.0 (compatible; MSIE 9.0; Windows NT 6.1)"
154.7.177.124 - - [27/Nov/2025:08:05:19 +0800] "GET / HTTP/1.1" 200 4832 "-" "libcurl/7.81.0 r-curl/6.0.1 httr/1.4.7"
154.7.177.124 - - [27/Nov/2025:08:05:20 +0800] "GET / HTTP/2.0" 200 4814 "-" "libcurl/7.81.0 r-curl/6.0.1 httr/1.4.7"
154.7.177.124 - - [27/Nov/2025:09:05:11 +0800] "GET / HTTP/1.1" 200 4832 "-" "libcurl/7.81.0 r-curl/6.0.1 httr/1.4.7"
154.7.177.124 - - [27/Nov/2025:09:05:12 +0800] "GET / HTTP/2.0" 200 4814 "-" "libcurl/7.81.0 r-curl/6.0.1 httr/1.4.7"
154.7.177.124 - - [27/Nov/2025:10:05:15 +0800] "GET / HTTP/1.1" 200 4833 "-" "libcurl/7.81.0 r-curl/6.0.1 httr/1.4.7"
154.7.177.124 - - [27/Nov/2025:10:05:16 +0800] "GET / HTTP/2.0" 200 4814 "-" "libcurl/7.81.0 r-curl/6.0.1 httr/1.4.7"
180.97.218.71 - - [27/Nov/2025:10:17:40 +0800] "GET / HTTP/1.1" 200 19071 "https://blog.wumingai.com" "Mozilla/4.0 (compatible; MSIE 9.0; Windows NT 6.1)"
180.97.218.71 - - [27/Nov/2025:10:17:40 +0800] "GET / HTTP/1.1" 200 19071 "https://blog.wumingai.com" "Mozilla/4.0 (compatible; MSIE 9.0; Windows NT 6.1)"
180.97.218.71 - - [27/Nov/2025:10:17:41 +0800] "GET /post/64.html%23cmt128 HTTP/1.1" 404 4123 "https://blog.wumingai.com/post/64.html#cmt128" "Mozilla/4.0 (compatible; MSIE 9.0; Windows NT 6.1)"
180.97.218.71 - - [27/Nov/2025:10:17:41 +0800] "GET /post/58.html HTTP/1.1" 200 26243 "https://blog.wumingai.com/post/58.html" "Mozilla/4.0 (compatible; MSIE 9.0; Windows NT 6.1)"
180.97.218.71 - - [27/Nov/2025:10:17:41 +0800] "POST /zb_system/cmd.php?act=cmt&postid=58&key=c9419cccfdab3117816862e2e3eeaabf HTTP/1.1" 200 1186 "https://blog.wumingai.com/zb_system/cmd.php?act=cmt&postid=58&key=c9419cccfdab3117816862e2e3eeaabf" "Mozilla/4.0 (compatible; MSIE 9.0; Windows NT 6.1)"
74.7.244.59 - - [27/Nov/2025:10:20:56 +0800] "GET /robots.txt HTTP/2.0" 404 1457 "-" "Mozilla/5.0 (Macintosh; Intel Mac OS X 10_15_7) AppleWebKit/537.36 (KHTML, like Gecko) Chrome/131.0.0.0 Safari/537.36; compatible; OAI-SearchBot/1.3; robots.txt; +https://openai.com/searchbot"
74.7.243.223 - - [27/Nov/2025:10:20:57 +0800] "GET / HTTP/2.0" 200 4802 "-" "Mozilla/5.0 AppleWebKit/537.36 (KHTML, like Gecko; compatible; GPTBot/1.3; +https://openai.com/gptbot)"
74.7.243.223 - - [27/Nov/2025:10:21:00 +0800] "GET /?id=2 HTTP/2.0" 302 53 "-" "Mozilla/5.0 AppleWebKit/537.36 (KHTML, like Gecko; compatible; GPTBot/1.3; +https://openai.com/gptbot)"
74.7.243.223 - - [27/Nov/2025:10:21:00 +0800] "GET /2.html HTTP/2.0" 200 2935 "-" "Mozilla/5.0 AppleWebKit/537.36 (KHTML, like Gecko; compatible; GPTBot/1.3; +https://openai.com/gptbot)"
154.7.177.124 - - [27/Nov/2025:11:05:21 +0800] "GET / HTTP/1.1" 200 4818 "-" "libcurl/7.81.0 r-curl/6.0.1 httr/1.4.7"
154.7.177.124 - - [27/Nov/2025:11:05:22 +0800] "GET / HTTP/2.0" 200 4802 "-" "libcurl/7.81.0 r-curl/6.0.1 httr/1.4.7"
123.58.198.151 - - [27/Nov/2025:11:17:37 +0800] "GET / HTTP/1.1" 200 19052 "https://blog.wumingai.com" "Mozilla/4.0 (compatible; MSIE 9.0; Windows NT 6.1)"
123.58.198.151 - - [27/Nov/2025:11:17:37 +0800] "GET / HTTP/1.1" 200 19052 "https://blog.wumingai.com" "Mozilla/4.0 (compatible; MSIE 9.0; Windows NT 6.1)"
123.58.198.151 - - [27/Nov/2025:11:17:37 +0800] "GET /post/55.html HTTP/1.1" 200 30740 "https://blog.wumingai.com/post/55.html" "Mozilla/4.0 (compatible; MSIE 9.0; Windows NT 6.1)"
123.58.198.151 - - [27/Nov/2025:11:17:37 +0800] "POST /zb_system/cmd.php?act=cmt&postid=55&key=982811eae7eb1f45d531e034e39f2bff HTTP/1.1" 200 190 "https://blog.wumingai.com/zb_system/cmd.php?act=cmt&postid=55&key=982811eae7eb1f45d531e034e39f2bff" "Mozilla/4.0 (compatible; MSIE 9.0; Windows NT 6.1)"
154.7.177.124 - - [27/Nov/2025:12:05:25 +0800] "GET / HTTP/1.1" 200 4819 "-" "libcurl/7.81.0 r-curl/6.0.1 httr/1.4.7"
154.7.177.124 - - [27/Nov/2025:12:05:26 +0800] "GET / HTTP/2.0" 200 4803 "-" "libcurl/7.81.0 r-curl/6.0.1 httr/1.4.7"
52.167.144.65 - - [27/Nov/2025:12:12:30 +0800] "GET /robots.txt HTTP/2.0" 404 1457 "-" "Mozilla/5.0 AppleWebKit/537.36 (KHTML, like Gecko; compatible; bingbot/2.0; +http://www.bing.com/bingbot.htm) Chrome/116.0.1938.76 Safari/537.36"
154.7.177.124 - - [27/Nov/2025:13:05:25 +0800] "GET / HTTP/1.1" 200 4819 "-" "libcurl/7.81.0 r-curl/6.0.1 httr/1.4.7"
154.7.177.124 - - [27/Nov/2025:13:05:26 +0800] "GET / HTTP/2.0" 200 4802 "-" "libcurl/7.81.0 r-curl/6.0.1 httr/1.4.7"
8.210.104.185 - - [27/Nov/2025:13:08:22 +0800] "GET / HTTP/1.1" 200 4816 "-" "Mozilla/5.0 (Windows NT 10.0; Win64; x64) AppleWebKit/537.36 (KHTML, like Gecko) Chrome/133.0.0.0 Safari/537.36"
154.7.177.124 - - [27/Nov/2025:14:05:04 +0800] "GET / HTTP/1.1" 200 4819 "-" "libcurl/7.81.0 r-curl/6.0.1 httr/1.4.7"
154.7.177.124 - - [27/Nov/2025:14:05:05 +0800] "GET / HTTP/2.0" 200 4803 "-" "libcurl/7.81.0 r-curl/6.0.1 httr/1.4.7"
154.7.177.124 - - [27/Nov/2025:15:05:39 +0800] "GET / HTTP/1.1" 200 4819 "-" "libcurl/7.81.0 r-curl/6.0.1 httr/1.4.7"
154.7.177.124 - - [27/Nov/2025:15:05:40 +0800] "GET / HTTP/2.0" 200 4802 "-" "libcurl/7.81.0 r-curl/6.0.1 httr/1.4.7"
162.128.159.112 - - [27/Nov/2025:15:06:41 +0800] "GET /post/36.html HTTP/2.0" 200 12983 "https://blog.wumingai.com/post/36.html" "Mozilla/5.0 (Windows NT 10.0; Win64; x64) AppleWebKit/537.36 (KHTML, like Gecko) Chrome/116.0.0.0 Safari/537.36"
123.58.198.151 - - [27/Nov/2025:15:20:05 +0800] "GET / HTTP/1.1" 200 19052 "https://blog.wumingai.com" "Mozilla/4.0 (compatible; MSIE 9.0; Windows NT 6.1)"
123.58.198.151 - - [27/Nov/2025:15:20:05 +0800] "GET / HTTP/1.1" 200 19052 "https://blog.wumingai.com" "Mozilla/4.0 (compatible; MSIE 9.0; Windows NT 6.1)"
123.58.198.151 - - [27/Nov/2025:15:20:06 +0800] "GET /post/58.html%23cmt135 HTTP/1.1" 404 4123 "https://blog.wumingai.com/post/58.html#cmt135" "Mozilla/4.0 (compatible; MSIE 9.0; Windows NT 6.1)"
123.58.198.151 - - [27/Nov/2025:15:20:06 +0800] "GET /post/58.html HTTP/1.1" 200 27344 "https://blog.wumingai.com/post/58.html" "Mozilla/4.0 (compatible; MSIE 9.0; Windows NT 6.1)"
123.58.198.151 - - [27/Nov/2025:15:20:06 +0800] "POST /zb_system/cmd.php?act=cmt&postid=58&key=2c9bfb5a24b01b3f912df330c7c76422 HTTP/1.1" 200 190 "https://blog.wumingai.com/zb_system/cmd.php?act=cmt&postid=58&key=2c9bfb5a24b01b3f912df330c7c76422" "Mozilla/4.0 (compatible; MSIE 9.0; Windows NT 6.1)"
154.7.177.124 - - [27/Nov/2025:16:05:29 +0800] "GET / HTTP/1.1" 200 4819 "-" "libcurl/7.81.0 r-curl/6.0.1 httr/1.4.7"
154.7.177.124 - - [27/Nov/2025:16:05:30 +0800] "GET / HTTP/2.0" 200 4802 "-" "libcurl/7.81.0 r-curl/6.0.1 httr/1.4.7"
154.7.177.124 - - [27/Nov/2025:17:05:18 +0800] "GET / HTTP/1.1" 200 4818 "-" "libcurl/7.81.0 r-curl/6.0.1 httr/1.4.7"
154.7.177.124 - - [27/Nov/2025:17:05:19 +0800] "GET / HTTP/2.0" 200 4802 "-" "libcurl/7.81.0 r-curl/6.0.1 httr/1.4.7"
154.7.177.124 - - [27/Nov/2025:18:05:25 +0800] "GET / HTTP/1.1" 200 4819 "-" "libcurl/7.81.0 r-curl/6.0.1 httr/1.4.7"
154.7.177.124 - - [27/Nov/2025:18:05:26 +0800] "GET / HTTP/2.0" 200 4802 "-" "libcurl/7.81.0 r-curl/6.0.1 httr/1.4.7"
154.7.177.124 - - [27/Nov/2025:19:05:15 +0800] "GET / HTTP/1.1" 200 4818 "-" "libcurl/7.81.0 r-curl/6.0.1 httr/1.4.7"
154.7.177.124 - - [27/Nov/2025:19:05:16 +0800] "GET / HTTP/2.0" 200 4802 "-" "libcurl/7.81.0 r-curl/6.0.1 httr/1.4.7"
104.210.140.139 - - [27/Nov/2025:19:06:08 +0800] "GET /robots.txt HTTP/2.0" 404 1457 "-" "Mozilla/5.0 (Macintosh; Intel Mac OS X 10_15_7) AppleWebKit/537.36 (KHTML, like Gecko) Chrome/131.0.0.0 Safari/537.36; compatible; OAI-SearchBot/1.0; +https://openai.com/searchbot"
104.210.140.143 - - [27/Nov/2025:19:06:09 +0800] "GET /robots.txt HTTP/1.1" 404 1473 "-" "Mozilla/5.0 (Macintosh; Intel Mac OS X 10_15_7) AppleWebKit/537.36 (KHTML, like Gecko) Chrome/131.0.0.0 Safari/537.36; compatible; OAI-SearchBot/1.0; +https://openai.com/searchbot"
123.58.198.151 - - [27/Nov/2025:19:09:53 +0800] "GET / HTTP/1.1" 200 19052 "https://blog.wumingai.com" "Mozilla/4.0 (compatible; MSIE 9.0; Windows NT 6.1)"
123.58.198.151 - - [27/Nov/2025:19:09:53 +0800] "GET / HTTP/1.1" 200 19052 "https://blog.wumingai.com" "Mozilla/4.0 (compatible; MSIE 9.0; Windows NT 6.1)"
123.58.198.151 - - [27/Nov/2025:19:09:54 +0800] "GET /post/55.html HTTP/1.1" 200 28195 "https://blog.wumingai.com/post/55.html" "Mozilla/4.0 (compatible; MSIE 9.0; Windows NT 6.1)"
123.58.198.151 - - [27/Nov/2025:19:09:54 +0800] "POST /zb_system/cmd.php?act=cmt&postid=55&key=e2bbbdfd11988b63d0e8ba8b8d9a19da HTTP/1.1" 200 190 "https://blog.wumingai.com/zb_system/cmd.php?act=cmt&postid=55&key=e2bbbdfd11988b63d0e8ba8b8d9a19da" "Mozilla/4.0 (compatible; MSIE 9.0; Windows NT 6.1)"
154.7.177.124 - - [27/Nov/2025:20:05:09 +0800] "GET / HTTP/1.1" 200 4818 "-" "libcurl/7.81.0 r-curl/6.0.1 httr/1.4.7"
154.7.177.124 - - [27/Nov/2025:20:05:10 +0800] "GET / HTTP/2.0" 200 4802 "-" "libcurl/7.81.0 r-curl/6.0.1 httr/1.4.7"
154.7.177.124 - - [27/Nov/2025:21:05:15 +0800] "GET / HTTP/1.1" 200 4818 "-" "libcurl/7.81.0 r-curl/6.0.1 httr/1.4.7"
154.7.177.124 - - [27/Nov/2025:21:05:16 +0800] "GET / HTTP/2.0" 200 4802 "-" "libcurl/7.81.0 r-curl/6.0.1 httr/1.4.7"
154.7.177.124 - - [27/Nov/2025:22:05:11 +0800] "GET / HTTP/1.1" 200 4818 "-" "libcurl/7.81.0 r-curl/6.0.1 httr/1.4.7"
154.7.177.124 - - [27/Nov/2025:22:05:12 +0800] "GET / HTTP/2.0" 200 4802 "-" "libcurl/7.81.0 r-curl/6.0.1 httr/1.4.7"
40.77.167.159 - - [27/Nov/2025:22:10:22 +0800] "GET /post/51.html HTTP/2.0" 200 7608 "-" "Mozilla/5.0 AppleWebKit/537.36 (KHTML, like Gecko; compatible; bingbot/2.0; +http://www.bing.com/bingbot.htm) Chrome/116.0.1938.76 Safari/537.36"
123.58.198.151 - - [27/Nov/2025:22:57:19 +0800] "GET / HTTP/1.1" 200 19052 "https://blog.wumingai.com" "Mozilla/4.0 (compatible; MSIE 9.0; Windows NT 6.1)"
123.58.198.151 - - [27/Nov/2025:22:57:20 +0800] "GET / HTTP/1.1" 200 19052 "https://blog.wumingai.com" "Mozilla/4.0 (compatible; MSIE 9.0; Windows NT 6.1)"
123.58.198.151 - - [27/Nov/2025:22:57:20 +0800] "GET /post/58.html%23cmt129 HTTP/1.1" 404 4123 "https://blog.wumingai.com/post/58.html#cmt129" "Mozilla/4.0 (compatible; MSIE 9.0; Windows NT 6.1)"
123.58.198.151 - - [27/Nov/2025:22:57:20 +0800] "GET /post/57.html HTTP/1.1" 200 28609 "https://blog.wumingai.com/post/57.html" "Mozilla/4.0 (compatible; MSIE 9.0; Windows NT 6.1)"
123.58.198.151 - - [27/Nov/2025:22:57:21 +0800] "POST /zb_system/cmd.php?act=cmt&postid=57&key=ee2f4539ff7ad09878e6786e29f45a66 HTTP/1.1" 200 190 "https://blog.wumingai.com/zb_system/cmd.php?act=cmt&postid=57&key=ee2f4539ff7ad09878e6786e29f45a66" "Mozilla/4.0 (compatible; MSIE 9.0; Windows NT 6.1)"
154.7.177.124 - - [27/Nov/2025:23:07:27 +0800] "GET / HTTP/1.1" 200 4819 "-" "libcurl/7.81.0 r-curl/6.0.1 httr/1.4.7"
154.7.177.124 - - [27/Nov/2025:23:07:28 +0800] "GET / HTTP/2.0" 200 4802 "-" "libcurl/7.81.0 r-curl/6.0.1 httr/1.4.7"
180.97.218.71 - - [27/Nov/2025:23:57:43 +0800] "GET / HTTP/1.1" 200 19052 "https://blog.wumingai.com" "Mozilla/4.0 (compatible; MSIE 9.0; Windows NT 6.1)"
180.97.218.71 - - [27/Nov/2025:23:57:43 +0800] "GET / HTTP/1.1" 200 19052 "https://blog.wumingai.com" "Mozilla/4.0 (compatible; MSIE 9.0; Windows NT 6.1)"
180.97.218.71 - - [27/Nov/2025:23:57:43 +0800] "GET /post/63.html HTTP/1.1" 200 43326 "https://blog.wumingai.com/post/63.html" "Mozilla/4.0 (compatible; MSIE 9.0; Windows NT 6.1)"
180.97.218.71 - - [27/Nov/2025:23:57:44 +0800] "POST /zb_system/cmd.php?act=cmt&postid=63&key=ba14f9b17f34e56e038698633599c289 HTTP/1.1" 200 1185 "https://blog.wumingai.com/zb_system/cmd.php?act=cmt&postid=63&key=ba14f9b17f34e56e038698633599c289" "Mozilla/4.0 (compatible; MSIE 9.0; Windows NT 6.1)"
154.7.177.124 - - [28/Nov/2025:00:05:22 +0800] "GET / HTTP/1.1" 200 4777 "-" "libcurl/7.81.0 r-curl/6.0.1 httr/1.4.7"
154.7.177.124 - - [28/Nov/2025:00:05:23 +0800] "GET / HTTP/2.0" 200 4762 "-" "libcurl/7.81.0 r-curl/6.0.1 httr/1.4.7"
154.7.177.124 - - [28/Nov/2025:01:05:48 +0800] "GET / HTTP/1.1" 200 4778 "-" "libcurl/7.81.0 r-curl/6.0.1 httr/1.4.7"
154.7.177.124 - - [28/Nov/2025:01:05:49 +0800] "GET / HTTP/2.0" 200 4762 "-" "libcurl/7.81.0 r-curl/6.0.1 httr/1.4.7"
154.7.177.124 - - [28/Nov/2025:02:05:50 +0800] "GET / HTTP/1.1" 200 4778 "-" "libcurl/7.81.0 r-curl/6.0.1 httr/1.4.7"
154.7.177.124 - - [28/Nov/2025:02:05:51 +0800] "GET / HTTP/2.0" 200 4762 "-" "libcurl/7.81.0 r-curl/6.0.1 httr/1.4.7"
123.58.198.151 - - [28/Nov/2025:02:56:03 +0800] "GET / HTTP/1.1" 200 19031 "https://blog.wumingai.com" "Mozilla/4.0 (compatible; MSIE 9.0; Windows NT 6.1)"
123.58.198.151 - - [28/Nov/2025:02:56:03 +0800] "GET / HTTP/1.1" 200 19031 "https://blog.wumingai.com" "Mozilla/4.0 (compatible; MSIE 9.0; Windows NT 6.1)"
123.58.198.151 - - [28/Nov/2025:02:56:03 +0800] "GET /post/63.html HTTP/1.1" 200 45460 "https://blog.wumingai.com/post/63.html" "Mozilla/4.0 (compatible; MSIE 9.0; Windows NT 6.1)"
123.58.198.151 - - [28/Nov/2025:02:56:03 +0800] "POST /zb_system/cmd.php?act=cmt&postid=63&key=19e201e52183f609c065f4dfa9143d2a HTTP/1.1" 200 190 "https://blog.wumingai.com/zb_system/cmd.php?act=cmt&postid=63&key=19e201e52183f609c065f4dfa9143d2a" "Mozilla/4.0 (compatible; MSIE 9.0; Windows NT 6.1)"
154.7.177.124 - - [28/Nov/2025:03:05:18 +0800] "GET / HTTP/1.1" 200 4780 "-" "libcurl/7.81.0 r-curl/6.0.1 httr/1.4.7"
154.7.177.124 - - [28/Nov/2025:03:05:19 +0800] "GET / HTTP/2.0" 200 4764 "-" "libcurl/7.81.0 r-curl/6.0.1 httr/1.4.7"
154.7.177.124 - - [28/Nov/2025:04:05:30 +0800] "GET / HTTP/1.1" 200 4780 "-" "libcurl/7.81.0 r-curl/6.0.1 httr/1.4.7"
154.7.177.124 - - [28/Nov/2025:04:05:31 +0800] "GET / HTTP/2.0" 200 4764 "-" "libcurl/7.81.0 r-curl/6.0.1 httr/1.4.7"
154.7.177.124 - - [28/Nov/2025:05:05:30 +0800] "GET / HTTP/1.1" 200 4780 "-" "libcurl/7.81.0 r-curl/6.0.1 httr/1.4.7"
154.7.177.124 - - [28/Nov/2025:05:05:31 +0800] "GET / HTTP/2.0" 200 4764 "-" "libcurl/7.81.0 r-curl/6.0.1 httr/1.4.7"
154.7.177.124 - - [28/Nov/2025:06:05:10 +0800] "GET / HTTP/1.1" 200 4780 "-" "libcurl/7.81.0 r-curl/6.0.1 httr/1.4.7"
154.7.177.124 - - [28/Nov/2025:06:05:11 +0800] "GET / HTTP/2.0" 200 4764 "-" "libcurl/7.81.0 r-curl/6.0.1 httr/1.4.7"
123.58.198.151 - - [28/Nov/2025:06:54:45 +0800] "GET / HTTP/1.1" 200 19031 "https://blog.wumingai.com" "Mozilla/4.0 (compatible; MSIE 9.0; Windows NT 6.1)"
123.58.198.151 - - [28/Nov/2025:06:54:45 +0800] "GET / HTTP/1.1" 200 19031 "https://blog.wumingai.com" "Mozilla/4.0 (compatible; MSIE 9.0; Windows NT 6.1)"
123.58.198.151 - - [28/Nov/2025:06:54:45 +0800] "GET /page_5.html HTTP/1.1" 200 21877 "https://blog.wumingai.com/page_5.html" "Mozilla/4.0 (compatible; MSIE 9.0; Windows NT 6.1)"
123.58.198.151 - - [28/Nov/2025:06:54:46 +0800] "GET /page_4.html HTTP/1.1" 200 19412 "https://blog.wumingai.com/page_4.html" "Mozilla/4.0 (compatible; MSIE 9.0; Windows NT 6.1)"
123.58.198.151 - - [28/Nov/2025:06:54:46 +0800] "GET /post/61.html HTTP/1.1" 200 27994 "https://blog.wumingai.com/post/61.html" "Mozilla/4.0 (compatible; MSIE 9.0; Windows NT 6.1)"
123.58.198.151 - - [28/Nov/2025:06:54:46 +0800] "POST /zb_system/cmd.php?act=cmt&postid=61&key=86e17329eea7cede1781cf1bcb234afe HTTP/1.1" 200 190 "https://blog.wumingai.com/zb_system/cmd.php?act=cmt&postid=61&key=86e17329eea7cede1781cf1bcb234afe" "Mozilla/4.0 (compatible; MSIE 9.0; Windows NT 6.1)"
154.7.177.124 - - [28/Nov/2025:07:05:01 +0800] "GET / HTTP/1.1" 200 4778 "-" "libcurl/7.81.0 r-curl/6.0.1 httr/1.4.7"
154.7.177.124 - - [28/Nov/2025:07:05:02 +0800] "GET / HTTP/2.0" 200 4762 "-" "libcurl/7.81.0 r-curl/6.0.1 httr/1.4.7"
20.13.26.97 - - [28/Nov/2025:07:43:48 +0800] "GET / HTTP/1.1" 200 18953 "-" "-"
20.13.26.97 - - [28/Nov/2025:07:45:25 +0800] "GET / HTTP/1.1" 200 18953 "-" "-"
20.13.26.97 - - [28/Nov/2025:07:45:26 +0800] "GET /wordpress HTTP/1.1" 404 4110 "-" "-"
20.13.26.97 - - [28/Nov/2025:07:45:26 +0800] "GET /wp-admin/setup-config.php HTTP/1.1" 404 4110 "-" "-"
20.13.26.97 - - [28/Nov/2025:07:45:26 +0800] "GET /wp-admin/install.php HTTP/1.1" 404 4110 "-" "-"
20.13.26.97 - - [28/Nov/2025:07:45:27 +0800] "GET /wp HTTP/1.1" 404 4110 "-" "-"
20.13.26.97 - - [28/Nov/2025:07:45:27 +0800] "GET /blog HTTP/1.1" 404 4110 "-" "-"
20.13.26.97 - - [28/Nov/2025:07:45:27 +0800] "GET /new HTTP/1.1" 404 4110 "-" "-"
20.13.26.97 - - [28/Nov/2025:07:45:27 +0800] "GET /old HTTP/1.1" 404 4110 "-" "-"
20.13.26.97 - - [28/Nov/2025:07:45:28 +0800] "GET /newsite HTTP/1.1" 404 4110 "-" "-"
20.13.26.97 - - [28/Nov/2025:07:45:28 +0800] "GET /test HTTP/1.1" 404 4110 "-" "-"
20.13.26.97 - - [28/Nov/2025:07:45:28 +0800] "GET /main HTTP/1.1" 404 4110 "-" "-"
20.13.26.97 - - [28/Nov/2025:07:45:29 +0800] "GET /testing HTTP/1.1" 404 4110 "-" "-"
20.13.26.97 - - [28/Nov/2025:07:45:29 +0800] "GET /site HTTP/1.1" 404 4110 "-" "-"
20.13.26.97 - - [28/Nov/2025:07:45:29 +0800] "GET /backup HTTP/1.1" 404 4110 "-" "-"
20.13.26.97 - - [28/Nov/2025:07:45:30 +0800] "GET /demo HTTP/1.1" 404 4110 "-" "-"
20.13.26.97 - - [28/Nov/2025:07:45:30 +0800] "GET /home HTTP/1.1" 404 4110 "-" "-"
20.13.26.97 - - [28/Nov/2025:07:45:31 +0800] "GET /tmp HTTP/1.1" 404 4110 "-" "-"
20.13.26.97 - - [28/Nov/2025:07:45:31 +0800] "GET /dev HTTP/1.1" 404 4110 "-" "-"
20.13.26.97 - - [28/Nov/2025:07:45:31 +0800] "GET /cms HTTP/1.1" 404 4110 "-" "-"
20.13.26.97 - - [28/Nov/2025:07:45:32 +0800] "GET /portal HTTP/1.1" 404 4110 "-" "-"
20.13.26.97 - - [28/Nov/2025:07:45:32 +0800] "GET /web HTTP/1.1" 404 4110 "-" "-"
154.7.177.124 - - [28/Nov/2025:08:05:14 +0800] "GET / HTTP/1.1" 200 4778 "-" "libcurl/7.81.0 r-curl/6.0.1 httr/1.4.7"
154.7.177.124 - - [28/Nov/2025:08:05:15 +0800] "GET / HTTP/2.0" 200 4761 "-" "libcurl/7.81.0 r-curl/6.0.1 httr/1.4.7"
154.7.177.124 - - [28/Nov/2025:09:05:19 +0800] "GET / HTTP/1.1" 200 4778 "-" "libcurl/7.81.0 r-curl/6.0.1 httr/1.4.7"
154.7.177.124 - - [28/Nov/2025:09:05:20 +0800] "GET / HTTP/2.0" 200 4762 "-" "libcurl/7.81.0 r-curl/6.0.1 httr/1.4.7"
147.185.132.198 - - [28/Nov/2025:09:25:54 +0800] "GET / HTTP/1.1" 200 19031 "-" "Hello from Palo Alto Networks, find out more about our scans in https://docs-cortex.paloaltonetworks.com/r/1/Cortex-Xpanse/Scanning-activity"
154.7.177.124 - - [28/Nov/2025:10:05:27 +0800] "GET / HTTP/1.1" 200 4778 "-" "libcurl/7.81.0 r-curl/6.0.1 httr/1.4.7"
154.7.177.124 - - [28/Nov/2025:10:05:28 +0800] "GET / HTTP/2.0" 200 4762 "-" "libcurl/7.81.0 r-curl/6.0.1 httr/1.4.7"
154.7.177.124 - - [28/Nov/2025:11:05:13 +0800] "GET / HTTP/1.1" 200 4778 "-" "libcurl/7.81.0 r-curl/6.0.1 httr/1.4.7"
154.7.177.124 - - [28/Nov/2025:11:05:14 +0800] "GET / HTTP/2.0" 200 4762 "-" "libcurl/7.81.0 r-curl/6.0.1 httr/1.4.7"
123.58.198.151 - - [28/Nov/2025:11:15:52 +0800] "GET / HTTP/1.1" 200 19031 "https://blog.wumingai.com" "Mozilla/4.0 (compatible; MSIE 9.0; Windows NT 6.1)"
123.58.198.151 - - [28/Nov/2025:11:15:53 +0800] "GET / HTTP/1.1" 200 19031 "https://blog.wumingai.com" "Mozilla/4.0 (compatible; MSIE 9.0; Windows NT 6.1)"
123.58.198.151 - - [28/Nov/2025:11:15:53 +0800] "GET /page_6.html HTTP/1.1" 200 19309 "https://blog.wumingai.com/page_6.html" "Mozilla/4.0 (compatible; MSIE 9.0; Windows NT 6.1)"
123.58.198.151 - - [28/Nov/2025:11:15:53 +0800] "GET /post/58.html HTTP/1.1" 200 27609 "https://blog.wumingai.com/post/58.html" "Mozilla/4.0 (compatible; MSIE 9.0; Windows NT 6.1)"
123.58.198.151 - - [28/Nov/2025:11:15:53 +0800] "POST /zb_system/cmd.php?act=cmt&postid=58&key=530942f3775e6533dfd7e856eec9b06a HTTP/1.1" 200 190 "https://blog.wumingai.com/zb_system/cmd.php?act=cmt&postid=58&key=530942f3775e6533dfd7e856eec9b06a" "Mozilla/4.0 (compatible; MSIE 9.0; Windows NT 6.1)"
154.7.177.124 - - [28/Nov/2025:12:05:29 +0800] "GET / HTTP/1.1" 200 4778 "-" "libcurl/7.81.0 r-curl/6.0.1 httr/1.4.7"
154.7.177.124 - - [28/Nov/2025:12:05:30 +0800] "GET / HTTP/2.0" 200 4762 "-" "libcurl/7.81.0 r-curl/6.0.1 httr/1.4.7"
180.97.218.71 - - [28/Nov/2025:12:18:57 +0800] "GET / HTTP/1.1" 200 19031 "https://blog.wumingai.com" "Mozilla/4.0 (compatible; MSIE 9.0; Windows NT 6.1)"
180.97.218.71 - - [28/Nov/2025:12:18:57 +0800] "GET / HTTP/1.1" 200 19031 "https://blog.wumingai.com" "Mozilla/4.0 (compatible; MSIE 9.0; Windows NT 6.1)"
180.97.218.71 - - [28/Nov/2025:12:18:57 +0800] "GET /page_4.html HTTP/1.1" 200 19412 "https://blog.wumingai.com/page_4.html" "Mozilla/4.0 (compatible; MSIE 9.0; Windows NT 6.1)"
180.97.218.71 - - [28/Nov/2025:12:18:57 +0800] "GET /page_6.html HTTP/1.1" 200 19309 "https://blog.wumingai.com/page_6.html" "Mozilla/4.0 (compatible; MSIE 9.0; Windows NT 6.1)"
180.97.218.71 - - [28/Nov/2025:12:18:58 +0800] "GET /post/63.html HTTP/1.1" 200 44779 "https://blog.wumingai.com/post/63.html" "Mozilla/4.0 (compatible; MSIE 9.0; Windows NT 6.1)"
180.97.218.71 - - [28/Nov/2025:12:18:58 +0800] "POST /zb_system/cmd.php?act=cmt&postid=63&key=306499e1b0aa45b5cb328f82019b700b HTTP/1.1" 200 1239 "https://blog.wumingai.com/zb_system/cmd.php?act=cmt&postid=63&key=306499e1b0aa45b5cb328f82019b700b" "Mozilla/4.0 (compatible; MSIE 9.0; Windows NT 6.1)"
154.7.177.124 - - [28/Nov/2025:13:05:12 +0800] "GET / HTTP/1.1" 200 4775 "-" "libcurl/7.81.0 r-curl/6.0.1 httr/1.4.7"
154.7.177.124 - - [28/Nov/2025:13:05:14 +0800] "GET / HTTP/2.0" 200 4760 "-" "libcurl/7.81.0 r-curl/6.0.1 httr/1.4.7"
74.7.244.59 - - [28/Nov/2025:14:57:10 +0800] "GET /robots.txt HTTP/1.1" 404 1473 "-" "Mozilla/5.0 (Macintosh; Intel Mac OS X 10_15_7) AppleWebKit/537.36 (KHTML, like Gecko) Chrome/131.0.0.0 Safari/537.36; compatible; OAI-SearchBot/1.3; robots.txt; +https://openai.com/searchbot"
74.7.244.59 - - [28/Nov/2025:14:57:12 +0800] "GET /robots.txt HTTP/2.0" 404 1457 "-" "Mozilla/5.0 (Macintosh; Intel Mac OS X 10_15_7) AppleWebKit/537.36 (KHTML, like Gecko) Chrome/131.0.0.0 Safari/537.36; compatible; OAI-SearchBot/1.3; robots.txt; +https://openai.com/searchbot"
154.7.177.124 - - [28/Nov/2025:15:10:22 +0800] "GET / HTTP/1.1" 200 4776 "-" "libcurl/7.81.0 r-curl/6.0.1 httr/1.4.7"
154.7.177.124 - - [28/Nov/2025:15:10:23 +0800] "GET / HTTP/2.0" 200 4760 "-" "libcurl/7.81.0 r-curl/6.0.1 httr/1.4.7"
18.228.15.237 - - [28/Nov/2025:15:31:49 +0800] "GET /.env.production HTTP/1.1" 404 1469 "-" "python-httpx/0.22.0"
18.228.15.237 - - [28/Nov/2025:15:31:49 +0800] "GET /.env HTTP/1.1" 404 1469 "-" "python-httpx/0.22.0"
18.228.15.237 - - [28/Nov/2025:15:31:49 +0800] "GET /.env.remote HTTP/1.1" 404 1469 "-" "python-httpx/0.22.0"
18.228.15.237 - - [28/Nov/2025:15:31:49 +0800] "GET /.env.local HTTP/1.1" 404 1469 "-" "python-httpx/0.22.0"
18.228.15.237 - - [28/Nov/2025:15:31:49 +0800] "GET /database/.env HTTP/1.1" 404 1469 "-" "python-httpx/0.22.0"
18.228.15.237 - - [28/Nov/2025:15:31:49 +0800] "GET /lab/.env HTTP/1.1" 404 1469 "-" "python-httpx/0.22.0"
18.228.15.237 - - [28/Nov/2025:15:31:50 +0800] "GET /lib/.env HTTP/1.1" 404 1469 "-" "python-httpx/0.22.0"
18.228.15.237 - - [28/Nov/2025:15:31:50 +0800] "GET /cron/.env HTTP/1.1" 404 1469 "-" "python-httpx/0.22.0"
18.228.15.237 - - [28/Nov/2025:15:31:50 +0800] "GET /core/.env HTTP/1.1" 404 1469 "-" "python-httpx/0.22.0"
18.228.15.237 - - [28/Nov/2025:15:31:50 +0800] "GET /cronlab/.env HTTP/1.1" 404 1469 "-" "python-httpx/0.22.0"
18.228.15.237 - - [28/Nov/2025:15:31:50 +0800] "GET /core/app/.env HTTP/1.1" 404 1469 "-" "python-httpx/0.22.0"
18.228.15.237 - - [28/Nov/2025:15:31:50 +0800] "GET /core/Datavase/.env HTTP/1.1" 404 1469 "-" "python-httpx/0.22.0"
18.228.15.237 - - [28/Nov/2025:15:31:50 +0800] "GET /.git/config HTTP/1.1" 404 1469 "-" "python-httpx/0.22.0"
18.228.15.237 - - [28/Nov/2025:15:31:50 +0800] "GET /vendor/.env HTTP/1.1" 404 1469 "-" "python-httpx/0.22.0"
18.228.15.237 - - [28/Nov/2025:15:31:51 +0800] "GET /config/.env HTTP/1.1" 404 1469 "-" "python-httpx/0.22.0"
18.228.15.237 - - [28/Nov/2025:15:31:52 +0800] "GET /app/.env HTTP/1.1" 404 1469 "-" "python-httpx/0.22.0"
18.228.15.237 - - [28/Nov/2025:15:31:52 +0800] "GET /assets/.env HTTP/1.1" 404 1469 "-" "python-httpx/0.22.0"
18.228.15.237 - - [28/Nov/2025:15:31:53 +0800] "GET /apps/.env HTTP/1.1" 404 1469 "-" "python-httpx/0.22.0"
18.228.15.237 - - [28/Nov/2025:15:31:53 +0800] "GET /uploads/.env HTTP/1.1" 404 1469 "-" "python-httpx/0.22.0"
18.228.15.237 - - [28/Nov/2025:15:31:54 +0800] "GET /sitemaps/.env HTTP/1.1" 404 1469 "-" "python-httpx/0.22.0"
18.228.15.237 - - [28/Nov/2025:15:31:54 +0800] "GET /web/.env HTTP/1.1" 404 1469 "-" "python-httpx/0.22.0"
18.228.15.237 - - [28/Nov/2025:15:31:55 +0800] "GET /en/.env HTTP/1.1" 404 1469 "-" "python-httpx/0.22.0"
18.228.15.237 - - [28/Nov/2025:15:31:55 +0800] "GET /v1/.env HTTP/1.1" 404 1469 "-" "python-httpx/0.22.0"
18.228.15.237 - - [28/Nov/2025:15:31:56 +0800] "GET /admin/.env HTTP/1.1" 404 1469 "-" "python-httpx/0.22.0"
18.228.15.237 - - [28/Nov/2025:15:31:56 +0800] "GET /administrator/.env HTTP/1.1" 404 1469 "-" "python-httpx/0.22.0"
18.228.15.237 - - [28/Nov/2025:15:31:56 +0800] "GET /phpinfo.php HTTP/1.1" 404 1469 "-" "python-httpx/0.22.0"
18.228.15.237 - - [28/Nov/2025:15:31:57 +0800] "GET /info.php HTTP/1.1" 404 1469 "-" "python-httpx/0.22.0"
18.228.15.237 - - [28/Nov/2025:15:31:57 +0800] "GET /phpinfo HTTP/1.1" 404 1469 "-" "python-httpx/0.22.0"
18.228.15.237 - - [28/Nov/2025:15:31:59 +0800] "GET /public/.env HTTP/1.1" 404 1469 "-" "python-httpx/0.22.0"
18.228.15.237 - - [28/Nov/2025:15:31:59 +0800] "GET /tools/.env HTTP/1.1" 404 1469 "-" "python-httpx/0.22.0"
18.228.15.237 - - [28/Nov/2025:15:31:59 +0800] "GET /v2/.env HTTP/1.1" 404 1469 "-" "python-httpx/0.22.0"
18.228.15.237 - - [28/Nov/2025:15:31:59 +0800] "GET /laravel/.env HTTP/1.1" 404 1469 "-" "python-httpx/0.22.0"
18.228.15.237 - - [28/Nov/2025:15:31:59 +0800] "GET /php_info.php HTTP/1.1" 404 1469 "-" "python-httpx/0.22.0"
18.228.15.237 - - [28/Nov/2025:15:32:00 +0800] "GET /test.php HTTP/1.1" 404 1469 "-" "python-httpx/0.22.0"
18.228.15.237 - - [28/Nov/2025:15:32:00 +0800] "GET /_profiler/phpinfo HTTP/1.1" 404 1469 "-" "python-httpx/0.22.0"
18.228.15.237 - - [28/Nov/2025:15:32:02 +0800] "GET / HTTP/1.1" 200 4773 "-" "Mozilla/5.0 (Windows NT 10.0; Win64; x64) Chrome/91.0.4472.124"
18.228.15.237 - - [28/Nov/2025:15:32:03 +0800] "GET /js HTTP/1.1" 404 1469 "-" "python-httpx/0.22.0"
123.58.198.151 - - [28/Nov/2025:15:48:10 +0800] "GET / HTTP/1.1" 200 19034 "https://blog.wumingai.com" "Mozilla/4.0 (compatible; MSIE 9.0; Windows NT 6.1)"
123.58.198.151 - - [28/Nov/2025:15:48:11 +0800] "GET / HTTP/1.1" 200 19034 "https://blog.wumingai.com" "Mozilla/4.0 (compatible; MSIE 9.0; Windows NT 6.1)"
123.58.198.151 - - [28/Nov/2025:15:48:11 +0800] "GET /post/63.html HTTP/1.1" 200 44850 "https://blog.wumingai.com/post/63.html" "Mozilla/4.0 (compatible; MSIE 9.0; Windows NT 6.1)"
123.58.198.151 - - [28/Nov/2025:15:48:11 +0800] "POST /zb_system/cmd.php?act=cmt&postid=63&key=2ce54e90305ce31937f16fa4824554ae HTTP/1.1" 200 190 "https://blog.wumingai.com/zb_system/cmd.php?act=cmt&postid=63&key=2ce54e90305ce31937f16fa4824554ae" "Mozilla/4.0 (compatible; MSIE 9.0; Windows NT 6.1)"
154.7.177.124 - - [28/Nov/2025:16:05:12 +0800] "GET / HTTP/1.1" 200 4775 "-" "libcurl/7.81.0 r-curl/6.0.1 httr/1.4.7"
154.7.177.124 - - [28/Nov/2025:16:05:13 +0800] "GET / HTTP/2.0" 200 4760 "-" "libcurl/7.81.0 r-curl/6.0.1 httr/1.4.7"
154.7.177.124 - - [28/Nov/2025:17:05:26 +0800] "GET / HTTP/1.1" 200 4775 "-" "libcurl/7.81.0 r-curl/6.0.1 httr/1.4.7"
154.7.177.124 - - [28/Nov/2025:17:05:27 +0800] "GET / HTTP/2.0" 200 4760 "-" "libcurl/7.81.0 r-curl/6.0.1 httr/1.4.7"
207.154.216.0 - - [28/Nov/2025:17:14:45 +0800] "GET / HTTP/1.1" 200 18956 "-" "-"
167.172.107.111 - - [28/Nov/2025:17:30:05 +0800] "GET / HTTP/1.1" 200 18956 "-" "-"
167.172.107.111 - - [28/Nov/2025:17:30:06 +0800] "GET /wordpress HTTP/1.1" 404 4110 "-" "-"
167.172.107.111 - - [28/Nov/2025:17:30:06 +0800] "GET /wp-admin/setup-config.php HTTP/1.1" 404 4110 "-" "-"
167.172.107.111 - - [28/Nov/2025:17:30:07 +0800] "GET /wp-admin/install.php HTTP/1.1" 404 4110 "-" "-"
167.172.107.111 - - [28/Nov/2025:17:30:07 +0800] "GET /wp HTTP/1.1" 404 4110 "-" "-"
167.172.107.111 - - [28/Nov/2025:17:30:08 +0800] "GET /blog HTTP/1.1" 404 4110 "-" "-"
167.172.107.111 - - [28/Nov/2025:17:30:09 +0800] "GET /new HTTP/1.1" 404 4110 "-" "-"
167.172.107.111 - - [28/Nov/2025:17:30:09 +0800] "GET /old HTTP/1.1" 404 4110 "-" "-"
167.172.107.111 - - [28/Nov/2025:17:30:13 +0800] "GET /newsite HTTP/1.1" 404 4110 "-" "-"
167.172.107.111 - - [28/Nov/2025:17:30:13 +0800] "GET /test HTTP/1.1" 404 4110 "-" "-"
167.172.107.111 - - [28/Nov/2025:17:30:14 +0800] "GET /main HTTP/1.1" 404 4110 "-" "-"
167.172.107.111 - - [28/Nov/2025:17:30:14 +0800] "GET /testing HTTP/1.1" 404 4110 "-" "-"
167.172.107.111 - - [28/Nov/2025:17:30:14 +0800] "GET /site HTTP/1.1" 404 4110 "-" "-"
167.172.107.111 - - [28/Nov/2025:17:30:15 +0800] "GET /backup HTTP/1.1" 404 4110 "-" "-"
167.172.107.111 - - [28/Nov/2025:17:30:15 +0800] "GET /demo HTTP/1.1" 404 4110 "-" "-"
167.172.107.111 - - [28/Nov/2025:17:30:15 +0800] "GET /home HTTP/1.1" 404 4110 "-" "-"
167.172.107.111 - - [28/Nov/2025:17:30:15 +0800] "GET /tmp HTTP/1.1" 404 4110 "-" "-"
167.172.107.111 - - [28/Nov/2025:17:30:16 +0800] "GET /dev HTTP/1.1" 404 4110 "-" "-"
167.172.107.111 - - [28/Nov/2025:17:30:16 +0800] "GET /cms HTTP/1.1" 404 4110 "-" "-"
167.172.107.111 - - [28/Nov/2025:17:30:16 +0800] "GET /portal HTTP/1.1" 404 4110 "-" "-"
167.172.107.111 - - [28/Nov/2025:17:30:16 +0800] "GET /web HTTP/1.1" 404 4110 "-" "-"
104.210.140.136 - - [28/Nov/2025:17:40:03 +0800] "GET /robots.txt HTTP/2.0" 404 1457 "-" "Mozilla/5.0 (Macintosh; Intel Mac OS X 10_15_7) AppleWebKit/537.36 (KHTML, like Gecko) Chrome/131.0.0.0 Safari/537.36; compatible; OAI-SearchBot/1.0; +https://openai.com/searchbot"
104.210.140.132 - - [28/Nov/2025:17:40:04 +0800] "GET /robots.txt HTTP/1.1" 404 1473 "-" "Mozilla/5.0 (Macintosh; Intel Mac OS X 10_15_7) AppleWebKit/537.36 (KHTML, like Gecko) Chrome/131.0.0.0 Safari/537.36; compatible; OAI-SearchBot/1.0; +https://openai.com/searchbot"
154.7.177.124 - - [28/Nov/2025:18:05:54 +0800] "GET / HTTP/1.1" 200 4775 "-" "libcurl/7.81.0 r-curl/6.0.1 httr/1.4.7"
154.7.177.124 - - [28/Nov/2025:18:05:55 +0800] "GET / HTTP/2.0" 200 4759 "-" "libcurl/7.81.0 r-curl/6.0.1 httr/1.4.7"
154.7.177.124 - - [28/Nov/2025:19:05:32 +0800] "GET / HTTP/1.1" 200 4775 "-" "libcurl/7.81.0 r-curl/6.0.1 httr/1.4.7"
154.7.177.124 - - [28/Nov/2025:19:05:33 +0800] "GET / HTTP/2.0" 200 4760 "-" "libcurl/7.81.0 r-curl/6.0.1 httr/1.4.7"
74.7.244.59 - - [28/Nov/2025:19:41:59 +0800] "GET /robots.txt HTTP/2.0" 404 1457 "-" "Mozilla/5.0 (Macintosh; Intel Mac OS X 10_15_7) AppleWebKit/537.36 (KHTML, like Gecko) Chrome/131.0.0.0 Safari/537.36; compatible; OAI-SearchBot/1.3; robots.txt; +https://openai.com/searchbot"
123.58.198.151 - - [28/Nov/2025:19:46:19 +0800] "GET / HTTP/1.1" 200 19034 "https://blog.wumingai.com" "Mozilla/4.0 (compatible; MSIE 9.0; Windows NT 6.1)"
123.58.198.151 - - [28/Nov/2025:19:46:19 +0800] "GET / HTTP/1.1" 200 19034 "https://blog.wumingai.com" "Mozilla/4.0 (compatible; MSIE 9.0; Windows NT 6.1)"
123.58.198.151 - - [28/Nov/2025:19:46:19 +0800] "GET /page_4.html HTTP/1.1" 200 19415 "https://blog.wumingai.com/page_4.html" "Mozilla/4.0 (compatible; MSIE 9.0; Windows NT 6.1)"
123.58.198.151 - - [28/Nov/2025:19:46:20 +0800] "GET /post/64.html%23cmt128 HTTP/1.1" 404 4123 "https://blog.wumingai.com/post/64.html#cmt128" "Mozilla/4.0 (compatible; MSIE 9.0; Windows NT 6.1)"
123.58.198.151 - - [28/Nov/2025:19:46:20 +0800] "GET /post/60.html HTTP/1.1" 200 28755 "https://blog.wumingai.com/post/60.html" "Mozilla/4.0 (compatible; MSIE 9.0; Windows NT 6.1)"
123.58.198.151 - - [28/Nov/2025:19:46:20 +0800] "POST /zb_system/cmd.php?act=cmt&postid=60&key=636402ad1605e9b7cd519c327f501c27 HTTP/1.1" 200 190 "https://blog.wumingai.com/zb_system/cmd.php?act=cmt&postid=60&key=636402ad1605e9b7cd519c327f501c27" "Mozilla/4.0 (compatible; MSIE 9.0; Windows NT 6.1)"
154.7.177.124 - - [28/Nov/2025:20:05:38 +0800] "GET / HTTP/1.1" 200 4777 "-" "libcurl/7.81.0 r-curl/6.0.1 httr/1.4.7"
154.7.177.124 - - [28/Nov/2025:20:05:39 +0800] "GET / HTTP/2.0" 200 4762 "-" "libcurl/7.81.0 r-curl/6.0.1 httr/1.4.7"
154.7.177.124 - - [28/Nov/2025:21:05:22 +0800] "GET / HTTP/1.1" 200 4777 "-" "libcurl/7.81.0 r-curl/6.0.1 httr/1.4.7"
154.7.177.124 - - [28/Nov/2025:21:05:23 +0800] "GET / HTTP/2.0" 200 4762 "-" "libcurl/7.81.0 r-curl/6.0.1 httr/1.4.7"
47.88.78.6 - - [28/Nov/2025:21:05:26 +0800] "GET / HTTP/1.1" 200 4828 "-" "Mozilla/5.0 (Linux; Android 11; M2004J15SC) AppleWebKit/537.36 (KHTML, like Gecko) Chrome/103.0.5060.114 Mobile Safari/537.36"
47.254.16.187 - - [28/Nov/2025:21:06:25 +0800] "GET /Public/home/js/check.js HTTP/1.1" 404 1469 "-" "Mozilla/5.0 (Linux; Android 11; M2004J15SC) AppleWebKit/537.36 (KHTML, like Gecko) Chrome/103.0.5060.114 Mobile Safari/537.36"
47.88.90.156 - - [28/Nov/2025:21:07:22 +0800] "GET /Public/home/js/check.js HTTP/1.1" 404 1469 "-" "Mozilla/5.0 (Linux; Android 11; M2004J15SC) AppleWebKit/537.36 (KHTML, like Gecko) Chrome/103.0.5060.114 Mobile Safari/537.36"
47.251.11.3 - - [28/Nov/2025:21:08:37 +0800] "GET /static/admin/javascript/hetong.js HTTP/1.1" 404 1469 "-" "Mozilla/5.0 (Linux; Android 11; M2004J15SC) AppleWebKit/537.36 (KHTML, like Gecko) Chrome/103.0.5060.114 Mobile Safari/537.36"
47.254.25.10 - - [28/Nov/2025:21:08:48 +0800] "GET /static/admin/javascript/hetong.js HTTP/1.1" 404 1469 "-" "Mozilla/5.0 (Linux; Android 11; M2004J15SC) AppleWebKit/537.36 (KHTML, like Gecko) Chrome/103.0.5060.114 Mobile Safari/537.36"
47.89.193.162 - - [28/Nov/2025:21:16:45 +0800] "GET /static/admin/javascript/hetong.js HTTP/1.1" 404 1469 "-" "Mozilla/5.0 (Linux; Android 11; M2004J15SC) AppleWebKit/537.36 (KHTML, like Gecko) Chrome/103.0.5060.114 Mobile Safari/537.36"
154.7.177.124 - - [28/Nov/2025:22:05:14 +0800] "GET / HTTP/1.1" 200 4777 "-" "libcurl/7.81.0 r-curl/6.0.1 httr/1.4.7"
154.7.177.124 - - [28/Nov/2025:22:05:15 +0800] "GET / HTTP/2.0" 200 4762 "-" "libcurl/7.81.0 r-curl/6.0.1 httr/1.4.7"
154.7.177.124 - - [28/Nov/2025:23:05:46 +0800] "GET / HTTP/1.1" 200 4778 "-" "libcurl/7.81.0 r-curl/6.0.1 httr/1.4.7"
154.7.177.124 - - [28/Nov/2025:23:05:47 +0800] "GET / HTTP/2.0" 200 4762 "-" "libcurl/7.81.0 r-curl/6.0.1 httr/1.4.7"
154.7.177.124 - - [29/Nov/2025:00:05:55 +0800] "GET / HTTP/1.1" 200 4777 "-" "libcurl/7.81.0 r-curl/6.0.1 httr/1.4.7"
154.7.177.124 - - [29/Nov/2025:00:05:56 +0800] "GET / HTTP/2.0" 200 4762 "-" "libcurl/7.81.0 r-curl/6.0.1 httr/1.4.7"
123.58.198.151 - - [29/Nov/2025:00:17:11 +0800] "GET / HTTP/1.1" 200 19034 "https://blog.wumingai.com" "Mozilla/4.0 (compatible; MSIE 9.0; Windows NT 6.1)"
123.58.198.151 - - [29/Nov/2025:00:17:12 +0800] "GET / HTTP/1.1" 200 19034 "https://blog.wumingai.com" "Mozilla/4.0 (compatible; MSIE 9.0; Windows NT 6.1)"
123.58.198.151 - - [29/Nov/2025:00:17:12 +0800] "GET /post/63.html%23cmt134 HTTP/1.1" 404 4123 "https://blog.wumingai.com/post/63.html#cmt134" "Mozilla/4.0 (compatible; MSIE 9.0; Windows NT 6.1)"
123.58.198.151 - - [29/Nov/2025:00:17:12 +0800] "GET /post/61.html HTTP/1.1" 200 29870 "https://blog.wumingai.com/post/61.html" "Mozilla/4.0 (compatible; MSIE 9.0; Windows NT 6.1)"
123.58.198.151 - - [29/Nov/2025:00:17:12 +0800] "POST /zb_system/cmd.php?act=cmt&postid=61&key=cc5c370ee160ff59747c3e59e33214d4 HTTP/1.1" 200 190 "https://blog.wumingai.com/zb_system/cmd.php?act=cmt&postid=61&key=cc5c370ee160ff59747c3e59e33214d4" "Mozilla/4.0 (compatible; MSIE 9.0; Windows NT 6.1)"
154.7.177.124 - - [29/Nov/2025:01:05:44 +0800] "GET / HTTP/1.1" 200 4776 "-" "libcurl/7.81.0 r-curl/6.0.1 httr/1.4.7"
154.7.177.124 - - [29/Nov/2025:01:05:45 +0800] "GET / HTTP/2.0" 200 4760 "-" "libcurl/7.81.0 r-curl/6.0.1 httr/1.4.7"
154.7.177.124 - - [29/Nov/2025:02:05:43 +0800] "GET / HTTP/1.1" 200 4776 "-" "libcurl/7.81.0 r-curl/6.0.1 httr/1.4.7"
154.7.177.124 - - [29/Nov/2025:02:05:44 +0800] "GET / HTTP/2.0" 200 4760 "-" "libcurl/7.81.0 r-curl/6.0.1 httr/1.4.7"
180.97.218.71 - - [29/Nov/2025:02:11:38 +0800] "GET / HTTP/1.1" 200 19034 "https://blog.wumingai.com" "Mozilla/4.0 (compatible; MSIE 9.0; Windows NT 6.1)"
180.97.218.71 - - [29/Nov/2025:02:11:38 +0800] "GET / HTTP/1.1" 200 19034 "https://blog.wumingai.com" "Mozilla/4.0 (compatible; MSIE 9.0; Windows NT 6.1)"
180.97.218.71 - - [29/Nov/2025:02:11:38 +0800] "GET /post/58.html HTTP/1.1" 200 27478 "https://blog.wumingai.com/post/58.html" "Mozilla/4.0 (compatible; MSIE 9.0; Windows NT 6.1)"
