182.118.237.12 - - [28/Oct/2025:00:04:06 +0800] "GET / HTTP/1.1" 200 1273 "-" "Mozilla/5.0 (Windows NT 10.0; Win64; x64) AppleWebKit/537.36 (KHTML, like Gecko) Chrome/141.0.0.0 Safari/537.36 Edg/141.0.0.0"
182.118.237.12 - - [28/Oct/2025:00:04:06 +0800] "GET /favicon.ico HTTP/1.1" 404 548 "http://payurl.wumingai.com/" "Mozilla/5.0 (Windows NT 10.0; Win64; x64) AppleWebKit/537.36 (KHTML, like Gecko) Chrome/141.0.0.0 Safari/537.36 Edg/141.0.0.0"
149.112.117.32 - - [28/Oct/2025:00:06:54 +0800] "GET / HTTP/1.1" 304 0 "-" "Mozilla/5.0 (Windows NT 10.0; Win64; x64) AppleWebKit/537.36 (KHTML, like Gecko) Chrome/141.0.0.0 Safari/537.36 Edg/141.0.0.0"
149.112.117.32 - - [28/Oct/2025:00:07:27 +0800] "GET / HTTP/1.1" 200 1273 "http://103.146.158.90:24733/" "Mozilla/5.0 (Windows NT 10.0; Win64; x64) AppleWebKit/537.36 (KHTML, like Gecko) Chrome/141.0.0.0 Safari/537.36 Edg/141.0.0.0"
174.136.206.10 - - [28/Oct/2025:00:09:05 +0800] "GET / HTTP/1.1" 200 1280 "-" "Mozilla/5.0 (Windows NT 10.0; Win64; x64) AppleWebKit/537.36 (KHTML, like Gecko) Chrome/141.0.0.0 Safari/537.36 Edg/141.0.0.0"
23.178.112.105 - - [28/Oct/2025:00:11:31 +0800] "GET /.well-known/acme-challenge/ih132_tIpV7V0gZSX4YKyLIUQw0cBROXx0_pYrUILO8 HTTP/1.1" 200 87 "-" "Mozilla/5.0 (compatible; Let's Encrypt validation server; +https://www.letsencrypt.org)"
35.95.150.37 - - [28/Oct/2025:00:11:32 +0800] "GET /.well-known/acme-challenge/ih132_tIpV7V0gZSX4YKyLIUQw0cBROXx0_pYrUILO8 HTTP/1.1" 200 87 "-" "Mozilla/5.0 (compatible; Let's Encrypt validation server; +https://www.letsencrypt.org)"
3.21.205.37 - - [28/Oct/2025:00:11:32 +0800] "GET /.well-known/acme-challenge/ih132_tIpV7V0gZSX4YKyLIUQw0cBROXx0_pYrUILO8 HTTP/1.1" 200 87 "-" "Mozilla/5.0 (compatible; Let's Encrypt validation server; +https://www.letsencrypt.org)"
13.250.29.65 - - [28/Oct/2025:00:11:32 +0800] "GET /.well-known/acme-challenge/ih132_tIpV7V0gZSX4YKyLIUQw0cBROXx0_pYrUILO8 HTTP/1.1" 200 87 "-" "Mozilla/5.0 (compatible; Let's Encrypt validation server; +https://www.letsencrypt.org)"
13.60.99.131 - - [28/Oct/2025:00:11:32 +0800] "GET /.well-known/acme-challenge/ih132_tIpV7V0gZSX4YKyLIUQw0cBROXx0_pYrUILO8 HTTP/1.1" 200 87 "-" "Mozilla/5.0 (compatible; Let's Encrypt validation server; +https://www.letsencrypt.org)"
104.244.74.39 - - [28/Oct/2025:00:11:45 +0800] "HEAD /.env HTTP/1.1" 404 0 "-" "Python/3.13 aiohttp/3.11.18"
104.244.74.39 - - [28/Oct/2025:00:11:45 +0800] "HEAD /.env.local HTTP/1.1" 404 0 "-" "Python/3.13 aiohttp/3.11.18"
104.244.74.39 - - [28/Oct/2025:00:11:45 +0800] "HEAD /.env.prod HTTP/1.1" 404 0 "-" "Python/3.13 aiohttp/3.11.18"
104.244.74.39 - - [28/Oct/2025:00:11:45 +0800] "HEAD /.env.dev HTTP/1.1" 404 0 "-" "Python/3.13 aiohttp/3.11.18"
195.123.244.84 - - [28/Oct/2025:00:11:51 +0800] "HEAD / HTTP/1.1" 200 0 "-" "Mozilla/5.0 (Windows NT 11.0; Win64; x64) AppleWebKit/537.36 (KHTML, like Gecko) Chrome/119.0.0.0 Safari/537.36 Edg/119.0.0.0"
195.123.244.84 - - [28/Oct/2025:00:11:52 +0800] "GET / HTTP/1.1" 200 1280 "-" "Mozilla/5.0 (Macintosh; Intel Mac OS X 10_15_7) AppleWebKit/537.36 (KHTML, like Gecko) Chrome/121.0.0.0 Safari/537.36"
3.235.254.79 - - [28/Oct/2025:00:11:58 +0800] "HEAD /.git/config HTTP/1.1" 404 0 "-" "Mozilla/5.0 (Windows NT 10.0; Win64; x64) AppleWebKit/537.36"
64.226.65.160 - - [28/Oct/2025:00:11:58 +0800] "GET / HTTP/1.1" 200 2943 "-" "-"
139.59.132.8 - - [28/Oct/2025:00:11:59 +0800] "GET / HTTP/1.1" 200 2943 "-" "-"
38.175.108.107 - - [28/Oct/2025:00:12:00 +0800] "GET / HTTP/1.1" 200 1280 "http://103.146.158.90:24733/" "Mozilla/5.0 (Windows NT 10.0; Win64; x64) AppleWebKit/537.36 (KHTML, like Gecko) Chrome/141.0.0.0 Safari/537.36 Edg/141.0.0.0"
38.175.108.107 - - [28/Oct/2025:00:12:02 +0800] "GET / HTTP/1.1" 304 0 "http://103.146.158.90:24733/" "Mozilla/5.0 (Windows NT 10.0; Win64; x64) AppleWebKit/537.36 (KHTML, like Gecko) Chrome/141.0.0.0 Safari/537.36 Edg/141.0.0.0"
38.175.108.107 - - [28/Oct/2025:00:12:06 +0800] "GET / HTTP/1.1" 304 0 "http://103.146.158.90:24733/" "Mozilla/5.0 (Windows NT 10.0; Win64; x64) AppleWebKit/537.36 (KHTML, like Gecko) Chrome/141.0.0.0 Safari/537.36 Edg/141.0.0.0"
64.226.65.160 - - [28/Oct/2025:00:12:09 +0800] "GET / HTTP/1.1" 200 2943 "-" "Mozilla/5.0 (Linux; Android 6.0; HTC One M9 Build/MRA665476) AppleWebKit/537.36 (KHTML, like Gecko) Chrome/52.0.1737.98 Mobile Safari/537.3"
64.226.65.160 - - [28/Oct/2025:00:12:10 +0800] "POST /graphql HTTP/1.1" 404 146 "-" "Mozilla/5.0 (l9scan/2.0.0393e2835313e2634313e2330313; +https://leakix.net)"
38.175.108.107 - - [28/Oct/2025:00:12:13 +0800] "GET / HTTP/1.1" 304 0 "http://103.146.158.90:24733/" "Mozilla/5.0 (Windows NT 10.0; Win64; x64) AppleWebKit/537.36 (KHTML, like Gecko) Chrome/141.0.0.0 Safari/537.36 Edg/141.0.0.0"
64.226.65.160 - - [28/Oct/2025:00:12:13 +0800] "POST /api HTTP/1.1" 499 0 "-" "Mozilla/5.0 (l9scan/2.0.0393e2835313e2634313e2330313; +https://leakix.net)"
64.226.65.160 - - [28/Oct/2025:00:12:16 +0800] "POST /api/graphql HTTP/1.1" 499 0 "-" "Mozilla/5.0 (l9scan/2.0.0393e2835313e2634313e2330313; +https://leakix.net)"
64.226.65.160 - - [28/Oct/2025:00:12:17 +0800] "POST /graphql/api HTTP/1.1" 404 146 "-" "Mozilla/5.0 (l9scan/2.0.0393e2835313e2634313e2330313; +https://leakix.net)"
64.226.65.160 - - [28/Oct/2025:00:12:19 +0800] "POST /api/gql HTTP/1.1" 499 0 "-" "Mozilla/5.0 (l9scan/2.0.0393e2835313e2634313e2330313; +https://leakix.net)"
64.226.65.160 - - [28/Oct/2025:00:12:20 +0800] "GET /swagger-ui.html HTTP/1.1" 404 146 "-" "Mozilla/5.0 (l9scan/2.0.0393e2835313e2634313e2330313; +https://leakix.net)"
139.59.132.8 - - [28/Oct/2025:00:12:20 +0800] "GET / HTTP/1.1" 200 2943 "-" "Mozilla/5.0 (Linux; Android 6.0; HTC One M9 Build/MRA665476) AppleWebKit/537.36 (KHTML, like Gecko) Chrome/52.0.1737.98 Mobile Safari/537.3"
64.226.65.160 - - [28/Oct/2025:00:12:20 +0800] "GET /swagger/index.html HTTP/1.1" 404 146 "-" "Mozilla/5.0 (l9scan/2.0.0393e2835313e2634313e2330313; +https://leakix.net)"
64.226.65.160 - - [28/Oct/2025:00:12:21 +0800] "GET /swagger/swagger-ui.html HTTP/1.1" 404 146 "-" "Mozilla/5.0 (l9scan/2.0.0393e2835313e2634313e2330313; +https://leakix.net)"
139.59.132.8 - - [28/Oct/2025:00:12:22 +0800] "POST /graphql HTTP/1.1" 404 146 "-" "Mozilla/5.0 (l9scan/2.0.0393e2835313e2634313e2330313; +https://leakix.net)"
64.226.65.160 - - [28/Oct/2025:00:12:22 +0800] "GET /webjars/swagger-ui/index.html HTTP/1.1" 404 146 "-" "Mozilla/5.0 (l9scan/2.0.0393e2835313e2634313e2330313; +https://leakix.net)"
149.112.117.32 - - [28/Oct/2025:00:12:22 +0800] "GET / HTTP/1.1" 304 0 "-" "Mozilla/5.0 (Windows NT 10.0; Win64; x64) AppleWebKit/537.36 (KHTML, like Gecko) Chrome/141.0.0.0 Safari/537.36 Edg/141.0.0.0"
64.226.65.160 - - [28/Oct/2025:00:12:22 +0800] "GET /swagger.json HTTP/1.1" 404 146 "-" "Mozilla/5.0 (l9scan/2.0.0393e2835313e2634313e2330313; +https://leakix.net)"
64.226.65.160 - - [28/Oct/2025:00:12:23 +0800] "GET /swagger/v1/swagger.json HTTP/1.1" 404 146 "-" "Mozilla/5.0 (l9scan/2.0.0393e2835313e2634313e2330313; +https://leakix.net)"
64.226.65.160 - - [28/Oct/2025:00:12:24 +0800] "GET /v2/api-docs HTTP/1.1" 404 146 "-" "Mozilla/5.0 (l9scan/2.0.0393e2835313e2634313e2330313; +https://leakix.net)"
64.226.65.160 - - [28/Oct/2025:00:12:24 +0800] "GET /v3/api-docs HTTP/1.1" 404 146 "-" "Mozilla/5.0 (l9scan/2.0.0393e2835313e2634313e2330313; +https://leakix.net)"
139.59.132.8 - - [28/Oct/2025:00:12:25 +0800] "POST /api HTTP/1.1" 499 0 "-" "Mozilla/5.0 (l9scan/2.0.0393e2835313e2634313e2330313; +https://leakix.net)"
64.226.65.160 - - [28/Oct/2025:00:12:26 +0800] "GET /api-docs/swagger.json HTTP/1.1" 502 150 "-" "Mozilla/5.0 (l9scan/2.0.0393e2835313e2634313e2330313; +https://leakix.net)"
64.226.65.160 - - [28/Oct/2025:00:12:26 +0800] "GET /api/swagger.json HTTP/1.1" 502 150 "-" "Mozilla/5.0 (l9scan/2.0.0393e2835313e2634313e2330313; +https://leakix.net)"
64.226.65.160 - - [28/Oct/2025:00:12:27 +0800] "GET /@vite/env HTTP/1.1" 404 146 "-" "Go-http-client/1.1"
64.226.65.160 - - [28/Oct/2025:00:12:28 +0800] "GET /actuator/env HTTP/1.1" 404 146 "-" "Go-http-client/1.1"
139.59.132.8 - - [28/Oct/2025:00:12:28 +0800] "POST /api/graphql HTTP/1.1" 499 0 "-" "Mozilla/5.0 (l9scan/2.0.0393e2835313e2634313e2330313; +https://leakix.net)"
64.226.65.160 - - [28/Oct/2025:00:12:28 +0800] "GET /server HTTP/1.1" 404 146 "-" "Go-http-client/1.1"
139.59.132.8 - - [28/Oct/2025:00:12:29 +0800] "POST /graphql/api HTTP/1.1" 404 146 "-" "Mozilla/5.0 (l9scan/2.0.0393e2835313e2634313e2330313; +https://leakix.net)"
64.226.65.160 - - [28/Oct/2025:00:12:29 +0800] "GET /.vscode/sftp.json HTTP/1.1" 404 146 "-" "Go-http-client/1.1"
64.226.65.160 - - [28/Oct/2025:00:12:29 +0800] "GET /about HTTP/1.1" 404 146 "-" "Go-http-client/1.1"
64.226.65.160 - - [28/Oct/2025:00:12:30 +0800] "GET /debug/default/view?panel=config HTTP/1.1" 404 146 "-" "Go-http-client/1.1"
139.59.132.8 - - [28/Oct/2025:00:12:30 +0800] "POST /api/gql HTTP/1.1" 502 150 "-" "Mozilla/5.0 (l9scan/2.0.0393e2835313e2634313e2330313; +https://leakix.net)"
64.226.65.160 - - [28/Oct/2025:00:12:30 +0800] "GET /v2/_catalog HTTP/1.1" 404 146 "-" "Go-http-client/1.1"
139.59.132.8 - - [28/Oct/2025:00:12:31 +0800] "GET /swagger-ui.html HTTP/1.1" 404 146 "-" "Mozilla/5.0 (l9scan/2.0.0393e2835313e2634313e2330313; +https://leakix.net)"
64.226.65.160 - - [28/Oct/2025:00:12:31 +0800] "GET /ecp/Current/exporttool/microsoft.exchange.ediscovery.exporttool.application HTTP/1.1" 404 146 "-" "Go-http-client/1.1"
64.226.65.160 - - [28/Oct/2025:00:12:31 +0800] "GET /server-status HTTP/1.1" 404 146 "-" "Go-http-client/1.1"
139.59.132.8 - - [28/Oct/2025:00:12:32 +0800] "GET /swagger/index.html HTTP/1.1" 404 146 "-" "Mozilla/5.0 (l9scan/2.0.0393e2835313e2634313e2330313; +https://leakix.net)"
64.226.65.160 - - [28/Oct/2025:00:12:32 +0800] "GET /login.action HTTP/1.1" 404 146 "-" "Go-http-client/1.1"
64.226.65.160 - - [28/Oct/2025:00:12:32 +0800] "GET /_all_dbs HTTP/1.1" 404 146 "-" "Mozilla/5.0 (l9scan/2.0.0393e2835313e2634313e2330313; +https://leakix.net)"
139.59.132.8 - - [28/Oct/2025:00:12:32 +0800] "GET /swagger/swagger-ui.html HTTP/1.1" 404 146 "-" "Mozilla/5.0 (l9scan/2.0.0393e2835313e2634313e2330313; +https://leakix.net)"
64.226.65.160 - - [28/Oct/2025:00:12:33 +0800] "GET /.DS_Store HTTP/1.1" 404 146 "-" "Go-http-client/1.1"
64.226.65.160 - - [28/Oct/2025:00:12:33 +0800] "GET /.env HTTP/1.1" 404 146 "-" "Go-http-client/1.1"
64.226.65.160 - - [28/Oct/2025:00:12:33 +0800] "GET /.git/config HTTP/1.1" 404 146 "-" "Go-http-client/1.1"
139.59.132.8 - - [28/Oct/2025:00:12:34 +0800] "GET /webjars/swagger-ui/index.html HTTP/1.1" 404 146 "-" "Mozilla/5.0 (l9scan/2.0.0393e2835313e2634313e2330313; +https://leakix.net)"
64.226.65.160 - - [28/Oct/2025:00:12:34 +0800] "GET /s/0393e2835313e2634313e2330313/_/;/META-INF/maven/com.atlassian.jira/jira-webapp-dist/pom.properties HTTP/1.1" 404 146 "-" "Go-http-client/1.1"
64.226.65.160 - - [28/Oct/2025:00:12:34 +0800] "GET /config.json HTTP/1.1" 404 146 "-" "Go-http-client/1.1"
64.226.65.160 - - [28/Oct/2025:00:12:34 +0800] "GET /telescope/requests HTTP/1.1" 404 146 "-" "Go-http-client/1.1"
139.59.132.8 - - [28/Oct/2025:00:12:34 +0800] "GET /swagger.json HTTP/1.1" 404 146 "-" "Mozilla/5.0 (l9scan/2.0.0393e2835313e2634313e2330313; +https://leakix.net)"
64.226.65.160 - - [28/Oct/2025:00:12:35 +0800] "GET /info.php HTTP/1.1" 404 146 "-" "Go-http-client/1.1"
64.226.65.160 - - [28/Oct/2025:00:12:35 +0800] "GET /?rest_route=/wp/v2/users/ HTTP/1.1" 200 1280 "-" "Go-http-client/1.1"
139.59.132.8 - - [28/Oct/2025:00:12:35 +0800] "GET /swagger/v1/swagger.json HTTP/1.1" 404 146 "-" "Mozilla/5.0 (l9scan/2.0.0393e2835313e2634313e2330313; +https://leakix.net)"
139.59.132.8 - - [28/Oct/2025:00:12:36 +0800] "GET /v2/api-docs HTTP/1.1" 404 146 "-" "Mozilla/5.0 (l9scan/2.0.0393e2835313e2634313e2330313; +https://leakix.net)"
139.59.132.8 - - [28/Oct/2025:00:12:37 +0800] "GET /v3/api-docs HTTP/1.1" 404 146 "-" "Mozilla/5.0 (l9scan/2.0.0393e2835313e2634313e2330313; +https://leakix.net)"
139.59.132.8 - - [28/Oct/2025:00:12:38 +0800] "GET /api-docs/swagger.json HTTP/1.1" 502 150 "-" "Mozilla/5.0 (l9scan/2.0.0393e2835313e2634313e2330313; +https://leakix.net)"
139.59.132.8 - - [28/Oct/2025:00:12:39 +0800] "GET /api/swagger.json HTTP/1.1" 502 150 "-" "Mozilla/5.0 (l9scan/2.0.0393e2835313e2634313e2330313; +https://leakix.net)"
139.59.132.8 - - [28/Oct/2025:00:12:40 +0800] "GET /@vite/env HTTP/1.1" 404 146 "-" "Go-http-client/1.1"
192.64.113.146 - - [28/Oct/2025:00:12:41 +0800] "HEAD / HTTP/1.1" 200 0 "-" "Mozilla/5.0 (Windows NT 10.0; Win64; x64) AppleWebKit/537.36 (KHTML, like Gecko) Chrome/121.0.0.0 Safari/537.36"
139.59.132.8 - - [28/Oct/2025:00:12:41 +0800] "GET /actuator/env HTTP/1.1" 404 146 "-" "Go-http-client/1.1"
192.64.113.146 - - [28/Oct/2025:00:12:42 +0800] "GET / HTTP/1.1" 200 1280 "-" "Mozilla/5.0 (Windows NT 10.0; Win64; x64) AppleWebKit/537.36 (KHTML, like Gecko) Chrome/122.0.0.0 Safari/537.36 Edg/122.0.0.0"
139.59.132.8 - - [28/Oct/2025:00:12:42 +0800] "GET /server HTTP/1.1" 404 146 "-" "Go-http-client/1.1"
139.59.132.8 - - [28/Oct/2025:00:12:43 +0800] "GET /.vscode/sftp.json HTTP/1.1" 404 146 "-" "Go-http-client/1.1"
139.59.132.8 - - [28/Oct/2025:00:12:44 +0800] "GET /about HTTP/1.1" 404 146 "-" "Go-http-client/1.1"
139.59.132.8 - - [28/Oct/2025:00:12:45 +0800] "GET /debug/default/view?panel=config HTTP/1.1" 404 146 "-" "Go-http-client/1.1"
139.59.132.8 - - [28/Oct/2025:00:12:45 +0800] "GET /v2/_catalog HTTP/1.1" 404 146 "-" "Go-http-client/1.1"
139.59.132.8 - - [28/Oct/2025:00:12:46 +0800] "GET /ecp/Current/exporttool/microsoft.exchange.ediscovery.exporttool.application HTTP/1.1" 404 146 "-" "Go-http-client/1.1"
139.59.132.8 - - [28/Oct/2025:00:12:47 +0800] "GET /server-status HTTP/1.1" 404 146 "-" "Go-http-client/1.1"
139.59.132.8 - - [28/Oct/2025:00:12:48 +0800] "GET /login.action HTTP/1.1" 404 146 "-" "Go-http-client/1.1"
139.59.132.8 - - [28/Oct/2025:00:12:49 +0800] "GET /_all_dbs HTTP/1.1" 404 146 "-" "Mozilla/5.0 (l9scan/2.0.0393e2835313e2634313e2330313; +https://leakix.net)"
139.59.132.8 - - [28/Oct/2025:00:12:50 +0800] "GET /.DS_Store HTTP/1.1" 404 146 "-" "Go-http-client/1.1"
216.234.142.54 - - [28/Oct/2025:00:12:50 +0800] "GET / HTTP/2.0" 200 1268 "-" "Mozilla/5.0 (Windows NT 10.0; Win64; x64) AppleWebKit/537.36 (KHTML, like Gecko) Chrome/141.0.0.0 Safari/537.36 Edg/141.0.0.0"
139.59.132.8 - - [28/Oct/2025:00:12:50 +0800] "GET /.env HTTP/1.1" 404 146 "-" "Go-http-client/1.1"
216.234.142.54 - - [28/Oct/2025:00:12:51 +0800] "GET /favicon.ico HTTP/2.0" 404 548 "https://payurl.wumingai.com/" "Mozilla/5.0 (Windows NT 10.0; Win64; x64) AppleWebKit/537.36 (KHTML, like Gecko) Chrome/141.0.0.0 Safari/537.36 Edg/141.0.0.0"
139.59.132.8 - - [28/Oct/2025:00:12:51 +0800] "GET /.git/config HTTP/1.1" 404 146 "-" "Go-http-client/1.1"
139.59.132.8 - - [28/Oct/2025:00:12:52 +0800] "GET /s/0393e2835313e2634313e2330313/_/;/META-INF/maven/com.atlassian.jira/jira-webapp-dist/pom.properties HTTP/1.1" 404 146 "-" "Go-http-client/1.1"
104.244.74.39 - - [28/Oct/2025:00:12:52 +0800] "HEAD /.env HTTP/1.1" 404 0 "-" "Python/3.13 aiohttp/3.11.18"
104.244.74.39 - - [28/Oct/2025:00:12:52 +0800] "HEAD /.env.local HTTP/1.1" 404 0 "-" "Python/3.13 aiohttp/3.11.18"
139.59.132.8 - - [28/Oct/2025:00:12:53 +0800] "GET /config.json HTTP/1.1" 404 146 "-" "Go-http-client/1.1"
104.244.74.39 - - [28/Oct/2025:00:12:53 +0800] "HEAD /.env.prod HTTP/1.1" 404 0 "-" "Python/3.13 aiohttp/3.11.18"
104.244.74.39 - - [28/Oct/2025:00:12:53 +0800] "HEAD /.env.dev HTTP/1.1" 404 0 "-" "Python/3.13 aiohttp/3.11.18"
139.59.132.8 - - [28/Oct/2025:00:12:53 +0800] "GET /telescope/requests HTTP/1.1" 404 146 "-" "Go-http-client/1.1"
139.59.132.8 - - [28/Oct/2025:00:12:54 +0800] "GET /info.php HTTP/1.1" 404 146 "-" "Go-http-client/1.1"
139.59.132.8 - - [28/Oct/2025:00:12:55 +0800] "GET /?rest_route=/wp/v2/users/ HTTP/1.1" 200 1280 "-" "Go-http-client/1.1"
3.235.254.79 - - [28/Oct/2025:00:12:56 +0800] "HEAD /.git/config HTTP/1.1" 404 0 "-" "Mozilla/5.0 (Windows NT 10.0; Win64; x64) AppleWebKit/537.36"
152.39.149.59 - - [28/Oct/2025:00:13:28 +0800] "GET / HTTP/2.0" 200 1268 "-" "Mozilla/5.0 (iPhone; CPU iPhone OS 18_5 like Mac OS X) AppleWebKit/605.1.15 (KHTML, like Gecko) CriOS/138.0.7204.156 Mobile/15E148 Safari/604.1"
104.168.71.247 - - [28/Oct/2025:00:13:28 +0800] "GET / HTTP/2.0" 200 1268 "-" "Mozilla/5.0 (iPhone; CPU iPhone OS 18_5 like Mac OS X) AppleWebKit/605.1.15 (KHTML, like Gecko) CriOS/138.0.7204.156 Mobile/15E148 Safari/604.1"
152.39.149.59 - - [28/Oct/2025:00:13:29 +0800] "GET /favicon.ico HTTP/2.0" 404 146 "https://payurl.wumingai.com/" "Mozilla/5.0 (iPhone; CPU iPhone OS 18_5 like Mac OS X) AppleWebKit/605.1.15 (KHTML, like Gecko) CriOS/138.0.7204.156 Mobile/15E148 Safari/604.1"
104.168.71.247 - - [28/Oct/2025:00:13:29 +0800] "GET /favicon.ico HTTP/2.0" 404 146 "https://payurl.wumingai.com/" "Mozilla/5.0 (iPhone; CPU iPhone OS 18_5 like Mac OS X) AppleWebKit/605.1.15 (KHTML, like Gecko) CriOS/138.0.7204.156 Mobile/15E148 Safari/604.1"
149.112.117.32 - - [28/Oct/2025:00:13:37 +0800] "POST /api/backend-api/payments/checkout HTTP/2.0" 502 552 "https://payurl.wumingai.com/" "Mozilla/5.0 (Windows NT 10.0; Win64; x64) AppleWebKit/537.36 (KHTML, like Gecko) Chrome/141.0.0.0 Safari/537.36 Edg/141.0.0.0"
195.211.77.140 - - [28/Oct/2025:00:14:26 +0800] "HEAD / HTTP/1.1" 200 0 "-" "Mozilla/5.0 (Windows NT 10.0; Win64; x64) AppleWebKit/537.36 (KHTML, like Gecko) Chrome/108.0.0.0 Safari/537.36"
103.4.250.162 - - [28/Oct/2025:00:14:39 +0800] "GET / HTTP/1.1" 200 1280 "-" "Mozilla/5.0 (Windows NT 10.0; Win64; x64) AppleWebKit/537.36 (KHTML, like Gecko) Chrome/117.0.0.0 Safari/537.36"
154.28.229.71 - - [28/Oct/2025:00:14:42 +0800] "GET / HTTP/1.1" 200 1280 "-" "Mozilla/5.0 (Macintosh; Intel Mac OS X 10_15_7) AppleWebKit/537.36 (KHTML, like Gecko) Chrome/117.0.0.0 Safari/537.36"
195.211.77.142 - - [28/Oct/2025:00:14:42 +0800] "GET / HTTP/1.1" 200 1280 "-" "Mozilla/5.0 (Windows NT 10.0; Win64; x64) AppleWebKit/537.36 (KHTML, like Gecko) Chrome/108.0.0.0 Safari/537.36"
154.28.229.71 - - [28/Oct/2025:00:14:46 +0800] "GET / HTTP/1.1" 200 1280 "-" "Mozilla/5.0 (Windows NT 10.0; Win64; x64) AppleWebKit/537.36 (KHTML, like Gecko) Chrome/117.0.0.0 Safari/537.36"
154.28.229.71 - - [28/Oct/2025:00:14:50 +0800] "GET /api/backend-api/payments/checkout HTTP/1.1" 502 552 "-" "Mozilla/5.0 (Windows NT 10.0; Win64; x64) AppleWebKit/537.36 (KHTML, like Gecko) Chrome/117.0.0.0 Safari/537.36"
104.244.74.39 - - [28/Oct/2025:00:15:01 +0800] "HEAD /.env HTTP/1.1" 404 0 "-" "Python/3.13 aiohttp/3.11.18"
104.244.74.39 - - [28/Oct/2025:00:15:01 +0800] "HEAD /.env.local HTTP/1.1" 404 0 "-" "Python/3.13 aiohttp/3.11.18"
104.244.74.39 - - [28/Oct/2025:00:15:02 +0800] "HEAD /.env.prod HTTP/1.1" 404 0 "-" "Python/3.13 aiohttp/3.11.18"
104.244.74.39 - - [28/Oct/2025:00:15:02 +0800] "HEAD /.env.dev HTTP/1.1" 404 0 "-" "Python/3.13 aiohttp/3.11.18"
174.136.206.10 - - [28/Oct/2025:00:15:08 +0800] "GET / HTTP/2.0" 200 1249 "-" "Mozilla/5.0 (Windows NT 10.0; Win64; x64) AppleWebKit/537.36 (KHTML, like Gecko) Chrome/141.0.0.0 Safari/537.36 Edg/141.0.0.0"
174.136.206.10 - - [28/Oct/2025:00:15:13 +0800] "POST /api/backend-api/payments/checkout HTTP/2.0" 502 552 "https://payurl.wumingai.com/" "Mozilla/5.0 (Windows NT 10.0; Win64; x64) AppleWebKit/537.36 (KHTML, like Gecko) Chrome/141.0.0.0 Safari/537.36 Edg/141.0.0.0"
38.175.108.107 - - [28/Oct/2025:00:16:30 +0800] "GET / HTTP/2.0" 200 1258 "-" "Mozilla/5.0 (Windows NT 10.0; Win64; x64) AppleWebKit/537.36 (KHTML, like Gecko) Chrome/141.0.0.0 Safari/537.36 Edg/141.0.0.0"
128.90.172.241 - - [28/Oct/2025:00:16:38 +0800] "GET / HTTP/2.0" 200 1258 "-" "Mozilla/5.0 (Linux; arm_64; Android 14; TECNO LH7n) AppleWebKit/537.36 (KHTML, like Gecko) Chrome/138.0.7204.105 YaBrowser/25.8.5.105.00 SA/3 Mobile Safari/537.36"
84.17.57.120 - - [28/Oct/2025:00:16:39 +0800] "GET / HTTP/2.0" 200 1258 "-" "Mozilla/5.0 (Linux; Android 10; K) AppleWebKit/537.36 (KHTML, like Gecko) Chrome/138.0.0.0 Mobile Safari/537.36"
38.175.108.107 - - [28/Oct/2025:00:17:33 +0800] "POST /api/backend-api/payments/checkout HTTP/2.0" 504 562 "https://payurl.wumingai.com/" "Mozilla/5.0 (Windows NT 10.0; Win64; x64) AppleWebKit/537.36 (KHTML, like Gecko) Chrome/141.0.0.0 Safari/537.36 Edg/141.0.0.0"
84.17.57.120 - - [28/Oct/2025:00:18:29 +0800] "GET /favicon.ico HTTP/2.0" 404 548 "-" "Mozilla/5.0 (Linux; Android 10; K) AppleWebKit/537.36 (KHTML, like Gecko) Chrome/138.0.0.0 Mobile Safari/537.36"
51.81.46.212 - - [28/Oct/2025:00:21:06 +0800] "GET / HTTP/1.1" 200 2948 "-" "-"
37.29.193.74 - - [28/Oct/2025:00:21:55 +0800] "GET /.env HTTP/1.1" 404 548 "-" "Mozilla/5.0 (X11; Linux x86_64) AppleWebKit/537.36 (KHTML, like Gecko) Chrome/81.0.4044.129 Safari/537.36"
37.29.193.74 - - [28/Oct/2025:00:21:56 +0800] "POST / HTTP/1.1" 405 552 "-" "Mozilla/5.0 (X11; Linux x86_64) AppleWebKit/537.36 (KHTML, like Gecko) Chrome/81.0.4044.129 Safari/537.36"
149.112.117.32 - - [28/Oct/2025:00:23:09 +0800] "GET / HTTP/2.0" 304 0 "-" "Mozilla/5.0 (Windows NT 10.0; Win64; x64) AppleWebKit/537.36 (KHTML, like Gecko) Chrome/141.0.0.0 Safari/537.36 Edg/141.0.0.0"
54.172.155.227 - - [28/Oct/2025:00:24:12 +0800] "GET / HTTP/2.0" 200 1258 "-" "Mozilla/5.0 (Windows NT 10.0; Win64; x64) AppleWebKit/537.36 (KHTML, like Gecko) Chrome/130.0.0.0 Safari/537.36"
54.172.155.227 - - [28/Oct/2025:00:24:12 +0800] "GET /favicon.ico HTTP/2.0" 404 548 "https://payurl.wumingai.com/" "Mozilla/5.0 (Windows NT 10.0; Win64; x64) AppleWebKit/537.36 (KHTML, like Gecko) Chrome/130.0.0.0 Safari/537.36"
149.112.117.32 - - [28/Oct/2025:00:24:12 +0800] "POST /api/backend-api/payments/checkout HTTP/2.0" 502 552 "https://payurl.wumingai.com/" "Mozilla/5.0 (Windows NT 10.0; Win64; x64) AppleWebKit/537.36 (KHTML, like Gecko) Chrome/141.0.0.0 Safari/537.36 Edg/141.0.0.0"
54.172.155.227 - - [28/Oct/2025:00:24:25 +0800] "GET /favicon.ico HTTP/2.0" 404 548 "-" "Mozilla/5.0 (Windows NT 10.0; Win64; x64) AppleWebKit/537.36 (KHTML, like Gecko) Chrome/130.0.0.0 Safari/537.36"
91.231.89.34 - - [28/Oct/2025:00:26:41 +0800] "GET / HTTP/1.1" 200 2948 "-" "Mozilla/5.0 (X11; Ubuntu; Linux x86_64; rv:134.0) Gecko/20100101 Firefox/134.0"
216.234.142.54 - - [28/Oct/2025:00:30:40 +0800] "GET / HTTP/2.0" 304 0 "-" "Mozilla/5.0 (Windows NT 10.0; Win64; x64) AppleWebKit/537.36 (KHTML, like Gecko) Chrome/141.0.0.0 Safari/537.36 Edg/141.0.0.0"
216.234.142.54 - - [28/Oct/2025:00:31:46 +0800] "POST /api/backend-api/payments/checkout HTTP/2.0" 502 552 "https://payurl.wumingai.com/" "Mozilla/5.0 (Windows NT 10.0; Win64; x64) AppleWebKit/537.36 (KHTML, like Gecko) Chrome/141.0.0.0 Safari/537.36 Edg/141.0.0.0"
149.112.117.32 - - [28/Oct/2025:00:32:56 +0800] "GET / HTTP/2.0" 304 0 "-" "Mozilla/5.0 (Windows NT 10.0; Win64; x64) AppleWebKit/537.36 (KHTML, like Gecko) Chrome/141.0.0.0 Safari/537.36 Edg/141.0.0.0"
91.196.152.86 - - [28/Oct/2025:00:33:34 +0800] "GET /favicon.ico HTTP/1.1" 404 146 "-" "Mozilla/5.0 (X11; Ubuntu; Linux x86_64; rv:134.0) Gecko/20100101 Firefox/134.0"
149.112.117.32 - - [28/Oct/2025:00:34:07 +0800] "POST /api/backend-api/payments/checkout HTTP/2.0" 502 552 "https://payurl.wumingai.com/" "Mozilla/5.0 (Windows NT 10.0; Win64; x64) AppleWebKit/537.36 (KHTML, like Gecko) Chrome/141.0.0.0 Safari/537.36 Edg/141.0.0.0"
37.29.193.74 - - [28/Oct/2025:00:40:07 +0800] "GET /.env HTTP/1.1" 404 548 "-" "Mozilla/5.0 (X11; Linux x86_64) AppleWebKit/537.36 (KHTML, like Gecko) Chrome/81.0.4044.129 Safari/537.36"
37.29.193.74 - - [28/Oct/2025:00:40:08 +0800] "POST / HTTP/1.1" 405 552 "-" "Mozilla/5.0 (X11; Linux x86_64) AppleWebKit/537.36 (KHTML, like Gecko) Chrome/81.0.4044.129 Safari/537.36"
52.42.127.138 - - [28/Oct/2025:00:55:21 +0800] "GET / HTTP/1.1" 200 1270 "-" "Mozilla/5.0 (Windows NT 10.0; Win64; x64) AppleWebKit/537.36 (KHTML, like Gecko) Chrome/70.0.3538.102 Safari/537.36 Edge/18.19582"
52.42.127.138 - - [28/Oct/2025:00:55:21 +0800] "GET / HTTP/1.1" 200 1270 "-" "Mozilla/5.0 (iPhone; CPU iPhone OS 14_4 like Mac OS X) AppleWebKit/605.1.15 (KHTML, like Gecko) Version/15.4 Mobile/15E148 Safari/604.1"
192.175.111.244 - - [28/Oct/2025:01:02:45 +0800] "GET / HTTP/1.1" 200 2948 "-" "Mozilla/5.0 (Windows NT 10.0; Win64; x64) AppleWebKit/537.36 (KHTML, like Gecko) Chrome/141.0.0.0 Safari/537.36"
192.175.111.231 - - [28/Oct/2025:01:02:47 +0800] "GET / HTTP/1.1" 200 2948 "-" "Mozilla/5.0 (Windows NT 10.0; Win64; x64) AppleWebKit/537.36 (KHTML, like Gecko) Chrome/141.0.0.0 Safari/537.36"
64.15.129.104 - - [28/Oct/2025:01:02:47 +0800] "GET /favicon.ico HTTP/1.1" 404 548 "-" "Mozilla/5.0 (Windows NT 10.0; Win64; x64) AppleWebKit/537.36 (KHTML, like Gecko) Chrome/141.0.0.0 Safari/537.36"
64.15.129.108 - - [28/Oct/2025:01:03:03 +0800] "GET / HTTP/1.1" 200 2948 "-" "Mozilla/5.0 (Windows NT 10.0; Win64; x64) AppleWebKit/537.36 (KHTML, like Gecko) Chrome/141.0.0.0 Safari/537.36"
64.15.129.108 - - [28/Oct/2025:01:03:03 +0800] "GET / HTTP/2.0" 200 2948 "-" "Mozilla/5.0 (Windows NT 10.0; Win64; x64) AppleWebKit/537.36 (KHTML, like Gecko) Chrome/141.0.0.0 Safari/537.36"
192.175.111.231 - - [28/Oct/2025:01:03:04 +0800] "GET / HTTP/1.1" 200 2948 "-" "Mozilla/5.0 (Windows NT 10.0; Win64; x64) AppleWebKit/537.36 (KHTML, like Gecko) Chrome/141.0.0.0 Safari/537.36"
35.89.248.228 - - [28/Oct/2025:01:11:24 +0800] "GET / HTTP/2.0" 200 1258 "-" "Mozilla/5.0 (Windows NT 10.0; Win64; x64) AppleWebKit/537.36 (KHTML, like Gecko) Chrome/70.0.3538.102 Safari/537.36 Edge/18.19582"
35.89.248.228 - - [28/Oct/2025:01:11:24 +0800] "GET /favicon.ico HTTP/2.0" 404 548 "https://payurl.wumingai.com/" "Mozilla/5.0 (Windows NT 10.0; Win64; x64) AppleWebKit/537.36 (KHTML, like Gecko) Chrome/70.0.3538.102 Safari/537.36 Edge/18.19582"
35.89.248.228 - - [28/Oct/2025:01:11:28 +0800] "GET / HTTP/2.0" 200 1258 "-" "Mozilla/5.0 (iPhone; CPU iPhone OS 14_6 like Mac OS X) AppleWebKit/605.1.15 (KHTML, like Gecko) Version/14.0.3 Mobile/15E148 Safari/604.1"
35.89.248.228 - - [28/Oct/2025:01:11:28 +0800] "GET /favicon.ico HTTP/2.0" 404 146 "https://payurl.wumingai.com/" "Mozilla/5.0 (iPhone; CPU iPhone OS 14_6 like Mac OS X) AppleWebKit/605.1.15 (KHTML, like Gecko) Version/14.0.3 Mobile/15E148 Safari/604.1"
104.164.173.97 - - [28/Oct/2025:01:19:42 +0800] "GET / HTTP/1.1" 200 1270 "-" "Mozilla/5.0 (X11; Linux x86_64) AppleWebKit/537.36 (KHTML, like Gecko) Chrome/116.0.0.0 Safari/537.36"
103.196.9.158 - - [28/Oct/2025:01:19:47 +0800] "GET / HTTP/1.1" 200 1270 "-" "Mozilla/5.0 (Windows NT 10.0; Win64; x64) AppleWebKit/537.36 (KHTML, like Gecko) Chrome/116.0.0.0 Safari/537.36"
104.164.173.97 - - [28/Oct/2025:01:20:01 +0800] "GET / HTTP/1.1" 200 1270 "-" "Mozilla/5.0 (Macintosh; Intel Mac OS X 10_15_7) AppleWebKit/537.36 (KHTML, like Gecko) Chrome/117.0.0.0 Safari/537.36"
37.29.193.74 - - [28/Oct/2025:01:27:56 +0800] "GET /.env HTTP/1.1" 404 548 "-" "Mozilla/5.0 (X11; Linux x86_64) AppleWebKit/537.36 (KHTML, like Gecko) Chrome/81.0.4044.129 Safari/537.36"
37.29.193.74 - - [28/Oct/2025:01:27:57 +0800] "GET /.env.backup HTTP/1.1" 404 548 "-" "Mozilla/5.0 (X11; Linux x86_64) AppleWebKit/537.36 (KHTML, like Gecko) Chrome/81.0.4044.129 Safari/537.36"
37.29.193.74 - - [28/Oct/2025:01:27:57 +0800] "GET /.env.local HTTP/1.1" 404 548 "-" "Mozilla/5.0 (X11; Linux x86_64) AppleWebKit/537.36 (KHTML, like Gecko) Chrome/81.0.4044.129 Safari/537.36"
37.29.193.74 - - [28/Oct/2025:01:27:58 +0800] "GET /.env.production HTTP/1.1" 404 548 "-" "Mozilla/5.0 (X11; Linux x86_64) AppleWebKit/537.36 (KHTML, like Gecko) Chrome/81.0.4044.129 Safari/537.36"
37.29.193.74 - - [28/Oct/2025:01:27:58 +0800] "GET /.env.dev HTTP/1.1" 404 548 "-" "Mozilla/5.0 (X11; Linux x86_64) AppleWebKit/537.36 (KHTML, like Gecko) Chrome/81.0.4044.129 Safari/537.36"
37.29.193.74 - - [28/Oct/2025:01:27:59 +0800] "GET /config/.env HTTP/1.1" 404 548 "-" "Mozilla/5.0 (X11; Linux x86_64) AppleWebKit/537.36 (KHTML, like Gecko) Chrome/81.0.4044.129 Safari/537.36"
37.29.193.74 - - [28/Oct/2025:01:28:05 +0800] "GET /app/.env HTTP/1.1" 404 548 "-" "Mozilla/5.0 (X11; Linux x86_64) AppleWebKit/537.36 (KHTML, like Gecko) Chrome/81.0.4044.129 Safari/537.36"
37.29.193.74 - - [28/Oct/2025:01:28:05 +0800] "GET /debug HTTP/1.1" 404 548 "-" "Mozilla/5.0 (X11; Linux x86_64) AppleWebKit/537.36 (KHTML, like Gecko) Chrome/81.0.4044.129 Safari/537.36"
37.29.193.74 - - [28/Oct/2025:01:28:06 +0800] "GET /_debug HTTP/1.1" 404 548 "-" "Mozilla/5.0 (X11; Linux x86_64) AppleWebKit/537.36 (KHTML, like Gecko) Chrome/81.0.4044.129 Safari/537.36"
37.29.193.74 - - [28/Oct/2025:01:28:08 +0800] "GET /phpinfo.php HTTP/1.1" 404 548 "-" "Mozilla/5.0 (X11; Linux x86_64) AppleWebKit/537.36 (KHTML, like Gecko) Chrome/81.0.4044.129 Safari/537.36"
37.29.193.74 - - [28/Oct/2025:01:28:08 +0800] "GET /test HTTP/1.1" 404 548 "-" "Mozilla/5.0 (X11; Linux x86_64) AppleWebKit/537.36 (KHTML, like Gecko) Chrome/81.0.4044.129 Safari/537.36"
37.29.193.74 - - [28/Oct/2025:01:28:09 +0800] "GET /api/test HTTP/1.1" 502 552 "-" "Mozilla/5.0 (X11; Linux x86_64) AppleWebKit/537.36 (KHTML, like Gecko) Chrome/81.0.4044.129 Safari/537.36"
37.29.193.74 - - [28/Oct/2025:01:28:10 +0800] "POST / HTTP/1.1" 405 552 "-" "Mozilla/5.0 (X11; Linux x86_64) AppleWebKit/537.36 (KHTML, like Gecko) Chrome/81.0.4044.129 Safari/537.36"
37.29.193.74 - - [28/Oct/2025:01:28:59 +0800] "GET /api/.env HTTP/1.1" 499 0 "-" "Mozilla/5.0 (X11; Linux x86_64) AppleWebKit/537.36 (KHTML, like Gecko) Chrome/81.0.4044.129 Safari/537.36"
149.57.180.64 - - [28/Oct/2025:01:29:00 +0800] "GET / HTTP/1.1" 200 1270 "-" "Mozilla/5.0 (X11; Linux i686; rv:109.0) Gecko/20100101 Firefox/120.0"
51.254.204.161 - - [28/Oct/2025:02:13:10 +0800] "GET / HTTP/1.1" 200 1270 "-" "Mozilla/5.0"
91.84.86.2 - - [28/Oct/2025:02:21:18 +0800] "GET / HTTP/2.0" 200 1258 "-" "Mozilla/5.0 (Linux; Android 6.0; Nexus 5 Build/MRA58N) AppleWebKit/537.36 (KHTML, like Gecko) Chrome/130.0.0.0 Mobile Safari/537.36"
18.235.94.119 - - [28/Oct/2025:02:46:18 +0800] "GET / HTTP/1.1" 200 1270 "-" "Mozilla/5.0 (X11; Linux x86_64) AppleWebKit/537.36 (KHTML, like Gecko) Chrome/134.0.0.0 Safari/537.36"
149.57.180.185 - - [28/Oct/2025:02:55:22 +0800] "GET / HTTP/2.0" 200 1258 "-" "Mozilla/5.0 (Windows NT 10.0; Win64; x64) AppleWebKit/537.36 (KHTML, like Gecko) Chrome/119.0.0.0 Safari/537.36"
51.254.204.161 - - [28/Oct/2025:03:15:39 +0800] "GET / HTTP/1.1" 200 1270 "-" "Mozilla/5.0"
136.60.248.40 - - [28/Oct/2025:04:37:34 +0800] "GET / HTTP/2.0" 200 1258 "-" "Mozilla/5.0 (iPhone; CPU iPhone OS 18_0_1 like Mac OS X) AppleWebKit/605.1.15 (KHTML, like Gecko) Mobile/15E148 YaBrowser/25.8.5.527.10 YaApp_iOS/2508.5 YaApp_iOS_Browser/2508.5 Safari/604.1 SA/3"
84.17.57.120 - - [28/Oct/2025:04:37:37 +0800] "GET / HTTP/2.0" 200 1258 "-" "Mozilla/5.0 (iPhone; CPU iPhone OS 18_0_1 like Mac OS X) AppleWebKit/605.1.15 (KHTML, like Gecko) Mobile/15E148 YaBrowser/25.8.5.527.10 YaApp_iOS/2508.5 YaApp_iOS_Browser/2508.5 Safari/604.1 SA/3"
84.17.57.120 - - [28/Oct/2025:04:40:10 +0800] "GET /favicon.ico HTTP/2.0" 404 146 "-" "Mozilla/5.0 (iPhone; CPU iPhone OS 18_0_1 like Mac OS X) AppleWebKit/605.1.15 (KHTML, like Gecko) Mobile/15E148 YaBrowser/25.8.5.527.10 YaApp_iOS/2508.5 YaApp_iOS_Browser/2508.5 Safari/604.1 SA/3"
91.84.86.2 - - [28/Oct/2025:05:04:04 +0800] "GET / HTTP/2.0" 200 1258 "-" "Mozilla/5.0 (Linux; Android 6.0; Nexus 5 Build/MRA58N) AppleWebKit/537.36 (KHTML, like Gecko) Chrome/130.0.0.0 Mobile Safari/537.36"
4.227.36.19 - - [28/Oct/2025:05:14:24 +0800] "GET /robots.txt HTTP/2.0" 404 548 "-" "Mozilla/5.0 (Macintosh; Intel Mac OS X 10_15_7) AppleWebKit/537.36 (KHTML, like Gecko) Chrome/131.0.0.0 Safari/537.36; compatible; OAI-SearchBot/1.0; robots.txt; +https://openai.com/searchbot"
20.171.207.22 - - [28/Oct/2025:05:14:25 +0800] "GET / HTTP/2.0" 200 1258 "-" "Mozilla/5.0 AppleWebKit/537.36 (KHTML, like Gecko; compatible; GPTBot/1.2; +https://openai.com/gptbot)"
149.57.180.39 - - [28/Oct/2025:06:03:03 +0800] "GET / HTTP/1.1" 200 1270 "-" "Mozilla/5.0 (X11; Linux i686; rv:109.0) Gecko/20100101 Firefox/120.0"
23.234.70.179 - - [28/Oct/2025:08:44:09 +0800] "GET / HTTP/1.1" 200 1270 "-" "Mozilla/5.0 (Windows NT 10.0; Win64; x64) AppleWebKit/537.36 (KHTML, like Gecko) Chrome/137.0.0.0 Safari/537.36"
23.234.70.179 - - [28/Oct/2025:08:44:10 +0800] "GET /favicon.ico HTTP/1.1" 404 548 "-" "Mozilla/5.0 (Windows NT 10.0; Win64; x64) AppleWebKit/537.36 (KHTML, like Gecko) Chrome/137.0.0.0 Safari/537.36"
35.247.158.104 - - [28/Oct/2025:09:44:52 +0800] "GET / HTTP/1.1" 200 1270 "-" "Mozilla/5.0 (Linux; Android 5.1.1; SM-J111F)"
35.247.158.104 - - [28/Oct/2025:09:44:52 +0800] "GET /wordpress/ HTTP/1.1" 404 146 "-" "Mozilla/5.0 (Linux; Android 5.1.1; SM-J111F)"
3.235.254.79 - - [28/Oct/2025:10:47:55 +0800] "HEAD /.git/config HTTP/1.1" 404 0 "-" "Mozilla/5.0 (Windows NT 10.0; Win64; x64) AppleWebKit/537.36"
3.235.254.79 - - [28/Oct/2025:10:47:56 +0800] "HEAD /.git/config HTTP/1.1" 404 0 "-" "Mozilla/5.0 (Windows NT 10.0; Win64; x64) AppleWebKit/537.36"
3.235.254.79 - - [28/Oct/2025:10:51:47 +0800] "HEAD /.git/config HTTP/1.1" 404 0 "-" "Mozilla/5.0 (Windows NT 10.0; Win64; x64) AppleWebKit/537.36"
37.29.193.74 - - [28/Oct/2025:11:02:53 +0800] "GET /.env HTTP/1.1" 404 548 "-" "Mozilla/5.0 (X11; Linux x86_64) AppleWebKit/537.36 (KHTML, like Gecko) Chrome/81.0.4044.129 Safari/537.36"
37.29.193.74 - - [28/Oct/2025:11:02:53 +0800] "POST / HTTP/1.1" 405 552 "-" "Mozilla/5.0 (X11; Linux x86_64) AppleWebKit/537.36 (KHTML, like Gecko) Chrome/81.0.4044.129 Safari/537.36"
13.217.209.78 - - [28/Oct/2025:12:20:31 +0800] "GET /.git/config HTTP/1.1" 404 548 "-" "Mozilla/4.0 (compatible; GoogleToolbar 4.0.1019.5266-big; Windows XP 5.1; MSIE 6.0.2900.2180)"
91.84.86.2 - - [28/Oct/2025:13:11:48 +0800] "GET / HTTP/2.0" 200 1258 "-" "Mozilla/5.0 (Linux; Android 6.0; Nexus 5 Build/MRA58N) AppleWebKit/537.36 (KHTML, like Gecko) Chrome/130.0.0.0 Mobile Safari/537.36"
213.209.157.244 - - [28/Oct/2025:14:53:42 +0800] "GET /.git/config HTTP/1.1" 404 548 "-" "Mozilla/5.0 (X11; Linux x86_64) AppleWebKit/537.36 (KHTML, like Gecko) Chrome/75.0.3770.145 Safari/537.36 Vivaldi/2.6.1566.49"
18.141.225.240 - - [28/Oct/2025:15:56:22 +0800] "GET / HTTP/1.1" 200 1270 "-" "Mozilla/5.0 (Windows NT 10.0; Win64; x64) AppleWebKit/537.36 (KHTML, like Gecko) Chrome/58.0.3029.110 Safari/537.3"
167.71.134.208 - - [28/Oct/2025:16:19:13 +0800] "GET / HTTP/1.1" 200 1270 "-" "Mozilla/5.0 (X11; Linux x86_64) AppleWebKit/537.36 (KHTML, like Gecko) Chrome/139.0.0.0 Safari/537.36"
167.71.134.208 - - [28/Oct/2025:16:19:14 +0800] "GET /favicon.ico HTTP/1.1" 404 548 "http://payurl.wumingai.com/" "Mozilla/5.0 (X11; Linux x86_64) AppleWebKit/537.36 (KHTML, like Gecko) Chrome/139.0.0.0 Safari/537.36"
167.71.134.208 - - [28/Oct/2025:16:19:14 +0800] "GET / HTTP/1.1" 200 1270 "-" "Mozilla/5.0 (X11; Linux x86_64) AppleWebKit/537.36 (KHTML, like Gecko) Chrome/139.0.0.0 Safari/537.36"
167.71.134.208 - - [28/Oct/2025:16:19:19 +0800] "GET /favicon.ico HTTP/1.1" 404 548 "https://payurl.wumingai.com/" "Mozilla/5.0 (X11; Linux x86_64) AppleWebKit/537.36 (KHTML, like Gecko) Chrome/139.0.0.0 Safari/537.36"
162.142.125.125 - - [28/Oct/2025:17:47:50 +0800] "GET / HTTP/1.1" 200 1270 "-" "Mozilla/5.0 (compatible; CensysInspect/1.1; +https://about.censys.io/)"
162.142.125.125 - - [28/Oct/2025:17:48:12 +0800] "GET /favicon.ico HTTP/1.1" 404 146 "-" "Mozilla/5.0 (compatible; CensysInspect/1.1; +https://about.censys.io/)"
167.94.138.175 - - [28/Oct/2025:17:59:49 +0800] "GET / HTTP/1.1" 200 1270 "-" "Mozilla/5.0 (compatible; CensysInspect/1.1; +https://about.censys.io/)"
167.94.138.175 - - [28/Oct/2025:18:00:00 +0800] "GET /favicon.ico HTTP/1.1" 404 146 "-" "Mozilla/5.0 (compatible; CensysInspect/1.1; +https://about.censys.io/)"
143.198.74.253 - - [28/Oct/2025:18:13:16 +0800] "GET / HTTP/1.1" 200 2948 "-" "Mozilla/5.0 (Windows NT 10.0; Win64; x64) AppleWebKit/537.36 (KHTML, like Gecko) Chrome/78.0.3904.108 Safari/537.36"
143.198.74.253 - - [28/Oct/2025:18:13:17 +0800] "GET / HTTP/1.1" 200 2948 "-" "Mozilla/5.0 (Windows NT 10.0; Win64; x64) AppleWebKit/537.36 (KHTML, like Gecko) Chrome/78.0.3904.108 Safari/537.36"
143.198.74.253 - - [28/Oct/2025:18:13:18 +0800] "GET /wp-includes/wlwmanifest.xml HTTP/1.1" 404 548 "-" "Mozilla/5.0 (Windows NT 10.0; Win64; x64) AppleWebKit/537.36 (KHTML, like Gecko) Chrome/78.0.3904.108 Safari/537.36"
143.198.74.253 - - [28/Oct/2025:18:13:18 +0800] "GET /xmlrpc.php?rsd HTTP/1.1" 404 548 "-" "Mozilla/5.0 (Windows NT 10.0; Win64; x64) AppleWebKit/537.36 (KHTML, like Gecko) Chrome/78.0.3904.108 Safari/537.36"
143.198.74.253 - - [28/Oct/2025:18:13:19 +0800] "GET / HTTP/1.1" 200 2948 "-" "Mozilla/5.0 (Windows NT 10.0; Win64; x64) AppleWebKit/537.36 (KHTML, like Gecko) Chrome/78.0.3904.108 Safari/537.36"
143.198.74.253 - - [28/Oct/2025:18:13:19 +0800] "GET /blog/wp-includes/wlwmanifest.xml HTTP/1.1" 404 548 "-" "Mozilla/5.0 (Windows NT 10.0; Win64; x64) AppleWebKit/537.36 (KHTML, like Gecko) Chrome/78.0.3904.108 Safari/537.36"
143.198.74.253 - - [28/Oct/2025:18:13:20 +0800] "GET /web/wp-includes/wlwmanifest.xml HTTP/1.1" 404 548 "-" "Mozilla/5.0 (Windows NT 10.0; Win64; x64) AppleWebKit/537.36 (KHTML, like Gecko) Chrome/78.0.3904.108 Safari/537.36"
143.198.74.253 - - [28/Oct/2025:18:13:21 +0800] "GET /wordpress/wp-includes/wlwmanifest.xml HTTP/1.1" 404 548 "-" "Mozilla/5.0 (Windows NT 10.0; Win64; x64) AppleWebKit/537.36 (KHTML, like Gecko) Chrome/78.0.3904.108 Safari/537.36"
143.198.74.253 - - [28/Oct/2025:18:13:21 +0800] "GET /website/wp-includes/wlwmanifest.xml HTTP/1.1" 404 548 "-" "Mozilla/5.0 (Windows NT 10.0; Win64; x64) AppleWebKit/537.36 (KHTML, like Gecko) Chrome/78.0.3904.108 Safari/537.36"
143.198.74.253 - - [28/Oct/2025:18:13:22 +0800] "GET /wp/wp-includes/wlwmanifest.xml HTTP/1.1" 404 548 "-" "Mozilla/5.0 (Windows NT 10.0; Win64; x64) AppleWebKit/537.36 (KHTML, like Gecko) Chrome/78.0.3904.108 Safari/537.36"
143.198.74.253 - - [28/Oct/2025:18:13:22 +0800] "GET /news/wp-includes/wlwmanifest.xml HTTP/1.1" 404 548 "-" "Mozilla/5.0 (Windows NT 10.0; Win64; x64) AppleWebKit/537.36 (KHTML, like Gecko) Chrome/78.0.3904.108 Safari/537.36"
143.198.74.253 - - [28/Oct/2025:18:13:23 +0800] "GET /2018/wp-includes/wlwmanifest.xml HTTP/1.1" 404 548 "-" "Mozilla/5.0 (Windows NT 10.0; Win64; x64) AppleWebKit/537.36 (KHTML, like Gecko) Chrome/78.0.3904.108 Safari/537.36"
143.198.74.253 - - [28/Oct/2025:18:13:23 +0800] "GET /2019/wp-includes/wlwmanifest.xml HTTP/1.1" 404 548 "-" "Mozilla/5.0 (Windows NT 10.0; Win64; x64) AppleWebKit/537.36 (KHTML, like Gecko) Chrome/78.0.3904.108 Safari/537.36"
143.198.74.253 - - [28/Oct/2025:18:13:24 +0800] "GET /shop/wp-includes/wlwmanifest.xml HTTP/1.1" 404 548 "-" "Mozilla/5.0 (Windows NT 10.0; Win64; x64) AppleWebKit/537.36 (KHTML, like Gecko) Chrome/78.0.3904.108 Safari/537.36"
143.198.74.253 - - [28/Oct/2025:18:13:24 +0800] "GET /wp1/wp-includes/wlwmanifest.xml HTTP/1.1" 404 548 "-" "Mozilla/5.0 (Windows NT 10.0; Win64; x64) AppleWebKit/537.36 (KHTML, like Gecko) Chrome/78.0.3904.108 Safari/537.36"
143.198.74.253 - - [28/Oct/2025:18:13:25 +0800] "GET /test/wp-includes/wlwmanifest.xml HTTP/1.1" 404 548 "-" "Mozilla/5.0 (Windows NT 10.0; Win64; x64) AppleWebKit/537.36 (KHTML, like Gecko) Chrome/78.0.3904.108 Safari/537.36"
143.198.74.253 - - [28/Oct/2025:18:13:25 +0800] "GET /media/wp-includes/wlwmanifest.xml HTTP/1.1" 404 548 "-" "Mozilla/5.0 (Windows NT 10.0; Win64; x64) AppleWebKit/537.36 (KHTML, like Gecko) Chrome/78.0.3904.108 Safari/537.36"
143.198.74.253 - - [28/Oct/2025:18:13:26 +0800] "GET /wp2/wp-includes/wlwmanifest.xml HTTP/1.1" 404 548 "-" "Mozilla/5.0 (Windows NT 10.0; Win64; x64) AppleWebKit/537.36 (KHTML, like Gecko) Chrome/78.0.3904.108 Safari/537.36"
143.198.74.253 - - [28/Oct/2025:18:13:26 +0800] "GET /site/wp-includes/wlwmanifest.xml HTTP/1.1" 404 548 "-" "Mozilla/5.0 (Windows NT 10.0; Win64; x64) AppleWebKit/537.36 (KHTML, like Gecko) Chrome/78.0.3904.108 Safari/537.36"
143.198.74.253 - - [28/Oct/2025:18:13:27 +0800] "GET /cms/wp-includes/wlwmanifest.xml HTTP/1.1" 404 548 "-" "Mozilla/5.0 (Windows NT 10.0; Win64; x64) AppleWebKit/537.36 (KHTML, like Gecko) Chrome/78.0.3904.108 Safari/537.36"
143.198.74.253 - - [28/Oct/2025:18:13:27 +0800] "GET /sito/wp-includes/wlwmanifest.xml HTTP/1.1" 404 548 "-" "Mozilla/5.0 (Windows NT 10.0; Win64; x64) AppleWebKit/537.36 (KHTML, like Gecko) Chrome/78.0.3904.108 Safari/537.36"
87.236.176.189 - - [28/Oct/2025:21:48:50 +0800] "GET / HTTP/1.1" 200 1270 "-" "Mozilla/5.0 (compatible; InternetMeasurement/1.0; +https://internet-measurement.com/)"
35.192.26.59 - - [28/Oct/2025:21:54:43 +0800] "GET / HTTP/1.1" 200 1270 "-" "Mozilla/5.0 (compatible; CMS-Checker/1.0; +https://example.com)"
195.178.110.201 - - [28/Oct/2025:22:08:33 +0800] "GET / HTTP/1.1" 200 1270 "-" "Python/3.10 aiohttp/3.13.1"
195.178.110.201 - - [28/Oct/2025:22:08:33 +0800] "GET /.env HTTP/1.1" 404 146 "-" "Python/3.10 aiohttp/3.13.1"
195.178.110.201 - - [28/Oct/2025:22:08:33 +0800] "GET /.git/config HTTP/1.1" 404 146 "-" "Python/3.10 aiohttp/3.13.1"
195.178.110.201 - - [28/Oct/2025:22:08:34 +0800] "GET /backend/.env HTTP/1.1" 404 146 "-" "Python/3.10 aiohttp/3.13.1"
195.178.110.201 - - [28/Oct/2025:22:08:34 +0800] "GET /admin/.env HTTP/1.1" 404 146 "-" "Python/3.10 aiohttp/3.13.1"
195.178.110.201 - - [28/Oct/2025:22:08:34 +0800] "GET /core/.env HTTP/1.1" 404 146 "-" "Python/3.10 aiohttp/3.13.1"
195.178.110.201 - - [28/Oct/2025:22:08:34 +0800] "GET /.env.bak HTTP/1.1" 404 146 "-" "Python/3.10 aiohttp/3.13.1"
195.178.110.201 - - [28/Oct/2025:22:08:34 +0800] "GET /.git/logs/HEAD HTTP/1.1" 404 146 "-" "Python/3.10 aiohttp/3.13.1"
195.178.110.201 - - [28/Oct/2025:22:08:35 +0800] "GET /wp-config.php HTTP/1.1" 404 146 "-" "Python/3.10 aiohttp/3.13.1"
195.178.110.201 - - [28/Oct/2025:22:08:35 +0800] "GET /.gitlab-ci.yml HTTP/1.1" 404 146 "-" "Python/3.10 aiohttp/3.13.1"
195.178.110.201 - - [28/Oct/2025:22:08:35 +0800] "GET /config.json HTTP/1.1" 404 146 "-" "Python/3.10 aiohttp/3.13.1"
103.179.242.60 - - [29/Oct/2025:00:42:16 +0800] "GET / HTTP/1.1" 200 1270 "-" "Mozilla/5.0 (iPhone; CPU iPhone OS 12_1_4 like Mac OS X) AppleWebKit/605.1.15 (KHTML, like Gecko) Mobile/16D57 MicroMessenger/7.0.3(0x17000321) NetType/WIFI Language/zh_CN"
103.179.242.60 - - [29/Oct/2025:00:42:17 +0800] "GET /favicon.ico HTTP/1.1" 404 146 "-" "Mozilla/5.0 (iPhone; CPU iPhone OS 12_1_4 like Mac OS X) AppleWebKit/605.1.15 (KHTML, like Gecko) Mobile/16D57 MicroMessenger/7.0.3(0x17000321) NetType/WIFI Language/zh_CN"
103.179.242.60 - - [29/Oct/2025:00:43:58 +0800] "GET / HTTP/1.1" 200 1270 "-" "Mozilla/5.0 (iPhone; CPU iPhone OS 12_1_4 like Mac OS X) AppleWebKit/605.1.15 (KHTML, like Gecko) Mobile/16D57 MicroMessenger/7.0.3(0x17000321) NetType/WIFI Language/zh_CN"
103.179.242.60 - - [29/Oct/2025:00:43:58 +0800] "GET /favicon.ico HTTP/1.1" 404 146 "-" "Mozilla/5.0 (iPhone; CPU iPhone OS 12_1_4 like Mac OS X) AppleWebKit/605.1.15 (KHTML, like Gecko) Mobile/16D57 MicroMessenger/7.0.3(0x17000321) NetType/WIFI Language/zh_CN"
35.196.202.70 - - [29/Oct/2025:00:52:59 +0800] "GET / HTTP/1.1" 200 1270 "-" "Mozilla/5.0 (compatible; CMS-Checker/1.0; +https://example.com)"
23.27.145.253 - - [29/Oct/2025:02:00:08 +0800] "GET / HTTP/1.1" 200 1270 "-" "Mozilla/5.0 (X11; Linux i686; rv:109.0) Gecko/20100101 Firefox/120.0"
34.148.73.200 - - [29/Oct/2025:04:41:24 +0800] "GET / HTTP/1.1" 200 1270 "-" "Mozilla/5.0 (compatible; CMS-Checker/1.0; +https://example.com)"
128.192.12.121 - - [29/Oct/2025:05:01:10 +0800] "GET / HTTP/1.1" 200 1270 "-" "Mozilla/5.0 (compatible; UGAResearchAgent/1.0; Please visit: NISLabUGA.github.io)"
205.169.39.20 - - [29/Oct/2025:05:01:17 +0800] "GET / HTTP/1.1" 200 1270 "-" "Mozilla/5.0 (Windows NT 10.0) AppleWebKit/537.36 (KHTML, like Gecko) Chrome/106.0.0.0 Safari/537.36"
34.11.58.214 - - [29/Oct/2025:05:38:29 +0800] "GET / HTTP/1.1" 200 1270 "-" "Mozilla/5.0 (compatible; CMS-Checker/1.0; +https://example.com)"
149.57.180.174 - - [29/Oct/2025:06:17:34 +0800] "GET / HTTP/1.1" 200 1270 "-" "Mozilla/5.0 (X11; Linux i686; rv:109.0) Gecko/20100101 Firefox/120.0"
185.247.137.167 - - [29/Oct/2025:06:31:50 +0800] "GET / HTTP/1.1" 200 1270 "-" "Mozilla/5.0 (compatible; InternetMeasurement/1.0; +https://internet-measurement.com/)"
194.26.192.110 - - [29/Oct/2025:06:41:48 +0800] "GET /.env HTTP/1.1" 404 548 "-" "Mozilla/5.0 (Macintosh; Intel Mac OS X 10_14_2) AppleWebKit/537.36 (KHTML, like Gecko) Chrome/76.0.3809.87 Safari/537.36"
93.123.109.214 - - [29/Oct/2025:09:35:50 +0800] "GET / HTTP/1.1" 200 1270 "-" "Mozilla/5.0 (SymbianOS/9.4; U; Series60/5.0 SonyEricssonP100/01; Profile/MIDP-2.1 Configuration/CLDC-1.1) AppleWebKit/525 (KHTML, like Gecko) Version/3.0 Safari/525"
185.177.72.30 - - [29/Oct/2025:12:57:33 +0800] "GET / HTTP/1.1" 200 1270 "-" "python-httpx/0.28.1"
185.177.72.30 - - [29/Oct/2025:12:57:33 +0800] "GET /.git/config HTTP/1.1" 404 146 "-" "python-httpx/0.28.1"
185.177.72.30 - - [29/Oct/2025:12:57:34 +0800] "GET /.env HTTP/1.1" 404 146 "-" "python-httpx/0.28.1"
185.177.72.30 - - [29/Oct/2025:12:57:39 +0800] "GET /config/.env HTTP/1.1" 404 146 "-" "python-httpx/0.28.1"
185.177.72.30 - - [29/Oct/2025:12:57:40 +0800] "GET /_profiler/phpinfo HTTP/1.1" 404 146 "-" "python-httpx/0.28.1"
185.177.72.30 - - [29/Oct/2025:12:57:40 +0800] "GET /tool/view/phpinfo.view.php HTTP/1.1" 404 146 "-" "python-httpx/0.28.1"
185.177.72.30 - - [29/Oct/2025:12:57:40 +0800] "GET /phpinfo.php HTTP/1.1" 404 146 "-" "python-httpx/0.28.1"
185.177.72.30 - - [29/Oct/2025:12:57:40 +0800] "GET /phpinfo HTTP/1.1" 404 146 "-" "python-httpx/0.28.1"
185.177.72.30 - - [29/Oct/2025:12:57:41 +0800] "GET /info.php HTTP/1.1" 404 146 "-" "python-httpx/0.28.1"
185.177.72.30 - - [29/Oct/2025:12:58:34 +0800] "GET /api/.env HTTP/1.1" 499 0 "-" "python-httpx/0.28.1"
103.179.242.60 - - [30/Oct/2025:00:40:30 +0800] "GET / HTTP/1.1" 200 1270 "-" "Mozilla/5.0 (iPhone; CPU iPhone OS 12_1_4 like Mac OS X) AppleWebKit/605.1.15 (KHTML, like Gecko) Mobile/16D57 MicroMessenger/7.0.3(0x17000321) NetType/WIFI Language/zh_CN"
103.179.242.60 - - [30/Oct/2025:00:40:31 +0800] "GET /favicon.ico HTTP/1.1" 404 146 "-" "Mozilla/5.0 (iPhone; CPU iPhone OS 12_1_4 like Mac OS X) AppleWebKit/605.1.15 (KHTML, like Gecko) Mobile/16D57 MicroMessenger/7.0.3(0x17000321) NetType/WIFI Language/zh_CN"
91.84.86.2 - - [30/Oct/2025:01:06:17 +0800] "GET / HTTP/2.0" 200 1258 "-" "Mozilla/5.0 (Linux; Android 6.0; Nexus 5 Build/MRA58N) AppleWebKit/537.36 (KHTML, like Gecko) Chrome/130.0.0.0 Mobile Safari/537.36"
93.123.109.7 - - [30/Oct/2025:03:28:22 +0800] "GET /.git/config HTTP/1.1" 404 548 "-" "Mozilla/5.0 (Windows NT 6.1; Win64; x64) AppleWebKit/537.36 (KHTML, like Gecko) Chrome/77.0.3865.19 Safari/537.36"
149.57.180.188 - - [30/Oct/2025:07:12:21 +0800] "GET / HTTP/1.1" 200 1270 "-" "Mozilla/5.0 (X11; Linux i686; rv:109.0) Gecko/20100101 Firefox/120.0"
2.57.122.48 - - [30/Oct/2025:10:12:39 +0800] "GET /.git/config HTTP/1.1" 404 548 "-" "Mozilla/5.0 (Linux; Android 8.0.0; LDN-L21) AppleWebKit/537.36 (KHTML, like Gecko) Chrome/76.0.3809.111 Mobile Safari/537.36"
45.130.203.168 - - [30/Oct/2025:12:15:27 +0800] "GET /.git/HEAD HTTP/1.1" 404 146 "-" "Python-urllib/3.10"
34.12.85.253 - - [30/Oct/2025:15:32:00 +0800] "GET / HTTP/1.1" 200 1270 "-" "Mozilla/5.0 (X11; openSUSE; Linux x86_64; rv:116.0.1) Gecko/20100101 Firefox/116.0.1"
159.89.112.232 - - [30/Oct/2025:17:56:00 +0800] "GET / HTTP/1.1" 200 1270 "-" "Mozilla/5.0 (X11; Linux x86_64; rv:139.0) Gecko/20100101 Firefox/139.0"
159.89.112.232 - - [30/Oct/2025:17:56:00 +0800] "GET /favicon.ico HTTP/1.1" 404 146 "http://payurl.wumingai.com/" "Mozilla/5.0 (X11; Linux x86_64; rv:139.0) Gecko/20100101 Firefox/139.0"
159.89.112.232 - - [30/Oct/2025:17:56:01 +0800] "GET / HTTP/1.1" 200 1270 "-" "Mozilla/5.0 (X11; Linux x86_64; rv:139.0) Gecko/20100101 Firefox/139.0"
159.89.112.232 - - [30/Oct/2025:17:56:06 +0800] "GET /favicon.ico HTTP/1.1" 404 146 "https://payurl.wumingai.com/" "Mozilla/5.0 (X11; Linux x86_64; rv:139.0) Gecko/20100101 Firefox/139.0"
34.91.212.219 - - [30/Oct/2025:19:11:37 +0800] "GET / HTTP/1.1" 200 1270 "-" "Scrapy/2.13.3 (+https://scrapy.org)"
91.84.86.2 - - [01/Nov/2025:00:44:09 +0800] "GET / HTTP/2.0" 200 1258 "-" "Mozilla/5.0 (Linux; Android 6.0; Nexus 5 Build/MRA58N) AppleWebKit/537.36 (KHTML, like Gecko) Chrome/130.0.0.0 Mobile Safari/537.36"
164.92.135.252 - - [01/Nov/2025:13:20:56 +0800] "GET / HTTP/1.1" 200 1270 "-" "Mozilla/5.0 (X11; Linux x86_64) AppleWebKit/537.36 (KHTML, like Gecko) Chrome/139.0.0.0 Safari/537.36"
164.92.135.252 - - [01/Nov/2025:13:20:57 +0800] "GET /favicon.ico HTTP/1.1" 404 548 "http://payurl.wumingai.com/" "Mozilla/5.0 (X11; Linux x86_64) AppleWebKit/537.36 (KHTML, like Gecko) Chrome/139.0.0.0 Safari/537.36"
164.92.135.252 - - [01/Nov/2025:13:20:57 +0800] "GET / HTTP/1.1" 200 1270 "-" "Mozilla/5.0 (X11; Linux x86_64) AppleWebKit/537.36 (KHTML, like Gecko) Chrome/139.0.0.0 Safari/537.36"
164.92.135.252 - - [01/Nov/2025:13:21:02 +0800] "GET /favicon.ico HTTP/1.1" 404 548 "https://payurl.wumingai.com/" "Mozilla/5.0 (X11; Linux x86_64) AppleWebKit/537.36 (KHTML, like Gecko) Chrome/139.0.0.0 Safari/537.36"
104.244.74.39 - - [03/Nov/2025:16:40:28 +0800] "HEAD /.env HTTP/1.1" 404 0 "-" "Python/3.13 aiohttp/3.11.18"
104.244.74.39 - - [03/Nov/2025:16:40:28 +0800] "HEAD /.env.local HTTP/1.1" 404 0 "-" "Python/3.13 aiohttp/3.11.18"
104.244.74.39 - - [03/Nov/2025:16:40:29 +0800] "HEAD /.env.prod HTTP/1.1" 404 0 "-" "Python/3.13 aiohttp/3.11.18"
104.244.74.39 - - [03/Nov/2025:16:40:30 +0800] "HEAD /.env.dev HTTP/1.1" 404 0 "-" "Python/3.13 aiohttp/3.11.18"
91.84.86.2 - - [04/Nov/2025:00:21:23 +0800] "GET / HTTP/2.0" 200 1258 "-" "Mozilla/5.0 (Linux; Android 6.0; Nexus 5 Build/MRA58N) AppleWebKit/537.36 (KHTML, like Gecko) Chrome/130.0.0.0 Mobile Safari/537.36"
149.57.180.40 - - [04/Nov/2025:02:54:21 +0800] "GET / HTTP/1.1" 200 1270 "-" "Mozilla/5.0 (X11; Linux i686; rv:109.0) Gecko/20100101 Firefox/120.0"
23.27.145.1 - - [04/Nov/2025:06:53:16 +0800] "GET / HTTP/1.1" 200 1270 "-" "Mozilla/5.0 (X11; Linux i686; rv:109.0) Gecko/20100101 Firefox/120.0"
