138.197.128.141 - - [25/Jan/2026:03:27:50 +0800] "GET /favicon.ico HTTP/1.1" 404 548 "https://payurl.wumingai.com/" "Mozilla/5.0 (X11; Linux x86_64) AppleWebKit/537.36 (KHTML, like Gecko) Chrome/142.0.0.0 Safari/537.36"
204.76.203.25 - - [26/Jan/2026:03:03:10 +0800] "GET / HTTP/1.1" 200 2948 "-" "Mozilla/5.0 (Windows NT 10.0; Win64; x64) AppleWebKit/537.36 (KHTML, like Gecko) Chrome/134.0.0.0 Safari/537.3"
45.149.173.227 - - [26/Jan/2026:04:04:11 +0800] "GET / HTTP/1.1" 200 2948 "-" "Mozilla/5.0 (Windows NT 10.0; Win64; x64) AppleWebKit/537.36 (KHTML, like Gecko) Chrome/78.0.3904.108 Safari/537.36"
45.149.173.227 - - [26/Jan/2026:04:04:11 +0800] "GET / HTTP/1.1" 200 2948 "-" "Mozilla/5.0 (Windows NT 10.0; Win64; x64) AppleWebKit/537.36 (KHTML, like Gecko) Chrome/78.0.3904.108 Safari/537.36"
45.149.173.227 - - [26/Jan/2026:04:04:12 +0800] "GET /wp-includes/wlwmanifest.xml HTTP/1.1" 404 548 "-" "Mozilla/5.0 (Windows NT 10.0; Win64; x64) AppleWebKit/537.36 (KHTML, like Gecko) Chrome/78.0.3904.108 Safari/537.36"
45.149.173.227 - - [26/Jan/2026:04:04:13 +0800] "GET /xmlrpc.php?rsd HTTP/1.1" 404 548 "-" "Mozilla/5.0 (Windows NT 10.0; Win64; x64) AppleWebKit/537.36 (KHTML, like Gecko) Chrome/78.0.3904.108 Safari/537.36"
45.149.173.227 - - [26/Jan/2026:04:04:13 +0800] "GET / HTTP/1.1" 200 2948 "-" "Mozilla/5.0 (Windows NT 10.0; Win64; x64) AppleWebKit/537.36 (KHTML, like Gecko) Chrome/78.0.3904.108 Safari/537.36"
45.149.173.227 - - [26/Jan/2026:04:04:14 +0800] "GET /blog/wp-includes/wlwmanifest.xml HTTP/1.1" 404 548 "-" "Mozilla/5.0 (Windows NT 10.0; Win64; x64) AppleWebKit/537.36 (KHTML, like Gecko) Chrome/78.0.3904.108 Safari/537.36"
45.149.173.227 - - [26/Jan/2026:04:04:15 +0800] "GET /web/wp-includes/wlwmanifest.xml HTTP/1.1" 404 548 "-" "Mozilla/5.0 (Windows NT 10.0; Win64; x64) AppleWebKit/537.36 (KHTML, like Gecko) Chrome/78.0.3904.108 Safari/537.36"
45.149.173.227 - - [26/Jan/2026:04:04:15 +0800] "GET /wordpress/wp-includes/wlwmanifest.xml HTTP/1.1" 404 548 "-" "Mozilla/5.0 (Windows NT 10.0; Win64; x64) AppleWebKit/537.36 (KHTML, like Gecko) Chrome/78.0.3904.108 Safari/537.36"
45.149.173.227 - - [26/Jan/2026:04:04:16 +0800] "GET /website/wp-includes/wlwmanifest.xml HTTP/1.1" 404 548 "-" "Mozilla/5.0 (Windows NT 10.0; Win64; x64) AppleWebKit/537.36 (KHTML, like Gecko) Chrome/78.0.3904.108 Safari/537.36"
45.149.173.227 - - [26/Jan/2026:04:04:16 +0800] "GET /wp/wp-includes/wlwmanifest.xml HTTP/1.1" 404 548 "-" "Mozilla/5.0 (Windows NT 10.0; Win64; x64) AppleWebKit/537.36 (KHTML, like Gecko) Chrome/78.0.3904.108 Safari/537.36"
45.149.173.227 - - [26/Jan/2026:04:04:17 +0800] "GET /news/wp-includes/wlwmanifest.xml HTTP/1.1" 404 548 "-" "Mozilla/5.0 (Windows NT 10.0; Win64; x64) AppleWebKit/537.36 (KHTML, like Gecko) Chrome/78.0.3904.108 Safari/537.36"
45.149.173.227 - - [26/Jan/2026:04:04:17 +0800] "GET /2018/wp-includes/wlwmanifest.xml HTTP/1.1" 404 548 "-" "Mozilla/5.0 (Windows NT 10.0; Win64; x64) AppleWebKit/537.36 (KHTML, like Gecko) Chrome/78.0.3904.108 Safari/537.36"
45.149.173.227 - - [26/Jan/2026:04:04:18 +0800] "GET /2019/wp-includes/wlwmanifest.xml HTTP/1.1" 404 548 "-" "Mozilla/5.0 (Windows NT 10.0; Win64; x64) AppleWebKit/537.36 (KHTML, like Gecko) Chrome/78.0.3904.108 Safari/537.36"
45.149.173.227 - - [26/Jan/2026:04:04:18 +0800] "GET /shop/wp-includes/wlwmanifest.xml HTTP/1.1" 404 548 "-" "Mozilla/5.0 (Windows NT 10.0; Win64; x64) AppleWebKit/537.36 (KHTML, like Gecko) Chrome/78.0.3904.108 Safari/537.36"
45.149.173.227 - - [26/Jan/2026:04:04:19 +0800] "GET /wp1/wp-includes/wlwmanifest.xml HTTP/1.1" 404 548 "-" "Mozilla/5.0 (Windows NT 10.0; Win64; x64) AppleWebKit/537.36 (KHTML, like Gecko) Chrome/78.0.3904.108 Safari/537.36"
45.149.173.227 - - [26/Jan/2026:04:04:19 +0800] "GET /test/wp-includes/wlwmanifest.xml HTTP/1.1" 404 548 "-" "Mozilla/5.0 (Windows NT 10.0; Win64; x64) AppleWebKit/537.36 (KHTML, like Gecko) Chrome/78.0.3904.108 Safari/537.36"
45.149.173.227 - - [26/Jan/2026:04:04:20 +0800] "GET /media/wp-includes/wlwmanifest.xml HTTP/1.1" 404 548 "-" "Mozilla/5.0 (Windows NT 10.0; Win64; x64) AppleWebKit/537.36 (KHTML, like Gecko) Chrome/78.0.3904.108 Safari/537.36"
45.149.173.227 - - [26/Jan/2026:04:04:20 +0800] "GET /wp2/wp-includes/wlwmanifest.xml HTTP/1.1" 404 548 "-" "Mozilla/5.0 (Windows NT 10.0; Win64; x64) AppleWebKit/537.36 (KHTML, like Gecko) Chrome/78.0.3904.108 Safari/537.36"
45.149.173.227 - - [26/Jan/2026:04:04:21 +0800] "GET /site/wp-includes/wlwmanifest.xml HTTP/1.1" 404 548 "-" "Mozilla/5.0 (Windows NT 10.0; Win64; x64) AppleWebKit/537.36 (KHTML, like Gecko) Chrome/78.0.3904.108 Safari/537.36"
45.149.173.227 - - [26/Jan/2026:04:04:21 +0800] "GET /cms/wp-includes/wlwmanifest.xml HTTP/1.1" 404 548 "-" "Mozilla/5.0 (Windows NT 10.0; Win64; x64) AppleWebKit/537.36 (KHTML, like Gecko) Chrome/78.0.3904.108 Safari/537.36"
45.149.173.227 - - [26/Jan/2026:04:04:22 +0800] "GET /sito/wp-includes/wlwmanifest.xml HTTP/1.1" 404 548 "-" "Mozilla/5.0 (Windows NT 10.0; Win64; x64) AppleWebKit/537.36 (KHTML, like Gecko) Chrome/78.0.3904.108 Safari/537.36"
74.7.241.159 - - [27/Jan/2026:10:18:05 +0800] "GET /robots.txt HTTP/1.1" 404 548 "-" "Mozilla/5.0 (Macintosh; Intel Mac OS X 10_15_7) AppleWebKit/537.36 (KHTML, like Gecko) Chrome/131.0.0.0 Safari/537.36; compatible; OAI-SearchBot/1.3; robots.txt; +https://openai.com/searchbot"
74.7.241.159 - - [28/Jan/2026:02:07:42 +0800] "GET /robots.txt HTTP/1.1" 404 548 "-" "Mozilla/5.0 (Macintosh; Intel Mac OS X 10_15_7) AppleWebKit/537.36 (KHTML, like Gecko) Chrome/131.0.0.0 Safari/537.36; compatible; OAI-SearchBot/1.3; robots.txt; +https://openai.com/searchbot"
74.7.242.3 - - [28/Jan/2026:02:07:42 +0800] "GET / HTTP/1.1" 200 1270 "-" "Mozilla/5.0 AppleWebKit/537.36 (KHTML, like Gecko; compatible; GPTBot/1.3; +https://openai.com/gptbot)"
74.7.175.165 - - [28/Jan/2026:16:27:39 +0800] "GET /robots.txt HTTP/1.1" 404 548 "-" "Mozilla/5.0 (Macintosh; Intel Mac OS X 10_15_7) AppleWebKit/537.36 (KHTML, like Gecko) Chrome/131.0.0.0 Safari/537.36; compatible; OAI-SearchBot/1.3; robots.txt; +https://openai.com/searchbot"
217.182.194.16 - - [28/Jan/2026:18:50:46 +0800] "GET /robots.txt HTTP/1.1" 404 146 "-" "Mozilla/5.0 (compatible; MJ12bot/v1.4.8; http://mj12bot.com/)"
217.182.194.16 - - [28/Jan/2026:18:50:48 +0800] "GET / HTTP/1.1" 200 1270 "-" "Mozilla/5.0 (compatible; MJ12bot/v1.4.8; http://mj12bot.com/)"
217.182.194.16 - - [28/Jan/2026:18:50:49 +0800] "GET /robots.txt HTTP/1.1" 404 146 "-" "Mozilla/5.0 (compatible; MJ12bot/v1.4.8; http://mj12bot.com/)"
217.182.194.16 - - [28/Jan/2026:18:50:51 +0800] "GET / HTTP/1.1" 200 1270 "-" "Mozilla/5.0 (compatible; MJ12bot/v1.4.8; http://mj12bot.com/)"
217.182.194.16 - - [28/Jan/2026:18:54:49 +0800] "GET /robots.txt HTTP/1.1" 404 146 "-" "Mozilla/5.0 (compatible; MJ12bot/v1.4.8; http://mj12bot.com/)"
217.182.194.16 - - [28/Jan/2026:18:54:55 +0800] "GET / HTTP/1.1" 200 1270 "-" "Mozilla/5.0 (compatible; MJ12bot/v1.4.8; http://mj12bot.com/)"
217.182.194.16 - - [28/Jan/2026:18:54:58 +0800] "GET /robots.txt HTTP/1.1" 404 146 "-" "Mozilla/5.0 (compatible; MJ12bot/v1.4.8; http://mj12bot.com/)"
217.182.194.16 - - [28/Jan/2026:18:55:02 +0800] "GET / HTTP/1.1" 200 1270 "-" "Mozilla/5.0 (compatible; MJ12bot/v1.4.8; http://mj12bot.com/)"
204.76.203.25 - - [29/Jan/2026:02:03:41 +0800] "GET /.env HTTP/1.1" 404 548 "-" "Mozilla/5.0 (Windows NT 10.0; Win64; x64) AppleWebKit/537.36 (KHTML, like Gecko) Chrome/134.0.0.0 Safari/537.3"
199.45.154.158 - - [29/Jan/2026:20:27:14 +0800] "GET / HTTP/1.1" 200 1270 "-" "Mozilla/5.0 (compatible; CensysInspect/1.1; +https://about.censys.io/)"
199.45.154.158 - - [29/Jan/2026:20:27:18 +0800] "GET /favicon.ico HTTP/1.1" 404 146 "-" "Mozilla/5.0 (compatible; CensysInspect/1.1; +https://about.censys.io/)"
3.20.201.240 - - [29/Jan/2026:23:43:01 +0800] "GET / HTTP/1.1" 200 1270 "-" "air.ai/scanning Mozilla/5.0 (Macintosh; Intel Mac OS X 10_15_7) Chrome/126.0.0.0 Safari/537.36"
3.20.201.240 - - [29/Jan/2026:23:43:26 +0800] "GET / HTTP/1.1" 200 1270 "-" "air.ai/scanning Mozilla/5.0 (Macintosh; Intel Mac OS X 10_15_7) Chrome/126.0.0.0 Safari/537.36"
3.151.194.164 - - [29/Jan/2026:23:44:47 +0800] "GET / HTTP/1.1" 200 1270 "-" "air.ai/scanning Mozilla/5.0 (Macintosh; Intel Mac OS X 10_15_7) Chrome/126.0.0.0 Safari/537.36"
3.18.186.238 - - [29/Jan/2026:23:46:28 +0800] "GET / HTTP/1.1" 200 1270 "-" "air.ai/scanning Mozilla/5.0 (Macintosh; Intel Mac OS X 10_15_7) Chrome/126.0.0.0 Safari/537.36"
167.94.138.190 - - [30/Jan/2026:04:21:58 +0800] "GET / HTTP/1.1" 200 1270 "-" "Mozilla/5.0 (compatible; CensysInspect/1.1; +https://about.censys.io/)"
167.94.138.190 - - [30/Jan/2026:04:21:59 +0800] "GET /favicon.ico HTTP/1.1" 404 146 "-" "Mozilla/5.0 (compatible; CensysInspect/1.1; +https://about.censys.io/)"
34.32.135.176 - - [30/Jan/2026:08:19:32 +0800] "GET / HTTP/1.1" 200 1270 "-" "Scrapy/2.13.4 (+https://scrapy.org)"
74.7.227.137 - - [30/Jan/2026:14:36:36 +0800] "GET / HTTP/1.1" 200 1270 "-" "Mozilla/5.0 AppleWebKit/537.36 (KHTML, like Gecko; compatible; GPTBot/1.3; +https://openai.com/gptbot)"
74.7.175.165 - - [30/Jan/2026:14:36:36 +0800] "GET /robots.txt HTTP/1.1" 404 548 "-" "Mozilla/5.0 (Macintosh; Intel Mac OS X 10_15_7) AppleWebKit/537.36 (KHTML, like Gecko) Chrome/131.0.0.0 Safari/537.36; compatible; OAI-SearchBot/1.3; robots.txt; +https://openai.com/searchbot"
204.76.203.25 - - [31/Jan/2026:09:12:40 +0800] "GET / HTTP/1.1" 200 2948 "-" "Mozilla/5.0 (Windows NT 10.0; Win64; x64) AppleWebKit/537.36 (KHTML, like Gecko) Chrome/134.0.0.0 Safari/537.3"
8.210.10.46 - - [03/Feb/2026:01:25:26 +0800] "GET / HTTP/1.1" 200 1270 "-" "Mozilla/5.0 (Windows NT 10.0; Win64; x64) AppleWebKit/537.36 (KHTML, like Gecko) Chrome/133.0.0.0 Safari/537.36"
8.210.10.46 - - [03/Feb/2026:01:32:14 +0800] "GET /favicon.ico HTTP/2.0" 404 548 "-" "Mozilla/5.0 (Windows NT 10.0; Win64; x64) AppleWebKit/537.36 (KHTML, like Gecko) Chrome/133.0.0.0 Safari/537.36"
204.76.203.25 - - [03/Feb/2026:13:08:08 +0800] "GET /.env HTTP/1.1" 404 548 "-" "Mozilla/5.0 (Windows NT 10.0; Win64; x64) AppleWebKit/537.36 (KHTML, like Gecko) Chrome/134.0.0.0 Safari/537.3"
3.151.194.164 - - [04/Feb/2026:00:07:23 +0800] "GET / HTTP/1.1" 200 1270 "-" "air.ai/scanning Mozilla/5.0 (Macintosh; Intel Mac OS X 10_15_7) Chrome/126.0.0.0 Safari/537.36"
93.123.109.58 - - [04/Feb/2026:20:31:03 +0800] "GET /wp-includes/css/modules.php HTTP/1.1" 404 146 "-" "python-requests/2.27.1"
93.123.109.58 - - [04/Feb/2026:20:31:05 +0800] "GET /wso.php HTTP/1.1" 404 146 "-" "python-requests/2.27.1"
93.123.109.58 - - [04/Feb/2026:20:31:06 +0800] "GET /wp-content/plugins/upspy/index.php HTTP/1.1" 404 146 "-" "python-requests/2.27.1"
93.123.109.58 - - [04/Feb/2026:20:31:07 +0800] "GET /wp-content/plugins/ubh/index.php HTTP/1.1" 404 146 "-" "python-requests/2.27.1"
93.123.109.58 - - [04/Feb/2026:20:31:09 +0800] "GET /wp-content/plugins/vwcleanerplugin/bump.php?cache HTTP/1.1" 404 146 "-" "python-requests/2.27.1"
93.123.109.58 - - [04/Feb/2026:20:31:10 +0800] "GET /wp-content/plugins/xichang/x.php?xi HTTP/1.1" 404 146 "-" "python-requests/2.27.1"
93.123.109.58 - - [04/Feb/2026:20:31:12 +0800] "GET /wp-content/plugins/html404/index.html HTTP/1.1" 404 146 "-" "python-requests/2.27.1"
93.123.109.58 - - [04/Feb/2026:20:31:14 +0800] "GET /wp-admin/shapes.php HTTP/1.1" 404 146 "-" "python-requests/2.27.1"
93.123.109.58 - - [04/Feb/2026:20:31:15 +0800] "GET /olux.php HTTP/1.1" 404 146 "-" "python-requests/2.27.1"
93.123.109.58 - - [04/Feb/2026:20:31:17 +0800] "GET /indoxploit.php HTTP/1.1" 404 146 "-" "python-requests/2.27.1"
93.123.109.58 - - [04/Feb/2026:20:31:18 +0800] "GET / HTTP/1.1" 200 1270 "-" "python-requests/2.27.1"
93.123.109.58 - - [04/Feb/2026:20:31:19 +0800] "GET /up.php HTTP/1.1" 404 146 "-" "python-requests/2.27.1"
93.123.109.58 - - [04/Feb/2026:20:31:21 +0800] "GET /upload.php HTTP/1.1" 404 146 "-" "python-requests/2.27.1"
93.123.109.58 - - [04/Feb/2026:20:31:22 +0800] "GET /wp-content/uploads/ HTTP/1.1" 404 146 "-" "python-requests/2.27.1"
93.123.109.58 - - [04/Feb/2026:20:31:24 +0800] "GET /wp-content/uploads/2026/02/ HTTP/1.1" 404 146 "-" "python-requests/2.27.1"
93.123.109.58 - - [04/Feb/2026:20:31:25 +0800] "GET /shell.php HTTP/1.1" 404 146 "-" "python-requests/2.27.1"
93.123.109.58 - - [04/Feb/2026:20:31:26 +0800] "GET /wp-admin/network/wp-footer.php HTTP/1.1" 404 146 "-" "python-requests/2.27.1"
93.123.109.58 - - [04/Feb/2026:20:31:28 +0800] "GET /wp-info.php HTTP/1.1" 404 146 "-" "python-requests/2.27.1"
93.123.109.58 - - [04/Feb/2026:20:31:29 +0800] "GET /wp-content/vuln.php HTTP/1.1" 404 146 "-" "python-requests/2.27.1"
93.123.109.58 - - [04/Feb/2026:20:31:30 +0800] "GET /upel.php HTTP/1.1" 404 146 "-" "python-requests/2.27.1"
93.123.109.58 - - [04/Feb/2026:20:31:32 +0800] "GET /wp-content/plugins/ppus/up.php HTTP/1.1" 404 146 "-" "python-requests/2.27.1"
93.123.109.58 - - [04/Feb/2026:20:31:33 +0800] "GET /098.php HTTP/1.1" 404 146 "-" "python-requests/2.27.1"
93.123.109.58 - - [04/Feb/2026:20:31:34 +0800] "GET /V5.php HTTP/1.1" 404 146 "-" "python-requests/2.27.1"
93.123.109.58 - - [04/Feb/2026:20:31:36 +0800] "GET /new_license.php HTTP/1.1" 404 146 "-" "python-requests/2.27.1"
93.123.109.58 - - [04/Feb/2026:20:31:37 +0800] "GET /wp-content/plugins/theme-configurator/mini.php HTTP/1.1" 404 146 "-" "python-requests/2.27.1"
93.123.109.58 - - [04/Feb/2026:20:31:39 +0800] "GET /wp-content/plugins/widget-logic/mini.php HTTP/1.1" 404 146 "-" "python-requests/2.27.1"
93.123.109.58 - - [04/Feb/2026:20:31:40 +0800] "GET /wso.php HTTP/1.1" 404 146 "-" "python-requests/2.27.1"
93.123.109.58 - - [04/Feb/2026:20:31:42 +0800] "GET /modules/modules/modules.php HTTP/1.1" 404 146 "-" "python-requests/2.27.1"
93.123.109.58 - - [04/Feb/2026:20:31:43 +0800] "GET /modules/mod_simplefileuploadv1.3/elements/Clean.php HTTP/1.1" 404 146 "-" "python-requests/2.27.1"
93.123.109.58 - - [04/Feb/2026:20:31:45 +0800] "GET /modules/mod_simplefileuploadv1.3/elements/udd.php HTTP/1.1" 404 146 "-" "python-requests/2.27.1"
93.123.109.58 - - [04/Feb/2026:20:31:46 +0800] "GET /libraries/joomla/css.php HTTP/1.1" 404 146 "-" "python-requests/2.27.1"
93.123.109.58 - - [04/Feb/2026:20:31:47 +0800] "GET /libraries/joomla/jmails.php?u HTTP/1.1" 404 146 "-" "python-requests/2.27.1"
93.123.109.58 - - [04/Feb/2026:20:31:49 +0800] "GET /libraries/joomla/jmail.php?u HTTP/1.1" 404 146 "-" "python-requests/2.27.1"
93.123.109.58 - - [04/Feb/2026:20:31:50 +0800] "GET /images/vuln.php HTTP/1.1" 404 146 "-" "python-requests/2.27.1"
93.123.109.58 - - [04/Feb/2026:20:31:51 +0800] "GET /tmp/vuln.php HTTP/1.1" 404 146 "-" "python-requests/2.27.1"
93.123.109.58 - - [04/Feb/2026:20:31:53 +0800] "GET /XxX.php HTTP/1.1" 404 146 "-" "python-requests/2.27.1"
93.123.109.58 - - [04/Feb/2026:20:31:54 +0800] "GET /Marvins.php HTTP/1.1" 404 146 "-" "python-requests/2.27.1"
93.123.109.58 - - [04/Feb/2026:20:31:55 +0800] "GET /rxr.php?rxr HTTP/1.1" 404 146 "-" "python-requests/2.27.1"
93.123.109.58 - - [04/Feb/2026:20:31:56 +0800] "GET /olux.php HTTP/1.1" 404 146 "-" "python-requests/2.27.1"
93.123.109.58 - - [04/Feb/2026:20:31:58 +0800] "GET /indoxploit.php HTTP/1.1" 404 146 "-" "python-requests/2.27.1"
93.123.109.58 - - [04/Feb/2026:20:31:59 +0800] "GET /error.php HTTP/1.1" 404 146 "-" "python-requests/2.27.1"
93.123.109.58 - - [04/Feb/2026:20:32:00 +0800] "GET /RxR.php HTTP/1.1" 404 146 "-" "python-requests/2.27.1"
93.123.109.58 - - [04/Feb/2026:20:32:01 +0800] "GET /components/com_b2jcontact/izoc.php HTTP/1.1" 404 146 "-" "python-requests/2.27.1"
93.123.109.58 - - [04/Feb/2026:20:32:03 +0800] "GET /V3.php HTTP/1.1" 404 146 "-" "python-requests/2.27.1"
93.123.109.58 - - [04/Feb/2026:20:32:04 +0800] "GET /V5.php HTTP/1.1" 404 146 "-" "python-requests/2.27.1"
93.123.109.58 - - [04/Feb/2026:20:32:06 +0800] "GET / HTTP/1.1" 200 1270 "-" "python-requests/2.27.1"
93.123.109.58 - - [04/Feb/2026:20:32:07 +0800] "GET /up.php HTTP/1.1" 404 146 "-" "python-requests/2.27.1"
93.123.109.58 - - [04/Feb/2026:20:32:09 +0800] "GET /upload.php HTTP/1.1" 404 146 "-" "python-requests/2.27.1"
93.123.109.58 - - [04/Feb/2026:20:32:10 +0800] "GET /shell.php HTTP/1.1" 404 146 "-" "python-requests/2.27.1"
93.123.109.58 - - [04/Feb/2026:20:32:23 +0800] "GET /administrator/templates/bluestork/index.php HTTP/1.1" 404 146 "-" "python-requests/2.27.1"
93.123.109.58 - - [04/Feb/2026:20:32:24 +0800] "GET /administrator/templates/bluestork/error.php HTTP/1.1" 404 146 "-" "python-requests/2.27.1"
93.123.109.58 - - [04/Feb/2026:20:32:26 +0800] "GET /administrator/templates/hathor/index.php HTTP/1.1" 404 146 "-" "python-requests/2.27.1"
93.123.109.58 - - [04/Feb/2026:20:32:28 +0800] "GET /administrator/templates/hathor/error.php HTTP/1.1" 404 146 "-" "python-requests/2.27.1"
93.123.109.58 - - [04/Feb/2026:20:32:29 +0800] "GET /administrator/templates/isis/index.php HTTP/1.1" 404 146 "-" "python-requests/2.27.1"
93.123.109.58 - - [04/Feb/2026:20:32:31 +0800] "GET /administrator/templates/isis/error.php HTTP/1.1" 404 146 "-" "python-requests/2.27.1"
93.123.109.58 - - [04/Feb/2026:20:32:32 +0800] "GET /templates/beez/index.php HTTP/1.1" 404 146 "-" "python-requests/2.27.1"
93.123.109.58 - - [04/Feb/2026:20:32:34 +0800] "GET /templates/ja_purity/index.php HTTP/1.1" 404 146 "-" "python-requests/2.27.1"
93.123.109.58 - - [04/Feb/2026:20:32:35 +0800] "GET /templates/rhuk_milkyway/index.php HTTP/1.1" 404 146 "-" "python-requests/2.27.1"
93.123.109.58 - - [04/Feb/2026:20:32:37 +0800] "GET /templates/system/index.php HTTP/1.1" 404 146 "-" "python-requests/2.27.1"
93.123.109.58 - - [04/Feb/2026:20:32:39 +0800] "GET /templates/system/error.php HTTP/1.1" 404 146 "-" "python-requests/2.27.1"
93.123.109.58 - - [04/Feb/2026:20:32:40 +0800] "GET /templates/beez3/index.php HTTP/1.1" 404 146 "-" "python-requests/2.27.1"
93.123.109.58 - - [04/Feb/2026:20:32:41 +0800] "GET /templates/beez3/error.php HTTP/1.1" 404 146 "-" "python-requests/2.27.1"
93.123.109.58 - - [04/Feb/2026:20:32:43 +0800] "GET /templates/beez5/index.php HTTP/1.1" 404 146 "-" "python-requests/2.27.1"
93.123.109.58 - - [04/Feb/2026:20:32:44 +0800] "GET /templates/beez5/error.php HTTP/1.1" 404 146 "-" "python-requests/2.27.1"
93.123.109.58 - - [04/Feb/2026:20:32:46 +0800] "GET /templates/beez_20/index.php HTTP/1.1" 404 146 "-" "python-requests/2.27.1"
93.123.109.58 - - [04/Feb/2026:20:32:47 +0800] "GET /templates/beez_20/error.php HTTP/1.1" 404 146 "-" "python-requests/2.27.1"
93.123.109.58 - - [04/Feb/2026:20:32:49 +0800] "GET /templates/protostar/index.php HTTP/1.1" 404 146 "-" "python-requests/2.27.1"
93.123.109.58 - - [04/Feb/2026:20:32:51 +0800] "GET /templates/protostar/error.php HTTP/1.1" 404 146 "-" "python-requests/2.27.1"
93.123.109.58 - - [04/Feb/2026:20:32:52 +0800] "GET /templates/atomic/index.php HTTP/1.1" 404 146 "-" "python-requests/2.27.1"
93.123.109.58 - - [04/Feb/2026:20:32:54 +0800] "GET /templates/atomic/error.php HTTP/1.1" 404 146 "-" "python-requests/2.27.1"
93.123.109.58 - - [04/Feb/2026:20:32:55 +0800] "GET /olux.php HTTP/1.1" 404 146 "-" "python-requests/2.27.1"
93.123.109.58 - - [04/Feb/2026:20:32:57 +0800] "GET /indoxploit.php HTTP/1.1" 404 146 "-" "python-requests/2.27.1"
93.123.109.58 - - [04/Feb/2026:20:32:58 +0800] "GET /indoxploit.php HTTP/1.1" 404 146 "-" "python-requests/2.27.1"
93.123.109.58 - - [04/Feb/2026:20:33:00 +0800] "GET /wso.php HTTP/1.1" 404 146 "-" "python-requests/2.27.1"
93.123.109.58 - - [04/Feb/2026:20:33:01 +0800] "GET /images/ HTTP/1.1" 404 146 "-" "python-requests/2.27.1"
93.123.109.58 - - [04/Feb/2026:20:33:03 +0800] "GET /uploads/ HTTP/1.1" 404 146 "-" "python-requests/2.27.1"
93.123.109.58 - - [04/Feb/2026:20:33:04 +0800] "GET /img/ HTTP/1.1" 404 146 "-" "python-requests/2.27.1"
93.123.109.58 - - [04/Feb/2026:20:33:06 +0800] "GET /upload/ HTTP/1.1" 404 146 "-" "python-requests/2.27.1"
93.123.109.58 - - [04/Feb/2026:20:33:08 +0800] "GET /gallery/ HTTP/1.1" 404 146 "-" "python-requests/2.27.1"
93.123.109.58 - - [04/Feb/2026:20:33:11 +0800] "GET /files/ HTTP/1.1" 404 146 "-" "python-requests/2.27.1"
93.123.109.58 - - [04/Feb/2026:20:33:13 +0800] "GET /pdf/ HTTP/1.1" 404 146 "-" "python-requests/2.27.1"
93.123.109.58 - - [04/Feb/2026:20:33:15 +0800] "GET /docs/ HTTP/1.1" 404 146 "-" "python-requests/2.27.1"
93.123.109.58 - - [04/Feb/2026:20:33:17 +0800] "GET / HTTP/1.1" 200 1270 "-" "python-requests/2.27.1"
93.123.109.58 - - [04/Feb/2026:20:33:21 +0800] "GET /up.php HTTP/1.1" 404 146 "-" "python-requests/2.27.1"
93.123.109.58 - - [04/Feb/2026:20:33:23 +0800] "GET /upload.php HTTP/1.1" 404 146 "-" "python-requests/2.27.1"
93.123.109.58 - - [04/Feb/2026:20:33:26 +0800] "GET /shell.php HTTP/1.1" 404 146 "-" "python-requests/2.27.1"
54.37.252.131 - - [05/Feb/2026:01:34:32 +0800] "GET /robots.txt HTTP/1.1" 404 146 "-" "Mozilla/5.0 (compatible; MJ12bot/v1.4.8; http://mj12bot.com/)"
54.37.252.131 - - [05/Feb/2026:01:34:41 +0800] "GET / HTTP/1.1" 200 1270 "-" "Mozilla/5.0 (compatible; MJ12bot/v1.4.8; http://mj12bot.com/)"
54.37.252.131 - - [05/Feb/2026:01:34:49 +0800] "GET /robots.txt HTTP/1.1" 404 146 "-" "Mozilla/5.0 (compatible; MJ12bot/v1.4.8; http://mj12bot.com/)"
54.37.252.131 - - [05/Feb/2026:01:34:52 +0800] "GET / HTTP/1.1" 200 1270 "-" "Mozilla/5.0 (compatible; MJ12bot/v1.4.8; http://mj12bot.com/)"
3.151.194.164 - - [05/Feb/2026:03:58:02 +0800] "GET / HTTP/1.1" 200 1270 "-" "air.ai/scanning Mozilla/5.0 (Macintosh; Intel Mac OS X 10_15_7) Chrome/126.0.0.0 Safari/537.36"
74.7.244.40 - - [06/Feb/2026:00:44:46 +0800] "GET /robots.txt HTTP/1.1" 404 548 "-" "Mozilla/5.0 (Macintosh; Intel Mac OS X 10_15_7) AppleWebKit/537.36 (KHTML, like Gecko) Chrome/131.0.0.0 Safari/537.36; compatible; OAI-SearchBot/1.3; robots.txt; +https://openai.com/searchbot"
74.7.242.3 - - [06/Feb/2026:00:44:49 +0800] "GET / HTTP/1.1" 200 1270 "-" "Mozilla/5.0 AppleWebKit/537.36 (KHTML, like Gecko; compatible; GPTBot/1.3; +https://openai.com/gptbot)"
3.18.186.238 - - [06/Feb/2026:03:38:33 +0800] "GET / HTTP/1.1" 200 1270 "-" "air.ai/scanning Mozilla/5.0 (Macintosh; Intel Mac OS X 10_15_7) Chrome/126.0.0.0 Safari/537.36"
199.45.155.99 - - [06/Feb/2026:07:27:53 +0800] "GET / HTTP/1.1" 200 1270 "-" "Mozilla/5.0 (compatible; CensysInspect/1.1; +https://about.censys.io/)"
199.45.155.99 - - [06/Feb/2026:07:27:55 +0800] "GET /favicon.ico HTTP/1.1" 404 146 "-" "Mozilla/5.0 (compatible; CensysInspect/1.1; +https://about.censys.io/)"
162.142.125.208 - - [06/Feb/2026:09:43:46 +0800] "GET / HTTP/1.1" 200 1270 "-" "Mozilla/5.0 (compatible; CensysInspect/1.1; +https://about.censys.io/)"
162.142.125.208 - - [06/Feb/2026:09:43:47 +0800] "GET /favicon.ico HTTP/1.1" 404 146 "-" "Mozilla/5.0 (compatible; CensysInspect/1.1; +https://about.censys.io/)"
204.76.203.25 - - [06/Feb/2026:18:45:05 +0800] "GET / HTTP/1.1" 200 2948 "-" "Mozilla/5.0 (Windows NT 10.0; Win64; x64) AppleWebKit/537.36 (KHTML, like Gecko) Chrome/134.0.0.0 Safari/537.3"
167.71.142.81 - - [07/Feb/2026:12:30:41 +0800] "GET / HTTP/1.1" 200 1270 "-" "Mozilla/5.0 (X11; Linux x86_64) AppleWebKit/537.36 (KHTML, like Gecko) Chrome/142.0.0.0 Safari/537.36"
167.71.142.81 - - [07/Feb/2026:12:30:42 +0800] "GET /favicon.ico HTTP/1.1" 404 548 "http://payurl.wumingai.com/" "Mozilla/5.0 (X11; Linux x86_64) AppleWebKit/537.36 (KHTML, like Gecko) Chrome/142.0.0.0 Safari/537.36"
167.71.142.81 - - [07/Feb/2026:12:30:43 +0800] "GET / HTTP/1.1" 200 1270 "-" "Mozilla/5.0 (X11; Linux x86_64; rv:142.0) Gecko/20100101 Firefox/142.0"
167.71.142.81 - - [07/Feb/2026:12:30:48 +0800] "GET /favicon.ico HTTP/1.1" 404 146 "https://payurl.wumingai.com/" "Mozilla/5.0 (X11; Linux x86_64; rv:142.0) Gecko/20100101 Firefox/142.0"
204.76.203.25 - - [09/Feb/2026:07:17:53 +0800] "GET / HTTP/1.1" 200 2948 "-" "Mozilla/5.0 (Windows NT 10.0; Win64; x64) AppleWebKit/537.36 (KHTML, like Gecko) Chrome/134.0.0.0 Safari/537.3"
74.7.230.45 - - [09/Feb/2026:07:44:06 +0800] "GET /robots.txt HTTP/1.1" 404 548 "-" "Mozilla/5.0 (Macintosh; Intel Mac OS X 10_15_7) AppleWebKit/537.36 (KHTML, like Gecko) Chrome/131.0.0.0 Safari/537.36; compatible; OAI-SearchBot/1.3; robots.txt; +https://openai.com/searchbot"
74.7.227.179 - - [09/Feb/2026:07:44:08 +0800] "GET / HTTP/1.1" 200 1270 "-" "Mozilla/5.0 AppleWebKit/537.36 (KHTML, like Gecko; compatible; GPTBot/1.3; +https://openai.com/gptbot)"
3.139.242.79 - - [09/Feb/2026:09:11:07 +0800] "GET / HTTP/1.1" 200 1270 "-" "air.ai/scanning Mozilla/5.0 (Macintosh; Intel Mac OS X 10_15_7) Chrome/126.0.0.0 Safari/537.36"
39.105.169.144 - - [09/Feb/2026:22:57:32 +0800] "GET / HTTP/1.1" 200 1270 "-" "Mozilla/5.0 (Windows NT 10.0; Win64; x64) AppleWebKit/537.36 (KHTML, like Gecko) Chrome/133.0.0.0 Safari/537.36"
39.105.169.144 - - [09/Feb/2026:22:59:12 +0800] "GET /favicon.ico HTTP/2.0" 404 548 "-" "Mozilla/5.0 (Windows NT 10.0; Win64; x64) AppleWebKit/537.36 (KHTML, like Gecko) Chrome/133.0.0.0 Safari/537.36"
74.7.230.45 - - [10/Feb/2026:00:31:46 +0800] "GET /robots.txt HTTP/1.1" 404 548 "-" "Mozilla/5.0 (Macintosh; Intel Mac OS X 10_15_7) AppleWebKit/537.36 (KHTML, like Gecko) Chrome/131.0.0.0 Safari/537.36; compatible; OAI-SearchBot/1.3; robots.txt; +https://openai.com/searchbot"
54.73.167.66 - - [10/Feb/2026:04:37:52 +0800] "GET / HTTP/1.0" 200 2948 "-" "Mozilla/5.0 (compatible; NetcraftSurveyAgent/1.0; +info@netcraft.com)"
54.170.117.162 - - [10/Feb/2026:07:50:11 +0800] "GET / HTTP/1.0" 200 2948 "-" "Mozilla/5.0 (compatible; NetcraftSurveyAgent/1.0; +info@netcraft.com)"
74.7.228.9 - - [11/Feb/2026:08:48:47 +0800] "GET /robots.txt HTTP/1.1" 404 548 "-" "Mozilla/5.0 (Macintosh; Intel Mac OS X 10_15_7) AppleWebKit/537.36 (KHTML, like Gecko) Chrome/131.0.0.0 Safari/537.36; compatible; OAI-SearchBot/1.3; robots.txt; +https://openai.com/searchbot"
74.7.227.20 - - [11/Feb/2026:08:48:49 +0800] "GET / HTTP/1.1" 200 1270 "-" "Mozilla/5.0 AppleWebKit/537.36 (KHTML, like Gecko; compatible; GPTBot/1.3; +https://openai.com/gptbot)"
167.94.138.122 - - [11/Feb/2026:22:20:23 +0800] "GET / HTTP/1.1" 200 1270 "-" "Mozilla/5.0 (compatible; CensysInspect/1.1; +https://about.censys.io/)"
167.94.138.122 - - [11/Feb/2026:22:20:26 +0800] "GET /favicon.ico HTTP/1.1" 404 146 "-" "Mozilla/5.0 (compatible; CensysInspect/1.1; +https://about.censys.io/)"
206.168.34.118 - - [11/Feb/2026:22:42:42 +0800] "GET / HTTP/1.1" 200 1270 "-" "Mozilla/5.0 (compatible; CensysInspect/1.1; +https://about.censys.io/)"
206.168.34.118 - - [11/Feb/2026:22:42:47 +0800] "GET /favicon.ico HTTP/1.1" 404 146 "-" "Mozilla/5.0 (compatible; CensysInspect/1.1; +https://about.censys.io/)"
81.167.26.57 - - [12/Feb/2026:04:40:31 +0800] "GET /robots.txt HTTP/1.1" 404 146 "-" "Mozilla/5.0 (compatible; MJ12bot/v1.4.8; http://mj12bot.com/)"
81.167.26.57 - - [12/Feb/2026:04:40:33 +0800] "GET / HTTP/1.1" 200 1270 "-" "Mozilla/5.0 (compatible; MJ12bot/v1.4.8; http://mj12bot.com/)"
81.167.26.57 - - [12/Feb/2026:04:40:34 +0800] "GET /robots.txt HTTP/1.1" 404 146 "-" "Mozilla/5.0 (compatible; MJ12bot/v1.4.8; http://mj12bot.com/)"
81.167.26.57 - - [12/Feb/2026:04:40:36 +0800] "GET / HTTP/1.1" 200 1270 "-" "Mozilla/5.0 (compatible; MJ12bot/v1.4.8; http://mj12bot.com/)"
74.7.244.32 - - [12/Feb/2026:06:09:19 +0800] "GET /robots.txt HTTP/1.1" 404 548 "-" "Mozilla/5.0 (Macintosh; Intel Mac OS X 10_15_7) AppleWebKit/537.36 (KHTML, like Gecko) Chrome/131.0.0.0 Safari/537.36; compatible; OAI-SearchBot/1.3; robots.txt; +https://openai.com/searchbot"
74.7.244.32 - - [12/Feb/2026:21:46:05 +0800] "GET /robots.txt HTTP/1.1" 404 548 "-" "Mozilla/5.0 (Macintosh; Intel Mac OS X 10_15_7) AppleWebKit/537.36 (KHTML, like Gecko) Chrome/131.0.0.0 Safari/537.36; compatible; OAI-SearchBot/1.3; robots.txt; +https://openai.com/searchbot"
204.76.203.25 - - [13/Feb/2026:16:13:19 +0800] "GET /.env HTTP/1.1" 404 548 "-" "Mozilla/5.0 (Windows NT 10.0; Win64; x64) AppleWebKit/537.36 (KHTML, like Gecko) Chrome/134.0.0.0 Safari/537.3"
3.249.7.122 - - [13/Feb/2026:22:39:08 +0800] "GET / HTTP/1.0" 200 2948 "-" "Mozilla/5.0 (compatible; NetcraftSurveyAgent/1.0; +info@netcraft.com)"
106.202.124.77 - - [14/Feb/2026:02:09:50 +0800] "GET / HTTP/1.1" 200 1270 "-" "Mozilla/5.0 (Macintosh; Intel Mac OS X 10.15; rv:109.0) Gecko/20100101 Firefox/118.0"
185.247.137.19 - - [14/Feb/2026:10:04:45 +0800] "GET / HTTP/1.1" 200 1270 "-" "Mozilla/5.0 (compatible; InternetMeasurement/1.0; +https://internet-measurement.com/)"
87.236.176.27 - - [14/Feb/2026:11:38:58 +0800] "GET / HTTP/1.1" 200 1270 "-" "Mozilla/5.0 (compatible; InternetMeasurement/1.0; +https://internet-measurement.com/)"
204.76.203.25 - - [16/Feb/2026:00:18:37 +0800] "GET / HTTP/1.1" 200 2948 "-" "Mozilla/5.0 (Windows NT 10.0; Win64; x64) AppleWebKit/537.36 (KHTML, like Gecko) Chrome/134.0.0.0 Safari/537.3"
101.42.51.198 - - [16/Feb/2026:20:23:39 +0800] "GET / HTTP/1.1" 200 1270 "-" "Mozilla/5.0 (Windows NT 10.0; Win64; x64) AppleWebKit/537.36 (KHTML, like Gecko) Chrome/133.0.0.0 Safari/537.36"
150.255.90.165 - - [16/Feb/2026:22:10:34 +0800] "GET / HTTP/1.1" 200 2948 "-" "Go-http-client/1.1"
45.155.68.254 - - [17/Feb/2026:11:31:26 +0800] "GET /.env HTTP/1.1" 404 146 "-" "Mozilla/5.0 (X11; Ubuntu; Linux x86_64; rv:147.0) Gecko/20100101 Firefox/147.0"
74.7.244.32 - - [17/Feb/2026:19:03:56 +0800] "GET /robots.txt HTTP/1.1" 404 548 "-" "Mozilla/5.0 (Macintosh; Intel Mac OS X 10_15_7) AppleWebKit/537.36 (KHTML, like Gecko) Chrome/131.0.0.0 Safari/537.36; compatible; OAI-SearchBot/1.3; robots.txt; +https://openai.com/searchbot"
74.7.242.63 - - [17/Feb/2026:19:03:57 +0800] "GET / HTTP/1.1" 200 1270 "-" "Mozilla/5.0 AppleWebKit/537.36 (KHTML, like Gecko; compatible; GPTBot/1.3; +https://openai.com/gptbot)"
74.7.244.32 - - [18/Feb/2026:04:46:12 +0800] "GET /robots.txt HTTP/1.1" 404 548 "-" "Mozilla/5.0 (Macintosh; Intel Mac OS X 10_15_7) AppleWebKit/537.36 (KHTML, like Gecko) Chrome/131.0.0.0 Safari/537.36; compatible; OAI-SearchBot/1.3; robots.txt; +https://openai.com/searchbot"
72.11.155.223 - - [18/Feb/2026:05:27:08 +0800] "GET / HTTP/1.1" 200 1270 "-" "Mozilla/5.0 (Macintosh; Intel Mac OS X 15_7_3) AppleWebKit/605.1.15 (KHTML, like Gecko) Version/26.0 Safari/605.1.15"
54.227.223.64 - - [18/Feb/2026:06:43:04 +0800] "GET / HTTP/1.1" 200 1270 "-" "Mozilla/5.0 (X11; Linux x86_64) AppleWebKit/537.36 (KHTML, like Gecko) Chrome/131.0.0.0 Safari/537.36"
64.247.196.28 - - [18/Feb/2026:13:36:57 +0800] "GET /.git/config HTTP/1.1" 404 548 "-" "Mozilla/5.0 (Macintosh; Intel Mac OS X 10_15_7) AppleWebKit/537.36 (KHTML, like Gecko) Chrome/128.0.0.0 Safari/537.36"
204.76.203.25 - - [18/Feb/2026:20:52:35 +0800] "GET /.env HTTP/1.1" 404 548 "-" "Mozilla/5.0 (Windows NT 10.0; Win64; x64) AppleWebKit/537.36 (KHTML, like Gecko) Chrome/134.0.0.0 Safari/537.3"
109.248.161.119 - - [18/Feb/2026:22:53:53 +0800] "GET / HTTP/1.1" 200 1270 "-" "Mozilla/5.0 (Windows NT 10.0; Win64; x64) AppleWebKit/537.36 (KHTML, like Gecko) Chrome/109.0.0.0 Safari/537.36"
74.7.230.16 - - [19/Feb/2026:02:18:43 +0800] "GET /robots.txt HTTP/1.1" 404 548 "-" "Mozilla/5.0 (Macintosh; Intel Mac OS X 10_15_7) AppleWebKit/537.36 (KHTML, like Gecko) Chrome/131.0.0.0 Safari/537.36; compatible; OAI-SearchBot/1.3; robots.txt; +https://openai.com/searchbot"
167.94.138.182 - - [19/Feb/2026:04:32:18 +0800] "GET / HTTP/1.1" 200 1270 "-" "Mozilla/5.0 (compatible; CensysInspect/1.1; +https://about.censys.io/)"
167.94.138.182 - - [19/Feb/2026:04:32:21 +0800] "GET /favicon.ico HTTP/1.1" 404 146 "-" "Mozilla/5.0 (compatible; CensysInspect/1.1; +https://about.censys.io/)"
162.142.125.116 - - [19/Feb/2026:05:03:32 +0800] "GET / HTTP/1.1" 200 1270 "-" "Mozilla/5.0 (compatible; CensysInspect/1.1; +https://about.censys.io/)"
162.142.125.116 - - [19/Feb/2026:05:03:34 +0800] "GET /favicon.ico HTTP/1.1" 404 146 "-" "Mozilla/5.0 (compatible; CensysInspect/1.1; +https://about.censys.io/)"
147.135.252.177 - - [19/Feb/2026:06:09:44 +0800] "GET /robots.txt HTTP/1.1" 404 146 "-" "Mozilla/5.0 (compatible; MJ12bot/v1.4.8; http://mj12bot.com/)"
147.135.252.177 - - [19/Feb/2026:06:09:46 +0800] "GET / HTTP/1.1" 200 1270 "-" "Mozilla/5.0 (compatible; MJ12bot/v1.4.8; http://mj12bot.com/)"
147.135.252.177 - - [19/Feb/2026:06:09:47 +0800] "GET /robots.txt HTTP/1.1" 404 146 "-" "Mozilla/5.0 (compatible; MJ12bot/v1.4.8; http://mj12bot.com/)"
147.135.252.177 - - [19/Feb/2026:06:09:49 +0800] "GET / HTTP/1.1" 200 1270 "-" "Mozilla/5.0 (compatible; MJ12bot/v1.4.8; http://mj12bot.com/)"
74.7.230.16 - - [19/Feb/2026:15:09:49 +0800] "GET /robots.txt HTTP/1.1" 404 548 "-" "Mozilla/5.0 (Macintosh; Intel Mac OS X 10_15_7) AppleWebKit/537.36 (KHTML, like Gecko) Chrome/131.0.0.0 Safari/537.36; compatible; OAI-SearchBot/1.3; robots.txt; +https://openai.com/searchbot"
185.93.89.110 - - [19/Feb/2026:23:15:08 +0800] "GET //.env HTTP/1.1" 404 146 "-" "Go-http-client/1.1"
74.7.227.40 - - [20/Feb/2026:18:30:02 +0800] "GET / HTTP/1.1" 200 1270 "-" "Mozilla/5.0 AppleWebKit/537.36 (KHTML, like Gecko; compatible; GPTBot/1.3; +https://openai.com/gptbot)"
74.7.230.16 - - [20/Feb/2026:18:30:03 +0800] "GET /robots.txt HTTP/1.1" 404 548 "-" "Mozilla/5.0 (Macintosh; Intel Mac OS X 10_15_7) AppleWebKit/537.36 (KHTML, like Gecko) Chrome/131.0.0.0 Safari/537.36; compatible; OAI-SearchBot/1.3; robots.txt; +https://openai.com/searchbot"
204.76.203.25 - - [21/Feb/2026:04:46:38 +0800] "GET / HTTP/1.1" 200 2948 "-" "Mozilla/5.0 (Windows NT 10.0; Win64; x64) AppleWebKit/537.36 (KHTML, like Gecko) Chrome/134.0.0.0 Safari/537.3"
164.90.152.228 - - [21/Feb/2026:10:20:32 +0800] "GET / HTTP/1.1" 200 1270 "-" "Mozilla/5.0 (X11; Linux x86_64) AppleWebKit/537.36 (KHTML, like Gecko) Chrome/142.0.0.0 Safari/537.36"
164.90.152.228 - - [21/Feb/2026:10:20:32 +0800] "GET /favicon.ico HTTP/1.1" 404 548 "http://payurl.wumingai.com/" "Mozilla/5.0 (X11; Linux x86_64) AppleWebKit/537.36 (KHTML, like Gecko) Chrome/142.0.0.0 Safari/537.36"
164.90.152.228 - - [21/Feb/2026:10:20:33 +0800] "GET / HTTP/1.1" 200 1270 "-" "Mozilla/5.0 (X11; Linux x86_64) AppleWebKit/537.36 (KHTML, like Gecko) Chrome/142.0.0.0 Safari/537.36"
164.90.152.228 - - [21/Feb/2026:10:20:37 +0800] "GET /favicon.ico HTTP/1.1" 404 548 "https://payurl.wumingai.com/" "Mozilla/5.0 (X11; Linux x86_64) AppleWebKit/537.36 (KHTML, like Gecko) Chrome/142.0.0.0 Safari/537.36"
3.233.59.216 - - [21/Feb/2026:12:18:43 +0800] "GET / HTTP/1.1" 200 1270 "-" "RecordedFuture Global Inventory Crawler"
74.7.230.16 - - [21/Feb/2026:13:26:13 +0800] "GET /robots.txt HTTP/1.1" 404 548 "-" "Mozilla/5.0 (Macintosh; Intel Mac OS X 10_15_7) AppleWebKit/537.36 (KHTML, like Gecko) Chrome/131.0.0.0 Safari/537.36; compatible; OAI-SearchBot/1.3; robots.txt; +https://openai.com/searchbot"
216.81.248.168 - - [22/Feb/2026:11:46:01 +0800] "GET /.git/config HTTP/1.1" 404 548 "-" "Mozilla/5.0 (Windows NT 10.0; Win64; x64) AppleWebKit/537.36 (KHTML, like Gecko) Chrome/77.0.3865.42 Safari/537.36"
74.7.230.16 - - [22/Feb/2026:11:57:32 +0800] "GET /robots.txt HTTP/1.1" 404 548 "-" "Mozilla/5.0 (Macintosh; Intel Mac OS X 10_15_7) AppleWebKit/537.36 (KHTML, like Gecko) Chrome/131.0.0.0 Safari/537.36; compatible; OAI-SearchBot/1.3; robots.txt; +https://openai.com/searchbot"
167.94.138.39 - - [22/Feb/2026:22:44:23 +0800] "GET / HTTP/1.1" 200 1270 "-" "Mozilla/5.0 (compatible; CensysInspect/1.1; +https://about.censys.io/)"
167.94.138.39 - - [22/Feb/2026:22:44:27 +0800] "GET /favicon.ico HTTP/1.1" 404 146 "-" "Mozilla/5.0 (compatible; CensysInspect/1.1; +https://about.censys.io/)"
199.45.155.88 - - [22/Feb/2026:22:46:43 +0800] "GET / HTTP/1.1" 200 1270 "-" "Mozilla/5.0 (compatible; CensysInspect/1.1; +https://about.censys.io/)"
199.45.155.88 - - [22/Feb/2026:22:46:45 +0800] "GET /favicon.ico HTTP/1.1" 404 146 "-" "Mozilla/5.0 (compatible; CensysInspect/1.1; +https://about.censys.io/)"
45.148.10.23 - - [24/Feb/2026:04:36:49 +0800] "GET /.git/config HTTP/1.1" 404 548 "-" "Mozilla/5.0 (ZZ; Linux i686) AppleWebKit/537.36 (KHTML, like Gecko) Chrome/134.0.0.0 Safari/537.36"
204.76.203.25 - - [24/Feb/2026:12:29:22 +0800] "GET /.env HTTP/1.1" 404 548 "-" "Mozilla/5.0 (Windows NT 10.0; Win64; x64) AppleWebKit/537.36 (KHTML, like Gecko) Chrome/134.0.0.0 Safari/537.3"
74.7.242.17 - - [24/Feb/2026:15:08:30 +0800] "GET / HTTP/1.1" 200 1270 "-" "Mozilla/5.0 AppleWebKit/537.36 (KHTML, like Gecko; compatible; GPTBot/1.3; +https://openai.com/gptbot)"
74.7.230.37 - - [24/Feb/2026:15:08:31 +0800] "GET /robots.txt HTTP/1.1" 404 548 "-" "Mozilla/5.0 (Macintosh; Intel Mac OS X 10_15_7) AppleWebKit/537.36 (KHTML, like Gecko) Chrome/131.0.0.0 Safari/537.36; compatible; OAI-SearchBot/1.3; robots.txt; +https://openai.com/searchbot"
74.7.230.37 - - [25/Feb/2026:05:08:58 +0800] "GET /robots.txt HTTP/1.1" 404 548 "-" "Mozilla/5.0 (Macintosh; Intel Mac OS X 10_15_7) AppleWebKit/537.36 (KHTML, like Gecko) Chrome/131.0.0.0 Safari/537.36; compatible; OAI-SearchBot/1.3; robots.txt; +https://openai.com/searchbot"
45.148.10.23 - - [25/Feb/2026:18:25:19 +0800] "GET /.env HTTP/1.1" 404 548 "-" "Mozilla/5.0 (Kubuntu; Linux x86_64) AppleWebKit/537.36 (KHTML, like Gecko) Chrome/140.0.0.0 Safari/537.36"
74.7.230.37 - - [26/Feb/2026:04:34:24 +0800] "GET /robots.txt HTTP/1.1" 404 548 "-" "Mozilla/5.0 (Macintosh; Intel Mac OS X 10_15_7) AppleWebKit/537.36 (KHTML, like Gecko) Chrome/131.0.0.0 Safari/537.36; compatible; OAI-SearchBot/1.3; robots.txt; +https://openai.com/searchbot"
107.22.248.10 - - [26/Feb/2026:08:04:07 +0800] "GET / HTTP/1.1" 200 1270 "-" "Mozilla/5.0 (Windows NT 10.0; Win64; x64) AppleWebKit/537.36 (KHTML, like Gecko) Chrome/81.0.4044.129 Safari/537.36"
5.135.131.226 - - [26/Feb/2026:08:17:30 +0800] "GET /robots.txt HTTP/1.1" 404 146 "-" "Mozilla/5.0 (compatible; MJ12bot/v1.4.8; http://mj12bot.com/)"
5.135.131.226 - - [26/Feb/2026:08:17:32 +0800] "GET / HTTP/1.1" 200 1270 "-" "Mozilla/5.0 (compatible; MJ12bot/v1.4.8; http://mj12bot.com/)"
5.135.131.226 - - [26/Feb/2026:08:17:33 +0800] "GET /robots.txt HTTP/1.1" 404 146 "-" "Mozilla/5.0 (compatible; MJ12bot/v1.4.8; http://mj12bot.com/)"
5.135.131.226 - - [26/Feb/2026:08:17:35 +0800] "GET / HTTP/1.1" 200 1270 "-" "Mozilla/5.0 (compatible; MJ12bot/v1.4.8; http://mj12bot.com/)"
204.76.203.25 - - [26/Feb/2026:23:13:02 +0800] "GET / HTTP/1.1" 200 2948 "-" "Mozilla/5.0 (Windows NT 10.0; Win64; x64) AppleWebKit/537.36 (KHTML, like Gecko) Chrome/134.0.0.0 Safari/537.3"
74.7.242.17 - - [27/Feb/2026:07:57:18 +0800] "GET / HTTP/1.1" 200 1270 "-" "Mozilla/5.0 AppleWebKit/537.36 (KHTML, like Gecko; compatible; GPTBot/1.3; +https://openai.com/gptbot)"
74.7.230.37 - - [27/Feb/2026:07:57:19 +0800] "GET /robots.txt HTTP/1.1" 404 548 "-" "Mozilla/5.0 (Macintosh; Intel Mac OS X 10_15_7) AppleWebKit/537.36 (KHTML, like Gecko) Chrome/131.0.0.0 Safari/537.36; compatible; OAI-SearchBot/1.3; robots.txt; +https://openai.com/searchbot"
74.7.230.37 - - [27/Feb/2026:20:46:02 +0800] "GET /robots.txt HTTP/1.1" 404 548 "-" "Mozilla/5.0 (Macintosh; Intel Mac OS X 10_15_7) AppleWebKit/537.36 (KHTML, like Gecko) Chrome/131.0.0.0 Safari/537.36; compatible; OAI-SearchBot/1.3; robots.txt; +https://openai.com/searchbot"
98.87.115.128 - - [28/Feb/2026:05:51:10 +0800] "GET / HTTP/1.1" 200 1270 "-" "Mozilla/5.0 (Windows NT 10.0; Win64; x64) AppleWebKit/537.36 (KHTML, like Gecko) Chrome/134.0.0.0 Safari/537.36 Edg/134.0.0.0"
74.7.230.37 - - [28/Feb/2026:23:20:07 +0800] "GET /robots.txt HTTP/1.1" 404 548 "-" "Mozilla/5.0 (Macintosh; Intel Mac OS X 10_15_7) AppleWebKit/537.36 (KHTML, like Gecko) Chrome/131.0.0.0 Safari/537.36; compatible; OAI-SearchBot/1.3; robots.txt; +https://openai.com/searchbot"
34.91.125.183 - - [01/Mar/2026:12:00:04 +0800] "GET / HTTP/1.1" 200 1270 "-" "Scrapy/2.13.4 (+https://scrapy.org)"
74.7.175.149 - - [01/Mar/2026:21:21:23 +0800] "GET /robots.txt HTTP/1.1" 404 548 "-" "Mozilla/5.0 (Macintosh; Intel Mac OS X 10_15_7) AppleWebKit/537.36 (KHTML, like Gecko) Chrome/131.0.0.0 Safari/537.36; compatible; OAI-SearchBot/1.3; robots.txt; +https://openai.com/searchbot"
74.7.243.130 - - [01/Mar/2026:21:21:24 +0800] "GET / HTTP/1.1" 200 1270 "-" "Mozilla/5.0 AppleWebKit/537.36 (KHTML, like Gecko; compatible; GPTBot/1.3; +https://openai.com/gptbot)"
199.45.155.86 - - [02/Mar/2026:03:55:57 +0800] "GET / HTTP/1.1" 200 1270 "-" "Mozilla/5.0 (compatible; CensysInspect/1.1; +https://about.censys.io/)"
199.45.155.86 - - [02/Mar/2026:03:55:57 +0800] "GET /favicon.ico HTTP/1.1" 404 146 "-" "Mozilla/5.0 (compatible; CensysInspect/1.1; +https://about.censys.io/)"
45.148.10.23 - - [02/Mar/2026:04:57:51 +0800] "GET / HTTP/1.1" 200 1270 "-" "Mozilla/5.0 (Knoppix; Linux i686) AppleWebKit/537.36 (KHTML, like Gecko) Chrome/133.0.0.0 Safari/537.36"
167.94.138.51 - - [02/Mar/2026:05:27:48 +0800] "GET / HTTP/1.1" 200 1270 "-" "Mozilla/5.0 (compatible; CensysInspect/1.1; +https://about.censys.io/)"
167.94.138.51 - - [02/Mar/2026:05:27:56 +0800] "GET /favicon.ico HTTP/1.1" 404 146 "-" "Mozilla/5.0 (compatible; CensysInspect/1.1; +https://about.censys.io/)"
204.76.203.25 - - [02/Mar/2026:05:33:59 +0800] "GET /.env HTTP/1.1" 404 548 "-" "Mozilla/5.0 (Windows NT 10.0; Win64; x64) AppleWebKit/537.36 (KHTML, like Gecko) Chrome/134.0.0.0 Safari/537.3"
74.7.241.182 - - [03/Mar/2026:04:54:01 +0800] "GET /robots.txt HTTP/1.1" 404 548 "-" "Mozilla/5.0 (Macintosh; Intel Mac OS X 10_15_7) AppleWebKit/537.36 (KHTML, like Gecko) Chrome/131.0.0.0 Safari/537.36; compatible; OAI-SearchBot/1.3; robots.txt; +https://openai.com/searchbot"
74.7.241.171 - - [03/Mar/2026:17:17:19 +0800] "GET /robots.txt HTTP/1.1" 404 548 "-" "Mozilla/5.0 (Macintosh; Intel Mac OS X 10_15_7) AppleWebKit/537.36 (KHTML, like Gecko) Chrome/131.0.0.0 Safari/537.36; compatible; OAI-SearchBot/1.3; robots.txt; +https://openai.com/searchbot"
204.76.203.25 - - [04/Mar/2026:16:34:23 +0800] "GET / HTTP/1.1" 200 2948 "-" "Mozilla/5.0 (Windows NT 10.0; Win64; x64) AppleWebKit/537.36 (KHTML, like Gecko) Chrome/134.0.0.0 Safari/537.3"
74.7.244.57 - - [04/Mar/2026:21:49:31 +0800] "GET /robots.txt HTTP/1.1" 404 548 "-" "Mozilla/5.0 (Macintosh; Intel Mac OS X 10_15_7) AppleWebKit/537.36 (KHTML, like Gecko) Chrome/131.0.0.0 Safari/537.36; compatible; OAI-SearchBot/1.3; robots.txt; +https://openai.com/searchbot"
74.7.241.17 - - [04/Mar/2026:21:49:34 +0800] "GET / HTTP/1.1" 200 1270 "-" "Mozilla/5.0 AppleWebKit/537.36 (KHTML, like Gecko; compatible; GPTBot/1.3; +https://openai.com/gptbot)"
45.149.173.201 - - [05/Mar/2026:01:24:42 +0800] "GET / HTTP/1.1" 200 2948 "-" "Mozilla/5.0 (Windows NT 10.0; Win64; x64) AppleWebKit/537.36 (KHTML, like Gecko) Chrome/78.0.3904.108 Safari/537.36"
45.149.173.201 - - [05/Mar/2026:01:24:43 +0800] "GET / HTTP/1.1" 200 2948 "-" "Mozilla/5.0 (Windows NT 10.0; Win64; x64) AppleWebKit/537.36 (KHTML, like Gecko) Chrome/78.0.3904.108 Safari/537.36"
45.149.173.201 - - [05/Mar/2026:01:24:44 +0800] "GET /wp-includes/wlwmanifest.xml HTTP/1.1" 404 548 "-" "Mozilla/5.0 (Windows NT 10.0; Win64; x64) AppleWebKit/537.36 (KHTML, like Gecko) Chrome/78.0.3904.108 Safari/537.36"
45.149.173.201 - - [05/Mar/2026:01:24:44 +0800] "GET /xmlrpc.php?rsd HTTP/1.1" 404 548 "-" "Mozilla/5.0 (Windows NT 10.0; Win64; x64) AppleWebKit/537.36 (KHTML, like Gecko) Chrome/78.0.3904.108 Safari/537.36"
45.149.173.201 - - [05/Mar/2026:01:24:45 +0800] "GET / HTTP/1.1" 200 2948 "-" "Mozilla/5.0 (Windows NT 10.0; Win64; x64) AppleWebKit/537.36 (KHTML, like Gecko) Chrome/78.0.3904.108 Safari/537.36"
45.149.173.201 - - [05/Mar/2026:01:24:46 +0800] "GET /blog/wp-includes/wlwmanifest.xml HTTP/1.1" 404 548 "-" "Mozilla/5.0 (Windows NT 10.0; Win64; x64) AppleWebKit/537.36 (KHTML, like Gecko) Chrome/78.0.3904.108 Safari/537.36"
45.149.173.201 - - [05/Mar/2026:01:24:46 +0800] "GET /web/wp-includes/wlwmanifest.xml HTTP/1.1" 404 548 "-" "Mozilla/5.0 (Windows NT 10.0; Win64; x64) AppleWebKit/537.36 (KHTML, like Gecko) Chrome/78.0.3904.108 Safari/537.36"
45.149.173.201 - - [05/Mar/2026:01:24:47 +0800] "GET /wordpress/wp-includes/wlwmanifest.xml HTTP/1.1" 404 548 "-" "Mozilla/5.0 (Windows NT 10.0; Win64; x64) AppleWebKit/537.36 (KHTML, like Gecko) Chrome/78.0.3904.108 Safari/537.36"
45.149.173.201 - - [05/Mar/2026:01:24:47 +0800] "GET /website/wp-includes/wlwmanifest.xml HTTP/1.1" 404 548 "-" "Mozilla/5.0 (Windows NT 10.0; Win64; x64) AppleWebKit/537.36 (KHTML, like Gecko) Chrome/78.0.3904.108 Safari/537.36"
45.149.173.201 - - [05/Mar/2026:01:24:48 +0800] "GET /wp/wp-includes/wlwmanifest.xml HTTP/1.1" 404 548 "-" "Mozilla/5.0 (Windows NT 10.0; Win64; x64) AppleWebKit/537.36 (KHTML, like Gecko) Chrome/78.0.3904.108 Safari/537.36"
45.149.173.201 - - [05/Mar/2026:01:24:48 +0800] "GET /news/wp-includes/wlwmanifest.xml HTTP/1.1" 404 548 "-" "Mozilla/5.0 (Windows NT 10.0; Win64; x64) AppleWebKit/537.36 (KHTML, like Gecko) Chrome/78.0.3904.108 Safari/537.36"
45.149.173.201 - - [05/Mar/2026:01:24:49 +0800] "GET /2018/wp-includes/wlwmanifest.xml HTTP/1.1" 404 548 "-" "Mozilla/5.0 (Windows NT 10.0; Win64; x64) AppleWebKit/537.36 (KHTML, like Gecko) Chrome/78.0.3904.108 Safari/537.36"
45.149.173.201 - - [05/Mar/2026:01:24:49 +0800] "GET /2019/wp-includes/wlwmanifest.xml HTTP/1.1" 404 548 "-" "Mozilla/5.0 (Windows NT 10.0; Win64; x64) AppleWebKit/537.36 (KHTML, like Gecko) Chrome/78.0.3904.108 Safari/537.36"
45.149.173.201 - - [05/Mar/2026:01:24:50 +0800] "GET /shop/wp-includes/wlwmanifest.xml HTTP/1.1" 404 548 "-" "Mozilla/5.0 (Windows NT 10.0; Win64; x64) AppleWebKit/537.36 (KHTML, like Gecko) Chrome/78.0.3904.108 Safari/537.36"
45.149.173.201 - - [05/Mar/2026:01:24:50 +0800] "GET /wp1/wp-includes/wlwmanifest.xml HTTP/1.1" 404 548 "-" "Mozilla/5.0 (Windows NT 10.0; Win64; x64) AppleWebKit/537.36 (KHTML, like Gecko) Chrome/78.0.3904.108 Safari/537.36"
45.149.173.201 - - [05/Mar/2026:01:24:51 +0800] "GET /test/wp-includes/wlwmanifest.xml HTTP/1.1" 404 548 "-" "Mozilla/5.0 (Windows NT 10.0; Win64; x64) AppleWebKit/537.36 (KHTML, like Gecko) Chrome/78.0.3904.108 Safari/537.36"
45.149.173.201 - - [05/Mar/2026:01:24:51 +0800] "GET /media/wp-includes/wlwmanifest.xml HTTP/1.1" 404 548 "-" "Mozilla/5.0 (Windows NT 10.0; Win64; x64) AppleWebKit/537.36 (KHTML, like Gecko) Chrome/78.0.3904.108 Safari/537.36"
45.149.173.201 - - [05/Mar/2026:01:24:52 +0800] "GET /wp2/wp-includes/wlwmanifest.xml HTTP/1.1" 404 548 "-" "Mozilla/5.0 (Windows NT 10.0; Win64; x64) AppleWebKit/537.36 (KHTML, like Gecko) Chrome/78.0.3904.108 Safari/537.36"
45.149.173.201 - - [05/Mar/2026:01:24:52 +0800] "GET /site/wp-includes/wlwmanifest.xml HTTP/1.1" 404 548 "-" "Mozilla/5.0 (Windows NT 10.0; Win64; x64) AppleWebKit/537.36 (KHTML, like Gecko) Chrome/78.0.3904.108 Safari/537.36"
45.149.173.201 - - [05/Mar/2026:01:24:53 +0800] "GET /cms/wp-includes/wlwmanifest.xml HTTP/1.1" 404 548 "-" "Mozilla/5.0 (Windows NT 10.0; Win64; x64) AppleWebKit/537.36 (KHTML, like Gecko) Chrome/78.0.3904.108 Safari/537.36"
45.149.173.201 - - [05/Mar/2026:01:24:53 +0800] "GET /sito/wp-includes/wlwmanifest.xml HTTP/1.1" 404 548 "-" "Mozilla/5.0 (Windows NT 10.0; Win64; x64) AppleWebKit/537.36 (KHTML, like Gecko) Chrome/78.0.3904.108 Safari/537.36"
51.83.5.74 - - [05/Mar/2026:09:26:24 +0800] "GET /robots.txt HTTP/1.1" 404 146 "-" "Mozilla/5.0 (compatible; MJ12bot/v1.4.8; http://mj12bot.com/)"
51.83.5.74 - - [05/Mar/2026:09:26:25 +0800] "GET / HTTP/1.1" 200 1270 "-" "Mozilla/5.0 (compatible; MJ12bot/v1.4.8; http://mj12bot.com/)"
51.83.5.74 - - [05/Mar/2026:09:26:27 +0800] "GET /robots.txt HTTP/1.1" 404 146 "-" "Mozilla/5.0 (compatible; MJ12bot/v1.4.8; http://mj12bot.com/)"
51.83.5.74 - - [05/Mar/2026:09:26:29 +0800] "GET / HTTP/1.1" 200 1270 "-" "Mozilla/5.0 (compatible; MJ12bot/v1.4.8; http://mj12bot.com/)"
43.139.5.101 - - [05/Mar/2026:16:04:46 +0800] "GET / HTTP/1.1" 302 138 "-" "Mozilla/5.0 (Windows NT 10.0; Win64; x64) AppleWebKit/537.36 (KHTML, like Gecko) Chrome/133.0.0.0 Safari/537.36"
43.139.5.101 - - [05/Mar/2026:16:04:52 +0800] "GET / HTTP/1.1" 200 1270 "http://payurl.wumingai.com:443/" "Mozilla/5.0 (Windows NT 10.0; Win64; x64) AppleWebKit/537.36 (KHTML, like Gecko) Chrome/133.0.0.0 Safari/537.36"
3.151.194.164 - - [05/Mar/2026:20:34:26 +0800] "GET / HTTP/1.1" 200 1270 "-" "visionheight.com/scan Mozilla/5.0 (Macintosh; Intel Mac OS X 10_15_7) Chrome/126.0.0.0 Safari/537.36"
3.151.194.164 - - [05/Mar/2026:20:35:39 +0800] "GET / HTTP/1.1" 200 1270 "-" "visionheight.com/scan Mozilla/5.0 (Macintosh; Intel Mac OS X 10_15_7) Chrome/126.0.0.0 Safari/537.36"
74.7.244.57 - - [05/Mar/2026:21:00:20 +0800] "GET /robots.txt HTTP/1.1" 404 548 "-" "Mozilla/5.0 (Macintosh; Intel Mac OS X 10_15_7) AppleWebKit/537.36 (KHTML, like Gecko) Chrome/131.0.0.0 Safari/537.36; compatible; OAI-SearchBot/1.3; robots.txt; +https://openai.com/searchbot"
74.7.244.57 - - [06/Mar/2026:23:44:42 +0800] "GET /robots.txt HTTP/1.1" 404 548 "-" "Mozilla/5.0 (Macintosh; Intel Mac OS X 10_15_7) AppleWebKit/537.36 (KHTML, like Gecko) Chrome/131.0.0.0 Safari/537.36; compatible; OAI-SearchBot/1.3; robots.txt; +https://openai.com/searchbot"
74.7.241.17 - - [06/Mar/2026:23:44:44 +0800] "GET / HTTP/1.1" 200 1270 "-" "Mozilla/5.0 AppleWebKit/537.36 (KHTML, like Gecko; compatible; GPTBot/1.3; +https://openai.com/gptbot)"
45.55.210.34 - - [07/Mar/2026:11:14:45 +0800] "GET / HTTP/1.1" 200 1270 "-" "Mozilla/5.0 (X11; Linux x86_64; rv:142.0) Gecko/20100101 Firefox/142.0"
45.55.210.34 - - [07/Mar/2026:11:14:46 +0800] "GET /favicon.ico HTTP/1.1" 404 146 "http://payurl.wumingai.com/" "Mozilla/5.0 (X11; Linux x86_64; rv:142.0) Gecko/20100101 Firefox/142.0"
45.55.210.34 - - [07/Mar/2026:11:14:47 +0800] "GET / HTTP/1.1" 200 1270 "-" "Mozilla/5.0 (X11; Linux x86_64) AppleWebKit/537.36 (KHTML, like Gecko) Chrome/142.0.0.0 Safari/537.36"
45.55.210.34 - - [07/Mar/2026:11:14:52 +0800] "GET /favicon.ico HTTP/1.1" 404 548 "https://payurl.wumingai.com/" "Mozilla/5.0 (X11; Linux x86_64) AppleWebKit/537.36 (KHTML, like Gecko) Chrome/142.0.0.0 Safari/537.36"
108.131.55.97 - - [07/Mar/2026:11:32:14 +0800] "GET / HTTP/1.0" 200 2948 "-" "Mozilla/5.0 (compatible; NetcraftSurveyAgent/1.0; +info@netcraft.com)"
204.76.203.25 - - [07/Mar/2026:21:39:09 +0800] "GET /.env HTTP/1.1" 404 548 "-" "Mozilla/5.0 (Windows NT 10.0; Win64; x64) AppleWebKit/537.36 (KHTML, like Gecko) Chrome/134.0.0.0 Safari/537.3"
